-- Database Backup
-- Generated: 2026-03-02 20:34:31
-- Database: u1596772_erkagraphia


-- Table: cash_modals
CREATE TABLE `cash_modals` (
  `id` bigint(20) unsigned NOT NULL AUTO_INCREMENT,
  `amount` decimal(15,2) NOT NULL,
  `modal_date` date NOT NULL,
  `type` enum('initial','topup') NOT NULL DEFAULT 'topup',
  `account` enum('petty','cash','bank') NOT NULL DEFAULT 'petty',
  `notes` text DEFAULT NULL,
  `user_id` bigint(20) unsigned NOT NULL,
  `created_at` timestamp NULL DEFAULT NULL,
  `updated_at` timestamp NULL DEFAULT NULL,
  PRIMARY KEY (`id`),
  KEY `cash_modals_user_id_foreign` (`user_id`),
  CONSTRAINT `cash_modals_user_id_foreign` FOREIGN KEY (`user_id`) REFERENCES `users` (`id`) ON DELETE CASCADE
) ENGINE=InnoDB AUTO_INCREMENT=2 DEFAULT CHARSET=utf8mb4 COLLATE=utf8mb4_unicode_ci;

INSERT INTO `cash_modals` (`id`, `amount`, `modal_date`, `type`, `account`, `notes`, `user_id`, `created_at`, `updated_at`) VALUES ('1', '2740170.00', '2026-03-02', 'initial', 'petty', NULL, '8', '2026-03-02 10:06:31', '2026-03-02 10:06:31');

-- Table: cash_mutations
CREATE TABLE `cash_mutations` (
  `id` bigint(20) unsigned NOT NULL AUTO_INCREMENT,
  `amount` decimal(15,2) NOT NULL,
  `mutation_date` date NOT NULL,
  `from_account` enum('petty','cash','bank') NOT NULL,
  `to_account` enum('petty','cash','bank') NOT NULL,
  `notes` text DEFAULT NULL,
  `user_id` bigint(20) unsigned NOT NULL,
  `created_at` timestamp NULL DEFAULT NULL,
  `updated_at` timestamp NULL DEFAULT NULL,
  PRIMARY KEY (`id`),
  KEY `cash_mutations_user_id_foreign` (`user_id`),
  CONSTRAINT `cash_mutations_user_id_foreign` FOREIGN KEY (`user_id`) REFERENCES `users` (`id`) ON DELETE CASCADE
) ENGINE=InnoDB DEFAULT CHARSET=utf8mb4 COLLATE=utf8mb4_unicode_ci;

-- Table: customers
CREATE TABLE `customers` (
  `id` bigint(20) unsigned NOT NULL AUTO_INCREMENT,
  `name` varchar(255) NOT NULL,
  `member_type` enum('umum','studio') NOT NULL DEFAULT 'umum',
  `phone` varchar(255) DEFAULT NULL,
  `email` varchar(255) DEFAULT NULL,
  `address` text DEFAULT NULL,
  `created_at` timestamp NULL DEFAULT NULL,
  `updated_at` timestamp NULL DEFAULT NULL,
  PRIMARY KEY (`id`)
) ENGINE=InnoDB AUTO_INCREMENT=88 DEFAULT CHARSET=utf8mb4 COLLATE=utf8mb4_unicode_ci;

INSERT INTO `customers` (`id`, `name`, `member_type`, `phone`, `email`, `address`, `created_at`, `updated_at`) VALUES ('1', 'tester', 'studio', '08990799960', NULL, NULL, '2026-02-14 09:01:16', '2026-02-14 09:01:16');
INSERT INTO `customers` (`id`, `name`, `member_type`, `phone`, `email`, `address`, `created_at`, `updated_at`) VALUES ('2', 'mas Bambang', 'umum', '0899079996-0', NULL, NULL, '2026-02-28 08:30:34', '2026-02-28 08:30:34');
INSERT INTO `customers` (`id`, `name`, `member_type`, `phone`, `email`, `address`, `created_at`, `updated_at`) VALUES ('3', 'Livina', 'studio', '085768038613', NULL, NULL, '2026-03-02 10:05:03', '2026-03-02 10:05:03');
INSERT INTO `customers` (`id`, `name`, `member_type`, `phone`, `email`, `address`, `created_at`, `updated_at`) VALUES ('4', 'RIZFAL', 'umum', '+62 857-6807-2505', NULL, NULL, '2026-03-02 10:06:12', '2026-03-02 10:06:12');
INSERT INTO `customers` (`id`, `name`, `member_type`, `phone`, `email`, `address`, `created_at`, `updated_at`) VALUES ('5', 'NERO', 'umum', '082372153196', NULL, NULL, '2026-03-02 10:16:01', '2026-03-02 10:16:01');
INSERT INTO `customers` (`id`, `name`, `member_type`, `phone`, `email`, `address`, `created_at`, `updated_at`) VALUES ('6', 'PAK WIN', 'studio', '081273680404', NULL, NULL, '2026-03-02 10:19:02', '2026-03-02 10:19:02');
INSERT INTO `customers` (`id`, `name`, `member_type`, `phone`, `email`, `address`, `created_at`, `updated_at`) VALUES ('7', 'Soleh Assalam', 'umum', '081351415060', NULL, NULL, '2026-03-02 10:29:52', '2026-03-02 10:29:52');
INSERT INTO `customers` (`id`, `name`, `member_type`, `phone`, `email`, `address`, `created_at`, `updated_at`) VALUES ('8', 'HERY RW', 'umum', '082282332185', NULL, NULL, '2026-03-02 10:33:05', '2026-03-02 10:33:05');
INSERT INTO `customers` (`id`, `name`, `member_type`, `phone`, `email`, `address`, `created_at`, `updated_at`) VALUES ('9', 'ARTHA MEDIA', 'studio', '082280075655', NULL, NULL, '2026-03-02 10:33:34', '2026-03-02 10:33:34');
INSERT INTO `customers` (`id`, `name`, `member_type`, `phone`, `email`, `address`, `created_at`, `updated_at`) VALUES ('10', 'Asrofi', 'studio', '082181926820', NULL, NULL, '2026-03-02 10:33:39', '2026-03-02 10:33:39');
INSERT INTO `customers` (`id`, `name`, `member_type`, `phone`, `email`, `address`, `created_at`, `updated_at`) VALUES ('11', 'Ali Mur', 'studio', '082269180913', NULL, NULL, '2026-03-02 10:49:33', '2026-03-02 10:49:33');
INSERT INTO `customers` (`id`, `name`, `member_type`, `phone`, `email`, `address`, `created_at`, `updated_at`) VALUES ('12', 'RICKI', 'umum', '+62 822-7952-1164', NULL, NULL, '2026-03-02 10:54:42', '2026-03-02 10:54:42');
INSERT INTO `customers` (`id`, `name`, `member_type`, `phone`, `email`, `address`, `created_at`, `updated_at`) VALUES ('13', 'ALI MUDI ARIF', 'umum', '085711114443', NULL, NULL, '2026-03-02 11:00:29', '2026-03-02 11:00:29');
INSERT INTO `customers` (`id`, `name`, `member_type`, `phone`, `email`, `address`, `created_at`, `updated_at`) VALUES ('14', 'UBAY', 'umum', '081271414966', NULL, NULL, '2026-03-02 11:08:23', '2026-03-02 11:08:23');
INSERT INTO `customers` (`id`, `name`, `member_type`, `phone`, `email`, `address`, `created_at`, `updated_at`) VALUES ('15', 'Amazon', 'studio', '085764093747', NULL, NULL, '2026-03-02 11:13:08', '2026-03-02 11:13:08');
INSERT INTO `customers` (`id`, `name`, `member_type`, `phone`, `email`, `address`, `created_at`, `updated_at`) VALUES ('16', 'DEGRIS / GUYUB', 'umum', '082282644675', NULL, NULL, '2026-03-02 11:13:46', '2026-03-02 11:13:46');
INSERT INTO `customers` (`id`, `name`, `member_type`, `phone`, `email`, `address`, `created_at`, `updated_at`) VALUES ('17', 'Wisesa Art', 'studio', '08117996060', NULL, NULL, '2026-03-02 11:18:02', '2026-03-02 11:18:02');
INSERT INTO `customers` (`id`, `name`, `member_type`, `phone`, `email`, `address`, `created_at`, `updated_at`) VALUES ('18', 'WIWAL  WAHYU', 'umum', '62 857-8827-0149', NULL, NULL, '2026-03-02 11:22:04', '2026-03-02 11:22:04');
INSERT INTO `customers` (`id`, `name`, `member_type`, `phone`, `email`, `address`, `created_at`, `updated_at`) VALUES ('19', 'Fajar ERKA', 'studio', '087881734166', NULL, NULL, '2026-03-02 11:25:06', '2026-03-02 11:25:06');
INSERT INTO `customers` (`id`, `name`, `member_type`, `phone`, `email`, `address`, `created_at`, `updated_at`) VALUES ('20', 'RIAS PRINTING', 'studio', '082281106682', NULL, NULL, '2026-03-02 11:30:12', '2026-03-02 11:30:12');
INSERT INTO `customers` (`id`, `name`, `member_type`, `phone`, `email`, `address`, `created_at`, `updated_at`) VALUES ('21', 'Bintang One', 'studio', '089693339490', NULL, NULL, '2026-03-02 11:31:13', '2026-03-02 11:31:13');
INSERT INTO `customers` (`id`, `name`, `member_type`, `phone`, `email`, `address`, `created_at`, `updated_at`) VALUES ('22', 'Ernest', 'studio', '082174754249', NULL, NULL, '2026-03-02 11:34:27', '2026-03-02 11:34:27');
INSERT INTO `customers` (`id`, `name`, `member_type`, `phone`, `email`, `address`, `created_at`, `updated_at`) VALUES ('23', 'FAMILY ONLINE', 'studio', '085267442018', NULL, NULL, '2026-03-02 11:37:05', '2026-03-02 11:37:05');
INSERT INTO `customers` (`id`, `name`, `member_type`, `phone`, `email`, `address`, `created_at`, `updated_at`) VALUES ('24', 'HIJAU ART', 'umum', '082374810600', NULL, NULL, '2026-03-02 11:38:44', '2026-03-02 11:38:44');
INSERT INTO `customers` (`id`, `name`, `member_type`, `phone`, `email`, `address`, `created_at`, `updated_at`) VALUES ('25', 'VISUAL LAMPUNG', 'studio', '085126649200', NULL, NULL, '2026-03-02 11:38:51', '2026-03-02 11:38:51');
INSERT INTO `customers` (`id`, `name`, `member_type`, `phone`, `email`, `address`, `created_at`, `updated_at`) VALUES ('26', 'FIESTA', 'umum', '08118827952', NULL, NULL, '2026-03-02 11:42:23', '2026-03-02 11:42:23');
INSERT INTO `customers` (`id`, `name`, `member_type`, `phone`, `email`, `address`, `created_at`, `updated_at`) VALUES ('27', 'HERU TATAAN(RAZHA )', 'umum', '089649432135', NULL, NULL, '2026-03-02 11:43:44', '2026-03-02 11:43:44');
INSERT INTO `customers` (`id`, `name`, `member_type`, `phone`, `email`, `address`, `created_at`, `updated_at`) VALUES ('28', 'Reklame Katon', 'studio', '081369542960', NULL, NULL, '2026-03-02 11:43:47', '2026-03-02 11:43:47');
INSERT INTO `customers` (`id`, `name`, `member_type`, `phone`, `email`, `address`, `created_at`, `updated_at`) VALUES ('29', 'RULI', 'studio', '081272914422', NULL, NULL, '2026-03-02 11:44:22', '2026-03-02 11:44:22');
INSERT INTO `customers` (`id`, `name`, `member_type`, `phone`, `email`, `address`, `created_at`, `updated_at`) VALUES ('30', 'DAYAT ( DIMSUM PAPI KU )', 'umum', '08984372420', NULL, NULL, '2026-03-02 11:45:08', '2026-03-02 11:45:08');
INSERT INTO `customers` (`id`, `name`, `member_type`, `phone`, `email`, `address`, `created_at`, `updated_at`) VALUES ('31', 'PANCA KALIANDA', 'umum', '085379144966', NULL, NULL, '2026-03-02 11:48:31', '2026-03-02 11:48:31');
INSERT INTO `customers` (`id`, `name`, `member_type`, `phone`, `email`, `address`, `created_at`, `updated_at`) VALUES ('32', 'WANGA', 'studio', '081279233924', NULL, NULL, '2026-03-02 11:50:22', '2026-03-02 11:50:22');
INSERT INTO `customers` (`id`, `name`, `member_type`, `phone`, `email`, `address`, `created_at`, `updated_at`) VALUES ('33', 'Adi jogja', 'studio', '081377576651', NULL, NULL, '2026-03-02 11:51:53', '2026-03-02 11:51:53');
INSERT INTO `customers` (`id`, `name`, `member_type`, `phone`, `email`, `address`, `created_at`, `updated_at`) VALUES ('34', 'Liuberty', 'studio', '082281221806', NULL, NULL, '2026-03-02 11:55:05', '2026-03-02 11:55:05');
INSERT INTO `customers` (`id`, `name`, `member_type`, `phone`, `email`, `address`, `created_at`, `updated_at`) VALUES ('35', 'Mas Soleh', 'umum', '083846921469', NULL, NULL, '2026-03-02 11:56:16', '2026-03-02 11:56:16');
INSERT INTO `customers` (`id`, `name`, `member_type`, `phone`, `email`, `address`, `created_at`, `updated_at`) VALUES ('36', 'Jefran', 'studio', '081228456808', NULL, NULL, '2026-03-02 11:59:54', '2026-03-02 11:59:54');
INSERT INTO `customers` (`id`, `name`, `member_type`, `phone`, `email`, `address`, `created_at`, `updated_at`) VALUES ('37', 'Septa N3', 'studio', '087799642394', NULL, NULL, '2026-03-02 12:00:55', '2026-03-02 12:00:55');
INSERT INTO `customers` (`id`, `name`, `member_type`, `phone`, `email`, `address`, `created_at`, `updated_at`) VALUES ('38', 'BAGUS RAMADI', 'umum', '085161320851', NULL, NULL, '2026-03-02 12:01:27', '2026-03-02 12:01:27');
INSERT INTO `customers` (`id`, `name`, `member_type`, `phone`, `email`, `address`, `created_at`, `updated_at`) VALUES ('39', 'Faiz Cetak Cetik', 'studio', '08974134859', NULL, NULL, '2026-03-02 12:02:35', '2026-03-02 12:02:35');
INSERT INTO `customers` (`id`, `name`, `member_type`, `phone`, `email`, `address`, `created_at`, `updated_at`) VALUES ('40', 'Mulyadi', 'studio', '081369513500', NULL, NULL, '2026-03-02 12:02:55', '2026-03-02 12:02:55');
INSERT INTO `customers` (`id`, `name`, `member_type`, `phone`, `email`, `address`, `created_at`, `updated_at`) VALUES ('41', 'Firana Jaya', 'studio', '081379808035', NULL, NULL, '2026-03-02 12:03:58', '2026-03-02 12:03:58');
INSERT INTO `customers` (`id`, `name`, `member_type`, `phone`, `email`, `address`, `created_at`, `updated_at`) VALUES ('42', 'Tungku Ikol', 'umum', '081379803660', NULL, NULL, '2026-03-02 12:07:52', '2026-03-02 12:07:52');
INSERT INTO `customers` (`id`, `name`, `member_type`, `phone`, `email`, `address`, `created_at`, `updated_at`) VALUES ('43', 'Something CO', 'umum', '088274207004', NULL, NULL, '2026-03-02 12:08:10', '2026-03-02 12:08:10');
INSERT INTO `customers` (`id`, `name`, `member_type`, `phone`, `email`, `address`, `created_at`, `updated_at`) VALUES ('44', 'Fikri', 'umum', '087818892684', NULL, NULL, '2026-03-02 12:10:02', '2026-03-02 12:10:02');
INSERT INTO `customers` (`id`, `name`, `member_type`, `phone`, `email`, `address`, `created_at`, `updated_at`) VALUES ('45', 'WANNAGIVE', 'umum', '0882002393632', NULL, NULL, '2026-03-02 12:15:13', '2026-03-02 12:15:13');
INSERT INTO `customers` (`id`, `name`, `member_type`, `phone`, `email`, `address`, `created_at`, `updated_at`) VALUES ('46', 'FITRAH', 'umum', '08978993777', NULL, NULL, '2026-03-02 12:59:33', '2026-03-02 12:59:33');
INSERT INTO `customers` (`id`, `name`, `member_type`, `phone`, `email`, `address`, `created_at`, `updated_at`) VALUES ('47', 'Rudi Linda', 'studio', '081274582482', NULL, NULL, '2026-03-02 13:01:46', '2026-03-02 13:01:46');
INSERT INTO `customers` (`id`, `name`, `member_type`, `phone`, `email`, `address`, `created_at`, `updated_at`) VALUES ('48', 'PAK RANA', 'umum', '0895640319652', NULL, NULL, '2026-03-02 13:03:29', '2026-03-02 13:03:29');
INSERT INTO `customers` (`id`, `name`, `member_type`, `phone`, `email`, `address`, `created_at`, `updated_at`) VALUES ('49', 'Imam Qomarudin', 'studio', '082373411012', NULL, NULL, '2026-03-02 13:04:22', '2026-03-02 13:04:22');
INSERT INTO `customers` (`id`, `name`, `member_type`, `phone`, `email`, `address`, `created_at`, `updated_at`) VALUES ('50', 'Ivana', 'umum', '089601024724', NULL, NULL, '2026-03-02 13:05:26', '2026-03-02 13:05:26');
INSERT INTO `customers` (`id`, `name`, `member_type`, `phone`, `email`, `address`, `created_at`, `updated_at`) VALUES ('51', 'Fadil ERKA', 'studio', '082374883069', NULL, NULL, '2026-03-02 13:06:05', '2026-03-02 13:06:05');
INSERT INTO `customers` (`id`, `name`, `member_type`, `phone`, `email`, `address`, `created_at`, `updated_at`) VALUES ('52', 'DPRIMACOM', 'studio', '085892781956', NULL, NULL, '2026-03-02 13:06:33', '2026-03-02 13:06:33');
INSERT INTO `customers` (`id`, `name`, `member_type`, `phone`, `email`, `address`, `created_at`, `updated_at`) VALUES ('53', 'Septa', 'studio', '082183506659', NULL, NULL, '2026-03-02 13:11:54', '2026-03-02 13:11:54');
INSERT INTO `customers` (`id`, `name`, `member_type`, `phone`, `email`, `address`, `created_at`, `updated_at`) VALUES ('54', 'Riga Wafi', 'studio', '085155251223', NULL, NULL, '2026-03-02 13:12:31', '2026-03-02 13:12:31');
INSERT INTO `customers` (`id`, `name`, `member_type`, `phone`, `email`, `address`, `created_at`, `updated_at`) VALUES ('55', 'SISKA RESTU', 'umum', '089523213472', NULL, NULL, '2026-03-02 13:16:31', '2026-03-02 13:16:31');
INSERT INTO `customers` (`id`, `name`, `member_type`, `phone`, `email`, `address`, `created_at`, `updated_at`) VALUES ('56', 'SI MANIS', 'umum', '085121317056', NULL, NULL, '2026-03-02 13:19:29', '2026-03-02 13:19:29');
INSERT INTO `customers` (`id`, `name`, `member_type`, `phone`, `email`, `address`, `created_at`, `updated_at`) VALUES ('57', 'Agung Rk', 'studio', '085731559701', NULL, NULL, '2026-03-02 13:19:42', '2026-03-02 13:19:42');
INSERT INTO `customers` (`id`, `name`, `member_type`, `phone`, `email`, `address`, `created_at`, `updated_at`) VALUES ('59', 'Firman', 'umum', '089524287106', NULL, NULL, '2026-03-02 13:29:15', '2026-03-02 13:29:15');
INSERT INTO `customers` (`id`, `name`, `member_type`, `phone`, `email`, `address`, `created_at`, `updated_at`) VALUES ('60', 'BELLA MUSTIKA', 'studio', '62 821-8222-4422', NULL, NULL, '2026-03-02 13:37:35', '2026-03-02 13:37:35');
INSERT INTO `customers` (`id`, `name`, `member_type`, `phone`, `email`, `address`, `created_at`, `updated_at`) VALUES ('61', 'AZKA', 'umum', '08980998910', NULL, NULL, '2026-03-02 13:42:45', '2026-03-02 13:42:45');
INSERT INTO `customers` (`id`, `name`, `member_type`, `phone`, `email`, `address`, `created_at`, `updated_at`) VALUES ('62', 'Chia', 'umum', '085771943102', NULL, NULL, '2026-03-02 13:43:57', '2026-03-02 13:43:57');
INSERT INTO `customers` (`id`, `name`, `member_type`, `phone`, `email`, `address`, `created_at`, `updated_at`) VALUES ('63', 'Roni', 'umum', '089692479247', NULL, NULL, '2026-03-02 13:44:08', '2026-03-02 13:44:08');
INSERT INTO `customers` (`id`, `name`, `member_type`, `phone`, `email`, `address`, `created_at`, `updated_at`) VALUES ('64', 'Abu Maryam', 'umum', '0895620635171', NULL, NULL, '2026-03-02 13:44:21', '2026-03-02 13:44:21');
INSERT INTO `customers` (`id`, `name`, `member_type`, `phone`, `email`, `address`, `created_at`, `updated_at`) VALUES ('65', 'Mitra Mas', 'studio', '085100528288', NULL, NULL, '2026-03-02 13:51:33', '2026-03-02 13:51:33');
INSERT INTO `customers` (`id`, `name`, `member_type`, `phone`, `email`, `address`, `created_at`, `updated_at`) VALUES ('66', 'RB GRAFIKA', 'studio', '082184483004', NULL, NULL, '2026-03-02 14:04:09', '2026-03-02 14:04:09');
INSERT INTO `customers` (`id`, `name`, `member_type`, `phone`, `email`, `address`, `created_at`, `updated_at`) VALUES ('67', 'Yogi Grafika', 'studio', '082182136011', NULL, NULL, '2026-03-02 14:04:30', '2026-03-02 14:04:30');
INSERT INTO `customers` (`id`, `name`, `member_type`, `phone`, `email`, `address`, `created_at`, `updated_at`) VALUES ('68', 'BOCUP', 'umum', '088267076005', NULL, NULL, '2026-03-02 14:09:58', '2026-03-02 14:09:58');
INSERT INTO `customers` (`id`, `name`, `member_type`, `phone`, `email`, `address`, `created_at`, `updated_at`) VALUES ('69', 'PUJI', 'umum', 'puji 0895804690101', NULL, NULL, '2026-03-02 14:15:33', '2026-03-02 14:15:33');
INSERT INTO `customers` (`id`, `name`, `member_type`, `phone`, `email`, `address`, `created_at`, `updated_at`) VALUES ('70', 'Rohimin Al Ansor', 'umum', '082125890318', NULL, NULL, '2026-03-02 14:19:37', '2026-03-02 14:19:37');
INSERT INTO `customers` (`id`, `name`, `member_type`, `phone`, `email`, `address`, `created_at`, `updated_at`) VALUES ('71', 'Gemilang Petir', 'studio', '088286474838', NULL, NULL, '2026-03-02 14:19:52', '2026-03-02 14:19:52');
INSERT INTO `customers` (`id`, `name`, `member_type`, `phone`, `email`, `address`, `created_at`, `updated_at`) VALUES ('72', 'Dodi Wahyudi', 'umum', '082279033013', NULL, NULL, '2026-03-02 14:33:29', '2026-03-02 14:33:29');
INSERT INTO `customers` (`id`, `name`, `member_type`, `phone`, `email`, `address`, `created_at`, `updated_at`) VALUES ('73', 'Lentera', 'studio', '081279552579', NULL, NULL, '2026-03-02 14:41:01', '2026-03-02 14:41:01');
INSERT INTO `customers` (`id`, `name`, `member_type`, `phone`, `email`, `address`, `created_at`, `updated_at`) VALUES ('74', 'AFRIZAL CUST', 'umum', '082280880662', NULL, NULL, '2026-03-02 14:43:56', '2026-03-02 14:43:56');
INSERT INTO `customers` (`id`, `name`, `member_type`, `phone`, `email`, `address`, `created_at`, `updated_at`) VALUES ('75', 'PINOCHIO', 'umum', '08976184880', NULL, NULL, '2026-03-02 15:01:44', '2026-03-02 15:01:44');
INSERT INTO `customers` (`id`, `name`, `member_type`, `phone`, `email`, `address`, `created_at`, `updated_at`) VALUES ('76', 'Ita Pelangi', 'umum', '081957071787', NULL, NULL, '2026-03-02 15:48:32', '2026-03-02 15:48:32');
INSERT INTO `customers` (`id`, `name`, `member_type`, `phone`, `email`, `address`, `created_at`, `updated_at`) VALUES ('77', 'TIMEZONE CHANDRA', 'umum', '087883790679', NULL, NULL, '2026-03-02 15:51:18', '2026-03-02 16:26:12');
INSERT INTO `customers` (`id`, `name`, `member_type`, `phone`, `email`, `address`, `created_at`, `updated_at`) VALUES ('78', 'TUNAS JAYA', 'studio', '082181955510', NULL, NULL, '2026-03-02 15:51:31', '2026-03-02 15:51:31');
INSERT INTO `customers` (`id`, `name`, `member_type`, `phone`, `email`, `address`, `created_at`, `updated_at`) VALUES ('79', 'Hanim', 'studio', '085273583358', NULL, NULL, '2026-03-02 16:01:27', '2026-03-02 16:01:27');
INSERT INTO `customers` (`id`, `name`, `member_type`, `phone`, `email`, `address`, `created_at`, `updated_at`) VALUES ('80', 'TIMEZONE MBK', 'umum', '08117288850', NULL, NULL, '2026-03-02 16:07:36', '2026-03-02 16:07:36');
INSERT INTO `customers` (`id`, `name`, `member_type`, `phone`, `email`, `address`, `created_at`, `updated_at`) VALUES ('81', 'Rudi Natar', 'studio', '0895324252802', NULL, NULL, '2026-03-02 16:30:34', '2026-03-02 16:30:34');
INSERT INTO `customers` (`id`, `name`, `member_type`, `phone`, `email`, `address`, `created_at`, `updated_at`) VALUES ('82', 'INDOMARET', 'umum', '081379830275', NULL, NULL, '2026-03-02 16:32:53', '2026-03-02 16:32:53');
INSERT INTO `customers` (`id`, `name`, `member_type`, `phone`, `email`, `address`, `created_at`, `updated_at`) VALUES ('83', 'KHARISMA PRINTING', 'umum', '+62 812-7365-0655', NULL, NULL, '2026-03-02 16:36:58', '2026-03-02 16:36:58');
INSERT INTO `customers` (`id`, `name`, `member_type`, `phone`, `email`, `address`, `created_at`, `updated_at`) VALUES ('84', 'Dara Nurlaila', 'umum', '085783323823', NULL, NULL, '2026-03-02 16:43:13', '2026-03-02 16:43:13');
INSERT INTO `customers` (`id`, `name`, `member_type`, `phone`, `email`, `address`, `created_at`, `updated_at`) VALUES ('85', 'CANDRA CAP 8', 'studio', '+62 813-6660-0089', NULL, NULL, '2026-03-02 16:49:43', '2026-03-02 16:49:43');
INSERT INTO `customers` (`id`, `name`, `member_type`, `phone`, `email`, `address`, `created_at`, `updated_at`) VALUES ('86', 'Adi Fransiskus', 'umum', '082280444014', NULL, NULL, '2026-03-02 16:59:44', '2026-03-02 16:59:44');
INSERT INTO `customers` (`id`, `name`, `member_type`, `phone`, `email`, `address`, `created_at`, `updated_at`) VALUES ('87', 'CATUR / DINAR', 'umum', '62 813-7915-0123', NULL, NULL, '2026-03-02 17:05:58', '2026-03-02 17:05:58');

-- Table: deposits
CREATE TABLE `deposits` (
  `id` bigint(20) unsigned NOT NULL AUTO_INCREMENT,
  `amount` decimal(15,2) NOT NULL,
  `deposit_date` date NOT NULL,
  `bank_name` varchar(255) DEFAULT NULL,
  `payment_account_id` bigint(20) unsigned DEFAULT NULL,
  `reference_number` varchar(255) DEFAULT NULL,
  `notes` text DEFAULT NULL,
  `created_by` bigint(20) unsigned DEFAULT NULL,
  `created_at` timestamp NULL DEFAULT NULL,
  `updated_at` timestamp NULL DEFAULT NULL,
  PRIMARY KEY (`id`),
  KEY `deposits_created_by_foreign` (`created_by`),
  KEY `deposits_payment_account_id_foreign` (`payment_account_id`),
  CONSTRAINT `deposits_created_by_foreign` FOREIGN KEY (`created_by`) REFERENCES `users` (`id`) ON DELETE SET NULL,
  CONSTRAINT `deposits_payment_account_id_foreign` FOREIGN KEY (`payment_account_id`) REFERENCES `payment_accounts` (`id`) ON DELETE SET NULL
) ENGINE=InnoDB DEFAULT CHARSET=utf8mb4 COLLATE=utf8mb4_unicode_ci;

-- Table: employees
CREATE TABLE `employees` (
  `id` bigint(20) unsigned NOT NULL AUTO_INCREMENT,
  `employee_id` varchar(255) NOT NULL,
  `name` varchar(255) NOT NULL,
  `gender` enum('L','P') NOT NULL DEFAULT 'L',
  `phone` varchar(255) DEFAULT NULL,
  `email` varchar(255) DEFAULT NULL,
  `address` text DEFAULT NULL,
  `position` varchar(255) NOT NULL,
  `join_date` date NOT NULL,
  `base_salary` decimal(12,2) NOT NULL DEFAULT 0.00,
  `status` enum('active','inactive') NOT NULL DEFAULT 'active',
  `created_at` timestamp NULL DEFAULT NULL,
  `updated_at` timestamp NULL DEFAULT NULL,
  PRIMARY KEY (`id`),
  UNIQUE KEY `employees_employee_id_unique` (`employee_id`)
) ENGINE=InnoDB AUTO_INCREMENT=2 DEFAULT CHARSET=utf8mb4 COLLATE=utf8mb4_unicode_ci;

-- Table: expense_categories
CREATE TABLE `expense_categories` (
  `id` bigint(20) unsigned NOT NULL AUTO_INCREMENT,
  `name` varchar(255) NOT NULL,
  `description` text DEFAULT NULL,
  `is_active` tinyint(1) NOT NULL DEFAULT 1,
  `created_at` timestamp NULL DEFAULT NULL,
  `updated_at` timestamp NULL DEFAULT NULL,
  PRIMARY KEY (`id`)
) ENGINE=InnoDB AUTO_INCREMENT=16 DEFAULT CHARSET=utf8mb4 COLLATE=utf8mb4_unicode_ci;

INSERT INTO `expense_categories` (`id`, `name`, `description`, `is_active`, `created_at`, `updated_at`) VALUES ('1', 'Listrik', 'Tagihan listrik bulanan', '1', '2026-02-09 13:27:05', '2026-02-09 13:27:05');
INSERT INTO `expense_categories` (`id`, `name`, `description`, `is_active`, `created_at`, `updated_at`) VALUES ('2', 'Token Listrik', 'Isi ulang token listrik', '1', '2026-02-09 13:27:05', '2026-02-09 13:27:05');
INSERT INTO `expense_categories` (`id`, `name`, `description`, `is_active`, `created_at`, `updated_at`) VALUES ('3', 'PDAM/Air', 'Tagihan air bulanan', '1', '2026-02-09 13:27:05', '2026-02-09 13:27:05');
INSERT INTO `expense_categories` (`id`, `name`, `description`, `is_active`, `created_at`, `updated_at`) VALUES ('4', 'Internet', 'Tagihan internet/wifi', '1', '2026-02-09 13:27:05', '2026-02-09 13:27:05');
INSERT INTO `expense_categories` (`id`, `name`, `description`, `is_active`, `created_at`, `updated_at`) VALUES ('5', 'Kasbon Karyawan', 'Pinjaman karyawan', '1', '2026-02-09 13:27:05', '2026-02-09 13:27:05');
INSERT INTO `expense_categories` (`id`, `name`, `description`, `is_active`, `created_at`, `updated_at`) VALUES ('7', 'Bensin/Transport', 'Biaya transportasi dan bensin', '1', '2026-02-09 13:27:05', '2026-02-09 13:27:05');
INSERT INTO `expense_categories` (`id`, `name`, `description`, `is_active`, `created_at`, `updated_at`) VALUES ('8', 'Peralatan Kantor', 'ATK dan peralatan kecil', '1', '2026-02-09 13:27:05', '2026-02-09 13:27:05');
INSERT INTO `expense_categories` (`id`, `name`, `description`, `is_active`, `created_at`, `updated_at`) VALUES ('9', 'Maintenance Mesin', 'Perawatan mesin cetak', '1', '2026-02-09 13:27:05', '2026-02-09 13:27:05');
INSERT INTO `expense_categories` (`id`, `name`, `description`, `is_active`, `created_at`, `updated_at`) VALUES ('10', 'Sewa Tempat', 'Biaya sewa bulanan', '1', '2026-02-09 13:27:05', '2026-02-09 13:27:05');
INSERT INTO `expense_categories` (`id`, `name`, `description`, `is_active`, `created_at`, `updated_at`) VALUES ('11', 'Paket/Pengiriman', 'Ongkir dan COD', '1', '2026-02-09 13:27:05', '2026-02-09 13:27:05');
INSERT INTO `expense_categories` (`id`, `name`, `description`, `is_active`, `created_at`, `updated_at`) VALUES ('12', 'Ambil Modal', 'Penarikan modal pemilik', '1', '2026-02-09 13:27:05', '2026-02-09 13:27:05');
INSERT INTO `expense_categories` (`id`, `name`, `description`, `is_active`, `created_at`, `updated_at`) VALUES ('13', 'Lain-lain', 'Pengeluaran lainnya', '1', '2026-02-09 13:27:05', '2026-02-09 13:27:05');
INSERT INTO `expense_categories` (`id`, `name`, `description`, `is_active`, `created_at`, `updated_at`) VALUES ('14', 'BAYAR EXPEDISI', 'JASA KIRIM BARANG', '1', '2026-03-02 15:54:56', '2026-03-02 15:54:56');
INSERT INTO `expense_categories` (`id`, `name`, `description`, `is_active`, `created_at`, `updated_at`) VALUES ('15', 'BELI AIR MINERAL GALON', NULL, '1', '2026-03-02 16:02:30', '2026-03-02 16:02:30');

-- Table: expenses
CREATE TABLE `expenses` (
  `id` bigint(20) unsigned NOT NULL AUTO_INCREMENT,
  `expense_category_id` bigint(20) unsigned NOT NULL,
  `amount` decimal(15,2) NOT NULL,
  `expense_date` date NOT NULL,
  `description` text DEFAULT NULL,
  `created_by` bigint(20) unsigned DEFAULT NULL,
  `created_at` timestamp NULL DEFAULT NULL,
  `updated_at` timestamp NULL DEFAULT NULL,
  PRIMARY KEY (`id`),
  KEY `expenses_expense_category_id_foreign` (`expense_category_id`),
  KEY `expenses_created_by_foreign` (`created_by`),
  CONSTRAINT `expenses_created_by_foreign` FOREIGN KEY (`created_by`) REFERENCES `users` (`id`) ON DELETE SET NULL,
  CONSTRAINT `expenses_expense_category_id_foreign` FOREIGN KEY (`expense_category_id`) REFERENCES `expense_categories` (`id`) ON DELETE CASCADE
) ENGINE=InnoDB AUTO_INCREMENT=2 DEFAULT CHARSET=utf8mb4 COLLATE=utf8mb4_unicode_ci;

-- Table: failed_jobs
CREATE TABLE `failed_jobs` (
  `id` bigint(20) unsigned NOT NULL AUTO_INCREMENT,
  `uuid` varchar(255) NOT NULL,
  `connection` text NOT NULL,
  `queue` text NOT NULL,
  `payload` longtext NOT NULL,
  `exception` longtext NOT NULL,
  `failed_at` timestamp NOT NULL DEFAULT current_timestamp(),
  PRIMARY KEY (`id`),
  UNIQUE KEY `failed_jobs_uuid_unique` (`uuid`)
) ENGINE=InnoDB DEFAULT CHARSET=utf8mb4 COLLATE=utf8mb4_unicode_ci;

-- Table: job_batches
CREATE TABLE `job_batches` (
  `id` varchar(255) NOT NULL,
  `name` varchar(255) NOT NULL,
  `total_jobs` int(11) NOT NULL,
  `pending_jobs` int(11) NOT NULL,
  `failed_jobs` int(11) NOT NULL,
  `failed_job_ids` longtext NOT NULL,
  `options` mediumtext DEFAULT NULL,
  `cancelled_at` int(11) DEFAULT NULL,
  `created_at` int(11) NOT NULL,
  `finished_at` int(11) DEFAULT NULL,
  PRIMARY KEY (`id`)
) ENGINE=InnoDB DEFAULT CHARSET=utf8mb4 COLLATE=utf8mb4_unicode_ci;

-- Table: jobs
CREATE TABLE `jobs` (
  `id` bigint(20) unsigned NOT NULL AUTO_INCREMENT,
  `queue` varchar(255) NOT NULL,
  `payload` longtext NOT NULL,
  `attempts` tinyint(3) unsigned NOT NULL,
  `reserved_at` int(10) unsigned DEFAULT NULL,
  `available_at` int(10) unsigned NOT NULL,
  `created_at` int(10) unsigned NOT NULL,
  PRIMARY KEY (`id`),
  KEY `jobs_queue_index` (`queue`)
) ENGINE=InnoDB DEFAULT CHARSET=utf8mb4 COLLATE=utf8mb4_unicode_ci;

-- Table: machine_material
CREATE TABLE `machine_material` (
  `id` bigint(20) unsigned NOT NULL AUTO_INCREMENT,
  `machine_id` bigint(20) unsigned NOT NULL,
  `material_id` bigint(20) unsigned NOT NULL,
  PRIMARY KEY (`id`),
  UNIQUE KEY `machine_material_machine_id_material_id_unique` (`machine_id`,`material_id`),
  KEY `machine_material_material_id_foreign` (`material_id`),
  CONSTRAINT `machine_material_machine_id_foreign` FOREIGN KEY (`machine_id`) REFERENCES `machines` (`id`) ON DELETE CASCADE,
  CONSTRAINT `machine_material_material_id_foreign` FOREIGN KEY (`material_id`) REFERENCES `materials` (`id`) ON DELETE CASCADE
) ENGINE=InnoDB AUTO_INCREMENT=20 DEFAULT CHARSET=utf8mb4 COLLATE=utf8mb4_unicode_ci;

INSERT INTO `machine_material` (`id`, `machine_id`, `material_id`) VALUES ('7', '1', '44');
INSERT INTO `machine_material` (`id`, `machine_id`, `material_id`) VALUES ('8', '1', '45');
INSERT INTO `machine_material` (`id`, `machine_id`, `material_id`) VALUES ('9', '1', '46');
INSERT INTO `machine_material` (`id`, `machine_id`, `material_id`) VALUES ('3', '1', '47');
INSERT INTO `machine_material` (`id`, `machine_id`, `material_id`) VALUES ('4', '1', '48');
INSERT INTO `machine_material` (`id`, `machine_id`, `material_id`) VALUES ('5', '1', '49');
INSERT INTO `machine_material` (`id`, `machine_id`, `material_id`) VALUES ('6', '1', '50');
INSERT INTO `machine_material` (`id`, `machine_id`, `material_id`) VALUES ('11', '1', '51');
INSERT INTO `machine_material` (`id`, `machine_id`, `material_id`) VALUES ('17', '1', '53');
INSERT INTO `machine_material` (`id`, `machine_id`, `material_id`) VALUES ('19', '1', '54');
INSERT INTO `machine_material` (`id`, `machine_id`, `material_id`) VALUES ('10', '1', '55');
INSERT INTO `machine_material` (`id`, `machine_id`, `material_id`) VALUES ('16', '1', '56');
INSERT INTO `machine_material` (`id`, `machine_id`, `material_id`) VALUES ('12', '1', '57');
INSERT INTO `machine_material` (`id`, `machine_id`, `material_id`) VALUES ('13', '1', '58');
INSERT INTO `machine_material` (`id`, `machine_id`, `material_id`) VALUES ('14', '1', '59');
INSERT INTO `machine_material` (`id`, `machine_id`, `material_id`) VALUES ('15', '1', '60');
INSERT INTO `machine_material` (`id`, `machine_id`, `material_id`) VALUES ('18', '1', '90');

-- Table: machine_material_category
CREATE TABLE `machine_material_category` (
  `id` bigint(20) unsigned NOT NULL AUTO_INCREMENT,
  `machine_id` bigint(20) unsigned NOT NULL,
  `material_category_id` bigint(20) unsigned NOT NULL,
  PRIMARY KEY (`id`),
  UNIQUE KEY `machine_category_unique` (`machine_id`,`material_category_id`),
  KEY `machine_material_category_material_category_id_foreign` (`material_category_id`),
  CONSTRAINT `machine_material_category_machine_id_foreign` FOREIGN KEY (`machine_id`) REFERENCES `machines` (`id`) ON DELETE CASCADE,
  CONSTRAINT `machine_material_category_material_category_id_foreign` FOREIGN KEY (`material_category_id`) REFERENCES `material_categories` (`id`) ON DELETE CASCADE
) ENGINE=InnoDB AUTO_INCREMENT=2 DEFAULT CHARSET=utf8mb4 COLLATE=utf8mb4_unicode_ci;

INSERT INTO `machine_material_category` (`id`, `machine_id`, `material_category_id`) VALUES ('1', '1', '4');

-- Table: machines
CREATE TABLE `machines` (
  `id` bigint(20) unsigned NOT NULL AUTO_INCREMENT,
  `name` varchar(255) NOT NULL,
  `description` varchar(255) DEFAULT NULL,
  `is_active` tinyint(1) NOT NULL DEFAULT 1,
  `cost_per_click` decimal(12,2) NOT NULL DEFAULT 0.00,
  `created_at` timestamp NULL DEFAULT NULL,
  `updated_at` timestamp NULL DEFAULT NULL,
  PRIMARY KEY (`id`)
) ENGINE=InnoDB AUTO_INCREMENT=2 DEFAULT CHARSET=utf8mb4 COLLATE=utf8mb4_unicode_ci;

INSERT INTO `machines` (`id`, `name`, `description`, `is_active`, `cost_per_click`, `created_at`, `updated_at`) VALUES ('1', 'Versant 3100 press', NULL, '1', '800.00', '2026-02-15 09:04:05', '2026-03-02 10:36:45');

-- Table: material_categories
CREATE TABLE `material_categories` (
  `id` bigint(20) unsigned NOT NULL AUTO_INCREMENT,
  `name` varchar(255) NOT NULL,
  `description` varchar(255) DEFAULT NULL,
  `is_active` tinyint(1) NOT NULL DEFAULT 1,
  `created_at` timestamp NULL DEFAULT NULL,
  `updated_at` timestamp NULL DEFAULT NULL,
  PRIMARY KEY (`id`)
) ENGINE=InnoDB AUTO_INCREMENT=9 DEFAULT CHARSET=utf8mb4 COLLATE=utf8mb4_unicode_ci;

INSERT INTO `material_categories` (`id`, `name`, `description`, `is_active`, `created_at`, `updated_at`) VALUES ('1', 'Outdoor', 'Bahan banner dan spanduk', '1', '2026-02-09 13:27:05', '2026-02-12 21:19:34');
INSERT INTO `material_categories` (`id`, `name`, `description`, `is_active`, `created_at`, `updated_at`) VALUES ('2', 'Indoor', 'Berbagai jenis sticker meteran', '1', '2026-02-09 13:27:05', '2026-02-12 21:20:37');
INSERT INTO `material_categories` (`id`, `name`, `description`, `is_active`, `created_at`, `updated_at`) VALUES ('4', 'Versant', 'Art paper, HVS, karton', '1', '2026-02-09 13:27:05', '2026-02-12 21:19:57');
INSERT INTO `material_categories` (`id`, `name`, `description`, `is_active`, `created_at`, `updated_at`) VALUES ('7', 'Lainnya', 'Material lainnya', '1', '2026-02-09 13:27:05', '2026-02-09 13:27:05');
INSERT INTO `material_categories` (`id`, `name`, `description`, `is_active`, `created_at`, `updated_at`) VALUES ('8', 'Jasa', 'Semua jasa, jasa cutting besar/kecil , jasa finishing idcard dll.', '1', '2026-02-12 21:12:38', '2026-02-12 21:23:51');

-- Table: material_prices
CREATE TABLE `material_prices` (
  `id` bigint(20) unsigned NOT NULL AUTO_INCREMENT,
  `material_id` bigint(20) unsigned NOT NULL,
  `member_type` enum('umum','studio') NOT NULL DEFAULT 'umum',
  `sisi` tinyint(4) NOT NULL DEFAULT 1 COMMENT 'Jumlah sisi cetak: 1 atau 2',
  `min_qty` int(11) NOT NULL DEFAULT 1 COMMENT 'Qty minimal (inclusive)',
  `max_qty` int(11) DEFAULT NULL COMMENT 'Qty maksimal (inclusive), null = unlimited',
  `price` decimal(15,2) NOT NULL DEFAULT 0.00,
  `created_at` timestamp NULL DEFAULT NULL,
  `updated_at` timestamp NULL DEFAULT NULL,
  PRIMARY KEY (`id`),
  KEY `material_prices_material_id_sisi_min_qty_index` (`material_id`,`sisi`,`min_qty`),
  CONSTRAINT `material_prices_material_id_foreign` FOREIGN KEY (`material_id`) REFERENCES `materials` (`id`) ON DELETE CASCADE
) ENGINE=InnoDB AUTO_INCREMENT=877 DEFAULT CHARSET=utf8mb4 COLLATE=utf8mb4_unicode_ci;

INSERT INTO `material_prices` (`id`, `material_id`, `member_type`, `sisi`, `min_qty`, `max_qty`, `price`, `created_at`, `updated_at`) VALUES ('231', '70', 'umum', '1', '1', NULL, '0.00', '2026-02-18 14:10:42', '2026-02-18 14:10:42');
INSERT INTO `material_prices` (`id`, `material_id`, `member_type`, `sisi`, `min_qty`, `max_qty`, `price`, `created_at`, `updated_at`) VALUES ('232', '70', 'studio', '1', '1', NULL, '0.00', '2026-02-18 14:10:42', '2026-02-18 14:10:42');
INSERT INTO `material_prices` (`id`, `material_id`, `member_type`, `sisi`, `min_qty`, `max_qty`, `price`, `created_at`, `updated_at`) VALUES ('345', '94', 'umum', '1', '1', NULL, '0.00', '2026-02-18 14:45:41', '2026-02-18 14:45:41');
INSERT INTO `material_prices` (`id`, `material_id`, `member_type`, `sisi`, `min_qty`, `max_qty`, `price`, `created_at`, `updated_at`) VALUES ('346', '94', 'studio', '1', '1', NULL, '0.00', '2026-02-18 14:45:41', '2026-02-18 14:45:41');
INSERT INTO `material_prices` (`id`, `material_id`, `member_type`, `sisi`, `min_qty`, `max_qty`, `price`, `created_at`, `updated_at`) VALUES ('527', '79', 'umum', '1', '1', NULL, '160000.00', '2026-02-19 11:07:11', '2026-02-19 11:07:11');
INSERT INTO `material_prices` (`id`, `material_id`, `member_type`, `sisi`, `min_qty`, `max_qty`, `price`, `created_at`, `updated_at`) VALUES ('528', '79', 'studio', '1', '1', NULL, '160000.00', '2026-02-19 11:07:11', '2026-02-19 11:07:11');
INSERT INTO `material_prices` (`id`, `material_id`, `member_type`, `sisi`, `min_qty`, `max_qty`, `price`, `created_at`, `updated_at`) VALUES ('613', '62', 'umum', '1', '1', NULL, '115000.00', '2026-03-01 09:24:17', '2026-03-01 09:24:17');
INSERT INTO `material_prices` (`id`, `material_id`, `member_type`, `sisi`, `min_qty`, `max_qty`, `price`, `created_at`, `updated_at`) VALUES ('614', '62', 'studio', '1', '1', NULL, '115000.00', '2026-03-01 09:24:17', '2026-03-01 09:24:17');
INSERT INTO `material_prices` (`id`, `material_id`, `member_type`, `sisi`, `min_qty`, `max_qty`, `price`, `created_at`, `updated_at`) VALUES ('615', '47', 'umum', '1', '1', '25', '2600.00', '2026-03-01 09:24:30', '2026-03-01 09:24:30');
INSERT INTO `material_prices` (`id`, `material_id`, `member_type`, `sisi`, `min_qty`, `max_qty`, `price`, `created_at`, `updated_at`) VALUES ('616', '47', 'studio', '1', '1', '25', '2600.00', '2026-03-01 09:24:30', '2026-03-01 09:24:30');
INSERT INTO `material_prices` (`id`, `material_id`, `member_type`, `sisi`, `min_qty`, `max_qty`, `price`, `created_at`, `updated_at`) VALUES ('617', '47', 'umum', '1', '25', NULL, '2400.00', '2026-03-01 09:24:30', '2026-03-01 09:24:30');
INSERT INTO `material_prices` (`id`, `material_id`, `member_type`, `sisi`, `min_qty`, `max_qty`, `price`, `created_at`, `updated_at`) VALUES ('618', '47', 'studio', '1', '25', NULL, '2400.00', '2026-03-01 09:24:30', '2026-03-01 09:24:30');
INSERT INTO `material_prices` (`id`, `material_id`, `member_type`, `sisi`, `min_qty`, `max_qty`, `price`, `created_at`, `updated_at`) VALUES ('619', '47', 'umum', '2', '1', '25', '3800.00', '2026-03-01 09:24:30', '2026-03-01 09:24:30');
INSERT INTO `material_prices` (`id`, `material_id`, `member_type`, `sisi`, `min_qty`, `max_qty`, `price`, `created_at`, `updated_at`) VALUES ('620', '47', 'studio', '2', '1', '25', '3800.00', '2026-03-01 09:24:30', '2026-03-01 09:24:30');
INSERT INTO `material_prices` (`id`, `material_id`, `member_type`, `sisi`, `min_qty`, `max_qty`, `price`, `created_at`, `updated_at`) VALUES ('621', '47', 'umum', '2', '25', NULL, '3600.00', '2026-03-01 09:24:30', '2026-03-01 09:24:30');
INSERT INTO `material_prices` (`id`, `material_id`, `member_type`, `sisi`, `min_qty`, `max_qty`, `price`, `created_at`, `updated_at`) VALUES ('622', '47', 'studio', '2', '25', NULL, '3600.00', '2026-03-01 09:24:30', '2026-03-01 09:24:30');
INSERT INTO `material_prices` (`id`, `material_id`, `member_type`, `sisi`, `min_qty`, `max_qty`, `price`, `created_at`, `updated_at`) VALUES ('623', '48', 'umum', '1', '1', '25', '2700.00', '2026-03-01 09:24:43', '2026-03-01 09:24:43');
INSERT INTO `material_prices` (`id`, `material_id`, `member_type`, `sisi`, `min_qty`, `max_qty`, `price`, `created_at`, `updated_at`) VALUES ('624', '48', 'studio', '1', '1', '25', '2700.00', '2026-03-01 09:24:43', '2026-03-01 09:24:43');
INSERT INTO `material_prices` (`id`, `material_id`, `member_type`, `sisi`, `min_qty`, `max_qty`, `price`, `created_at`, `updated_at`) VALUES ('625', '48', 'umum', '1', '25', NULL, '2500.00', '2026-03-01 09:24:43', '2026-03-01 09:24:43');
INSERT INTO `material_prices` (`id`, `material_id`, `member_type`, `sisi`, `min_qty`, `max_qty`, `price`, `created_at`, `updated_at`) VALUES ('626', '48', 'studio', '1', '25', NULL, '2500.00', '2026-03-01 09:24:43', '2026-03-01 09:24:43');
INSERT INTO `material_prices` (`id`, `material_id`, `member_type`, `sisi`, `min_qty`, `max_qty`, `price`, `created_at`, `updated_at`) VALUES ('627', '48', 'umum', '2', '1', '25', '3900.00', '2026-03-01 09:24:43', '2026-03-01 09:24:43');
INSERT INTO `material_prices` (`id`, `material_id`, `member_type`, `sisi`, `min_qty`, `max_qty`, `price`, `created_at`, `updated_at`) VALUES ('628', '48', 'studio', '2', '1', '25', '3900.00', '2026-03-01 09:24:43', '2026-03-01 09:24:43');
INSERT INTO `material_prices` (`id`, `material_id`, `member_type`, `sisi`, `min_qty`, `max_qty`, `price`, `created_at`, `updated_at`) VALUES ('629', '48', 'umum', '2', '25', NULL, '3700.00', '2026-03-01 09:24:43', '2026-03-01 09:24:43');
INSERT INTO `material_prices` (`id`, `material_id`, `member_type`, `sisi`, `min_qty`, `max_qty`, `price`, `created_at`, `updated_at`) VALUES ('630', '48', 'studio', '2', '25', NULL, '3700.00', '2026-03-01 09:24:43', '2026-03-01 09:24:43');
INSERT INTO `material_prices` (`id`, `material_id`, `member_type`, `sisi`, `min_qty`, `max_qty`, `price`, `created_at`, `updated_at`) VALUES ('631', '49', 'umum', '1', '1', '25', '2900.00', '2026-03-01 09:24:54', '2026-03-01 09:24:54');
INSERT INTO `material_prices` (`id`, `material_id`, `member_type`, `sisi`, `min_qty`, `max_qty`, `price`, `created_at`, `updated_at`) VALUES ('632', '49', 'studio', '1', '1', '25', '2900.00', '2026-03-01 09:24:54', '2026-03-01 09:24:54');
INSERT INTO `material_prices` (`id`, `material_id`, `member_type`, `sisi`, `min_qty`, `max_qty`, `price`, `created_at`, `updated_at`) VALUES ('633', '49', 'umum', '1', '25', NULL, '2700.00', '2026-03-01 09:24:54', '2026-03-01 09:24:54');
INSERT INTO `material_prices` (`id`, `material_id`, `member_type`, `sisi`, `min_qty`, `max_qty`, `price`, `created_at`, `updated_at`) VALUES ('634', '49', 'studio', '1', '25', NULL, '2700.00', '2026-03-01 09:24:54', '2026-03-01 09:24:54');
INSERT INTO `material_prices` (`id`, `material_id`, `member_type`, `sisi`, `min_qty`, `max_qty`, `price`, `created_at`, `updated_at`) VALUES ('635', '49', 'umum', '2', '1', '25', '4100.00', '2026-03-01 09:24:54', '2026-03-01 09:24:54');
INSERT INTO `material_prices` (`id`, `material_id`, `member_type`, `sisi`, `min_qty`, `max_qty`, `price`, `created_at`, `updated_at`) VALUES ('636', '49', 'studio', '2', '1', '25', '4100.00', '2026-03-01 09:24:54', '2026-03-01 09:24:54');
INSERT INTO `material_prices` (`id`, `material_id`, `member_type`, `sisi`, `min_qty`, `max_qty`, `price`, `created_at`, `updated_at`) VALUES ('637', '49', 'umum', '2', '25', NULL, '3900.00', '2026-03-01 09:24:54', '2026-03-01 09:24:54');
INSERT INTO `material_prices` (`id`, `material_id`, `member_type`, `sisi`, `min_qty`, `max_qty`, `price`, `created_at`, `updated_at`) VALUES ('638', '49', 'studio', '2', '25', NULL, '3900.00', '2026-03-01 09:24:54', '2026-03-01 09:24:54');
INSERT INTO `material_prices` (`id`, `material_id`, `member_type`, `sisi`, `min_qty`, `max_qty`, `price`, `created_at`, `updated_at`) VALUES ('639', '50', 'umum', '1', '1', '25', '3300.00', '2026-03-01 09:25:09', '2026-03-01 09:25:09');
INSERT INTO `material_prices` (`id`, `material_id`, `member_type`, `sisi`, `min_qty`, `max_qty`, `price`, `created_at`, `updated_at`) VALUES ('640', '50', 'studio', '1', '1', '25', '3300.00', '2026-03-01 09:25:09', '2026-03-01 09:25:09');
INSERT INTO `material_prices` (`id`, `material_id`, `member_type`, `sisi`, `min_qty`, `max_qty`, `price`, `created_at`, `updated_at`) VALUES ('641', '50', 'umum', '1', '25', NULL, '3100.00', '2026-03-01 09:25:09', '2026-03-01 09:25:09');
INSERT INTO `material_prices` (`id`, `material_id`, `member_type`, `sisi`, `min_qty`, `max_qty`, `price`, `created_at`, `updated_at`) VALUES ('642', '50', 'studio', '1', '25', NULL, '3100.00', '2026-03-01 09:25:09', '2026-03-01 09:25:09');
INSERT INTO `material_prices` (`id`, `material_id`, `member_type`, `sisi`, `min_qty`, `max_qty`, `price`, `created_at`, `updated_at`) VALUES ('643', '50', 'umum', '2', '1', '25', '4100.00', '2026-03-01 09:25:09', '2026-03-01 09:25:09');
INSERT INTO `material_prices` (`id`, `material_id`, `member_type`, `sisi`, `min_qty`, `max_qty`, `price`, `created_at`, `updated_at`) VALUES ('644', '50', 'studio', '2', '1', '25', '4100.00', '2026-03-01 09:25:09', '2026-03-01 09:25:09');
INSERT INTO `material_prices` (`id`, `material_id`, `member_type`, `sisi`, `min_qty`, `max_qty`, `price`, `created_at`, `updated_at`) VALUES ('645', '50', 'umum', '2', '25', NULL, '3900.00', '2026-03-01 09:25:09', '2026-03-01 09:25:09');
INSERT INTO `material_prices` (`id`, `material_id`, `member_type`, `sisi`, `min_qty`, `max_qty`, `price`, `created_at`, `updated_at`) VALUES ('646', '50', 'studio', '2', '25', NULL, '3900.00', '2026-03-01 09:25:09', '2026-03-01 09:25:09');
INSERT INTO `material_prices` (`id`, `material_id`, `member_type`, `sisi`, `min_qty`, `max_qty`, `price`, `created_at`, `updated_at`) VALUES ('647', '44', 'umum', '1', '1', '25', '2200.00', '2026-03-01 09:25:21', '2026-03-01 09:25:21');
INSERT INTO `material_prices` (`id`, `material_id`, `member_type`, `sisi`, `min_qty`, `max_qty`, `price`, `created_at`, `updated_at`) VALUES ('648', '44', 'studio', '1', '1', '25', '2200.00', '2026-03-01 09:25:21', '2026-03-01 09:25:21');
INSERT INTO `material_prices` (`id`, `material_id`, `member_type`, `sisi`, `min_qty`, `max_qty`, `price`, `created_at`, `updated_at`) VALUES ('649', '44', 'umum', '1', '25', NULL, '3200.00', '2026-03-01 09:25:21', '2026-03-01 09:25:21');
INSERT INTO `material_prices` (`id`, `material_id`, `member_type`, `sisi`, `min_qty`, `max_qty`, `price`, `created_at`, `updated_at`) VALUES ('650', '44', 'studio', '1', '25', NULL, '3200.00', '2026-03-01 09:25:21', '2026-03-01 09:25:21');
INSERT INTO `material_prices` (`id`, `material_id`, `member_type`, `sisi`, `min_qty`, `max_qty`, `price`, `created_at`, `updated_at`) VALUES ('651', '44', 'umum', '2', '1', '25', '3400.00', '2026-03-01 09:25:21', '2026-03-01 09:25:21');
INSERT INTO `material_prices` (`id`, `material_id`, `member_type`, `sisi`, `min_qty`, `max_qty`, `price`, `created_at`, `updated_at`) VALUES ('652', '44', 'studio', '2', '1', '25', '3400.00', '2026-03-01 09:25:21', '2026-03-01 09:25:21');
INSERT INTO `material_prices` (`id`, `material_id`, `member_type`, `sisi`, `min_qty`, `max_qty`, `price`, `created_at`, `updated_at`) VALUES ('653', '45', 'umum', '1', '1', '25', '2300.00', '2026-03-01 09:25:34', '2026-03-01 09:25:34');
INSERT INTO `material_prices` (`id`, `material_id`, `member_type`, `sisi`, `min_qty`, `max_qty`, `price`, `created_at`, `updated_at`) VALUES ('654', '45', 'studio', '1', '1', '25', '2300.00', '2026-03-01 09:25:34', '2026-03-01 09:25:34');
INSERT INTO `material_prices` (`id`, `material_id`, `member_type`, `sisi`, `min_qty`, `max_qty`, `price`, `created_at`, `updated_at`) VALUES ('655', '45', 'umum', '1', '25', NULL, '2100.00', '2026-03-01 09:25:34', '2026-03-01 09:25:34');
INSERT INTO `material_prices` (`id`, `material_id`, `member_type`, `sisi`, `min_qty`, `max_qty`, `price`, `created_at`, `updated_at`) VALUES ('656', '45', 'studio', '1', '25', NULL, '2100.00', '2026-03-01 09:25:34', '2026-03-01 09:25:34');
INSERT INTO `material_prices` (`id`, `material_id`, `member_type`, `sisi`, `min_qty`, `max_qty`, `price`, `created_at`, `updated_at`) VALUES ('657', '45', 'umum', '2', '1', '25', '3500.00', '2026-03-01 09:25:34', '2026-03-01 09:25:34');
INSERT INTO `material_prices` (`id`, `material_id`, `member_type`, `sisi`, `min_qty`, `max_qty`, `price`, `created_at`, `updated_at`) VALUES ('658', '45', 'studio', '2', '1', '25', '3500.00', '2026-03-01 09:25:34', '2026-03-01 09:25:34');
INSERT INTO `material_prices` (`id`, `material_id`, `member_type`, `sisi`, `min_qty`, `max_qty`, `price`, `created_at`, `updated_at`) VALUES ('659', '45', 'umum', '2', '25', NULL, '3200.00', '2026-03-01 09:25:34', '2026-03-01 09:25:34');
INSERT INTO `material_prices` (`id`, `material_id`, `member_type`, `sisi`, `min_qty`, `max_qty`, `price`, `created_at`, `updated_at`) VALUES ('660', '45', 'studio', '2', '25', NULL, '3200.00', '2026-03-01 09:25:34', '2026-03-01 09:25:34');
INSERT INTO `material_prices` (`id`, `material_id`, `member_type`, `sisi`, `min_qty`, `max_qty`, `price`, `created_at`, `updated_at`) VALUES ('669', '46', 'umum', '1', '1', '25', '2600.00', '2026-03-01 09:26:10', '2026-03-01 09:26:10');
INSERT INTO `material_prices` (`id`, `material_id`, `member_type`, `sisi`, `min_qty`, `max_qty`, `price`, `created_at`, `updated_at`) VALUES ('670', '46', 'studio', '1', '1', '25', '26000.00', '2026-03-01 09:26:10', '2026-03-01 09:26:10');
INSERT INTO `material_prices` (`id`, `material_id`, `member_type`, `sisi`, `min_qty`, `max_qty`, `price`, `created_at`, `updated_at`) VALUES ('671', '46', 'umum', '1', '25', NULL, '2400.00', '2026-03-01 09:26:10', '2026-03-01 09:26:10');
INSERT INTO `material_prices` (`id`, `material_id`, `member_type`, `sisi`, `min_qty`, `max_qty`, `price`, `created_at`, `updated_at`) VALUES ('672', '46', 'studio', '1', '25', NULL, '2400.00', '2026-03-01 09:26:10', '2026-03-01 09:26:10');
INSERT INTO `material_prices` (`id`, `material_id`, `member_type`, `sisi`, `min_qty`, `max_qty`, `price`, `created_at`, `updated_at`) VALUES ('673', '46', 'umum', '2', '1', '25', '3700.00', '2026-03-01 09:26:10', '2026-03-01 09:26:10');
INSERT INTO `material_prices` (`id`, `material_id`, `member_type`, `sisi`, `min_qty`, `max_qty`, `price`, `created_at`, `updated_at`) VALUES ('674', '46', 'studio', '2', '1', '25', '3700.00', '2026-03-01 09:26:10', '2026-03-01 09:26:10');
INSERT INTO `material_prices` (`id`, `material_id`, `member_type`, `sisi`, `min_qty`, `max_qty`, `price`, `created_at`, `updated_at`) VALUES ('675', '46', 'umum', '2', '25', NULL, '3500.00', '2026-03-01 09:26:10', '2026-03-01 09:26:10');
INSERT INTO `material_prices` (`id`, `material_id`, `member_type`, `sisi`, `min_qty`, `max_qty`, `price`, `created_at`, `updated_at`) VALUES ('676', '46', 'studio', '2', '25', NULL, '3500.00', '2026-03-01 09:26:10', '2026-03-01 09:26:10');
INSERT INTO `material_prices` (`id`, `material_id`, `member_type`, `sisi`, `min_qty`, `max_qty`, `price`, `created_at`, `updated_at`) VALUES ('677', '55', 'umum', '1', '1', '25', '3000.00', '2026-03-01 09:26:22', '2026-03-01 09:26:22');
INSERT INTO `material_prices` (`id`, `material_id`, `member_type`, `sisi`, `min_qty`, `max_qty`, `price`, `created_at`, `updated_at`) VALUES ('678', '55', 'studio', '1', '1', '25', '3000.00', '2026-03-01 09:26:22', '2026-03-01 09:26:22');
INSERT INTO `material_prices` (`id`, `material_id`, `member_type`, `sisi`, `min_qty`, `max_qty`, `price`, `created_at`, `updated_at`) VALUES ('679', '55', 'umum', '1', '25', NULL, '2800.00', '2026-03-01 09:26:22', '2026-03-01 09:26:22');
INSERT INTO `material_prices` (`id`, `material_id`, `member_type`, `sisi`, `min_qty`, `max_qty`, `price`, `created_at`, `updated_at`) VALUES ('680', '55', 'studio', '1', '25', NULL, '2800.00', '2026-03-01 09:26:22', '2026-03-01 09:26:22');
INSERT INTO `material_prices` (`id`, `material_id`, `member_type`, `sisi`, `min_qty`, `max_qty`, `price`, `created_at`, `updated_at`) VALUES ('681', '55', 'umum', '2', '1', '25', '4200.00', '2026-03-01 09:26:22', '2026-03-01 09:26:22');
INSERT INTO `material_prices` (`id`, `material_id`, `member_type`, `sisi`, `min_qty`, `max_qty`, `price`, `created_at`, `updated_at`) VALUES ('682', '55', 'studio', '2', '1', '25', '4200.00', '2026-03-01 09:26:22', '2026-03-01 09:26:22');
INSERT INTO `material_prices` (`id`, `material_id`, `member_type`, `sisi`, `min_qty`, `max_qty`, `price`, `created_at`, `updated_at`) VALUES ('683', '55', 'umum', '2', '25', NULL, '4000.00', '2026-03-01 09:26:22', '2026-03-01 09:26:22');
INSERT INTO `material_prices` (`id`, `material_id`, `member_type`, `sisi`, `min_qty`, `max_qty`, `price`, `created_at`, `updated_at`) VALUES ('684', '55', 'studio', '2', '25', NULL, '4000.00', '2026-03-01 09:26:22', '2026-03-01 09:26:22');
INSERT INTO `material_prices` (`id`, `material_id`, `member_type`, `sisi`, `min_qty`, `max_qty`, `price`, `created_at`, `updated_at`) VALUES ('685', '89', 'umum', '1', '1', NULL, '70000.00', '2026-03-01 09:26:39', '2026-03-01 09:26:39');
INSERT INTO `material_prices` (`id`, `material_id`, `member_type`, `sisi`, `min_qty`, `max_qty`, `price`, `created_at`, `updated_at`) VALUES ('686', '89', 'studio', '1', '1', NULL, '70000.00', '2026-03-01 09:26:39', '2026-03-01 09:26:39');
INSERT INTO `material_prices` (`id`, `material_id`, `member_type`, `sisi`, `min_qty`, `max_qty`, `price`, `created_at`, `updated_at`) VALUES ('687', '77', 'umum', '1', '1', NULL, '145000.00', '2026-03-01 09:26:50', '2026-03-01 09:26:50');
INSERT INTO `material_prices` (`id`, `material_id`, `member_type`, `sisi`, `min_qty`, `max_qty`, `price`, `created_at`, `updated_at`) VALUES ('688', '77', 'studio', '1', '1', NULL, '145000.00', '2026-03-01 09:26:50', '2026-03-01 09:26:50');
INSERT INTO `material_prices` (`id`, `material_id`, `member_type`, `sisi`, `min_qty`, `max_qty`, `price`, `created_at`, `updated_at`) VALUES ('689', '76', 'umum', '1', '1', NULL, '25000.00', '2026-03-01 09:27:07', '2026-03-01 09:27:07');
INSERT INTO `material_prices` (`id`, `material_id`, `member_type`, `sisi`, `min_qty`, `max_qty`, `price`, `created_at`, `updated_at`) VALUES ('690', '76', 'studio', '1', '1', NULL, '25000.00', '2026-03-01 09:27:07', '2026-03-01 09:27:07');
INSERT INTO `material_prices` (`id`, `material_id`, `member_type`, `sisi`, `min_qty`, `max_qty`, `price`, `created_at`, `updated_at`) VALUES ('691', '54', 'umum', '1', '1', '25', '3000.00', '2026-03-01 09:27:23', '2026-03-01 09:27:23');
INSERT INTO `material_prices` (`id`, `material_id`, `member_type`, `sisi`, `min_qty`, `max_qty`, `price`, `created_at`, `updated_at`) VALUES ('692', '54', 'studio', '1', '1', '25', '3000.00', '2026-03-01 09:27:23', '2026-03-01 09:27:23');
INSERT INTO `material_prices` (`id`, `material_id`, `member_type`, `sisi`, `min_qty`, `max_qty`, `price`, `created_at`, `updated_at`) VALUES ('693', '54', 'umum', '1', '25', NULL, '2800.00', '2026-03-01 09:27:23', '2026-03-01 09:27:23');
INSERT INTO `material_prices` (`id`, `material_id`, `member_type`, `sisi`, `min_qty`, `max_qty`, `price`, `created_at`, `updated_at`) VALUES ('694', '54', 'studio', '1', '25', NULL, '2800.00', '2026-03-01 09:27:23', '2026-03-01 09:27:23');
INSERT INTO `material_prices` (`id`, `material_id`, `member_type`, `sisi`, `min_qty`, `max_qty`, `price`, `created_at`, `updated_at`) VALUES ('695', '54', 'umum', '2', '1', '25', '4000.00', '2026-03-01 09:27:23', '2026-03-01 09:27:23');
INSERT INTO `material_prices` (`id`, `material_id`, `member_type`, `sisi`, `min_qty`, `max_qty`, `price`, `created_at`, `updated_at`) VALUES ('696', '54', 'studio', '2', '1', '25', '4000.00', '2026-03-01 09:27:23', '2026-03-01 09:27:23');
INSERT INTO `material_prices` (`id`, `material_id`, `member_type`, `sisi`, `min_qty`, `max_qty`, `price`, `created_at`, `updated_at`) VALUES ('697', '54', 'umum', '2', '25', NULL, '3800.00', '2026-03-01 09:27:23', '2026-03-01 09:27:23');
INSERT INTO `material_prices` (`id`, `material_id`, `member_type`, `sisi`, `min_qty`, `max_qty`, `price`, `created_at`, `updated_at`) VALUES ('698', '54', 'studio', '2', '25', NULL, '3800.00', '2026-03-01 09:27:23', '2026-03-01 09:27:23');
INSERT INTO `material_prices` (`id`, `material_id`, `member_type`, `sisi`, `min_qty`, `max_qty`, `price`, `created_at`, `updated_at`) VALUES ('707', '99', 'umum', '1', '1', NULL, '10000.00', '2026-03-01 09:28:51', '2026-03-01 09:28:51');
INSERT INTO `material_prices` (`id`, `material_id`, `member_type`, `sisi`, `min_qty`, `max_qty`, `price`, `created_at`, `updated_at`) VALUES ('708', '99', 'studio', '1', '1', NULL, '10000.00', '2026-03-01 09:28:51', '2026-03-01 09:28:51');
INSERT INTO `material_prices` (`id`, `material_id`, `member_type`, `sisi`, `min_qty`, `max_qty`, `price`, `created_at`, `updated_at`) VALUES ('713', '98', 'umum', '1', '1', NULL, '10000.00', '2026-03-01 09:29:21', '2026-03-01 09:29:21');
INSERT INTO `material_prices` (`id`, `material_id`, `member_type`, `sisi`, `min_qty`, `max_qty`, `price`, `created_at`, `updated_at`) VALUES ('714', '98', 'studio', '1', '1', NULL, '100000.00', '2026-03-01 09:29:21', '2026-03-01 09:29:21');
INSERT INTO `material_prices` (`id`, `material_id`, `member_type`, `sisi`, `min_qty`, `max_qty`, `price`, `created_at`, `updated_at`) VALUES ('715', '78', 'umum', '1', '1', NULL, '130000.00', '2026-03-01 09:29:36', '2026-03-01 09:29:36');
INSERT INTO `material_prices` (`id`, `material_id`, `member_type`, `sisi`, `min_qty`, `max_qty`, `price`, `created_at`, `updated_at`) VALUES ('716', '78', 'studio', '1', '1', NULL, '130000.00', '2026-03-01 09:29:36', '2026-03-01 09:29:36');
INSERT INTO `material_prices` (`id`, `material_id`, `member_type`, `sisi`, `min_qty`, `max_qty`, `price`, `created_at`, `updated_at`) VALUES ('717', '102', 'umum', '1', '1', NULL, '800000.00', '2026-03-01 09:29:48', '2026-03-01 09:29:48');
INSERT INTO `material_prices` (`id`, `material_id`, `member_type`, `sisi`, `min_qty`, `max_qty`, `price`, `created_at`, `updated_at`) VALUES ('718', '102', 'studio', '1', '1', NULL, '800000.00', '2026-03-01 09:29:48', '2026-03-01 09:29:48');
INSERT INTO `material_prices` (`id`, `material_id`, `member_type`, `sisi`, `min_qty`, `max_qty`, `price`, `created_at`, `updated_at`) VALUES ('719', '85', 'umum', '1', '1', NULL, '15000.00', '2026-03-01 09:30:07', '2026-03-01 09:30:07');
INSERT INTO `material_prices` (`id`, `material_id`, `member_type`, `sisi`, `min_qty`, `max_qty`, `price`, `created_at`, `updated_at`) VALUES ('720', '85', 'studio', '1', '1', NULL, '15000.00', '2026-03-01 09:30:07', '2026-03-01 09:30:07');
INSERT INTO `material_prices` (`id`, `material_id`, `member_type`, `sisi`, `min_qty`, `max_qty`, `price`, `created_at`, `updated_at`) VALUES ('723', '86', 'umum', '1', '1', NULL, '25000.00', '2026-03-01 09:31:00', '2026-03-01 09:31:00');
INSERT INTO `material_prices` (`id`, `material_id`, `member_type`, `sisi`, `min_qty`, `max_qty`, `price`, `created_at`, `updated_at`) VALUES ('724', '86', 'studio', '1', '1', NULL, '25000.00', '2026-03-01 09:31:00', '2026-03-01 09:31:00');
INSERT INTO `material_prices` (`id`, `material_id`, `member_type`, `sisi`, `min_qty`, `max_qty`, `price`, `created_at`, `updated_at`) VALUES ('725', '88', 'umum', '1', '1', NULL, '45000.00', '2026-03-01 09:31:20', '2026-03-01 09:31:20');
INSERT INTO `material_prices` (`id`, `material_id`, `member_type`, `sisi`, `min_qty`, `max_qty`, `price`, `created_at`, `updated_at`) VALUES ('726', '88', 'studio', '1', '1', NULL, '45000.00', '2026-03-01 09:31:20', '2026-03-01 09:31:20');
INSERT INTO `material_prices` (`id`, `material_id`, `member_type`, `sisi`, `min_qty`, `max_qty`, `price`, `created_at`, `updated_at`) VALUES ('727', '87', 'umum', '1', '1', NULL, '30000.00', '2026-03-01 09:31:39', '2026-03-01 09:31:39');
INSERT INTO `material_prices` (`id`, `material_id`, `member_type`, `sisi`, `min_qty`, `max_qty`, `price`, `created_at`, `updated_at`) VALUES ('728', '87', 'studio', '1', '1', NULL, '30000.00', '2026-03-01 09:31:39', '2026-03-01 09:31:39');
INSERT INTO `material_prices` (`id`, `material_id`, `member_type`, `sisi`, `min_qty`, `max_qty`, `price`, `created_at`, `updated_at`) VALUES ('729', '51', 'umum', '1', '1', '25', '1800.00', '2026-03-01 09:31:59', '2026-03-01 09:31:59');
INSERT INTO `material_prices` (`id`, `material_id`, `member_type`, `sisi`, `min_qty`, `max_qty`, `price`, `created_at`, `updated_at`) VALUES ('730', '51', 'studio', '1', '1', '25', '1800.00', '2026-03-01 09:31:59', '2026-03-01 09:31:59');
INSERT INTO `material_prices` (`id`, `material_id`, `member_type`, `sisi`, `min_qty`, `max_qty`, `price`, `created_at`, `updated_at`) VALUES ('731', '51', 'umum', '1', '25', NULL, '1600.00', '2026-03-01 09:31:59', '2026-03-01 09:31:59');
INSERT INTO `material_prices` (`id`, `material_id`, `member_type`, `sisi`, `min_qty`, `max_qty`, `price`, `created_at`, `updated_at`) VALUES ('732', '51', 'studio', '1', '25', NULL, '1600.00', '2026-03-01 09:31:59', '2026-03-01 09:31:59');
INSERT INTO `material_prices` (`id`, `material_id`, `member_type`, `sisi`, `min_qty`, `max_qty`, `price`, `created_at`, `updated_at`) VALUES ('733', '51', 'umum', '2', '1', '25', '3000.00', '2026-03-01 09:31:59', '2026-03-01 09:31:59');
INSERT INTO `material_prices` (`id`, `material_id`, `member_type`, `sisi`, `min_qty`, `max_qty`, `price`, `created_at`, `updated_at`) VALUES ('734', '51', 'studio', '2', '1', '25', '3000.00', '2026-03-01 09:31:59', '2026-03-01 09:31:59');
INSERT INTO `material_prices` (`id`, `material_id`, `member_type`, `sisi`, `min_qty`, `max_qty`, `price`, `created_at`, `updated_at`) VALUES ('735', '51', 'umum', '2', '25', NULL, '2800.00', '2026-03-01 09:31:59', '2026-03-01 09:31:59');
INSERT INTO `material_prices` (`id`, `material_id`, `member_type`, `sisi`, `min_qty`, `max_qty`, `price`, `created_at`, `updated_at`) VALUES ('736', '51', 'studio', '2', '25', NULL, '2800.00', '2026-03-01 09:31:59', '2026-03-01 09:31:59');
INSERT INTO `material_prices` (`id`, `material_id`, `member_type`, `sisi`, `min_qty`, `max_qty`, `price`, `created_at`, `updated_at`) VALUES ('737', '75', 'umum', '1', '1', NULL, '100000.00', '2026-03-01 09:32:20', '2026-03-01 09:32:20');
INSERT INTO `material_prices` (`id`, `material_id`, `member_type`, `sisi`, `min_qty`, `max_qty`, `price`, `created_at`, `updated_at`) VALUES ('738', '75', 'studio', '1', '1', NULL, '100000.00', '2026-03-01 09:32:20', '2026-03-01 09:32:20');
INSERT INTO `material_prices` (`id`, `material_id`, `member_type`, `sisi`, `min_qty`, `max_qty`, `price`, `created_at`, `updated_at`) VALUES ('739', '90', 'umum', '1', '1', '25', '1800.00', '2026-03-01 09:32:52', '2026-03-01 09:32:52');
INSERT INTO `material_prices` (`id`, `material_id`, `member_type`, `sisi`, `min_qty`, `max_qty`, `price`, `created_at`, `updated_at`) VALUES ('740', '90', 'studio', '1', '1', '25', '1800.00', '2026-03-01 09:32:52', '2026-03-01 09:32:52');
INSERT INTO `material_prices` (`id`, `material_id`, `member_type`, `sisi`, `min_qty`, `max_qty`, `price`, `created_at`, `updated_at`) VALUES ('741', '90', 'umum', '1', '25', NULL, '1600.00', '2026-03-01 09:32:52', '2026-03-01 09:32:52');
INSERT INTO `material_prices` (`id`, `material_id`, `member_type`, `sisi`, `min_qty`, `max_qty`, `price`, `created_at`, `updated_at`) VALUES ('742', '90', 'studio', '1', '25', NULL, '1600.00', '2026-03-01 09:32:52', '2026-03-01 09:32:52');
INSERT INTO `material_prices` (`id`, `material_id`, `member_type`, `sisi`, `min_qty`, `max_qty`, `price`, `created_at`, `updated_at`) VALUES ('743', '90', 'umum', '2', '1', '25', '3000.00', '2026-03-01 09:32:52', '2026-03-01 09:32:52');
INSERT INTO `material_prices` (`id`, `material_id`, `member_type`, `sisi`, `min_qty`, `max_qty`, `price`, `created_at`, `updated_at`) VALUES ('744', '90', 'studio', '2', '1', '25', '3000.00', '2026-03-01 09:32:52', '2026-03-01 09:32:52');
INSERT INTO `material_prices` (`id`, `material_id`, `member_type`, `sisi`, `min_qty`, `max_qty`, `price`, `created_at`, `updated_at`) VALUES ('745', '90', 'umum', '2', '25', NULL, '2800.00', '2026-03-01 09:32:52', '2026-03-01 09:32:52');
INSERT INTO `material_prices` (`id`, `material_id`, `member_type`, `sisi`, `min_qty`, `max_qty`, `price`, `created_at`, `updated_at`) VALUES ('746', '90', 'studio', '2', '25', NULL, '2800.00', '2026-03-01 09:32:52', '2026-03-01 09:32:52');
INSERT INTO `material_prices` (`id`, `material_id`, `member_type`, `sisi`, `min_qty`, `max_qty`, `price`, `created_at`, `updated_at`) VALUES ('747', '97', 'umum', '1', '1', NULL, '15000.00', '2026-03-01 09:33:29', '2026-03-01 09:33:29');
INSERT INTO `material_prices` (`id`, `material_id`, `member_type`, `sisi`, `min_qty`, `max_qty`, `price`, `created_at`, `updated_at`) VALUES ('748', '97', 'studio', '1', '1', NULL, '15000.00', '2026-03-01 09:33:29', '2026-03-01 09:33:29');
INSERT INTO `material_prices` (`id`, `material_id`, `member_type`, `sisi`, `min_qty`, `max_qty`, `price`, `created_at`, `updated_at`) VALUES ('749', '69', 'umum', '1', '1', '25', '2500.00', '2026-03-01 09:33:56', '2026-03-01 09:33:56');
INSERT INTO `material_prices` (`id`, `material_id`, `member_type`, `sisi`, `min_qty`, `max_qty`, `price`, `created_at`, `updated_at`) VALUES ('750', '69', 'studio', '1', '1', '25', '2500.00', '2026-03-01 09:33:56', '2026-03-01 09:33:56');
INSERT INTO `material_prices` (`id`, `material_id`, `member_type`, `sisi`, `min_qty`, `max_qty`, `price`, `created_at`, `updated_at`) VALUES ('751', '69', 'umum', '1', '25', NULL, '2300.00', '2026-03-01 09:33:56', '2026-03-01 09:33:56');
INSERT INTO `material_prices` (`id`, `material_id`, `member_type`, `sisi`, `min_qty`, `max_qty`, `price`, `created_at`, `updated_at`) VALUES ('752', '69', 'studio', '1', '25', NULL, '2300.00', '2026-03-01 09:33:56', '2026-03-01 09:33:56');
INSERT INTO `material_prices` (`id`, `material_id`, `member_type`, `sisi`, `min_qty`, `max_qty`, `price`, `created_at`, `updated_at`) VALUES ('753', '95', 'umum', '1', '1', NULL, '15000.00', '2026-03-01 09:34:20', '2026-03-01 09:34:20');
INSERT INTO `material_prices` (`id`, `material_id`, `member_type`, `sisi`, `min_qty`, `max_qty`, `price`, `created_at`, `updated_at`) VALUES ('754', '95', 'studio', '1', '1', NULL, '15000.00', '2026-03-01 09:34:20', '2026-03-01 09:34:20');
INSERT INTO `material_prices` (`id`, `material_id`, `member_type`, `sisi`, `min_qty`, `max_qty`, `price`, `created_at`, `updated_at`) VALUES ('755', '96', 'umum', '1', '1', NULL, '2500.00', '2026-03-01 09:34:38', '2026-03-01 09:34:38');
INSERT INTO `material_prices` (`id`, `material_id`, `member_type`, `sisi`, `min_qty`, `max_qty`, `price`, `created_at`, `updated_at`) VALUES ('756', '96', 'studio', '1', '1', NULL, '2500.00', '2026-03-01 09:34:38', '2026-03-01 09:34:38');
INSERT INTO `material_prices` (`id`, `material_id`, `member_type`, `sisi`, `min_qty`, `max_qty`, `price`, `created_at`, `updated_at`) VALUES ('757', '84', 'umum', '1', '1', NULL, '30000.00', '2026-03-01 09:34:54', '2026-03-01 09:34:54');
INSERT INTO `material_prices` (`id`, `material_id`, `member_type`, `sisi`, `min_qty`, `max_qty`, `price`, `created_at`, `updated_at`) VALUES ('758', '84', 'studio', '1', '1', NULL, '30000.00', '2026-03-01 09:34:54', '2026-03-01 09:34:54');
INSERT INTO `material_prices` (`id`, `material_id`, `member_type`, `sisi`, `min_qty`, `max_qty`, `price`, `created_at`, `updated_at`) VALUES ('759', '83', 'umum', '1', '1', NULL, '30000.00', '2026-03-01 09:35:12', '2026-03-01 09:35:12');
INSERT INTO `material_prices` (`id`, `material_id`, `member_type`, `sisi`, `min_qty`, `max_qty`, `price`, `created_at`, `updated_at`) VALUES ('760', '83', 'studio', '1', '1', NULL, '30000.00', '2026-03-01 09:35:12', '2026-03-01 09:35:12');
INSERT INTO `material_prices` (`id`, `material_id`, `member_type`, `sisi`, `min_qty`, `max_qty`, `price`, `created_at`, `updated_at`) VALUES ('761', '100', 'umum', '1', '1', NULL, '0.00', '2026-03-01 09:39:05', '2026-03-01 09:39:05');
INSERT INTO `material_prices` (`id`, `material_id`, `member_type`, `sisi`, `min_qty`, `max_qty`, `price`, `created_at`, `updated_at`) VALUES ('762', '100', 'studio', '1', '1', NULL, '0.00', '2026-03-01 09:39:05', '2026-03-01 09:39:05');
INSERT INTO `material_prices` (`id`, `material_id`, `member_type`, `sisi`, `min_qty`, `max_qty`, `price`, `created_at`, `updated_at`) VALUES ('771', '52', 'umum', '1', '1', '25', '2800.00', '2026-03-01 09:40:41', '2026-03-01 09:40:41');
INSERT INTO `material_prices` (`id`, `material_id`, `member_type`, `sisi`, `min_qty`, `max_qty`, `price`, `created_at`, `updated_at`) VALUES ('772', '52', 'studio', '1', '1', '25', '2800.00', '2026-03-01 09:40:41', '2026-03-01 09:40:41');
INSERT INTO `material_prices` (`id`, `material_id`, `member_type`, `sisi`, `min_qty`, `max_qty`, `price`, `created_at`, `updated_at`) VALUES ('773', '52', 'umum', '1', '25', NULL, '2600.00', '2026-03-01 09:40:41', '2026-03-01 09:40:41');
INSERT INTO `material_prices` (`id`, `material_id`, `member_type`, `sisi`, `min_qty`, `max_qty`, `price`, `created_at`, `updated_at`) VALUES ('774', '52', 'studio', '1', '25', NULL, '2600.00', '2026-03-01 09:40:41', '2026-03-01 09:40:41');
INSERT INTO `material_prices` (`id`, `material_id`, `member_type`, `sisi`, `min_qty`, `max_qty`, `price`, `created_at`, `updated_at`) VALUES ('775', '52', 'umum', '2', '1', '25', '4000.00', '2026-03-01 09:40:41', '2026-03-01 09:40:41');
INSERT INTO `material_prices` (`id`, `material_id`, `member_type`, `sisi`, `min_qty`, `max_qty`, `price`, `created_at`, `updated_at`) VALUES ('776', '52', 'studio', '2', '1', '25', '4000.00', '2026-03-01 09:40:41', '2026-03-01 09:40:41');
INSERT INTO `material_prices` (`id`, `material_id`, `member_type`, `sisi`, `min_qty`, `max_qty`, `price`, `created_at`, `updated_at`) VALUES ('777', '52', 'umum', '2', '25', NULL, '3800.00', '2026-03-01 09:40:41', '2026-03-01 09:40:41');
INSERT INTO `material_prices` (`id`, `material_id`, `member_type`, `sisi`, `min_qty`, `max_qty`, `price`, `created_at`, `updated_at`) VALUES ('778', '52', 'studio', '2', '25', NULL, '3800.00', '2026-03-01 09:40:41', '2026-03-01 09:40:41');
INSERT INTO `material_prices` (`id`, `material_id`, `member_type`, `sisi`, `min_qty`, `max_qty`, `price`, `created_at`, `updated_at`) VALUES ('779', '93', 'umum', '1', '1', NULL, '0.00', '2026-03-01 09:40:58', '2026-03-01 09:40:58');
INSERT INTO `material_prices` (`id`, `material_id`, `member_type`, `sisi`, `min_qty`, `max_qty`, `price`, `created_at`, `updated_at`) VALUES ('780', '93', 'studio', '1', '1', NULL, '0.00', '2026-03-01 09:40:58', '2026-03-01 09:40:58');
INSERT INTO `material_prices` (`id`, `material_id`, `member_type`, `sisi`, `min_qty`, `max_qty`, `price`, `created_at`, `updated_at`) VALUES ('781', '68', 'umum', '1', '1', '25', '1500.00', '2026-03-01 09:41:35', '2026-03-01 09:41:35');
INSERT INTO `material_prices` (`id`, `material_id`, `member_type`, `sisi`, `min_qty`, `max_qty`, `price`, `created_at`, `updated_at`) VALUES ('782', '68', 'studio', '1', '1', '25', '1500.00', '2026-03-01 09:41:35', '2026-03-01 09:41:35');
INSERT INTO `material_prices` (`id`, `material_id`, `member_type`, `sisi`, `min_qty`, `max_qty`, `price`, `created_at`, `updated_at`) VALUES ('783', '68', 'umum', '1', '25', NULL, '1300.00', '2026-03-01 09:41:35', '2026-03-01 09:41:35');
INSERT INTO `material_prices` (`id`, `material_id`, `member_type`, `sisi`, `min_qty`, `max_qty`, `price`, `created_at`, `updated_at`) VALUES ('784', '68', 'studio', '1', '25', NULL, '1300.00', '2026-03-01 09:41:35', '2026-03-01 09:41:35');
INSERT INTO `material_prices` (`id`, `material_id`, `member_type`, `sisi`, `min_qty`, `max_qty`, `price`, `created_at`, `updated_at`) VALUES ('785', '68', 'umum', '2', '1', '25', '3000.00', '2026-03-01 09:41:35', '2026-03-01 09:41:35');
INSERT INTO `material_prices` (`id`, `material_id`, `member_type`, `sisi`, `min_qty`, `max_qty`, `price`, `created_at`, `updated_at`) VALUES ('786', '68', 'studio', '2', '1', '25', '3000.00', '2026-03-01 09:41:35', '2026-03-01 09:41:35');
INSERT INTO `material_prices` (`id`, `material_id`, `member_type`, `sisi`, `min_qty`, `max_qty`, `price`, `created_at`, `updated_at`) VALUES ('787', '68', 'umum', '2', '25', NULL, '2800.00', '2026-03-01 09:41:35', '2026-03-01 09:41:35');
INSERT INTO `material_prices` (`id`, `material_id`, `member_type`, `sisi`, `min_qty`, `max_qty`, `price`, `created_at`, `updated_at`) VALUES ('788', '68', 'studio', '2', '25', NULL, '2800.00', '2026-03-01 09:41:35', '2026-03-01 09:41:35');
INSERT INTO `material_prices` (`id`, `material_id`, `member_type`, `sisi`, `min_qty`, `max_qty`, `price`, `created_at`, `updated_at`) VALUES ('797', '67', 'umum', '1', '1', '25', '1500.00', '2026-03-01 09:42:45', '2026-03-01 09:42:45');
INSERT INTO `material_prices` (`id`, `material_id`, `member_type`, `sisi`, `min_qty`, `max_qty`, `price`, `created_at`, `updated_at`) VALUES ('798', '67', 'studio', '1', '1', '25', '1500.00', '2026-03-01 09:42:45', '2026-03-01 09:42:45');
INSERT INTO `material_prices` (`id`, `material_id`, `member_type`, `sisi`, `min_qty`, `max_qty`, `price`, `created_at`, `updated_at`) VALUES ('799', '67', 'umum', '1', '25', NULL, '1300.00', '2026-03-01 09:42:45', '2026-03-01 09:42:45');
INSERT INTO `material_prices` (`id`, `material_id`, `member_type`, `sisi`, `min_qty`, `max_qty`, `price`, `created_at`, `updated_at`) VALUES ('800', '67', 'studio', '1', '25', NULL, '1300.00', '2026-03-01 09:42:45', '2026-03-01 09:42:45');
INSERT INTO `material_prices` (`id`, `material_id`, `member_type`, `sisi`, `min_qty`, `max_qty`, `price`, `created_at`, `updated_at`) VALUES ('801', '67', 'umum', '2', '1', '25', '3000.00', '2026-03-01 09:42:45', '2026-03-01 09:42:45');
INSERT INTO `material_prices` (`id`, `material_id`, `member_type`, `sisi`, `min_qty`, `max_qty`, `price`, `created_at`, `updated_at`) VALUES ('802', '67', 'studio', '2', '1', '25', '3000.00', '2026-03-01 09:42:45', '2026-03-01 09:42:45');
INSERT INTO `material_prices` (`id`, `material_id`, `member_type`, `sisi`, `min_qty`, `max_qty`, `price`, `created_at`, `updated_at`) VALUES ('803', '67', 'umum', '2', '25', NULL, '2800.00', '2026-03-01 09:42:45', '2026-03-01 09:42:45');
INSERT INTO `material_prices` (`id`, `material_id`, `member_type`, `sisi`, `min_qty`, `max_qty`, `price`, `created_at`, `updated_at`) VALUES ('804', '67', 'studio', '2', '25', NULL, '2800.00', '2026-03-01 09:42:45', '2026-03-01 09:42:45');
INSERT INTO `material_prices` (`id`, `material_id`, `member_type`, `sisi`, `min_qty`, `max_qty`, `price`, `created_at`, `updated_at`) VALUES ('807', '81', 'umum', '1', '1', NULL, '0.00', '2026-03-01 09:43:26', '2026-03-01 09:43:26');
INSERT INTO `material_prices` (`id`, `material_id`, `member_type`, `sisi`, `min_qty`, `max_qty`, `price`, `created_at`, `updated_at`) VALUES ('808', '81', 'studio', '1', '1', NULL, '0.00', '2026-03-01 09:43:26', '2026-03-01 09:43:26');
INSERT INTO `material_prices` (`id`, `material_id`, `member_type`, `sisi`, `min_qty`, `max_qty`, `price`, `created_at`, `updated_at`) VALUES ('809', '53', 'umum', '1', '1', '25', '3200.00', '2026-03-01 09:43:45', '2026-03-01 09:43:45');
INSERT INTO `material_prices` (`id`, `material_id`, `member_type`, `sisi`, `min_qty`, `max_qty`, `price`, `created_at`, `updated_at`) VALUES ('810', '53', 'studio', '1', '1', '25', '3200.00', '2026-03-01 09:43:45', '2026-03-01 09:43:45');
INSERT INTO `material_prices` (`id`, `material_id`, `member_type`, `sisi`, `min_qty`, `max_qty`, `price`, `created_at`, `updated_at`) VALUES ('811', '53', 'umum', '1', '25', NULL, '3000.00', '2026-03-01 09:43:45', '2026-03-01 09:43:45');
INSERT INTO `material_prices` (`id`, `material_id`, `member_type`, `sisi`, `min_qty`, `max_qty`, `price`, `created_at`, `updated_at`) VALUES ('812', '53', 'studio', '1', '25', NULL, '3000.00', '2026-03-01 09:43:45', '2026-03-01 09:43:45');
INSERT INTO `material_prices` (`id`, `material_id`, `member_type`, `sisi`, `min_qty`, `max_qty`, `price`, `created_at`, `updated_at`) VALUES ('813', '53', 'umum', '2', '1', '25', '4200.00', '2026-03-01 09:43:45', '2026-03-01 09:43:45');
INSERT INTO `material_prices` (`id`, `material_id`, `member_type`, `sisi`, `min_qty`, `max_qty`, `price`, `created_at`, `updated_at`) VALUES ('814', '53', 'studio', '2', '1', '25', '4200.00', '2026-03-01 09:43:45', '2026-03-01 09:43:45');
INSERT INTO `material_prices` (`id`, `material_id`, `member_type`, `sisi`, `min_qty`, `max_qty`, `price`, `created_at`, `updated_at`) VALUES ('815', '53', 'umum', '2', '25', NULL, '4000.00', '2026-03-01 09:43:45', '2026-03-01 09:43:45');
INSERT INTO `material_prices` (`id`, `material_id`, `member_type`, `sisi`, `min_qty`, `max_qty`, `price`, `created_at`, `updated_at`) VALUES ('816', '53', 'studio', '2', '25', NULL, '4000.00', '2026-03-01 09:43:45', '2026-03-01 09:43:45');
INSERT INTO `material_prices` (`id`, `material_id`, `member_type`, `sisi`, `min_qty`, `max_qty`, `price`, `created_at`, `updated_at`) VALUES ('817', '63', 'umum', '1', '1', NULL, '115000.00', '2026-03-01 09:44:11', '2026-03-01 09:44:11');
INSERT INTO `material_prices` (`id`, `material_id`, `member_type`, `sisi`, `min_qty`, `max_qty`, `price`, `created_at`, `updated_at`) VALUES ('818', '63', 'studio', '1', '1', NULL, '115000.00', '2026-03-01 09:44:11', '2026-03-01 09:44:11');
INSERT INTO `material_prices` (`id`, `material_id`, `member_type`, `sisi`, `min_qty`, `max_qty`, `price`, `created_at`, `updated_at`) VALUES ('819', '82', 'umum', '1', '1', NULL, '0.00', '2026-03-01 09:47:16', '2026-03-01 09:47:16');
INSERT INTO `material_prices` (`id`, `material_id`, `member_type`, `sisi`, `min_qty`, `max_qty`, `price`, `created_at`, `updated_at`) VALUES ('820', '82', 'studio', '1', '1', NULL, '0.00', '2026-03-01 09:47:16', '2026-03-01 09:47:16');
INSERT INTO `material_prices` (`id`, `material_id`, `member_type`, `sisi`, `min_qty`, `max_qty`, `price`, `created_at`, `updated_at`) VALUES ('821', '101', 'umum', '1', '1', NULL, '95000.00', '2026-03-01 10:04:31', '2026-03-01 10:04:31');
INSERT INTO `material_prices` (`id`, `material_id`, `member_type`, `sisi`, `min_qty`, `max_qty`, `price`, `created_at`, `updated_at`) VALUES ('822', '101', 'studio', '1', '1', NULL, '95000.00', '2026-03-01 10:04:31', '2026-03-01 10:04:31');
INSERT INTO `material_prices` (`id`, `material_id`, `member_type`, `sisi`, `min_qty`, `max_qty`, `price`, `created_at`, `updated_at`) VALUES ('823', '80', 'umum', '1', '1', NULL, '0.00', '2026-03-01 10:06:42', '2026-03-01 10:06:42');
INSERT INTO `material_prices` (`id`, `material_id`, `member_type`, `sisi`, `min_qty`, `max_qty`, `price`, `created_at`, `updated_at`) VALUES ('824', '80', 'studio', '1', '1', NULL, '0.00', '2026-03-01 10:06:42', '2026-03-01 10:06:42');
INSERT INTO `material_prices` (`id`, `material_id`, `member_type`, `sisi`, `min_qty`, `max_qty`, `price`, `created_at`, `updated_at`) VALUES ('825', '61', 'umum', '1', '1', NULL, '0.00', '2026-03-01 10:07:07', '2026-03-01 10:07:07');
INSERT INTO `material_prices` (`id`, `material_id`, `member_type`, `sisi`, `min_qty`, `max_qty`, `price`, `created_at`, `updated_at`) VALUES ('826', '61', 'studio', '1', '1', NULL, '0.00', '2026-03-01 10:07:07', '2026-03-01 10:07:07');
INSERT INTO `material_prices` (`id`, `material_id`, `member_type`, `sisi`, `min_qty`, `max_qty`, `price`, `created_at`, `updated_at`) VALUES ('827', '59', 'umum', '1', '1', '25', '8100.00', '2026-03-01 10:07:25', '2026-03-01 10:07:25');
INSERT INTO `material_prices` (`id`, `material_id`, `member_type`, `sisi`, `min_qty`, `max_qty`, `price`, `created_at`, `updated_at`) VALUES ('828', '59', 'studio', '1', '1', '25', '8100.00', '2026-03-01 10:07:25', '2026-03-01 10:07:25');
INSERT INTO `material_prices` (`id`, `material_id`, `member_type`, `sisi`, `min_qty`, `max_qty`, `price`, `created_at`, `updated_at`) VALUES ('829', '59', 'umum', '1', '25', NULL, '7900.00', '2026-03-01 10:07:25', '2026-03-01 10:07:25');
INSERT INTO `material_prices` (`id`, `material_id`, `member_type`, `sisi`, `min_qty`, `max_qty`, `price`, `created_at`, `updated_at`) VALUES ('830', '59', 'studio', '1', '25', NULL, '7900.00', '2026-03-01 10:07:25', '2026-03-01 10:07:25');
INSERT INTO `material_prices` (`id`, `material_id`, `member_type`, `sisi`, `min_qty`, `max_qty`, `price`, `created_at`, `updated_at`) VALUES ('831', '60', 'umum', '1', '1', '25', '8100.00', '2026-03-01 10:07:46', '2026-03-01 10:07:46');
INSERT INTO `material_prices` (`id`, `material_id`, `member_type`, `sisi`, `min_qty`, `max_qty`, `price`, `created_at`, `updated_at`) VALUES ('832', '60', 'studio', '1', '1', '25', '8100.00', '2026-03-01 10:07:46', '2026-03-01 10:07:46');
INSERT INTO `material_prices` (`id`, `material_id`, `member_type`, `sisi`, `min_qty`, `max_qty`, `price`, `created_at`, `updated_at`) VALUES ('833', '60', 'umum', '1', '25', NULL, '7900.00', '2026-03-01 10:07:46', '2026-03-01 10:07:46');
INSERT INTO `material_prices` (`id`, `material_id`, `member_type`, `sisi`, `min_qty`, `max_qty`, `price`, `created_at`, `updated_at`) VALUES ('834', '60', 'studio', '1', '25', NULL, '7900.00', '2026-03-01 10:07:46', '2026-03-01 10:07:46');
INSERT INTO `material_prices` (`id`, `material_id`, `member_type`, `sisi`, `min_qty`, `max_qty`, `price`, `created_at`, `updated_at`) VALUES ('835', '66', 'umum', '1', '1', NULL, '0.00', '2026-03-01 10:08:21', '2026-03-01 10:08:21');
INSERT INTO `material_prices` (`id`, `material_id`, `member_type`, `sisi`, `min_qty`, `max_qty`, `price`, `created_at`, `updated_at`) VALUES ('836', '66', 'studio', '1', '1', NULL, '0.00', '2026-03-01 10:08:21', '2026-03-01 10:08:21');
INSERT INTO `material_prices` (`id`, `material_id`, `member_type`, `sisi`, `min_qty`, `max_qty`, `price`, `created_at`, `updated_at`) VALUES ('839', '64', 'umum', '1', '1', NULL, '0.00', '2026-03-01 10:09:04', '2026-03-01 10:09:04');
INSERT INTO `material_prices` (`id`, `material_id`, `member_type`, `sisi`, `min_qty`, `max_qty`, `price`, `created_at`, `updated_at`) VALUES ('840', '64', 'studio', '1', '1', NULL, '0.00', '2026-03-01 10:09:04', '2026-03-01 10:09:04');
INSERT INTO `material_prices` (`id`, `material_id`, `member_type`, `sisi`, `min_qty`, `max_qty`, `price`, `created_at`, `updated_at`) VALUES ('841', '58', 'umum', '1', '1', '25', '3300.00', '2026-03-01 10:09:28', '2026-03-01 10:09:28');
INSERT INTO `material_prices` (`id`, `material_id`, `member_type`, `sisi`, `min_qty`, `max_qty`, `price`, `created_at`, `updated_at`) VALUES ('842', '58', 'studio', '1', '1', '25', '3300.00', '2026-03-01 10:09:28', '2026-03-01 10:09:28');
INSERT INTO `material_prices` (`id`, `material_id`, `member_type`, `sisi`, `min_qty`, `max_qty`, `price`, `created_at`, `updated_at`) VALUES ('843', '58', 'umum', '1', '25', NULL, '3100.00', '2026-03-01 10:09:28', '2026-03-01 10:09:28');
INSERT INTO `material_prices` (`id`, `material_id`, `member_type`, `sisi`, `min_qty`, `max_qty`, `price`, `created_at`, `updated_at`) VALUES ('844', '58', 'studio', '1', '25', NULL, '3100.00', '2026-03-01 10:09:28', '2026-03-01 10:09:28');
INSERT INTO `material_prices` (`id`, `material_id`, `member_type`, `sisi`, `min_qty`, `max_qty`, `price`, `created_at`, `updated_at`) VALUES ('847', '72', 'umum', '1', '1', NULL, '0.00', '2026-03-01 10:10:15', '2026-03-01 10:10:15');
INSERT INTO `material_prices` (`id`, `material_id`, `member_type`, `sisi`, `min_qty`, `max_qty`, `price`, `created_at`, `updated_at`) VALUES ('848', '72', 'studio', '1', '1', NULL, '0.00', '2026-03-01 10:10:15', '2026-03-01 10:10:15');
INSERT INTO `material_prices` (`id`, `material_id`, `member_type`, `sisi`, `min_qty`, `max_qty`, `price`, `created_at`, `updated_at`) VALUES ('849', '56', 'umum', '1', '1', '25', '7000.00', '2026-03-01 10:10:34', '2026-03-01 10:10:34');
INSERT INTO `material_prices` (`id`, `material_id`, `member_type`, `sisi`, `min_qty`, `max_qty`, `price`, `created_at`, `updated_at`) VALUES ('850', '56', 'studio', '1', '1', '25', '7000.00', '2026-03-01 10:10:34', '2026-03-01 10:10:34');
INSERT INTO `material_prices` (`id`, `material_id`, `member_type`, `sisi`, `min_qty`, `max_qty`, `price`, `created_at`, `updated_at`) VALUES ('853', '74', 'umum', '1', '1', NULL, '0.00', '2026-03-01 10:11:53', '2026-03-01 10:11:53');
INSERT INTO `material_prices` (`id`, `material_id`, `member_type`, `sisi`, `min_qty`, `max_qty`, `price`, `created_at`, `updated_at`) VALUES ('854', '74', 'studio', '1', '1', NULL, '0.00', '2026-03-01 10:11:53', '2026-03-01 10:11:53');
INSERT INTO `material_prices` (`id`, `material_id`, `member_type`, `sisi`, `min_qty`, `max_qty`, `price`, `created_at`, `updated_at`) VALUES ('855', '71', 'umum', '1', '1', NULL, '0.00', '2026-03-01 10:12:18', '2026-03-01 10:12:18');
INSERT INTO `material_prices` (`id`, `material_id`, `member_type`, `sisi`, `min_qty`, `max_qty`, `price`, `created_at`, `updated_at`) VALUES ('856', '71', 'studio', '1', '1', NULL, '0.00', '2026-03-01 10:12:18', '2026-03-01 10:12:18');
INSERT INTO `material_prices` (`id`, `material_id`, `member_type`, `sisi`, `min_qty`, `max_qty`, `price`, `created_at`, `updated_at`) VALUES ('861', '57', 'umum', '1', '1', '25', '3300.00', '2026-03-01 10:18:31', '2026-03-01 10:18:31');
INSERT INTO `material_prices` (`id`, `material_id`, `member_type`, `sisi`, `min_qty`, `max_qty`, `price`, `created_at`, `updated_at`) VALUES ('862', '57', 'studio', '1', '1', '25', '3300.00', '2026-03-01 10:18:31', '2026-03-01 10:18:31');
INSERT INTO `material_prices` (`id`, `material_id`, `member_type`, `sisi`, `min_qty`, `max_qty`, `price`, `created_at`, `updated_at`) VALUES ('863', '57', 'umum', '1', '25', NULL, '3100.00', '2026-03-01 10:18:31', '2026-03-01 10:18:31');
INSERT INTO `material_prices` (`id`, `material_id`, `member_type`, `sisi`, `min_qty`, `max_qty`, `price`, `created_at`, `updated_at`) VALUES ('864', '57', 'studio', '1', '25', NULL, '3100.00', '2026-03-01 10:18:31', '2026-03-01 10:18:31');
INSERT INTO `material_prices` (`id`, `material_id`, `member_type`, `sisi`, `min_qty`, `max_qty`, `price`, `created_at`, `updated_at`) VALUES ('865', '65', 'umum', '1', '1', NULL, '0.00', '2026-03-01 10:19:39', '2026-03-01 10:19:39');
INSERT INTO `material_prices` (`id`, `material_id`, `member_type`, `sisi`, `min_qty`, `max_qty`, `price`, `created_at`, `updated_at`) VALUES ('866', '65', 'studio', '1', '1', NULL, '0.00', '2026-03-01 10:19:39', '2026-03-01 10:19:39');
INSERT INTO `material_prices` (`id`, `material_id`, `member_type`, `sisi`, `min_qty`, `max_qty`, `price`, `created_at`, `updated_at`) VALUES ('867', '73', 'umum', '1', '1', NULL, '0.00', '2026-03-01 10:22:07', '2026-03-01 10:22:07');
INSERT INTO `material_prices` (`id`, `material_id`, `member_type`, `sisi`, `min_qty`, `max_qty`, `price`, `created_at`, `updated_at`) VALUES ('868', '73', 'studio', '1', '1', NULL, '0.00', '2026-03-01 10:22:07', '2026-03-01 10:22:07');
INSERT INTO `material_prices` (`id`, `material_id`, `member_type`, `sisi`, `min_qty`, `max_qty`, `price`, `created_at`, `updated_at`) VALUES ('869', '92', 'umum', '1', '1', '25', '2500.00', '2026-03-02 15:16:13', '2026-03-02 15:16:13');
INSERT INTO `material_prices` (`id`, `material_id`, `member_type`, `sisi`, `min_qty`, `max_qty`, `price`, `created_at`, `updated_at`) VALUES ('870', '92', 'studio', '1', '1', '25', '2500.00', '2026-03-02 15:16:13', '2026-03-02 15:16:13');
INSERT INTO `material_prices` (`id`, `material_id`, `member_type`, `sisi`, `min_qty`, `max_qty`, `price`, `created_at`, `updated_at`) VALUES ('873', '91', 'umum', '1', '1', '25', '2500.00', '2026-03-02 15:16:34', '2026-03-02 15:16:34');
INSERT INTO `material_prices` (`id`, `material_id`, `member_type`, `sisi`, `min_qty`, `max_qty`, `price`, `created_at`, `updated_at`) VALUES ('874', '91', 'studio', '1', '1', '25', '2500.00', '2026-03-02 15:16:34', '2026-03-02 15:16:34');
INSERT INTO `material_prices` (`id`, `material_id`, `member_type`, `sisi`, `min_qty`, `max_qty`, `price`, `created_at`, `updated_at`) VALUES ('875', '103', 'umum', '1', '1', NULL, '5000.00', '2026-03-02 15:43:35', '2026-03-02 15:43:35');
INSERT INTO `material_prices` (`id`, `material_id`, `member_type`, `sisi`, `min_qty`, `max_qty`, `price`, `created_at`, `updated_at`) VALUES ('876', '103', 'studio', '1', '1', NULL, '5000.00', '2026-03-02 15:43:35', '2026-03-02 15:43:35');

-- Table: materials
CREATE TABLE `materials` (
  `id` bigint(20) unsigned NOT NULL AUTO_INCREMENT,
  `name` varchar(255) NOT NULL,
  `category_id` bigint(20) unsigned DEFAULT NULL,
  `base_price` decimal(15,2) NOT NULL DEFAULT 0.00,
  `unit` varchar(255) NOT NULL DEFAULT 'pcs',
  `stock` decimal(15,2) NOT NULL DEFAULT 0.00,
  `min_stock` decimal(15,2) NOT NULL DEFAULT 0.00,
  `is_active` tinyint(1) NOT NULL DEFAULT 1,
  `track_clicks` tinyint(1) NOT NULL DEFAULT 0,
  `created_at` timestamp NULL DEFAULT NULL,
  `updated_at` timestamp NULL DEFAULT NULL,
  PRIMARY KEY (`id`),
  KEY `materials_category_id_foreign` (`category_id`),
  CONSTRAINT `materials_category_id_foreign` FOREIGN KEY (`category_id`) REFERENCES `material_categories` (`id`) ON DELETE SET NULL
) ENGINE=InnoDB AUTO_INCREMENT=104 DEFAULT CHARSET=utf8mb4 COLLATE=utf8mb4_unicode_ci;

INSERT INTO `materials` (`id`, `name`, `category_id`, `base_price`, `unit`, `stock`, `min_stock`, `is_active`, `track_clicks`, `created_at`, `updated_at`) VALUES ('44', 'ART PAPPER 120 GSM', '4', '2200.00', 'lembar', '571.00', '100.00', '1', '1', '2026-02-17 21:27:33', '2026-03-02 16:28:50');
INSERT INTO `materials` (`id`, `name`, `category_id`, `base_price`, `unit`, `stock`, `min_stock`, `is_active`, `track_clicks`, `created_at`, `updated_at`) VALUES ('45', 'ART PAPPER 150 GSM', '4', '2300.00', 'lembar', '1383.00', '0.00', '1', '1', '2026-02-18 02:49:31', '2026-03-02 14:10:26');
INSERT INTO `materials` (`id`, `name`, `category_id`, `base_price`, `unit`, `stock`, `min_stock`, `is_active`, `track_clicks`, `created_at`, `updated_at`) VALUES ('46', 'ART PAPPER 190 GSM', '4', '2600.00', 'lembar', '333.00', '100.00', '1', '1', '2026-02-18 11:51:07', '2026-03-02 13:49:10');
INSERT INTO `materials` (`id`, `name`, `category_id`, `base_price`, `unit`, `stock`, `min_stock`, `is_active`, `track_clicks`, `created_at`, `updated_at`) VALUES ('47', 'ART KARTON  210 GSM', '4', '2600.00', 'lembar', '162.00', '100.00', '1', '1', '2026-02-18 11:55:20', '2026-03-02 16:32:54');
INSERT INTO `materials` (`id`, `name`, `category_id`, `base_price`, `unit`, `stock`, `min_stock`, `is_active`, `track_clicks`, `created_at`, `updated_at`) VALUES ('48', 'ART KARTON 230 GSM', '4', '2700.00', 'lembar', '702.00', '100.00', '1', '1', '2026-02-18 11:57:29', '2026-03-02 14:34:17');
INSERT INTO `materials` (`id`, `name`, `category_id`, `base_price`, `unit`, `stock`, `min_stock`, `is_active`, `track_clicks`, `created_at`, `updated_at`) VALUES ('49', 'ART KARTON 260 GSM', '4', '2900.00', 'lembar', '812.00', '100.00', '1', '1', '2026-02-18 11:57:53', '2026-03-02 16:37:56');
INSERT INTO `materials` (`id`, `name`, `category_id`, `base_price`, `unit`, `stock`, `min_stock`, `is_active`, `track_clicks`, `created_at`, `updated_at`) VALUES ('50', 'ART KARTON 310 GSM', '4', '3300.00', 'lembar', '256.00', '100.00', '1', '1', '2026-02-18 12:02:31', '2026-03-02 16:01:50');
INSERT INTO `materials` (`id`, `name`, `category_id`, `base_price`, `unit`, `stock`, `min_stock`, `is_active`, `track_clicks`, `created_at`, `updated_at`) VALUES ('51', 'HVS 80 GSM', '4', '1800.00', 'lembar', '980.00', '100.00', '1', '1', '2026-02-18 12:04:07', '2026-03-02 11:24:31');
INSERT INTO `materials` (`id`, `name`, `category_id`, `base_price`, `unit`, `stock`, `min_stock`, `is_active`, `track_clicks`, `created_at`, `updated_at`) VALUES ('52', 'KERTAS BC PUTIH', '4', '2800.00', 'lembar', '225.00', '100.00', '1', '1', '2026-02-18 12:05:47', '2026-03-01 09:39:52');
INSERT INTO `materials` (`id`, `name`, `category_id`, `base_price`, `unit`, `stock`, `min_stock`, `is_active`, `track_clicks`, `created_at`, `updated_at`) VALUES ('53', 'LINEN', '4', '3200.00', 'lembar', '219.00', '100.00', '1', '1', '2026-02-18 12:07:53', '2026-03-02 11:07:41');
INSERT INTO `materials` (`id`, `name`, `category_id`, `base_price`, `unit`, `stock`, `min_stock`, `is_active`, `track_clicks`, `created_at`, `updated_at`) VALUES ('54', 'CONCORD', '4', '3000.00', 'lembar', '480.00', '100.00', '1', '1', '2026-02-18 12:09:51', '2026-03-02 13:01:21');
INSERT INTO `materials` (`id`, `name`, `category_id`, `base_price`, `unit`, `stock`, `min_stock`, `is_active`, `track_clicks`, `created_at`, `updated_at`) VALUES ('55', 'ASTER', '4', '2900.00', 'lembar', '345.00', '100.00', '1', '1', '2026-02-18 12:11:33', '2026-03-01 09:26:22');
INSERT INTO `materials` (`id`, `name`, `category_id`, `base_price`, `unit`, `stock`, `min_stock`, `is_active`, `track_clicks`, `created_at`, `updated_at`) VALUES ('56', 'MASTER', '4', '7000.00', 'lembar', '31.00', '1.00', '1', '0', '2026-02-18 12:12:41', '2026-03-01 10:10:34');
INSERT INTO `materials` (`id`, `name`, `category_id`, `base_price`, `unit`, `stock`, `min_stock`, `is_active`, `track_clicks`, `created_at`, `updated_at`) VALUES ('57', 'STICKER CHROMO', '4', '3300.00', 'lembar', '35244.00', '1.00', '1', '0', '2026-02-18 12:13:58', '2026-03-02 17:11:39');
INSERT INTO `materials` (`id`, `name`, `category_id`, `base_price`, `unit`, `stock`, `min_stock`, `is_active`, `track_clicks`, `created_at`, `updated_at`) VALUES ('58', 'STICKER CHROMO HVS', '4', '3100.00', 'lembar', '2914.00', '1.00', '1', '0', '2026-02-18 12:15:13', '2026-03-02 10:52:10');
INSERT INTO `materials` (`id`, `name`, `category_id`, `base_price`, `unit`, `stock`, `min_stock`, `is_active`, `track_clicks`, `created_at`, `updated_at`) VALUES ('59', 'STICKER VINLY A3', '4', '8100.00', 'lembar', '3195.00', '1.00', '1', '0', '2026-02-18 13:53:59', '2026-03-02 16:43:56');
INSERT INTO `materials` (`id`, `name`, `category_id`, `base_price`, `unit`, `stock`, `min_stock`, `is_active`, `track_clicks`, `created_at`, `updated_at`) VALUES ('60', 'STICKER VINLY A3 TRANSFARANT', '4', '8100.00', 'lembar', '1085.00', '1.00', '1', '0', '2026-02-18 13:55:26', '2026-03-02 10:12:52');
INSERT INTO `materials` (`id`, `name`, `category_id`, `base_price`, `unit`, `stock`, `min_stock`, `is_active`, `track_clicks`, `created_at`, `updated_at`) VALUES ('61', 'STICKER VINLY METERAN', '2', '70000.00', 'm2', '664.15', '1.00', '1', '0', '2026-02-18 13:57:37', '2026-03-02 17:04:27');
INSERT INTO `materials` (`id`, `name`, `category_id`, `base_price`, `unit`, `stock`, `min_stock`, `is_active`, `track_clicks`, `created_at`, `updated_at`) VALUES ('62', 'ALBATROS', '2', '115000.00', 'm2', '135.00', '10.00', '1', '0', '2026-02-18 13:58:14', '2026-03-01 09:24:17');
INSERT INTO `materials` (`id`, `name`, `category_id`, `base_price`, `unit`, `stock`, `min_stock`, `is_active`, `track_clicks`, `created_at`, `updated_at`) VALUES ('63', 'LUSTER', '2', '115000.00', 'm2', '180.00', '1.00', '1', '0', '2026-02-18 13:58:54', '2026-03-01 09:44:11');
INSERT INTO `materials` (`id`, `name`, `category_id`, `base_price`, `unit`, `stock`, `min_stock`, `is_active`, `track_clicks`, `created_at`, `updated_at`) VALUES ('64', 'STICKER HOLOGRAM', '2', '150000.00', 'm2', '55.00', '1.00', '1', '0', '2026-02-18 13:59:44', '2026-03-01 10:08:41');
INSERT INTO `materials` (`id`, `name`, `category_id`, `base_price`, `unit`, `stock`, `min_stock`, `is_active`, `track_clicks`, `created_at`, `updated_at`) VALUES ('65', 'PET BACKLIT DUTRANS', '2', '130000.00', 'm2', '35.00', '1.00', '1', '0', '2026-02-18 14:00:37', '2026-03-01 10:19:39');
INSERT INTO `materials` (`id`, `name`, `category_id`, `base_price`, `unit`, `stock`, `min_stock`, `is_active`, `track_clicks`, `created_at`, `updated_at`) VALUES ('66', 'STICKER ONE WAY', '2', '95000.00', 'm2', '40.00', '1.00', '1', '0', '2026-02-18 14:05:20', '2026-03-01 10:08:21');
INSERT INTO `materials` (`id`, `name`, `category_id`, `base_price`, `unit`, `stock`, `min_stock`, `is_active`, `track_clicks`, `created_at`, `updated_at`) VALUES ('67', 'LAMINASI A3 MATTE', '4', '1500.00', 'pcs', '7419.00', '1.00', '1', '0', '2026-02-18 14:07:03', '2026-03-02 16:32:54');
INSERT INTO `materials` (`id`, `name`, `category_id`, `base_price`, `unit`, `stock`, `min_stock`, `is_active`, `track_clicks`, `created_at`, `updated_at`) VALUES ('68', 'LAMINASI A3 GLOSSY', '4', '1500.00', 'pcs', '10218.00', '100.00', '1', '0', '2026-02-18 14:08:32', '2026-03-02 16:37:56');
INSERT INTO `materials` (`id`, `name`, `category_id`, `base_price`, `unit`, `stock`, `min_stock`, `is_active`, `track_clicks`, `created_at`, `updated_at`) VALUES ('69', 'JASA CETAK ID CARD', '4', '2500.00', 'lembar', '1.00', '1.00', '1', '1', '2026-02-18 14:09:43', '2026-03-01 09:33:56');
INSERT INTO `materials` (`id`, `name`, `category_id`, `base_price`, `unit`, `stock`, `min_stock`, `is_active`, `track_clicks`, `created_at`, `updated_at`) VALUES ('70', 'STANDING Y BENNER 60 X 160 CM', '2', '35000.00', 'pcs', '27.00', '0.00', '1', '0', '2026-02-18 14:10:42', '2026-03-01 07:10:32');
INSERT INTO `materials` (`id`, `name`, `category_id`, `base_price`, `unit`, `stock`, `min_stock`, `is_active`, `track_clicks`, `created_at`, `updated_at`) VALUES ('71', 'STANDING Y BENNER 80 X 180', '2', '45000.00', 'pcs', '21.00', '1.00', '1', '0', '2026-02-18 14:11:11', '2026-03-01 10:09:47');
INSERT INTO `materials` (`id`, `name`, `category_id`, `base_price`, `unit`, `stock`, `min_stock`, `is_active`, `track_clicks`, `created_at`, `updated_at`) VALUES ('72', 'ROOL UP 60 X 160 CM', '2', '150000.00', 'pcs', '1.00', '1.00', '1', '0', '2026-02-18 14:11:59', '2026-03-01 10:10:15');
INSERT INTO `materials` (`id`, `name`, `category_id`, `base_price`, `unit`, `stock`, `min_stock`, `is_active`, `track_clicks`, `created_at`, `updated_at`) VALUES ('73', 'ROOL UP 80 X 180/200 CM', '2', '150000.00', 'pcs', '7.00', '1.00', '1', '0', '2026-02-18 14:12:51', '2026-03-01 10:11:33');
INSERT INTO `materials` (`id`, `name`, `category_id`, `base_price`, `unit`, `stock`, `min_stock`, `is_active`, `track_clicks`, `created_at`, `updated_at`) VALUES ('74', 'STANDING TRIPOD BENNER TIFE T', '2', '125000.00', 'pcs', '3.00', '1.00', '1', '0', '2026-02-18 14:13:43', '2026-03-01 10:11:53');
INSERT INTO `materials` (`id`, `name`, `category_id`, `base_price`, `unit`, `stock`, `min_stock`, `is_active`, `track_clicks`, `created_at`, `updated_at`) VALUES ('75', 'IMPRABOARD', '2', '100000.00', 'm2', '0.00', '1.00', '1', '0', '2026-02-18 14:24:22', '2026-03-01 09:32:20');
INSERT INTO `materials` (`id`, `name`, `category_id`, `base_price`, `unit`, `stock`, `min_stock`, `is_active`, `track_clicks`, `created_at`, `updated_at`) VALUES ('76', 'CLOTH BENNER', '2', '25000.00', 'm2', '95.00', '1.00', '1', '0', '2026-02-18 14:25:04', '2026-03-01 09:27:07');
INSERT INTO `materials` (`id`, `name`, `category_id`, `base_price`, `unit`, `stock`, `min_stock`, `is_active`, `track_clicks`, `created_at`, `updated_at`) VALUES ('77', 'CANVAS MATE 380 GSM', '2', '145000.00', 'm2', '47.00', '1.00', '1', '0', '2026-02-18 14:25:50', '2026-03-01 09:26:50');
INSERT INTO `materials` (`id`, `name`, `category_id`, `base_price`, `unit`, `stock`, `min_stock`, `is_active`, `track_clicks`, `created_at`, `updated_at`) VALUES ('78', 'DOOR FRAME STANDAR', '2', '130000.00', 'pcs', '0.00', '1.00', '1', '0', '2026-02-18 14:26:30', '2026-03-01 09:29:36');
INSERT INTO `materials` (`id`, `name`, `category_id`, `base_price`, `unit`, `stock`, `min_stock`, `is_active`, `track_clicks`, `created_at`, `updated_at`) VALUES ('79', 'DOOR FRAME WATER TANK', '2', '160000.00', 'pcs', '1.00', '0.00', '1', '0', '2026-02-18 14:26:58', '2026-03-01 07:16:12');
INSERT INTO `materials` (`id`, `name`, `category_id`, `base_price`, `unit`, `stock`, `min_stock`, `is_active`, `track_clicks`, `created_at`, `updated_at`) VALUES ('80', 'STICKER VINLY METERAN CHINA', '2', '50000.00', 'm2', '120.00', '1.00', '1', '0', '2026-02-18 14:27:41', '2026-03-01 10:06:42');
INSERT INTO `materials` (`id`, `name`, `category_id`, `base_price`, `unit`, `stock`, `min_stock`, `is_active`, `track_clicks`, `created_at`, `updated_at`) VALUES ('81', 'LAMINASI METERAN MATTE', '2', '15000.00', 'm2', '486.51', '1.00', '1', '0', '2026-02-18 14:28:53', '2026-03-02 13:31:21');
INSERT INTO `materials` (`id`, `name`, `category_id`, `base_price`, `unit`, `stock`, `min_stock`, `is_active`, `track_clicks`, `created_at`, `updated_at`) VALUES ('82', 'LAMINASI METERAN GLOSSY', '2', '15000.00', 'm2', '807.88', '1.00', '1', '0', '2026-02-18 14:29:37', '2026-03-02 17:04:27');
INSERT INTO `materials` (`id`, `name`, `category_id`, `base_price`, `unit`, `stock`, `min_stock`, `is_active`, `track_clicks`, `created_at`, `updated_at`) VALUES ('83', 'JASA LAMINASI MATTE', '2', '30000.00', 'm2', '0.00', '1.00', '1', '0', '2026-02-18 14:30:13', '2026-03-01 09:35:12');
INSERT INTO `materials` (`id`, `name`, `category_id`, `base_price`, `unit`, `stock`, `min_stock`, `is_active`, `track_clicks`, `created_at`, `updated_at`) VALUES ('84', 'JASA LAMINASI GLOSSY', '2', '30000.00', 'm2', '0.00', '1.00', '1', '0', '2026-02-18 14:30:41', '2026-03-01 09:34:54');
INSERT INTO `materials` (`id`, `name`, `category_id`, `base_price`, `unit`, `stock`, `min_stock`, `is_active`, `track_clicks`, `created_at`, `updated_at`) VALUES ('85', 'FLEKSI BENNER 280 GSM', '1', '15000.00', 'm2', '613.54', '1.00', '1', '0', '2026-02-18 14:33:09', '2026-03-02 17:04:33');
INSERT INTO `materials` (`id`, `name`, `category_id`, `base_price`, `unit`, `stock`, `min_stock`, `is_active`, `track_clicks`, `created_at`, `updated_at`) VALUES ('86', 'FLEKSI BENNER 340 GSM', '1', '25000.00', 'm2', '90.00', '1.00', '1', '0', '2026-02-18 14:33:41', '2026-03-02 14:08:24');
INSERT INTO `materials` (`id`, `name`, `category_id`, `base_price`, `unit`, `stock`, `min_stock`, `is_active`, `track_clicks`, `created_at`, `updated_at`) VALUES ('87', 'FLEKSI BENNER 440 GSM WHITE', '1', '30000.00', 'm2', '257.00', '1.00', '1', '0', '2026-02-18 14:34:17', '2026-03-02 12:50:47');
INSERT INTO `materials` (`id`, `name`, `category_id`, `base_price`, `unit`, `stock`, `min_stock`, `is_active`, `track_clicks`, `created_at`, `updated_at`) VALUES ('88', 'FLEKSI BENNER 440 GSM BO', '1', '45000.00', 'm2', '95.00', '1.00', '1', '0', '2026-02-18 14:34:46', '2026-03-01 09:31:20');
INSERT INTO `materials` (`id`, `name`, `category_id`, `base_price`, `unit`, `stock`, `min_stock`, `is_active`, `track_clicks`, `created_at`, `updated_at`) VALUES ('89', 'BACKLIT BENNER 510 GSM', '1', '70000.00', 'm2', '160.00', '1.00', '1', '0', '2026-02-18 14:35:21', '2026-03-01 09:26:39');
INSERT INTO `materials` (`id`, `name`, `category_id`, `base_price`, `unit`, `stock`, `min_stock`, `is_active`, `track_clicks`, `created_at`, `updated_at`) VALUES ('90', 'JASA CETAK A3', '4', '1800.00', 'lembar', '-24.00', '1.00', '1', '1', '2026-02-18 14:38:26', '2026-03-02 13:51:59');
INSERT INTO `materials` (`id`, `name`, `category_id`, `base_price`, `unit`, `stock`, `min_stock`, `is_active`, `track_clicks`, `created_at`, `updated_at`) VALUES ('91', 'CUTTING A3 KIS CUT', '4', '2500.00', 'lembar', '99999999811.00', '1.00', '1', '0', '2026-02-18 14:39:31', '2026-03-02 16:43:56');
INSERT INTO `materials` (`id`, `name`, `category_id`, `base_price`, `unit`, `stock`, `min_stock`, `is_active`, `track_clicks`, `created_at`, `updated_at`) VALUES ('92', 'CUTTING A3 DIE CUT', '4', '2500.00', 'LEMBAR', '100000000000.00', '1.00', '1', '0', '2026-02-18 14:40:20', '2026-03-01 10:25:30');
INSERT INTO `materials` (`id`, `name`, `category_id`, `base_price`, `unit`, `stock`, `min_stock`, `is_active`, `track_clicks`, `created_at`, `updated_at`) VALUES ('93', 'KLEM KALENDER', '4', '700.00', 'pcs', '750.00', '1.00', '1', '0', '2026-02-18 14:45:06', '2026-03-01 09:40:58');
INSERT INTO `materials` (`id`, `name`, `category_id`, `base_price`, `unit`, `stock`, `min_stock`, `is_active`, `track_clicks`, `created_at`, `updated_at`) VALUES ('94', 'LAMINASI KERAS A4', '4', '2000.00', 'lembar', '50.00', '0.00', '1', '0', '2026-02-18 14:45:41', '2026-03-01 08:23:39');
INSERT INTO `materials` (`id`, `name`, `category_id`, `base_price`, `unit`, `stock`, `min_stock`, `is_active`, `track_clicks`, `created_at`, `updated_at`) VALUES ('95', 'JASA CETAK ID CARD BAHAN RK', '4', '15000.00', 'lembar', '0.00', '1.00', '1', '1', '2026-02-18 14:46:52', '2026-03-01 09:34:20');
INSERT INTO `materials` (`id`, `name`, `category_id`, `base_price`, `unit`, `stock`, `min_stock`, `is_active`, `track_clicks`, `created_at`, `updated_at`) VALUES ('96', 'JASA FINISHING ID CARD', '4', '2500.00', 'lembar', '0.00', '1.00', '1', '0', '2026-02-18 14:47:34', '2026-03-01 09:34:38');
INSERT INTO `materials` (`id`, `name`, `category_id`, `base_price`, `unit`, `stock`, `min_stock`, `is_active`, `track_clicks`, `created_at`, `updated_at`) VALUES ('97', 'JASA CETAK BAHAN OSCAR', '1', '15000.00', 'm2', '0.00', '1.00', '1', '0', '2026-02-18 14:48:05', '2026-03-01 09:33:29');
INSERT INTO `materials` (`id`, `name`, `category_id`, `base_price`, `unit`, `stock`, `min_stock`, `is_active`, `track_clicks`, `created_at`, `updated_at`) VALUES ('98', 'CUTTING KISS CUT METERAN', '8', '10000.00', 'm2', '9999999999.15', '1.00', '1', '0', '2026-02-27 13:46:12', '2026-03-02 11:46:14');
INSERT INTO `materials` (`id`, `name`, `category_id`, `base_price`, `unit`, `stock`, `min_stock`, `is_active`, `track_clicks`, `created_at`, `updated_at`) VALUES ('99', 'CUTTING DIE CUT METERAN', '8', '10000.00', 'm2', '9999999999.00', '1.00', '1', '0', '2026-02-27 13:46:38', '2026-03-02 14:55:37');
INSERT INTO `materials` (`id`, `name`, `category_id`, `base_price`, `unit`, `stock`, `min_stock`, `is_active`, `track_clicks`, `created_at`, `updated_at`) VALUES ('100', 'JASA POTONG', '8', '15000.00', 'kg', '0.00', '1.00', '1', '0', '2026-02-27 13:51:08', '2026-03-01 09:39:05');
INSERT INTO `materials` (`id`, `name`, `category_id`, `base_price`, `unit`, `stock`, `min_stock`, `is_active`, `track_clicks`, `created_at`, `updated_at`) VALUES ('101', 'STICKER VINLY TRANSFARANT  METERAN', '2', '95000.00', 'M2', '60.00', '1.00', '1', '0', '2026-02-28 16:39:20', '2026-03-01 10:04:31');
INSERT INTO `materials` (`id`, `name`, `category_id`, `base_price`, `unit`, `stock`, `min_stock`, `is_active`, `track_clicks`, `created_at`, `updated_at`) VALUES ('102', 'EVENT DESK', '2', '800000.00', 'pcs', '1.00', '1.00', '1', '0', '2026-03-01 07:22:24', '2026-03-01 09:29:48');
INSERT INTO `materials` (`id`, `name`, `category_id`, `base_price`, `unit`, `stock`, `min_stock`, `is_active`, `track_clicks`, `created_at`, `updated_at`) VALUES ('103', 'PROMO KROMO RAMADHAN', '4', '5000.00', 'LEMBAR', '9999998.00', '1.00', '1', '0', '2026-03-02 15:43:35', '2026-03-02 16:35:03');

-- Table: migrations
CREATE TABLE `migrations` (
  `id` int(10) unsigned NOT NULL AUTO_INCREMENT,
  `migration` varchar(255) NOT NULL,
  `batch` int(11) NOT NULL,
  PRIMARY KEY (`id`)
) ENGINE=InnoDB AUTO_INCREMENT=51 DEFAULT CHARSET=utf8mb4 COLLATE=utf8mb4_unicode_ci;

INSERT INTO `migrations` (`id`, `migration`, `batch`) VALUES ('1', '0001_01_01_000000_create_users_table', '1');
INSERT INTO `migrations` (`id`, `migration`, `batch`) VALUES ('2', '0001_01_01_000001_create_cache_table', '1');
INSERT INTO `migrations` (`id`, `migration`, `batch`) VALUES ('3', '0001_01_01_000002_create_jobs_table', '1');
INSERT INTO `migrations` (`id`, `migration`, `batch`) VALUES ('4', '2024_01_01_000001_add_role_to_users_table', '1');
INSERT INTO `migrations` (`id`, `migration`, `batch`) VALUES ('5', '2024_01_01_000002_create_orders_table', '1');
INSERT INTO `migrations` (`id`, `migration`, `batch`) VALUES ('6', '2024_01_01_000003_create_materials_table', '1');
INSERT INTO `migrations` (`id`, `migration`, `batch`) VALUES ('7', '2024_01_01_000004_create_settings_table', '1');
INSERT INTO `migrations` (`id`, `migration`, `batch`) VALUES ('8', '2026_01_30_010905_create_permission_tables', '1');
INSERT INTO `migrations` (`id`, `migration`, `batch`) VALUES ('9', '2026_01_30_014026_create_customers_table', '1');
INSERT INTO `migrations` (`id`, `migration`, `batch`) VALUES ('10', '2026_01_30_014034_add_customer_id_to_orders_table', '1');
INSERT INTO `migrations` (`id`, `migration`, `batch`) VALUES ('11', '2026_01_30_100001_create_products_table', '1');
INSERT INTO `migrations` (`id`, `migration`, `batch`) VALUES ('12', '2026_01_30_100002_create_order_items_table', '1');
INSERT INTO `migrations` (`id`, `migration`, `batch`) VALUES ('13', '2026_01_30_100003_modify_orders_for_multi_items', '1');
INSERT INTO `migrations` (`id`, `migration`, `batch`) VALUES ('14', '2026_01_30_100004_create_product_material_table', '1');
INSERT INTO `migrations` (`id`, `migration`, `batch`) VALUES ('15', '2026_01_30_120000_add_track_clicks_to_products_and_materials', '1');
INSERT INTO `migrations` (`id`, `migration`, `batch`) VALUES ('16', '2026_02_07_214900_add_member_type_to_customers_table', '1');
INSERT INTO `migrations` (`id`, `migration`, `batch`) VALUES ('17', '2026_02_07_221200_create_employees_table', '1');
INSERT INTO `migrations` (`id`, `migration`, `batch`) VALUES ('18', '2026_02_07_221201_create_salaries_table', '1');
INSERT INTO `migrations` (`id`, `migration`, `batch`) VALUES ('19', '2026_02_07_223400_add_stock_to_materials_table', '1');
INSERT INTO `migrations` (`id`, `migration`, `batch`) VALUES ('20', '2026_02_07_223401_create_purchases_table', '1');
INSERT INTO `migrations` (`id`, `migration`, `batch`) VALUES ('21', '2026_02_07_223402_create_expense_categories_table', '1');
INSERT INTO `migrations` (`id`, `migration`, `batch`) VALUES ('22', '2026_02_07_223403_create_expenses_table', '1');
INSERT INTO `migrations` (`id`, `migration`, `batch`) VALUES ('23', '2026_02_07_225000_create_suppliers_table', '1');
INSERT INTO `migrations` (`id`, `migration`, `batch`) VALUES ('24', '2026_02_08_000001_add_pickup_status_to_orders_table', '1');
INSERT INTO `migrations` (`id`, `migration`, `batch`) VALUES ('25', '2026_02_08_000002_create_material_categories_table', '1');
INSERT INTO `migrations` (`id`, `migration`, `batch`) VALUES ('26', '2026_02_08_000003_create_stock_movements_table', '1');
INSERT INTO `migrations` (`id`, `migration`, `batch`) VALUES ('27', '2026_02_08_000004_add_category_id_to_materials_table', '1');
INSERT INTO `migrations` (`id`, `migration`, `batch`) VALUES ('28', '2026_02_08_000005_create_deposits_table', '1');
INSERT INTO `migrations` (`id`, `migration`, `batch`) VALUES ('29', '2026_02_08_000006_create_units_table', '1');
INSERT INTO `migrations` (`id`, `migration`, `batch`) VALUES ('30', '2026_02_09_020000_create_payments_table', '1');
INSERT INTO `migrations` (`id`, `migration`, `batch`) VALUES ('31', '2026_02_09_020001_add_partial_status_to_orders_table', '1');
INSERT INTO `migrations` (`id`, `migration`, `batch`) VALUES ('32', '2026_02_09_025400_add_is_credit_to_orders_table', '1');
INSERT INTO `migrations` (`id`, `migration`, `batch`) VALUES ('33', '2026_02_09_100000_add_production_status_to_order_items_table', '1');
INSERT INTO `migrations` (`id`, `migration`, `batch`) VALUES ('34', '2026_02_09_100001_create_cash_modals_table', '1');
INSERT INTO `migrations` (`id`, `migration`, `batch`) VALUES ('35', '2026_02_09_100002_create_cash_mutations_table', '1');
INSERT INTO `migrations` (`id`, `migration`, `batch`) VALUES ('36', '2026_02_09_123128_create_payment_accounts_table', '1');
INSERT INTO `migrations` (`id`, `migration`, `batch`) VALUES ('37', '2026_02_09_123241_add_payment_account_id_to_payments_table', '1');
INSERT INTO `migrations` (`id`, `migration`, `batch`) VALUES ('38', '2026_02_09_132207_add_payment_account_id_to_deposits_table', '1');
INSERT INTO `migrations` (`id`, `migration`, `batch`) VALUES ('39', '2026_02_09_133337_add_payment_fields_to_purchases_table', '2');
INSERT INTO `migrations` (`id`, `migration`, `batch`) VALUES ('40', '2026_02_09_133340_create_purchase_payments_table', '2');
INSERT INTO `migrations` (`id`, `migration`, `batch`) VALUES ('41', '2026_02_10_000001_add_cancellation_to_orders_and_items', '3');
INSERT INTO `migrations` (`id`, `migration`, `batch`) VALUES ('42', '2026_02_10_000002_create_order_cancellation_requests_table', '3');
INSERT INTO `migrations` (`id`, `migration`, `batch`) VALUES ('43', '2026_02_10_000003_add_spv_to_users_role_enum', '4');
INSERT INTO `migrations` (`id`, `migration`, `batch`) VALUES ('44', '2026_02_14_220000_create_machines_table', '5');
INSERT INTO `migrations` (`id`, `migration`, `batch`) VALUES ('45', '2026_02_14_220001_create_machine_material_category_table', '6');
INSERT INTO `migrations` (`id`, `migration`, `batch`) VALUES ('46', '2026_02_14_220002_create_machine_material_table', '7');
INSERT INTO `migrations` (`id`, `migration`, `batch`) VALUES ('47', '2026_02_15_000001_create_material_prices_table', '8');
INSERT INTO `migrations` (`id`, `migration`, `batch`) VALUES ('48', '2026_02_15_000002_add_sisi_to_order_items_table', '9');
INSERT INTO `migrations` (`id`, `migration`, `batch`) VALUES ('49', '2026_02_15_003000_add_cost_per_click_to_machines_table', '10');
INSERT INTO `migrations` (`id`, `migration`, `batch`) VALUES ('50', '2026_02_12_135100_change_users_role_to_varchar', '11');

-- Table: model_has_permissions
CREATE TABLE `model_has_permissions` (
  `permission_id` bigint(20) unsigned NOT NULL,
  `model_type` varchar(255) NOT NULL,
  `model_id` bigint(20) unsigned NOT NULL,
  PRIMARY KEY (`permission_id`,`model_id`,`model_type`),
  KEY `model_has_permissions_model_id_model_type_index` (`model_id`,`model_type`),
  CONSTRAINT `model_has_permissions_permission_id_foreign` FOREIGN KEY (`permission_id`) REFERENCES `permissions` (`id`) ON DELETE CASCADE
) ENGINE=InnoDB DEFAULT CHARSET=utf8mb4 COLLATE=utf8mb4_unicode_ci;

-- Table: model_has_roles
CREATE TABLE `model_has_roles` (
  `role_id` bigint(20) unsigned NOT NULL,
  `model_type` varchar(255) NOT NULL,
  `model_id` bigint(20) unsigned NOT NULL,
  PRIMARY KEY (`role_id`,`model_id`,`model_type`),
  KEY `model_has_roles_model_id_model_type_index` (`model_id`,`model_type`),
  CONSTRAINT `model_has_roles_role_id_foreign` FOREIGN KEY (`role_id`) REFERENCES `roles` (`id`) ON DELETE CASCADE
) ENGINE=InnoDB DEFAULT CHARSET=utf8mb4 COLLATE=utf8mb4_unicode_ci;

INSERT INTO `model_has_roles` (`role_id`, `model_type`, `model_id`) VALUES ('1', 'App\\Models\\User', '1');
INSERT INTO `model_has_roles` (`role_id`, `model_type`, `model_id`) VALUES ('2', 'App\\Models\\User', '2');
INSERT INTO `model_has_roles` (`role_id`, `model_type`, `model_id`) VALUES ('3', 'App\\Models\\User', '3');
INSERT INTO `model_has_roles` (`role_id`, `model_type`, `model_id`) VALUES ('3', 'App\\Models\\User', '4');
INSERT INTO `model_has_roles` (`role_id`, `model_type`, `model_id`) VALUES ('3', 'App\\Models\\User', '12');
INSERT INTO `model_has_roles` (`role_id`, `model_type`, `model_id`) VALUES ('3', 'App\\Models\\User', '15');
INSERT INTO `model_has_roles` (`role_id`, `model_type`, `model_id`) VALUES ('3', 'App\\Models\\User', '19');
INSERT INTO `model_has_roles` (`role_id`, `model_type`, `model_id`) VALUES ('3', 'App\\Models\\User', '20');
INSERT INTO `model_has_roles` (`role_id`, `model_type`, `model_id`) VALUES ('3', 'App\\Models\\User', '23');
INSERT INTO `model_has_roles` (`role_id`, `model_type`, `model_id`) VALUES ('3', 'App\\Models\\User', '25');
INSERT INTO `model_has_roles` (`role_id`, `model_type`, `model_id`) VALUES ('4', 'App\\Models\\User', '5');
INSERT INTO `model_has_roles` (`role_id`, `model_type`, `model_id`) VALUES ('5', 'App\\Models\\User', '6');
INSERT INTO `model_has_roles` (`role_id`, `model_type`, `model_id`) VALUES ('5', 'App\\Models\\User', '7');
INSERT INTO `model_has_roles` (`role_id`, `model_type`, `model_id`) VALUES ('5', 'App\\Models\\User', '9');
INSERT INTO `model_has_roles` (`role_id`, `model_type`, `model_id`) VALUES ('5', 'App\\Models\\User', '10');
INSERT INTO `model_has_roles` (`role_id`, `model_type`, `model_id`) VALUES ('5', 'App\\Models\\User', '13');
INSERT INTO `model_has_roles` (`role_id`, `model_type`, `model_id`) VALUES ('5', 'App\\Models\\User', '14');
INSERT INTO `model_has_roles` (`role_id`, `model_type`, `model_id`) VALUES ('5', 'App\\Models\\User', '17');
INSERT INTO `model_has_roles` (`role_id`, `model_type`, `model_id`) VALUES ('5', 'App\\Models\\User', '18');
INSERT INTO `model_has_roles` (`role_id`, `model_type`, `model_id`) VALUES ('5', 'App\\Models\\User', '21');
INSERT INTO `model_has_roles` (`role_id`, `model_type`, `model_id`) VALUES ('5', 'App\\Models\\User', '22');
INSERT INTO `model_has_roles` (`role_id`, `model_type`, `model_id`) VALUES ('5', 'App\\Models\\User', '24');
INSERT INTO `model_has_roles` (`role_id`, `model_type`, `model_id`) VALUES ('5', 'App\\Models\\User', '26');
INSERT INTO `model_has_roles` (`role_id`, `model_type`, `model_id`) VALUES ('6', 'App\\Models\\User', '8');
INSERT INTO `model_has_roles` (`role_id`, `model_type`, `model_id`) VALUES ('6', 'App\\Models\\User', '11');
INSERT INTO `model_has_roles` (`role_id`, `model_type`, `model_id`) VALUES ('7', 'App\\Models\\User', '16');

-- Table: order_cancellation_requests
CREATE TABLE `order_cancellation_requests` (
  `id` bigint(20) unsigned NOT NULL AUTO_INCREMENT,
  `order_id` bigint(20) unsigned NOT NULL,
  `order_item_id` bigint(20) unsigned DEFAULT NULL,
  `type` enum('order','item') NOT NULL,
  `requested_by` bigint(20) unsigned NOT NULL,
  `reason` text NOT NULL,
  `status` enum('pending','approved','rejected') NOT NULL DEFAULT 'pending',
  `reviewed_by` bigint(20) unsigned DEFAULT NULL,
  `reviewed_at` timestamp NULL DEFAULT NULL,
  `review_notes` text DEFAULT NULL,
  `created_at` timestamp NULL DEFAULT NULL,
  `updated_at` timestamp NULL DEFAULT NULL,
  PRIMARY KEY (`id`),
  KEY `order_cancellation_requests_order_item_id_foreign` (`order_item_id`),
  KEY `order_cancellation_requests_requested_by_foreign` (`requested_by`),
  KEY `order_cancellation_requests_reviewed_by_foreign` (`reviewed_by`),
  KEY `order_cancellation_requests_status_index` (`status`),
  KEY `order_cancellation_requests_order_id_status_index` (`order_id`,`status`),
  CONSTRAINT `order_cancellation_requests_order_id_foreign` FOREIGN KEY (`order_id`) REFERENCES `orders` (`id`) ON DELETE CASCADE,
  CONSTRAINT `order_cancellation_requests_order_item_id_foreign` FOREIGN KEY (`order_item_id`) REFERENCES `order_items` (`id`) ON DELETE CASCADE,
  CONSTRAINT `order_cancellation_requests_requested_by_foreign` FOREIGN KEY (`requested_by`) REFERENCES `users` (`id`) ON DELETE CASCADE,
  CONSTRAINT `order_cancellation_requests_reviewed_by_foreign` FOREIGN KEY (`reviewed_by`) REFERENCES `users` (`id`) ON DELETE SET NULL
) ENGINE=InnoDB AUTO_INCREMENT=3 DEFAULT CHARSET=utf8mb4 COLLATE=utf8mb4_unicode_ci;

INSERT INTO `order_cancellation_requests` (`id`, `order_id`, `order_item_id`, `type`, `requested_by`, `reason`, `status`, `reviewed_by`, `reviewed_at`, `review_notes`, `created_at`, `updated_at`) VALUES ('1', '43', NULL, 'order', '3', 'mau ganti nama', 'approved', '8', '2026-03-02 11:42:43', NULL, '2026-03-02 11:41:52', '2026-03-02 11:42:43');
INSERT INTO `order_cancellation_requests` (`id`, `order_id`, `order_item_id`, `type`, `requested_by`, `reason`, `status`, `reviewed_by`, `reviewed_at`, `review_notes`, `created_at`, `updated_at`) VALUES ('2', '40', NULL, 'order', '16', 'konsumen cancel cetakan', 'approved', '16', '2026-03-02 14:08:24', 'Auto-approved', '2026-03-02 14:08:24', '2026-03-02 14:08:24');

-- Table: order_items
CREATE TABLE `order_items` (
  `id` bigint(20) unsigned NOT NULL AUTO_INCREMENT,
  `order_id` bigint(20) unsigned NOT NULL,
  `product_id` bigint(20) unsigned DEFAULT NULL,
  `product_name` varchar(255) NOT NULL,
  `material_id` bigint(20) unsigned DEFAULT NULL,
  `material_name` varchar(255) DEFAULT NULL,
  `file_name` varchar(255) NOT NULL,
  `file_path` varchar(255) DEFAULT NULL,
  `size_description` varchar(255) NOT NULL,
  `size_value` decimal(10,4) NOT NULL DEFAULT 1.0000,
  `size_unit` varchar(255) NOT NULL DEFAULT 'm2',
  `qty` int(11) NOT NULL DEFAULT 1,
  `sisi` tinyint(4) NOT NULL DEFAULT 1 COMMENT 'Jumlah sisi cetak',
  `base_price` decimal(15,2) NOT NULL DEFAULT 0.00,
  `calculated_price` decimal(15,2) NOT NULL DEFAULT 0.00,
  `subtotal` decimal(15,2) NOT NULL DEFAULT 0.00,
  `finishing_note` text DEFAULT NULL,
  `production_status` varchar(255) NOT NULL DEFAULT 'pending',
  `item_started_at` timestamp NULL DEFAULT NULL,
  `item_finished_at` timestamp NULL DEFAULT NULL,
  `is_cancelled` tinyint(1) NOT NULL DEFAULT 0,
  `cancelled_at` timestamp NULL DEFAULT NULL,
  `created_at` timestamp NULL DEFAULT NULL,
  `updated_at` timestamp NULL DEFAULT NULL,
  `cancelled_by` bigint(20) unsigned DEFAULT NULL,
  `cancel_reason` text DEFAULT NULL,
  PRIMARY KEY (`id`),
  KEY `order_items_product_id_foreign` (`product_id`),
  KEY `order_items_material_id_foreign` (`material_id`),
  KEY `order_items_order_id_index` (`order_id`),
  KEY `order_items_cancelled_by_foreign` (`cancelled_by`),
  KEY `order_items_is_cancelled_index` (`is_cancelled`),
  CONSTRAINT `order_items_cancelled_by_foreign` FOREIGN KEY (`cancelled_by`) REFERENCES `users` (`id`) ON DELETE SET NULL,
  CONSTRAINT `order_items_material_id_foreign` FOREIGN KEY (`material_id`) REFERENCES `materials` (`id`) ON DELETE SET NULL,
  CONSTRAINT `order_items_order_id_foreign` FOREIGN KEY (`order_id`) REFERENCES `orders` (`id`) ON DELETE CASCADE,
  CONSTRAINT `order_items_product_id_foreign` FOREIGN KEY (`product_id`) REFERENCES `products` (`id`) ON DELETE SET NULL
) ENGINE=InnoDB AUTO_INCREMENT=204 DEFAULT CHARSET=utf8mb4 COLLATE=utf8mb4_unicode_ci;

INSERT INTO `order_items` (`id`, `order_id`, `product_id`, `product_name`, `material_id`, `material_name`, `file_name`, `file_path`, `size_description`, `size_value`, `size_unit`, `qty`, `sisi`, `base_price`, `calculated_price`, `subtotal`, `finishing_note`, `production_status`, `item_started_at`, `item_finished_at`, `is_cancelled`, `cancelled_at`, `created_at`, `updated_at`, `cancelled_by`, `cancel_reason`) VALUES ('18', '17', '21', 'Versant', NULL, 'STICKER VINLY A3', 'relya kemiri', NULL, '1x1', '1.0000', 'lembar', '20', '1', '8100.00', '8100.00', '162000.00', NULL, 'selesai', '2026-03-02 11:28:57', '2026-03-02 14:52:42', '0', NULL, '2026-03-02 10:08:57', '2026-03-02 14:52:42', NULL, NULL);
INSERT INTO `order_items` (`id`, `order_id`, `product_id`, `product_name`, `material_id`, `material_name`, `file_name`, `file_path`, `size_description`, `size_value`, `size_unit`, `qty`, `sisi`, `base_price`, `calculated_price`, `subtotal`, `finishing_note`, `production_status`, `item_started_at`, `item_finished_at`, `is_cancelled`, `cancelled_at`, `created_at`, `updated_at`, `cancelled_by`, `cancel_reason`) VALUES ('19', '17', '21', 'Versant', NULL, 'LAMINASI A3 GLOSSY', 'relya kemiri', NULL, '1x1', '1.0000', 'pcs', '20', '1', '1500.00', '1500.00', '30000.00', NULL, 'selesai', '2026-03-02 11:29:09', '2026-03-02 14:52:45', '0', NULL, '2026-03-02 10:08:57', '2026-03-02 14:52:45', NULL, NULL);
INSERT INTO `order_items` (`id`, `order_id`, `product_id`, `product_name`, `material_id`, `material_name`, `file_name`, `file_path`, `size_description`, `size_value`, `size_unit`, `qty`, `sisi`, `base_price`, `calculated_price`, `subtotal`, `finishing_note`, `production_status`, `item_started_at`, `item_finished_at`, `is_cancelled`, `cancelled_at`, `created_at`, `updated_at`, `cancelled_by`, `cancel_reason`) VALUES ('20', '18', '21', 'Versant', NULL, 'STICKER VINLY A3 TRANSFARANT', 'glow beauty', NULL, '1x1', '1.0000', 'lembar', '4', '1', '8100.00', '8100.00', '32400.00', 'masing masing cetak 2', 'selesai', '2026-03-02 11:29:18', '2026-03-02 12:35:02', '0', NULL, '2026-03-02 10:10:46', '2026-03-02 12:35:02', NULL, NULL);
INSERT INTO `order_items` (`id`, `order_id`, `product_id`, `product_name`, `material_id`, `material_name`, `file_name`, `file_path`, `size_description`, `size_value`, `size_unit`, `qty`, `sisi`, `base_price`, `calculated_price`, `subtotal`, `finishing_note`, `production_status`, `item_started_at`, `item_finished_at`, `is_cancelled`, `cancelled_at`, `created_at`, `updated_at`, `cancelled_by`, `cancel_reason`) VALUES ('21', '18', '21', 'Versant', NULL, 'STICKER CHROMO', 'pipito', NULL, '1x1', '1.0000', 'lembar', '6', '1', '3300.00', '3300.00', '19800.00', NULL, 'selesai', '2026-03-02 11:29:23', '2026-03-02 12:35:07', '0', NULL, '2026-03-02 10:10:46', '2026-03-02 12:35:07', NULL, NULL);
INSERT INTO `order_items` (`id`, `order_id`, `product_id`, `product_name`, `material_id`, `material_name`, `file_name`, `file_path`, `size_description`, `size_value`, `size_unit`, `qty`, `sisi`, `base_price`, `calculated_price`, `subtotal`, `finishing_note`, `production_status`, `item_started_at`, `item_finished_at`, `is_cancelled`, `cancelled_at`, `created_at`, `updated_at`, `cancelled_by`, `cancel_reason`) VALUES ('22', '18', '21', 'Versant', NULL, 'STICKER CHROMO', 'pipito sedang', NULL, '1x1', '1.0000', 'lembar', '11', '1', '3300.00', '3300.00', '36300.00', NULL, 'selesai', '2026-03-02 11:29:30', '2026-03-02 12:35:12', '0', NULL, '2026-03-02 10:10:46', '2026-03-02 12:35:12', NULL, NULL);
INSERT INTO `order_items` (`id`, `order_id`, `product_id`, `product_name`, `material_id`, `material_name`, `file_name`, `file_path`, `size_description`, `size_value`, `size_unit`, `qty`, `sisi`, `base_price`, `calculated_price`, `subtotal`, `finishing_note`, `production_status`, `item_started_at`, `item_finished_at`, `is_cancelled`, `cancelled_at`, `created_at`, `updated_at`, `cancelled_by`, `cancel_reason`) VALUES ('23', '18', '21', 'Versant', NULL, 'STICKER CHROMO', 'azzae', NULL, '1x1', '1.0000', 'lembar', '7', '1', '3300.00', '3300.00', '23100.00', NULL, 'selesai', '2026-03-02 11:29:34', '2026-03-02 12:35:31', '0', NULL, '2026-03-02 10:10:46', '2026-03-02 12:35:31', NULL, NULL);
INSERT INTO `order_items` (`id`, `order_id`, `product_id`, `product_name`, `material_id`, `material_name`, `file_name`, `file_path`, `size_description`, `size_value`, `size_unit`, `qty`, `sisi`, `base_price`, `calculated_price`, `subtotal`, `finishing_note`, `production_status`, `item_started_at`, `item_finished_at`, `is_cancelled`, `cancelled_at`, `created_at`, `updated_at`, `cancelled_by`, `cancel_reason`) VALUES ('24', '18', '21', 'Versant', NULL, 'STICKER CHROMO', 'cahaya rs', NULL, '1x1', '1.0000', 'lembar', '10', '1', '3300.00', '3300.00', '33000.00', 'page1 = 5, page2 = 3, page3 = 2', 'selesai', '2026-03-02 11:29:41', '2026-03-02 12:35:38', '0', NULL, '2026-03-02 10:10:46', '2026-03-02 12:35:38', NULL, NULL);
INSERT INTO `order_items` (`id`, `order_id`, `product_id`, `product_name`, `material_id`, `material_name`, `file_name`, `file_path`, `size_description`, `size_value`, `size_unit`, `qty`, `sisi`, `base_price`, `calculated_price`, `subtotal`, `finishing_note`, `production_status`, `item_started_at`, `item_finished_at`, `is_cancelled`, `cancelled_at`, `created_at`, `updated_at`, `cancelled_by`, `cancel_reason`) VALUES ('25', '17', '24', 'Jasa', '91', 'CUTTING A3 KIS CUT', 'relya kemiri', NULL, '1x1', '1.0000', 'lembar', '20', '1', '2500.00', '2500.00', '50000.00', NULL, 'selesai', '2026-03-02 11:29:46', '2026-03-02 14:52:48', '0', NULL, '2026-03-02 10:12:13', '2026-03-02 14:52:48', NULL, NULL);
INSERT INTO `order_items` (`id`, `order_id`, `product_id`, `product_name`, `material_id`, `material_name`, `file_name`, `file_path`, `size_description`, `size_value`, `size_unit`, `qty`, `sisi`, `base_price`, `calculated_price`, `subtotal`, `finishing_note`, `production_status`, `item_started_at`, `item_finished_at`, `is_cancelled`, `cancelled_at`, `created_at`, `updated_at`, `cancelled_by`, `cancel_reason`) VALUES ('26', '18', '21', 'Versant', NULL, 'ART KARTON 230 GSM', 'ria zulian', NULL, '1x1', '1.0000', 'lembar', '4', '1', '2700.00', '2700.00', '10800.00', NULL, 'selesai', '2026-03-02 11:30:43', '2026-03-02 12:35:53', '0', NULL, '2026-03-02 10:12:52', '2026-03-02 12:35:53', NULL, NULL);
INSERT INTO `order_items` (`id`, `order_id`, `product_id`, `product_name`, `material_id`, `material_name`, `file_name`, `file_path`, `size_description`, `size_value`, `size_unit`, `qty`, `sisi`, `base_price`, `calculated_price`, `subtotal`, `finishing_note`, `production_status`, `item_started_at`, `item_finished_at`, `is_cancelled`, `cancelled_at`, `created_at`, `updated_at`, `cancelled_by`, `cancel_reason`) VALUES ('27', '19', '21', 'Versant', '51', 'HVS 80 GSM', 'dinamika 0302', NULL, '1x1', '1.0000', 'lembar', '8', '2', '3000.00', '3000.00', '24000.00', NULL, 'selesai', '2026-03-02 11:39:45', '2026-03-02 12:04:34', '0', NULL, '2026-03-02 10:18:14', '2026-03-02 12:04:34', NULL, NULL);
INSERT INTO `order_items` (`id`, `order_id`, `product_id`, `product_name`, `material_id`, `material_name`, `file_name`, `file_path`, `size_description`, `size_value`, `size_unit`, `qty`, `sisi`, `base_price`, `calculated_price`, `subtotal`, `finishing_note`, `production_status`, `item_started_at`, `item_finished_at`, `is_cancelled`, `cancelled_at`, `created_at`, `updated_at`, `cancelled_by`, `cancel_reason`) VALUES ('28', '19', '21', 'Versant', '51', 'HVS 80 GSM', 'sekabar', NULL, '1x1', '1.0000', 'lembar', '8', '2', '3000.00', '3000.00', '24000.00', NULL, 'selesai', '2026-03-02 11:39:40', '2026-03-02 12:04:30', '0', NULL, '2026-03-02 10:18:14', '2026-03-02 12:04:30', NULL, NULL);
INSERT INTO `order_items` (`id`, `order_id`, `product_id`, `product_name`, `material_id`, `material_name`, `file_name`, `file_path`, `size_description`, `size_value`, `size_unit`, `qty`, `sisi`, `base_price`, `calculated_price`, `subtotal`, `finishing_note`, `production_status`, `item_started_at`, `item_finished_at`, `is_cancelled`, `cancelled_at`, `created_at`, `updated_at`, `cancelled_by`, `cancel_reason`) VALUES ('29', '20', '21', 'Versant', '57', 'STICKER CHROMO', 'maps sc', NULL, '1x1', '1.0000', 'lembar', '4', '1', '3000.00', '3000.00', '12000.00', NULL, 'selesai', '2026-03-02 11:30:55', '2026-03-02 11:59:54', '0', NULL, '2026-03-02 10:20:34', '2026-03-02 11:59:54', NULL, NULL);
INSERT INTO `order_items` (`id`, `order_id`, `product_id`, `product_name`, `material_id`, `material_name`, `file_name`, `file_path`, `size_description`, `size_value`, `size_unit`, `qty`, `sisi`, `base_price`, `calculated_price`, `subtotal`, `finishing_note`, `production_status`, `item_started_at`, `item_finished_at`, `is_cancelled`, `cancelled_at`, `created_at`, `updated_at`, `cancelled_by`, `cancel_reason`) VALUES ('30', '20', '24', 'Jasa', '91', 'CUTTING A3 KIS CUT', 'maps sc', NULL, '1x1', '1.0000', 'lembar', '4', '1', '2000.00', '2000.00', '8000.00', NULL, 'selesai', '2026-03-02 11:39:52', '2026-03-02 14:52:51', '0', NULL, '2026-03-02 10:20:34', '2026-03-02 14:52:51', NULL, NULL);
INSERT INTO `order_items` (`id`, `order_id`, `product_id`, `product_name`, `material_id`, `material_name`, `file_name`, `file_path`, `size_description`, `size_value`, `size_unit`, `qty`, `sisi`, `base_price`, `calculated_price`, `subtotal`, `finishing_note`, `production_status`, `item_started_at`, `item_finished_at`, `is_cancelled`, `cancelled_at`, `created_at`, `updated_at`, `cancelled_by`, `cancel_reason`) VALUES ('31', '21', '23', 'Outdoor', '85', 'FLEKSI BENNER 280 GSM', 'PATRA NIAGA', NULL, '50x60', '0.3000', 'm2', '20', '1', '15000.00', '15000.00', '300000.00', 'Mata Ayam', 'selesai', '2026-03-02 11:44:50', '2026-03-02 14:12:48', '0', NULL, '2026-03-02 10:32:24', '2026-03-02 14:12:48', NULL, NULL);
INSERT INTO `order_items` (`id`, `order_id`, `product_id`, `product_name`, `material_id`, `material_name`, `file_name`, `file_path`, `size_description`, `size_value`, `size_unit`, `qty`, `sisi`, `base_price`, `calculated_price`, `subtotal`, `finishing_note`, `production_status`, `item_started_at`, `item_finished_at`, `is_cancelled`, `cancelled_at`, `created_at`, `updated_at`, `cancelled_by`, `cancel_reason`) VALUES ('32', '21', '23', 'Outdoor', '85', 'FLEKSI BENNER 280 GSM', 'PATRA NIAGA 2', NULL, '60x40', '0.2400', 'm2', '10', '1', '15000.00', '15000.00', '150000.00', 'Mata Ayam', 'selesai', '2026-03-02 13:14:28', '2026-03-02 14:12:48', '0', NULL, '2026-03-02 10:32:24', '2026-03-02 14:12:48', NULL, NULL);
INSERT INTO `order_items` (`id`, `order_id`, `product_id`, `product_name`, `material_id`, `material_name`, `file_name`, `file_path`, `size_description`, `size_value`, `size_unit`, `qty`, `sisi`, `base_price`, `calculated_price`, `subtotal`, `finishing_note`, `production_status`, `item_started_at`, `item_finished_at`, `is_cancelled`, `cancelled_at`, `created_at`, `updated_at`, `cancelled_by`, `cancel_reason`) VALUES ('33', '21', '23', 'Outdoor', '85', 'FLEKSI BENNER 280 GSM', 'PANGKALAN', NULL, '200x50', '1.0000', 'm2', '10', '1', '15000.00', '15000.00', '150000.00', 'Mata Ayam', 'selesai', '2026-03-02 13:35:55', '2026-03-02 14:12:48', '0', NULL, '2026-03-02 10:32:24', '2026-03-02 14:12:48', NULL, NULL);
INSERT INTO `order_items` (`id`, `order_id`, `product_id`, `product_name`, `material_id`, `material_name`, `file_name`, `file_path`, `size_description`, `size_value`, `size_unit`, `qty`, `sisi`, `base_price`, `calculated_price`, `subtotal`, `finishing_note`, `production_status`, `item_started_at`, `item_finished_at`, `is_cancelled`, `cancelled_at`, `created_at`, `updated_at`, `cancelled_by`, `cancel_reason`) VALUES ('34', '21', '23', 'Outdoor', '85', 'FLEKSI BENNER 280 GSM', 'AGEN LPG', NULL, '200x50', '1.0000', 'm2', '2', '1', '15000.00', '15000.00', '30000.00', 'Mata Ayam', 'selesai', '2026-03-02 13:36:05', '2026-03-02 14:12:48', '0', NULL, '2026-03-02 10:32:24', '2026-03-02 14:12:48', NULL, NULL);
INSERT INTO `order_items` (`id`, `order_id`, `product_id`, `product_name`, `material_id`, `material_name`, `file_name`, `file_path`, `size_description`, `size_value`, `size_unit`, `qty`, `sisi`, `base_price`, `calculated_price`, `subtotal`, `finishing_note`, `production_status`, `item_started_at`, `item_finished_at`, `is_cancelled`, `cancelled_at`, `created_at`, `updated_at`, `cancelled_by`, `cancel_reason`) VALUES ('35', '22', '21', 'Versant', '44', 'ART PAPPER 120 GSM', 'lalabelt', NULL, '1x1', '1.0000', 'lembar', '12', '1', '2200.00', '2200.00', '26400.00', NULL, 'selesai', '2026-03-02 11:31:20', '2026-03-02 12:00:14', '0', NULL, '2026-03-02 10:34:05', '2026-03-02 12:00:14', NULL, NULL);
INSERT INTO `order_items` (`id`, `order_id`, `product_id`, `product_name`, `material_id`, `material_name`, `file_name`, `file_path`, `size_description`, `size_value`, `size_unit`, `qty`, `sisi`, `base_price`, `calculated_price`, `subtotal`, `finishing_note`, `production_status`, `item_started_at`, `item_finished_at`, `is_cancelled`, `cancelled_at`, `created_at`, `updated_at`, `cancelled_by`, `cancel_reason`) VALUES ('36', '23', '21', 'Versant', NULL, 'ART PAPPER 120 GSM', 'argarian', NULL, '1x1', '1.0000', 'lembar', '9', '1', '2200.00', '2200.00', '19800.00', NULL, 'selesai', '2026-03-02 11:31:30', '2026-03-02 12:00:45', '0', NULL, '2026-03-02 10:35:30', '2026-03-02 12:00:45', NULL, NULL);
INSERT INTO `order_items` (`id`, `order_id`, `product_id`, `product_name`, `material_id`, `material_name`, `file_name`, `file_path`, `size_description`, `size_value`, `size_unit`, `qty`, `sisi`, `base_price`, `calculated_price`, `subtotal`, `finishing_note`, `production_status`, `item_started_at`, `item_finished_at`, `is_cancelled`, `cancelled_at`, `created_at`, `updated_at`, `cancelled_by`, `cancel_reason`) VALUES ('37', '24', '21', 'Versant', '57', 'STICKER CHROMO', 'vans', NULL, '1x1', '1.0000', 'lembar', '1', '1', '3300.00', '3300.00', '3300.00', NULL, 'selesai', '2026-03-02 11:31:47', '2026-03-02 12:01:14', '0', NULL, '2026-03-02 10:37:42', '2026-03-02 12:01:14', NULL, NULL);
INSERT INTO `order_items` (`id`, `order_id`, `product_id`, `product_name`, `material_id`, `material_name`, `file_name`, `file_path`, `size_description`, `size_value`, `size_unit`, `qty`, `sisi`, `base_price`, `calculated_price`, `subtotal`, `finishing_note`, `production_status`, `item_started_at`, `item_finished_at`, `is_cancelled`, `cancelled_at`, `created_at`, `updated_at`, `cancelled_by`, `cancel_reason`) VALUES ('38', '25', '21', 'Versant', NULL, 'STICKER CHROMO', 'lk you', NULL, '1x1', '1.0000', 'lembar', '15', '1', '3000.00', '3000.00', '45000.00', '@5', 'selesai', '2026-03-02 11:31:57', '2026-03-02 14:23:51', '0', NULL, '2026-03-02 10:45:54', '2026-03-02 14:23:51', NULL, NULL);
INSERT INTO `order_items` (`id`, `order_id`, `product_id`, `product_name`, `material_id`, `material_name`, `file_name`, `file_path`, `size_description`, `size_value`, `size_unit`, `qty`, `sisi`, `base_price`, `calculated_price`, `subtotal`, `finishing_note`, `production_status`, `item_started_at`, `item_finished_at`, `is_cancelled`, `cancelled_at`, `created_at`, `updated_at`, `cancelled_by`, `cancel_reason`) VALUES ('39', '25', '21', 'Versant', NULL, 'LAMINASI A3 GLOSSY', 'lk you', NULL, '1x1', '1.0000', 'pcs', '15', '1', '1500.00', '1500.00', '22500.00', NULL, 'selesai', '2026-03-02 11:32:09', '2026-03-02 14:24:09', '0', NULL, '2026-03-02 10:45:54', '2026-03-02 14:24:09', NULL, NULL);
INSERT INTO `order_items` (`id`, `order_id`, `product_id`, `product_name`, `material_id`, `material_name`, `file_name`, `file_path`, `size_description`, `size_value`, `size_unit`, `qty`, `sisi`, `base_price`, `calculated_price`, `subtotal`, `finishing_note`, `production_status`, `item_started_at`, `item_finished_at`, `is_cancelled`, `cancelled_at`, `created_at`, `updated_at`, `cancelled_by`, `cancel_reason`) VALUES ('40', '25', '24', 'Jasa', NULL, 'CUTTING A3 KIS CUT', 'lk you', NULL, '1x1', '1.0000', 'lembar', '15', '1', '2000.00', '2000.00', '30000.00', NULL, 'selesai', '2026-03-02 11:51:21', '2026-03-02 14:52:54', '0', NULL, '2026-03-02 10:45:54', '2026-03-02 14:52:54', NULL, NULL);
INSERT INTO `order_items` (`id`, `order_id`, `product_id`, `product_name`, `material_id`, `material_name`, `file_name`, `file_path`, `size_description`, `size_value`, `size_unit`, `qty`, `sisi`, `base_price`, `calculated_price`, `subtotal`, `finishing_note`, `production_status`, `item_started_at`, `item_finished_at`, `is_cancelled`, `cancelled_at`, `created_at`, `updated_at`, `cancelled_by`, `cancel_reason`) VALUES ('41', '26', '21', 'Versant', '57', 'STICKER CHROMO', 'krenyess', NULL, '1x1', '1.0000', 'lembar', '100', '1', '3100.00', '3100.00', '310000.00', 'page1 = 56, page2 = 44, cetak 1 dulu', 'selesai', '2026-03-02 11:32:39', '2026-03-02 12:36:45', '0', NULL, '2026-03-02 10:51:22', '2026-03-02 12:36:45', NULL, NULL);
INSERT INTO `order_items` (`id`, `order_id`, `product_id`, `product_name`, `material_id`, `material_name`, `file_name`, `file_path`, `size_description`, `size_value`, `size_unit`, `qty`, `sisi`, `base_price`, `calculated_price`, `subtotal`, `finishing_note`, `production_status`, `item_started_at`, `item_finished_at`, `is_cancelled`, `cancelled_at`, `created_at`, `updated_at`, `cancelled_by`, `cancel_reason`) VALUES ('42', '27', '21', 'Versant', '48', 'ART KARTON 230 GSM', 'beny daryono', NULL, '1x1', '1.0000', 'lembar', '9', '1', '2700.00', '2700.00', '24300.00', NULL, 'selesai', '2026-03-02 11:32:18', '2026-03-02 12:36:37', '0', NULL, '2026-03-02 10:56:30', '2026-03-02 12:36:37', NULL, NULL);
INSERT INTO `order_items` (`id`, `order_id`, `product_id`, `product_name`, `material_id`, `material_name`, `file_name`, `file_path`, `size_description`, `size_value`, `size_unit`, `qty`, `sisi`, `base_price`, `calculated_price`, `subtotal`, `finishing_note`, `production_status`, `item_started_at`, `item_finished_at`, `is_cancelled`, `cancelled_at`, `created_at`, `updated_at`, `cancelled_by`, `cancel_reason`) VALUES ('43', '28', '21', 'Versant', NULL, 'STICKER CHROMO', 'si biru new x7 MUDIN', NULL, '1x1', '1.0000', 'lembar', '30', '1', '3100.00', '3100.00', '93000.00', NULL, 'selesai', '2026-03-02 12:16:58', '2026-03-02 14:18:52', '0', NULL, '2026-03-02 11:07:09', '2026-03-02 14:18:52', NULL, NULL);
INSERT INTO `order_items` (`id`, `order_id`, `product_id`, `product_name`, `material_id`, `material_name`, `file_name`, `file_path`, `size_description`, `size_value`, `size_unit`, `qty`, `sisi`, `base_price`, `calculated_price`, `subtotal`, `finishing_note`, `production_status`, `item_started_at`, `item_finished_at`, `is_cancelled`, `cancelled_at`, `created_at`, `updated_at`, `cancelled_by`, `cancel_reason`) VALUES ('44', '28', '21', 'Versant', NULL, 'ART KARTON 230 GSM', 'enyong lure MUDIN', NULL, '1x1', '1.0000', 'lembar', '40', '1', '2500.00', '2500.00', '100000.00', 'page 1 7 page 2 33', 'selesai', '2026-03-02 12:17:04', '2026-03-02 14:20:53', '0', NULL, '2026-03-02 11:07:09', '2026-03-02 14:20:53', NULL, NULL);
INSERT INTO `order_items` (`id`, `order_id`, `product_id`, `product_name`, `material_id`, `material_name`, `file_name`, `file_path`, `size_description`, `size_value`, `size_unit`, `qty`, `sisi`, `base_price`, `calculated_price`, `subtotal`, `finishing_note`, `production_status`, `item_started_at`, `item_finished_at`, `is_cancelled`, `cancelled_at`, `created_at`, `updated_at`, `cancelled_by`, `cancel_reason`) VALUES ('45', '29', '21', 'Versant', '53', 'LINEN', 'yanvaldi', NULL, '1x1', '1.0000', 'lembar', '1', '1', '3200.00', '3200.00', '3200.00', NULL, 'selesai', '2026-03-02 11:33:02', '2026-03-02 12:36:50', '0', NULL, '2026-03-02 11:07:41', '2026-03-02 12:36:50', NULL, NULL);
INSERT INTO `order_items` (`id`, `order_id`, `product_id`, `product_name`, `material_id`, `material_name`, `file_name`, `file_path`, `size_description`, `size_value`, `size_unit`, `qty`, `sisi`, `base_price`, `calculated_price`, `subtotal`, `finishing_note`, `production_status`, `item_started_at`, `item_finished_at`, `is_cancelled`, `cancelled_at`, `created_at`, `updated_at`, `cancelled_by`, `cancel_reason`) VALUES ('46', '30', '21', 'Versant', '48', 'ART KARTON 230 GSM', 'balai busana', NULL, '1x1', '1.0000', 'lembar', '20', '2', '3900.00', '3900.00', '78000.00', NULL, 'selesai', '2026-03-02 11:54:11', '2026-03-02 12:37:11', '0', NULL, '2026-03-02 11:09:09', '2026-03-02 12:37:11', NULL, NULL);
INSERT INTO `order_items` (`id`, `order_id`, `product_id`, `product_name`, `material_id`, `material_name`, `file_name`, `file_path`, `size_description`, `size_value`, `size_unit`, `qty`, `sisi`, `base_price`, `calculated_price`, `subtotal`, `finishing_note`, `production_status`, `item_started_at`, `item_finished_at`, `is_cancelled`, `cancelled_at`, `created_at`, `updated_at`, `cancelled_by`, `cancel_reason`) VALUES ('47', '31', '21', 'Versant', '47', 'ART KARTON  210 GSM', 'nonome', NULL, '1x1', '1.0000', 'lembar', '4', '1', '2600.00', '2600.00', '10400.00', NULL, 'selesai', '2026-03-02 11:55:27', '2026-03-02 12:37:16', '0', NULL, '2026-03-02 11:14:44', '2026-03-02 12:37:16', NULL, NULL);
INSERT INTO `order_items` (`id`, `order_id`, `product_id`, `product_name`, `material_id`, `material_name`, `file_name`, `file_path`, `size_description`, `size_value`, `size_unit`, `qty`, `sisi`, `base_price`, `calculated_price`, `subtotal`, `finishing_note`, `production_status`, `item_started_at`, `item_finished_at`, `is_cancelled`, `cancelled_at`, `created_at`, `updated_at`, `cancelled_by`, `cancel_reason`) VALUES ('48', '32', '22', 'Indoor', NULL, 'STICKER VINLY METERAN', 'foto anak kecil', NULL, '150x40', '0.6000', 'm2', '1', '1', '70000.00', '75000.00', '42000.00', NULL, 'selesai', '2026-03-02 11:30:21', '2026-03-02 11:48:44', '0', NULL, '2026-03-02 11:15:31', '2026-03-02 14:10:47', NULL, NULL);
INSERT INTO `order_items` (`id`, `order_id`, `product_id`, `product_name`, `material_id`, `material_name`, `file_name`, `file_path`, `size_description`, `size_value`, `size_unit`, `qty`, `sisi`, `base_price`, `calculated_price`, `subtotal`, `finishing_note`, `production_status`, `item_started_at`, `item_finished_at`, `is_cancelled`, `cancelled_at`, `created_at`, `updated_at`, `cancelled_by`, `cancel_reason`) VALUES ('49', '33', '21', 'Versant', '90', 'JASA CETAK A3', 'fashionbie & ukong', NULL, '1x1', '1.0000', 'lembar', '14', '1', '1800.00', '1800.00', '25200.00', 'cetak page 1 aja', 'selesai', '2026-03-02 11:34:11', '2026-03-02 12:36:55', '0', NULL, '2026-03-02 11:19:01', '2026-03-02 12:36:55', NULL, NULL);
INSERT INTO `order_items` (`id`, `order_id`, `product_id`, `product_name`, `material_id`, `material_name`, `file_name`, `file_path`, `size_description`, `size_value`, `size_unit`, `qty`, `sisi`, `base_price`, `calculated_price`, `subtotal`, `finishing_note`, `production_status`, `item_started_at`, `item_finished_at`, `is_cancelled`, `cancelled_at`, `created_at`, `updated_at`, `cancelled_by`, `cancel_reason`) VALUES ('50', '33', '21', 'Versant', '57', 'STICKER CHROMO', 'fashionbie & ukong', NULL, '1x1', '1.0000', 'lembar', '5', '1', '3300.00', '3300.00', '16500.00', 'cetak page 2 aja', 'selesai', '2026-03-02 11:34:23', '2026-03-02 12:37:01', '0', NULL, '2026-03-02 11:19:01', '2026-03-02 12:37:01', NULL, NULL);
INSERT INTO `order_items` (`id`, `order_id`, `product_id`, `product_name`, `material_id`, `material_name`, `file_name`, `file_path`, `size_description`, `size_value`, `size_unit`, `qty`, `sisi`, `base_price`, `calculated_price`, `subtotal`, `finishing_note`, `production_status`, `item_started_at`, `item_finished_at`, `is_cancelled`, `cancelled_at`, `created_at`, `updated_at`, `cancelled_by`, `cancel_reason`) VALUES ('51', '34', '21', 'Versant', '51', 'HVS 80 GSM', 'rs medika 1', NULL, '1x1', '1.0000', 'lembar', '1', '1', '1800.00', '1800.00', '1800.00', NULL, 'selesai', '2026-03-02 11:55:44', '2026-03-02 12:37:22', '0', NULL, '2026-03-02 11:22:59', '2026-03-02 12:37:22', NULL, NULL);
INSERT INTO `order_items` (`id`, `order_id`, `product_id`, `product_name`, `material_id`, `material_name`, `file_name`, `file_path`, `size_description`, `size_value`, `size_unit`, `qty`, `sisi`, `base_price`, `calculated_price`, `subtotal`, `finishing_note`, `production_status`, `item_started_at`, `item_finished_at`, `is_cancelled`, `cancelled_at`, `created_at`, `updated_at`, `cancelled_by`, `cancel_reason`) VALUES ('52', '35', '23', 'Outdoor', '87', 'FLEKSI BENNER 440 GSM WHITE', 'MA FASION', NULL, '8X1', '8.0000', 'm2', '1', '1', '30000.00', '240000.00', '240000.00', 'MATA AYAM', 'finishing', '2026-03-02 16:06:06', NULL, '0', NULL, '2026-03-02 11:23:12', '2026-03-02 16:39:46', NULL, NULL);
INSERT INTO `order_items` (`id`, `order_id`, `product_id`, `product_name`, `material_id`, `material_name`, `file_name`, `file_path`, `size_description`, `size_value`, `size_unit`, `qty`, `sisi`, `base_price`, `calculated_price`, `subtotal`, `finishing_note`, `production_status`, `item_started_at`, `item_finished_at`, `is_cancelled`, `cancelled_at`, `created_at`, `updated_at`, `cancelled_by`, `cancel_reason`) VALUES ('53', '36', '21', 'Versant', '51', 'HVS 80 GSM', 'ny ririn', NULL, '1x1', '1.0000', 'lembar', '3', '1', '1800.00', '1800.00', '5400.00', NULL, 'selesai', '2026-03-02 11:34:36', '2026-03-02 12:04:26', '0', NULL, '2026-03-02 11:24:31', '2026-03-02 12:04:26', NULL, NULL);
INSERT INTO `order_items` (`id`, `order_id`, `product_id`, `product_name`, `material_id`, `material_name`, `file_name`, `file_path`, `size_description`, `size_value`, `size_unit`, `qty`, `sisi`, `base_price`, `calculated_price`, `subtotal`, `finishing_note`, `production_status`, `item_started_at`, `item_finished_at`, `is_cancelled`, `cancelled_at`, `created_at`, `updated_at`, `cancelled_by`, `cancel_reason`) VALUES ('54', '37', '21', 'Versant', '45', 'ART PAPPER 150 GSM', 'eid mubarak', NULL, '1x1', '1.0000', 'lembar', '7', '1', '2300.00', '2300.00', '16100.00', NULL, 'selesai', '2026-03-02 11:39:35', '2026-03-02 12:37:06', '0', NULL, '2026-03-02 11:26:02', '2026-03-02 12:37:06', NULL, NULL);
INSERT INTO `order_items` (`id`, `order_id`, `product_id`, `product_name`, `material_id`, `material_name`, `file_name`, `file_path`, `size_description`, `size_value`, `size_unit`, `qty`, `sisi`, `base_price`, `calculated_price`, `subtotal`, `finishing_note`, `production_status`, `item_started_at`, `item_finished_at`, `is_cancelled`, `cancelled_at`, `created_at`, `updated_at`, `cancelled_by`, `cancel_reason`) VALUES ('55', '38', '23', 'Outdoor', '85', 'FLEKSI BENNER 280 GSM', 'PT HAIDA', NULL, '3X1', '3.0000', 'm2', '1', '1', '15000.00', '45000.00', '45000.00', 'MATA AYAM', 'selesai', '2026-03-02 14:23:52', '2026-03-02 14:52:53', '0', NULL, '2026-03-02 11:27:14', '2026-03-02 14:52:53', NULL, NULL);
INSERT INTO `order_items` (`id`, `order_id`, `product_id`, `product_name`, `material_id`, `material_name`, `file_name`, `file_path`, `size_description`, `size_value`, `size_unit`, `qty`, `sisi`, `base_price`, `calculated_price`, `subtotal`, `finishing_note`, `production_status`, `item_started_at`, `item_finished_at`, `is_cancelled`, `cancelled_at`, `created_at`, `updated_at`, `cancelled_by`, `cancel_reason`) VALUES ('56', '39', '21', 'Versant', '57', 'STICKER CHROMO', 'bunda delicious', NULL, '1x1', '1.0000', 'lembar', '1', '1', '3300.00', '3300.00', '3300.00', NULL, 'selesai', '2026-03-02 12:09:45', '2026-03-02 14:10:25', '0', NULL, '2026-03-02 11:32:07', '2026-03-02 14:10:25', NULL, NULL);
INSERT INTO `order_items` (`id`, `order_id`, `product_id`, `product_name`, `material_id`, `material_name`, `file_name`, `file_path`, `size_description`, `size_value`, `size_unit`, `qty`, `sisi`, `base_price`, `calculated_price`, `subtotal`, `finishing_note`, `production_status`, `item_started_at`, `item_finished_at`, `is_cancelled`, `cancelled_at`, `created_at`, `updated_at`, `cancelled_by`, `cancel_reason`) VALUES ('57', '39', '24', 'Jasa', '91', 'CUTTING A3 KIS CUT', 'bunda delicious', NULL, '1x1', '1.0000', 'lembar', '1', '1', '1700.00', '1700.00', '1700.00', NULL, 'selesai', '2026-03-02 12:14:45', '2026-03-02 14:52:57', '0', NULL, '2026-03-02 11:32:07', '2026-03-02 14:52:57', NULL, NULL);
INSERT INTO `order_items` (`id`, `order_id`, `product_id`, `product_name`, `material_id`, `material_name`, `file_name`, `file_path`, `size_description`, `size_value`, `size_unit`, `qty`, `sisi`, `base_price`, `calculated_price`, `subtotal`, `finishing_note`, `production_status`, `item_started_at`, `item_finished_at`, `is_cancelled`, `cancelled_at`, `created_at`, `updated_at`, `cancelled_by`, `cancel_reason`) VALUES ('58', '40', '23', 'Outdoor', '86', 'FLEKSI BENNER 340 GSM', 'PT ANUGERAH 1', NULL, '5x1', '5.0000', 'm2', '5', '1', '25000.00', '125000.00', '625000.00', 'MA (Atas 5 Bawah 5)', 'pending', NULL, NULL, '1', '2026-03-02 14:08:24', '2026-03-02 11:32:25', '2026-03-02 14:08:24', '16', 'Order dibatalkan: konsumen cancel cetakan');
INSERT INTO `order_items` (`id`, `order_id`, `product_id`, `product_name`, `material_id`, `material_name`, `file_name`, `file_path`, `size_description`, `size_value`, `size_unit`, `qty`, `sisi`, `base_price`, `calculated_price`, `subtotal`, `finishing_note`, `production_status`, `item_started_at`, `item_finished_at`, `is_cancelled`, `cancelled_at`, `created_at`, `updated_at`, `cancelled_by`, `cancel_reason`) VALUES ('59', '41', '21', 'Versant', '57', 'STICKER CHROMO', 'zuhri farm', NULL, '1x1', '1.0000', 'lembar', '2', '1', '3300.00', '3300.00', '6600.00', NULL, 'selesai', '2026-03-02 12:09:02', '2026-03-02 13:31:25', '0', NULL, '2026-03-02 11:37:51', '2026-03-02 13:31:25', NULL, NULL);
INSERT INTO `order_items` (`id`, `order_id`, `product_id`, `product_name`, `material_id`, `material_name`, `file_name`, `file_path`, `size_description`, `size_value`, `size_unit`, `qty`, `sisi`, `base_price`, `calculated_price`, `subtotal`, `finishing_note`, `production_status`, `item_started_at`, `item_finished_at`, `is_cancelled`, `cancelled_at`, `created_at`, `updated_at`, `cancelled_by`, `cancel_reason`) VALUES ('60', '41', '24', 'Jasa', '91', 'CUTTING A3 KIS CUT', 'zuhri farm', NULL, '1x1', '1.0000', 'lembar', '2', '1', '1700.00', '1700.00', '3400.00', NULL, 'selesai', '2026-03-02 12:14:56', '2026-03-02 14:53:00', '0', NULL, '2026-03-02 11:37:51', '2026-03-02 14:53:00', NULL, NULL);
INSERT INTO `order_items` (`id`, `order_id`, `product_id`, `product_name`, `material_id`, `material_name`, `file_name`, `file_path`, `size_description`, `size_value`, `size_unit`, `qty`, `sisi`, `base_price`, `calculated_price`, `subtotal`, `finishing_note`, `production_status`, `item_started_at`, `item_finished_at`, `is_cancelled`, `cancelled_at`, `created_at`, `updated_at`, `cancelled_by`, `cancel_reason`) VALUES ('61', '42', '21', 'Versant', '57', 'STICKER CHROMO', 'tisa cookies', NULL, '1x1', '1.0000', 'lembar', '15', '1', '3300.00', '3300.00', '49500.00', NULL, 'selesai', '2026-03-02 12:15:14', '2026-03-02 12:38:00', '0', NULL, '2026-03-02 11:39:37', '2026-03-02 12:38:00', NULL, NULL);
INSERT INTO `order_items` (`id`, `order_id`, `product_id`, `product_name`, `material_id`, `material_name`, `file_name`, `file_path`, `size_description`, `size_value`, `size_unit`, `qty`, `sisi`, `base_price`, `calculated_price`, `subtotal`, `finishing_note`, `production_status`, `item_started_at`, `item_finished_at`, `is_cancelled`, `cancelled_at`, `created_at`, `updated_at`, `cancelled_by`, `cancel_reason`) VALUES ('62', '43', '22', 'Indoor', '61', 'STICKER VINLY METERAN', 'kopdeskel', NULL, '100x85', '0.8500', 'm2', '1', '1', '70000.00', '70000.00', '70000.00', 'File Di Print Cut', 'pending', NULL, NULL, '1', '2026-03-02 11:42:43', '2026-03-02 11:39:54', '2026-03-02 11:42:43', '8', 'Order dibatalkan: mau ganti nama');
INSERT INTO `order_items` (`id`, `order_id`, `product_id`, `product_name`, `material_id`, `material_name`, `file_name`, `file_path`, `size_description`, `size_value`, `size_unit`, `qty`, `sisi`, `base_price`, `calculated_price`, `subtotal`, `finishing_note`, `production_status`, `item_started_at`, `item_finished_at`, `is_cancelled`, `cancelled_at`, `created_at`, `updated_at`, `cancelled_by`, `cancel_reason`) VALUES ('63', '43', '22', 'Indoor', '82', 'LAMINASI METERAN GLOSSY', 'kopdeskel', NULL, '100x85', '0.8500', 'm2', '1', '1', '15000.00', '15000.00', '15000.00', NULL, 'pending', NULL, NULL, '1', '2026-03-02 11:42:43', '2026-03-02 11:39:54', '2026-03-02 11:42:43', '8', 'Order dibatalkan: mau ganti nama');
INSERT INTO `order_items` (`id`, `order_id`, `product_id`, `product_name`, `material_id`, `material_name`, `file_name`, `file_path`, `size_description`, `size_value`, `size_unit`, `qty`, `sisi`, `base_price`, `calculated_price`, `subtotal`, `finishing_note`, `production_status`, `item_started_at`, `item_finished_at`, `is_cancelled`, `cancelled_at`, `created_at`, `updated_at`, `cancelled_by`, `cancel_reason`) VALUES ('64', '43', '24', 'Jasa', '98', 'CUTTING KISS CUT METERAN', 'kopdeskel', NULL, '100x85', '0.8500', 'm2', '1', '1', '5000.00', '5000.00', '5000.00', NULL, 'pending', NULL, NULL, '1', '2026-03-02 11:42:43', '2026-03-02 11:39:54', '2026-03-02 11:42:43', '8', 'Order dibatalkan: mau ganti nama');
INSERT INTO `order_items` (`id`, `order_id`, `product_id`, `product_name`, `material_id`, `material_name`, `file_name`, `file_path`, `size_description`, `size_value`, `size_unit`, `qty`, `sisi`, `base_price`, `calculated_price`, `subtotal`, `finishing_note`, `production_status`, `item_started_at`, `item_finished_at`, `is_cancelled`, `cancelled_at`, `created_at`, `updated_at`, `cancelled_by`, `cancel_reason`) VALUES ('65', '44', '23', 'Outdoor', NULL, 'FLEKSI BENNER 280 GSM', 'kejora 01', NULL, '2x0.8', '1.6000', 'm2', '1', '1', '15000.00', '30000.00', '24000.00', 'MATA AYAM', 'selesai', '2026-03-02 11:50:45', '2026-03-02 11:59:55', '0', NULL, '2026-03-02 11:41:34', '2026-03-02 13:48:30', NULL, NULL);
INSERT INTO `order_items` (`id`, `order_id`, `product_id`, `product_name`, `material_id`, `material_name`, `file_name`, `file_path`, `size_description`, `size_value`, `size_unit`, `qty`, `sisi`, `base_price`, `calculated_price`, `subtotal`, `finishing_note`, `production_status`, `item_started_at`, `item_finished_at`, `is_cancelled`, `cancelled_at`, `created_at`, `updated_at`, `cancelled_by`, `cancel_reason`) VALUES ('66', '44', '23', 'Outdoor', NULL, 'FLEKSI BENNER 280 GSM', 'kejora 02-03', NULL, '3.7x0.5', '1.8500', 'm2', '2', '1', '15000.00', '27750.00', '55500.00', NULL, 'selesai', '2026-03-02 11:50:19', '2026-03-02 11:59:26', '0', NULL, '2026-03-02 11:41:34', '2026-03-02 13:48:30', NULL, NULL);
INSERT INTO `order_items` (`id`, `order_id`, `product_id`, `product_name`, `material_id`, `material_name`, `file_name`, `file_path`, `size_description`, `size_value`, `size_unit`, `qty`, `sisi`, `base_price`, `calculated_price`, `subtotal`, `finishing_note`, `production_status`, `item_started_at`, `item_finished_at`, `is_cancelled`, `cancelled_at`, `created_at`, `updated_at`, `cancelled_by`, `cancel_reason`) VALUES ('67', '44', '23', 'Outdoor', NULL, 'FLEKSI BENNER 280 GSM', 'kejora 04', NULL, '2.92x0.5', '1.4600', 'm2', '1', '1', '15000.00', '21900.00', '21900.00', NULL, 'selesai', '2026-03-02 11:58:12', '2026-03-02 12:00:08', '0', NULL, '2026-03-02 11:41:34', '2026-03-02 13:48:30', NULL, NULL);
INSERT INTO `order_items` (`id`, `order_id`, `product_id`, `product_name`, `material_id`, `material_name`, `file_name`, `file_path`, `size_description`, `size_value`, `size_unit`, `qty`, `sisi`, `base_price`, `calculated_price`, `subtotal`, `finishing_note`, `production_status`, `item_started_at`, `item_finished_at`, `is_cancelled`, `cancelled_at`, `created_at`, `updated_at`, `cancelled_by`, `cancel_reason`) VALUES ('68', '45', '21', 'Versant', '44', 'ART PAPPER 120 GSM', 'BI INUK FOTO', NULL, '1x1', '1.0000', 'lembar', '7', '1', '2200.00', '2200.00', '15400.00', NULL, 'selesai', '2026-03-02 12:02:08', '2026-03-02 12:04:39', '0', NULL, '2026-03-02 11:45:32', '2026-03-02 12:04:39', NULL, NULL);
INSERT INTO `order_items` (`id`, `order_id`, `product_id`, `product_name`, `material_id`, `material_name`, `file_name`, `file_path`, `size_description`, `size_value`, `size_unit`, `qty`, `sisi`, `base_price`, `calculated_price`, `subtotal`, `finishing_note`, `production_status`, `item_started_at`, `item_finished_at`, `is_cancelled`, `cancelled_at`, `created_at`, `updated_at`, `cancelled_by`, `cancel_reason`) VALUES ('69', '46', '22', 'Indoor', '61', 'STICKER VINLY METERAN', 'kopdeskel', NULL, '100x85', '0.8500', 'm2', '1', '1', '70000.00', '70000.00', '70000.00', 'File Di Print Cut', 'selesai', '2026-03-02 13:29:00', '2026-03-02 14:04:20', '0', NULL, '2026-03-02 11:46:14', '2026-03-02 14:04:20', NULL, NULL);
INSERT INTO `order_items` (`id`, `order_id`, `product_id`, `product_name`, `material_id`, `material_name`, `file_name`, `file_path`, `size_description`, `size_value`, `size_unit`, `qty`, `sisi`, `base_price`, `calculated_price`, `subtotal`, `finishing_note`, `production_status`, `item_started_at`, `item_finished_at`, `is_cancelled`, `cancelled_at`, `created_at`, `updated_at`, `cancelled_by`, `cancel_reason`) VALUES ('70', '46', '22', 'Indoor', '82', 'LAMINASI METERAN GLOSSY', 'kopdeskel', NULL, '100x85', '0.8500', 'm2', '1', '1', '15000.00', '15000.00', '15000.00', NULL, 'selesai', '2026-03-02 13:29:13', '2026-03-02 14:04:32', '0', NULL, '2026-03-02 11:46:14', '2026-03-02 14:04:32', NULL, NULL);
INSERT INTO `order_items` (`id`, `order_id`, `product_id`, `product_name`, `material_id`, `material_name`, `file_name`, `file_path`, `size_description`, `size_value`, `size_unit`, `qty`, `sisi`, `base_price`, `calculated_price`, `subtotal`, `finishing_note`, `production_status`, `item_started_at`, `item_finished_at`, `is_cancelled`, `cancelled_at`, `created_at`, `updated_at`, `cancelled_by`, `cancel_reason`) VALUES ('71', '46', '24', 'Jasa', '98', 'CUTTING KISS CUT METERAN', 'kopdeskel', NULL, '100x85', '0.8500', 'm2', '1', '1', '5000.00', '5000.00', '5000.00', NULL, 'selesai', '2026-03-02 13:29:23', '2026-03-02 14:04:38', '0', NULL, '2026-03-02 11:46:14', '2026-03-02 14:04:38', NULL, NULL);
INSERT INTO `order_items` (`id`, `order_id`, `product_id`, `product_name`, `material_id`, `material_name`, `file_name`, `file_path`, `size_description`, `size_value`, `size_unit`, `qty`, `sisi`, `base_price`, `calculated_price`, `subtotal`, `finishing_note`, `production_status`, `item_started_at`, `item_finished_at`, `is_cancelled`, `cancelled_at`, `created_at`, `updated_at`, `cancelled_by`, `cancel_reason`) VALUES ('72', '47', '23', 'Outdoor', NULL, 'FLEKSI BENNER 280 GSM', 'cover gate sensor 84x138cm (1)', NULL, '84x138', '1.1600', 'm2', '6', '1', '15000.00', '17400.00', '104400.00', NULL, 'selesai', '2026-03-02 14:24:48', '2026-03-02 14:46:21', '0', NULL, '2026-03-02 11:47:26', '2026-03-02 15:17:46', NULL, NULL);
INSERT INTO `order_items` (`id`, `order_id`, `product_id`, `product_name`, `material_id`, `material_name`, `file_name`, `file_path`, `size_description`, `size_value`, `size_unit`, `qty`, `sisi`, `base_price`, `calculated_price`, `subtotal`, `finishing_note`, `production_status`, `item_started_at`, `item_finished_at`, `is_cancelled`, `cancelled_at`, `created_at`, `updated_at`, `cancelled_by`, `cancel_reason`) VALUES ('73', '47', '22', 'Indoor', NULL, 'STICKER VINLY METERAN', 'pintu darurat exit', NULL, '40x15', '0.0600', 'm2', '5', '1', '85000.00', '85000.00', '25500.00', NULL, 'selesai', '2026-03-02 13:38:48', '2026-03-02 15:03:44', '0', NULL, '2026-03-02 11:47:26', '2026-03-02 15:17:46', NULL, NULL);
INSERT INTO `order_items` (`id`, `order_id`, `product_id`, `product_name`, `material_id`, `material_name`, `file_name`, `file_path`, `size_description`, `size_value`, `size_unit`, `qty`, `sisi`, `base_price`, `calculated_price`, `subtotal`, `finishing_note`, `production_status`, `item_started_at`, `item_finished_at`, `is_cancelled`, `cancelled_at`, `created_at`, `updated_at`, `cancelled_by`, `cancel_reason`) VALUES ('74', '48', '22', 'Indoor', '61', 'STICKER VINLY METERAN', 'hmg', NULL, '1x1', '1.0000', 'm2', '1', '1', '70000.00', '70000.00', '70000.00', NULL, 'selesai', '2026-03-02 13:38:18', '2026-03-02 14:26:06', '0', NULL, '2026-03-02 11:50:11', '2026-03-02 14:26:06', NULL, NULL);
INSERT INTO `order_items` (`id`, `order_id`, `product_id`, `product_name`, `material_id`, `material_name`, `file_name`, `file_path`, `size_description`, `size_value`, `size_unit`, `qty`, `sisi`, `base_price`, `calculated_price`, `subtotal`, `finishing_note`, `production_status`, `item_started_at`, `item_finished_at`, `is_cancelled`, `cancelled_at`, `created_at`, `updated_at`, `cancelled_by`, `cancel_reason`) VALUES ('75', '48', '22', 'Indoor', '81', 'LAMINASI METERAN MATTE', 'hmg', NULL, '1x1', '1.0000', 'm2', '1', '1', '15000.00', '15000.00', '15000.00', NULL, 'selesai', '2026-03-02 13:38:32', '2026-03-02 14:26:41', '0', NULL, '2026-03-02 11:50:11', '2026-03-02 14:26:41', NULL, NULL);
INSERT INTO `order_items` (`id`, `order_id`, `product_id`, `product_name`, `material_id`, `material_name`, `file_name`, `file_path`, `size_description`, `size_value`, `size_unit`, `qty`, `sisi`, `base_price`, `calculated_price`, `subtotal`, `finishing_note`, `production_status`, `item_started_at`, `item_finished_at`, `is_cancelled`, `cancelled_at`, `created_at`, `updated_at`, `cancelled_by`, `cancel_reason`) VALUES ('76', '48', '24', 'Jasa', '99', 'CUTTING DIE CUT METERAN', 'hmg', NULL, '1x1', '1.0000', 'm2', '1', '1', '5000.00', '5000.00', '5000.00', NULL, 'selesai', '2026-03-02 13:38:38', '2026-03-02 14:53:14', '0', NULL, '2026-03-02 11:50:11', '2026-03-02 14:53:14', NULL, NULL);
INSERT INTO `order_items` (`id`, `order_id`, `product_id`, `product_name`, `material_id`, `material_name`, `file_name`, `file_path`, `size_description`, `size_value`, `size_unit`, `qty`, `sisi`, `base_price`, `calculated_price`, `subtotal`, `finishing_note`, `production_status`, `item_started_at`, `item_finished_at`, `is_cancelled`, `cancelled_at`, `created_at`, `updated_at`, `cancelled_by`, `cancel_reason`) VALUES ('77', '49', '21', 'Versant', '57', 'STICKER CHROMO', 'prz vanila', NULL, '1x1', '1.0000', 'lembar', '5', '1', '3300.00', '3300.00', '16500.00', NULL, 'selesai', '2026-03-02 12:15:34', '2026-03-02 14:10:30', '0', NULL, '2026-03-02 11:51:08', '2026-03-02 14:10:30', NULL, NULL);
INSERT INTO `order_items` (`id`, `order_id`, `product_id`, `product_name`, `material_id`, `material_name`, `file_name`, `file_path`, `size_description`, `size_value`, `size_unit`, `qty`, `sisi`, `base_price`, `calculated_price`, `subtotal`, `finishing_note`, `production_status`, `item_started_at`, `item_finished_at`, `is_cancelled`, `cancelled_at`, `created_at`, `updated_at`, `cancelled_by`, `cancel_reason`) VALUES ('78', '49', '24', 'Jasa', '91', 'CUTTING A3 KIS CUT', 'prz vanila', NULL, '1x1', '1.0000', 'lembar', '5', '1', '1700.00', '1700.00', '8500.00', NULL, 'selesai', '2026-03-02 12:16:13', '2026-03-02 14:53:04', '0', NULL, '2026-03-02 11:51:08', '2026-03-02 14:53:04', NULL, NULL);
INSERT INTO `order_items` (`id`, `order_id`, `product_id`, `product_name`, `material_id`, `material_name`, `file_name`, `file_path`, `size_description`, `size_value`, `size_unit`, `qty`, `sisi`, `base_price`, `calculated_price`, `subtotal`, `finishing_note`, `production_status`, `item_started_at`, `item_finished_at`, `is_cancelled`, `cancelled_at`, `created_at`, `updated_at`, `cancelled_by`, `cancel_reason`) VALUES ('79', '50', '21', 'Versant', '47', 'ART KARTON  210 GSM', 'RADIF', NULL, '1x1', '1.0000', 'lembar', '13', '1', '2600.00', '2600.00', '33800.00', NULL, 'selesai', '2026-03-02 12:16:36', '2026-03-02 12:38:12', '0', NULL, '2026-03-02 11:52:25', '2026-03-02 12:38:12', NULL, NULL);
INSERT INTO `order_items` (`id`, `order_id`, `product_id`, `product_name`, `material_id`, `material_name`, `file_name`, `file_path`, `size_description`, `size_value`, `size_unit`, `qty`, `sisi`, `base_price`, `calculated_price`, `subtotal`, `finishing_note`, `production_status`, `item_started_at`, `item_finished_at`, `is_cancelled`, `cancelled_at`, `created_at`, `updated_at`, `cancelled_by`, `cancel_reason`) VALUES ('80', '51', '23', 'Outdoor', '85', 'FLEKSI BENNER 280 GSM', 'TEMBESU', NULL, '2x1', '2.0000', 'm2', '1', '1', '15000.00', '30000.00', '30000.00', NULL, 'selesai', '2026-03-02 14:24:35', '2026-03-02 14:55:10', '0', NULL, '2026-03-02 11:55:56', '2026-03-02 14:55:10', NULL, NULL);
INSERT INTO `order_items` (`id`, `order_id`, `product_id`, `product_name`, `material_id`, `material_name`, `file_name`, `file_path`, `size_description`, `size_value`, `size_unit`, `qty`, `sisi`, `base_price`, `calculated_price`, `subtotal`, `finishing_note`, `production_status`, `item_started_at`, `item_finished_at`, `is_cancelled`, `cancelled_at`, `created_at`, `updated_at`, `cancelled_by`, `cancel_reason`) VALUES ('81', '52', '21', 'Versant', '57', 'STICKER CHROMO', 'es bubur sumsum', NULL, '1x1', '1.0000', 'lembar', '4', '1', '3300.00', '3300.00', '13200.00', NULL, 'selesai', '2026-03-02 12:16:26', '2026-03-02 14:10:33', '0', NULL, '2026-03-02 11:57:03', '2026-03-02 14:10:33', NULL, NULL);
INSERT INTO `order_items` (`id`, `order_id`, `product_id`, `product_name`, `material_id`, `material_name`, `file_name`, `file_path`, `size_description`, `size_value`, `size_unit`, `qty`, `sisi`, `base_price`, `calculated_price`, `subtotal`, `finishing_note`, `production_status`, `item_started_at`, `item_finished_at`, `is_cancelled`, `cancelled_at`, `created_at`, `updated_at`, `cancelled_by`, `cancel_reason`) VALUES ('82', '52', '24', 'Jasa', '91', 'CUTTING A3 KIS CUT', 'es bubur sumsum', NULL, '1x1', '1.0000', 'lembar', '4', '1', '1700.00', '1700.00', '6800.00', NULL, 'selesai', '2026-03-02 12:16:45', '2026-03-02 14:53:07', '0', NULL, '2026-03-02 11:57:03', '2026-03-02 14:53:07', NULL, NULL);
INSERT INTO `order_items` (`id`, `order_id`, `product_id`, `product_name`, `material_id`, `material_name`, `file_name`, `file_path`, `size_description`, `size_value`, `size_unit`, `qty`, `sisi`, `base_price`, `calculated_price`, `subtotal`, `finishing_note`, `production_status`, `item_started_at`, `item_finished_at`, `is_cancelled`, `cancelled_at`, `created_at`, `updated_at`, `cancelled_by`, `cancel_reason`) VALUES ('83', '53', '23', 'Outdoor', '85', 'FLEKSI BENNER 280 GSM', 'SPBU SIAGA 0302', NULL, '4X1', '4.0000', 'm2', '1', '1', '15000.00', '60000.00', '60000.00', NULL, 'selesai', '2026-03-02 14:36:31', '2026-03-02 15:43:19', '0', NULL, '2026-03-02 11:57:47', '2026-03-02 15:43:19', NULL, NULL);
INSERT INTO `order_items` (`id`, `order_id`, `product_id`, `product_name`, `material_id`, `material_name`, `file_name`, `file_path`, `size_description`, `size_value`, `size_unit`, `qty`, `sisi`, `base_price`, `calculated_price`, `subtotal`, `finishing_note`, `production_status`, `item_started_at`, `item_finished_at`, `is_cancelled`, `cancelled_at`, `created_at`, `updated_at`, `cancelled_by`, `cancel_reason`) VALUES ('84', '54', '22', 'Indoor', '61', 'STICKER VINLY METERAN', 'STIKER JEFRAN 1', NULL, '120x581', '6.9700', 'm2', '1', '1', '70000.00', '487900.00', '487900.00', NULL, 'pending', NULL, NULL, '0', NULL, '2026-03-02 12:00:54', '2026-03-02 12:00:54', NULL, NULL);
INSERT INTO `order_items` (`id`, `order_id`, `product_id`, `product_name`, `material_id`, `material_name`, `file_name`, `file_path`, `size_description`, `size_value`, `size_unit`, `qty`, `sisi`, `base_price`, `calculated_price`, `subtotal`, `finishing_note`, `production_status`, `item_started_at`, `item_finished_at`, `is_cancelled`, `cancelled_at`, `created_at`, `updated_at`, `cancelled_by`, `cancel_reason`) VALUES ('85', '54', '22', 'Indoor', '82', 'LAMINASI METERAN GLOSSY', 'STIKER JEFRAN 1', NULL, '120x581', '6.9700', 'm2', '1', '1', '15000.00', '104550.00', '104550.00', NULL, 'pending', NULL, NULL, '0', NULL, '2026-03-02 12:00:54', '2026-03-02 12:00:54', NULL, NULL);
INSERT INTO `order_items` (`id`, `order_id`, `product_id`, `product_name`, `material_id`, `material_name`, `file_name`, `file_path`, `size_description`, `size_value`, `size_unit`, `qty`, `sisi`, `base_price`, `calculated_price`, `subtotal`, `finishing_note`, `production_status`, `item_started_at`, `item_finished_at`, `is_cancelled`, `cancelled_at`, `created_at`, `updated_at`, `cancelled_by`, `cancel_reason`) VALUES ('86', '55', '21', 'Versant', '57', 'STICKER CHROMO', 'kripik n3', NULL, '1x1', '1.0000', 'lembar', '5', '1', '3300.00', '3300.00', '16500.00', NULL, 'selesai', '2026-03-02 12:23:52', '2026-03-02 12:38:31', '0', NULL, '2026-03-02 12:01:36', '2026-03-02 12:38:31', NULL, NULL);
INSERT INTO `order_items` (`id`, `order_id`, `product_id`, `product_name`, `material_id`, `material_name`, `file_name`, `file_path`, `size_description`, `size_value`, `size_unit`, `qty`, `sisi`, `base_price`, `calculated_price`, `subtotal`, `finishing_note`, `production_status`, `item_started_at`, `item_finished_at`, `is_cancelled`, `cancelled_at`, `created_at`, `updated_at`, `cancelled_by`, `cancel_reason`) VALUES ('87', '55', '24', 'Jasa', '91', 'CUTTING A3 KIS CUT', 'kripik n3', NULL, '1x1', '1.0000', 'lembar', '5', '1', '1700.00', '1700.00', '8500.00', NULL, 'selesai', '2026-03-02 13:29:42', '2026-03-02 13:35:54', '0', NULL, '2026-03-02 12:01:36', '2026-03-02 13:35:54', NULL, NULL);
INSERT INTO `order_items` (`id`, `order_id`, `product_id`, `product_name`, `material_id`, `material_name`, `file_name`, `file_path`, `size_description`, `size_value`, `size_unit`, `qty`, `sisi`, `base_price`, `calculated_price`, `subtotal`, `finishing_note`, `production_status`, `item_started_at`, `item_finished_at`, `is_cancelled`, `cancelled_at`, `created_at`, `updated_at`, `cancelled_by`, `cancel_reason`) VALUES ('88', '56', '21', 'Versant', '47', 'ART KARTON  210 GSM', 'jourell', NULL, '1x1', '1.0000', 'lembar', '3', '1', '2600.00', '2600.00', '7800.00', NULL, 'selesai', '2026-03-02 12:26:46', '2026-03-02 12:38:39', '0', NULL, '2026-03-02 12:03:01', '2026-03-02 12:38:39', NULL, NULL);
INSERT INTO `order_items` (`id`, `order_id`, `product_id`, `product_name`, `material_id`, `material_name`, `file_name`, `file_path`, `size_description`, `size_value`, `size_unit`, `qty`, `sisi`, `base_price`, `calculated_price`, `subtotal`, `finishing_note`, `production_status`, `item_started_at`, `item_finished_at`, `is_cancelled`, `cancelled_at`, `created_at`, `updated_at`, `cancelled_by`, `cancel_reason`) VALUES ('89', '57', '21', 'Versant', NULL, 'STICKER CHROMO', 'BAGUS RAMADI ASPAL', NULL, '1x1', '1.0000', 'lembar', '70', '1', '3100.00', '3100.00', '217000.00', 'PAGE 1-2: @15  PAGE 3-4 :@20 POTONG DI SEBELAH', 'selesai', '2026-03-02 12:24:19', '2026-03-02 16:09:26', '0', NULL, '2026-03-02 12:04:00', '2026-03-02 16:09:26', NULL, NULL);
INSERT INTO `order_items` (`id`, `order_id`, `product_id`, `product_name`, `material_id`, `material_name`, `file_name`, `file_path`, `size_description`, `size_value`, `size_unit`, `qty`, `sisi`, `base_price`, `calculated_price`, `subtotal`, `finishing_note`, `production_status`, `item_started_at`, `item_finished_at`, `is_cancelled`, `cancelled_at`, `created_at`, `updated_at`, `cancelled_by`, `cancel_reason`) VALUES ('90', '58', '23', 'Outdoor', '85', 'FLEKSI BENNER 280 GSM', 'kunjungan', NULL, '3x1', '3.0000', 'm2', '1', '1', '15000.00', '45000.00', '45000.00', 'MATA AYAM', 'selesai', '2026-03-02 14:38:38', '2026-03-02 14:55:35', '0', NULL, '2026-03-02 12:04:35', '2026-03-02 14:55:35', NULL, NULL);
INSERT INTO `order_items` (`id`, `order_id`, `product_id`, `product_name`, `material_id`, `material_name`, `file_name`, `file_path`, `size_description`, `size_value`, `size_unit`, `qty`, `sisi`, `base_price`, `calculated_price`, `subtotal`, `finishing_note`, `production_status`, `item_started_at`, `item_finished_at`, `is_cancelled`, `cancelled_at`, `created_at`, `updated_at`, `cancelled_by`, `cancel_reason`) VALUES ('91', '59', '21', 'Versant', '47', 'ART KARTON  210 GSM', 'kotrek 1', NULL, '1x1', '1.0000', 'lembar', '22', '1', '2600.00', '2600.00', '57200.00', NULL, 'selesai', '2026-03-02 12:24:25', '2026-03-02 12:38:35', '0', NULL, '2026-03-02 12:06:25', '2026-03-02 12:38:35', NULL, NULL);
INSERT INTO `order_items` (`id`, `order_id`, `product_id`, `product_name`, `material_id`, `material_name`, `file_name`, `file_path`, `size_description`, `size_value`, `size_unit`, `qty`, `sisi`, `base_price`, `calculated_price`, `subtotal`, `finishing_note`, `production_status`, `item_started_at`, `item_finished_at`, `is_cancelled`, `cancelled_at`, `created_at`, `updated_at`, `cancelled_by`, `cancel_reason`) VALUES ('92', '59', '21', 'Versant', '57', 'STICKER CHROMO', 'dua putri 0203', NULL, '1x1', '1.0000', 'lembar', '3', '1', '3300.00', '3300.00', '9900.00', NULL, 'selesai', '2026-03-02 12:24:32', '2026-03-02 14:10:38', '0', NULL, '2026-03-02 12:06:25', '2026-03-02 14:10:38', NULL, NULL);
INSERT INTO `order_items` (`id`, `order_id`, `product_id`, `product_name`, `material_id`, `material_name`, `file_name`, `file_path`, `size_description`, `size_value`, `size_unit`, `qty`, `sisi`, `base_price`, `calculated_price`, `subtotal`, `finishing_note`, `production_status`, `item_started_at`, `item_finished_at`, `is_cancelled`, `cancelled_at`, `created_at`, `updated_at`, `cancelled_by`, `cancel_reason`) VALUES ('93', '59', '24', 'Jasa', '91', 'CUTTING A3 KIS CUT', 'dua putri 0203', NULL, '1x1', '1.0000', 'lembar', '3', '1', '2500.00', '2500.00', '7500.00', NULL, 'selesai', '2026-03-02 15:55:10', '2026-03-02 15:55:34', '0', NULL, '2026-03-02 12:06:25', '2026-03-02 15:55:34', NULL, NULL);
INSERT INTO `order_items` (`id`, `order_id`, `product_id`, `product_name`, `material_id`, `material_name`, `file_name`, `file_path`, `size_description`, `size_value`, `size_unit`, `qty`, `sisi`, `base_price`, `calculated_price`, `subtotal`, `finishing_note`, `production_status`, `item_started_at`, `item_finished_at`, `is_cancelled`, `cancelled_at`, `created_at`, `updated_at`, `cancelled_by`, `cancel_reason`) VALUES ('94', '60', '21', 'Versant', '57', 'STICKER CHROMO', 'tungku ikol kue', NULL, '1x1', '1.0000', 'lembar', '10', '1', '3300.00', '3300.00', '33000.00', NULL, 'selesai', '2026-03-02 12:24:39', '2026-03-02 13:32:27', '0', NULL, '2026-03-02 12:08:33', '2026-03-02 13:32:27', NULL, NULL);
INSERT INTO `order_items` (`id`, `order_id`, `product_id`, `product_name`, `material_id`, `material_name`, `file_name`, `file_path`, `size_description`, `size_value`, `size_unit`, `qty`, `sisi`, `base_price`, `calculated_price`, `subtotal`, `finishing_note`, `production_status`, `item_started_at`, `item_finished_at`, `is_cancelled`, `cancelled_at`, `created_at`, `updated_at`, `cancelled_by`, `cancel_reason`) VALUES ('95', '60', '24', 'Jasa', '91', 'CUTTING A3 KIS CUT', 'tungku ikol kue', NULL, '1x1', '1.0000', 'lembar', '10', '1', '1700.00', '1700.00', '17000.00', NULL, 'selesai', '2026-03-02 13:31:50', '2026-03-02 14:53:11', '0', NULL, '2026-03-02 12:08:33', '2026-03-02 14:53:11', NULL, NULL);
INSERT INTO `order_items` (`id`, `order_id`, `product_id`, `product_name`, `material_id`, `material_name`, `file_name`, `file_path`, `size_description`, `size_value`, `size_unit`, `qty`, `sisi`, `base_price`, `calculated_price`, `subtotal`, `finishing_note`, `production_status`, `item_started_at`, `item_finished_at`, `is_cancelled`, `cancelled_at`, `created_at`, `updated_at`, `cancelled_by`, `cancel_reason`) VALUES ('96', '61', '21', 'Versant', '59', 'STICKER VINLY A3', 'from 0203', NULL, '1x1', '1.0000', 'lembar', '19', '1', '8100.00', '8100.00', '153900.00', NULL, 'selesai', '2026-03-02 12:23:32', '2026-03-02 14:20:56', '0', NULL, '2026-03-02 12:08:53', '2026-03-02 14:20:56', NULL, NULL);
INSERT INTO `order_items` (`id`, `order_id`, `product_id`, `product_name`, `material_id`, `material_name`, `file_name`, `file_path`, `size_description`, `size_value`, `size_unit`, `qty`, `sisi`, `base_price`, `calculated_price`, `subtotal`, `finishing_note`, `production_status`, `item_started_at`, `item_finished_at`, `is_cancelled`, `cancelled_at`, `created_at`, `updated_at`, `cancelled_by`, `cancel_reason`) VALUES ('97', '61', '21', 'Versant', '68', 'LAMINASI A3 GLOSSY', 'from 0203', NULL, '1x1', '1.0000', 'pcs', '19', '1', '1500.00', '1500.00', '28500.00', NULL, 'selesai', '2026-03-02 12:24:43', '2026-03-02 15:57:50', '0', NULL, '2026-03-02 12:08:53', '2026-03-02 15:57:50', NULL, NULL);
INSERT INTO `order_items` (`id`, `order_id`, `product_id`, `product_name`, `material_id`, `material_name`, `file_name`, `file_path`, `size_description`, `size_value`, `size_unit`, `qty`, `sisi`, `base_price`, `calculated_price`, `subtotal`, `finishing_note`, `production_status`, `item_started_at`, `item_finished_at`, `is_cancelled`, `cancelled_at`, `created_at`, `updated_at`, `cancelled_by`, `cancel_reason`) VALUES ('98', '62', '21', 'Versant', '47', 'ART KARTON  210 GSM', 'agz 0203', NULL, '1x1', '1.0000', 'lembar', '1', '1', '2600.00', '2600.00', '2600.00', NULL, 'selesai', '2026-03-02 12:26:50', '2026-03-02 12:38:44', '0', NULL, '2026-03-02 12:10:33', '2026-03-02 12:38:44', NULL, NULL);
INSERT INTO `order_items` (`id`, `order_id`, `product_id`, `product_name`, `material_id`, `material_name`, `file_name`, `file_path`, `size_description`, `size_value`, `size_unit`, `qty`, `sisi`, `base_price`, `calculated_price`, `subtotal`, `finishing_note`, `production_status`, `item_started_at`, `item_finished_at`, `is_cancelled`, `cancelled_at`, `created_at`, `updated_at`, `cancelled_by`, `cancel_reason`) VALUES ('99', '63', '21', 'Versant', '57', 'STICKER CHROMO', 'wannagive campur', NULL, '1x1', '1.0000', 'lembar', '6', '1', '3300.00', '3300.00', '19800.00', 'PAGE 1-3 @2', 'selesai', '2026-03-02 13:10:08', '2026-03-02 14:21:04', '0', NULL, '2026-03-02 12:16:44', '2026-03-02 14:21:04', NULL, NULL);
INSERT INTO `order_items` (`id`, `order_id`, `product_id`, `product_name`, `material_id`, `material_name`, `file_name`, `file_path`, `size_description`, `size_value`, `size_unit`, `qty`, `sisi`, `base_price`, `calculated_price`, `subtotal`, `finishing_note`, `production_status`, `item_started_at`, `item_finished_at`, `is_cancelled`, `cancelled_at`, `created_at`, `updated_at`, `cancelled_by`, `cancel_reason`) VALUES ('100', '63', '21', 'Versant', '47', 'ART KARTON  210 GSM', 'wannagive campur', NULL, '1x1', '1.0000', 'lembar', '5', '1', '2600.00', '2600.00', '13000.00', 'PAGE 4: 3LBR PAGE 5 2 LBR', 'selesai', '2026-03-02 13:10:12', '2026-03-02 14:21:09', '0', NULL, '2026-03-02 12:16:44', '2026-03-02 14:21:09', NULL, NULL);
INSERT INTO `order_items` (`id`, `order_id`, `product_id`, `product_name`, `material_id`, `material_name`, `file_name`, `file_path`, `size_description`, `size_value`, `size_unit`, `qty`, `sisi`, `base_price`, `calculated_price`, `subtotal`, `finishing_note`, `production_status`, `item_started_at`, `item_finished_at`, `is_cancelled`, `cancelled_at`, `created_at`, `updated_at`, `cancelled_by`, `cancel_reason`) VALUES ('101', '64', '23', 'Outdoor', NULL, 'FLEKSI BENNER 440 GSM WHITE', 'KRAKOTA', NULL, '350X150', '5.2500', 'm2', '2', '1', '30000.00', '157500.00', '315000.00', 'LEBIH BAHAN', 'finishing', '2026-03-02 17:03:02', NULL, '0', NULL, '2026-03-02 12:50:33', '2026-03-02 17:03:07', NULL, NULL);
INSERT INTO `order_items` (`id`, `order_id`, `product_id`, `product_name`, `material_id`, `material_name`, `file_name`, `file_path`, `size_description`, `size_value`, `size_unit`, `qty`, `sisi`, `base_price`, `calculated_price`, `subtotal`, `finishing_note`, `production_status`, `item_started_at`, `item_finished_at`, `is_cancelled`, `cancelled_at`, `created_at`, `updated_at`, `cancelled_by`, `cancel_reason`) VALUES ('102', '65', '21', 'Versant', NULL, 'CONCORD', 'xu ping ok', NULL, '1x1', '1.0000', 'lembar', '50', '1', '2800.00', '2800.00', '140000.00', 'FILE LAMA', 'selesai', '2026-03-02 13:10:23', '2026-03-02 14:10:43', '0', NULL, '2026-03-02 13:00:18', '2026-03-02 14:10:43', NULL, NULL);
INSERT INTO `order_items` (`id`, `order_id`, `product_id`, `product_name`, `material_id`, `material_name`, `file_name`, `file_path`, `size_description`, `size_value`, `size_unit`, `qty`, `sisi`, `base_price`, `calculated_price`, `subtotal`, `finishing_note`, `production_status`, `item_started_at`, `item_finished_at`, `is_cancelled`, `cancelled_at`, `created_at`, `updated_at`, `cancelled_by`, `cancel_reason`) VALUES ('103', '66', '21', 'Versant', '57', 'STICKER CHROMO', 'warung snack', NULL, '1x1', '1.0000', 'lembar', '1', '1', '3300.00', '3300.00', '3300.00', NULL, 'selesai', '2026-03-02 13:10:27', '2026-03-02 14:10:48', '0', NULL, '2026-03-02 13:02:17', '2026-03-02 14:10:48', NULL, NULL);
INSERT INTO `order_items` (`id`, `order_id`, `product_id`, `product_name`, `material_id`, `material_name`, `file_name`, `file_path`, `size_description`, `size_value`, `size_unit`, `qty`, `sisi`, `base_price`, `calculated_price`, `subtotal`, `finishing_note`, `production_status`, `item_started_at`, `item_finished_at`, `is_cancelled`, `cancelled_at`, `created_at`, `updated_at`, `cancelled_by`, `cancel_reason`) VALUES ('104', '66', '24', 'Jasa', '91', 'CUTTING A3 KIS CUT', 'warung snack', NULL, '1x1', '1.0000', 'lembar', '1', '1', '1700.00', '1700.00', '1700.00', NULL, 'pending', NULL, NULL, '0', NULL, '2026-03-02 13:02:17', '2026-03-02 13:02:17', NULL, NULL);
INSERT INTO `order_items` (`id`, `order_id`, `product_id`, `product_name`, `material_id`, `material_name`, `file_name`, `file_path`, `size_description`, `size_value`, `size_unit`, `qty`, `sisi`, `base_price`, `calculated_price`, `subtotal`, `finishing_note`, `production_status`, `item_started_at`, `item_finished_at`, `is_cancelled`, `cancelled_at`, `created_at`, `updated_at`, `cancelled_by`, `cancel_reason`) VALUES ('105', '67', '21', 'Versant', '44', 'ART PAPPER 120 GSM', 'ABAH AING', NULL, '1x1', '1.0000', 'lembar', '2', '1', '2200.00', '2200.00', '4400.00', NULL, 'selesai', '2026-03-02 14:14:31', '2026-03-02 14:21:58', '0', NULL, '2026-03-02 13:04:06', '2026-03-02 14:21:58', NULL, NULL);
INSERT INTO `order_items` (`id`, `order_id`, `product_id`, `product_name`, `material_id`, `material_name`, `file_name`, `file_path`, `size_description`, `size_value`, `size_unit`, `qty`, `sisi`, `base_price`, `calculated_price`, `subtotal`, `finishing_note`, `production_status`, `item_started_at`, `item_finished_at`, `is_cancelled`, `cancelled_at`, `created_at`, `updated_at`, `cancelled_by`, `cancel_reason`) VALUES ('106', '68', '21', 'Versant', '47', 'ART KARTON  210 GSM', 'rizki steven', NULL, '1x1', '1.0000', 'lembar', '20', '1', '2600.00', '2600.00', '52000.00', NULL, 'selesai', '2026-03-02 13:10:31', '2026-03-02 14:21:13', '0', NULL, '2026-03-02 13:04:47', '2026-03-02 14:21:13', NULL, NULL);
INSERT INTO `order_items` (`id`, `order_id`, `product_id`, `product_name`, `material_id`, `material_name`, `file_name`, `file_path`, `size_description`, `size_value`, `size_unit`, `qty`, `sisi`, `base_price`, `calculated_price`, `subtotal`, `finishing_note`, `production_status`, `item_started_at`, `item_finished_at`, `is_cancelled`, `cancelled_at`, `created_at`, `updated_at`, `cancelled_by`, `cancel_reason`) VALUES ('107', '69', '21', 'Versant', '47', 'ART KARTON  210 GSM', 'idul fitri 0203', NULL, '1x1', '1.0000', 'lembar', '4', '1', '2600.00', '2600.00', '10400.00', NULL, 'selesai', '2026-03-02 14:14:36', '2026-03-02 14:22:01', '0', NULL, '2026-03-02 13:06:21', '2026-03-02 14:22:01', NULL, NULL);
INSERT INTO `order_items` (`id`, `order_id`, `product_id`, `product_name`, `material_id`, `material_name`, `file_name`, `file_path`, `size_description`, `size_value`, `size_unit`, `qty`, `sisi`, `base_price`, `calculated_price`, `subtotal`, `finishing_note`, `production_status`, `item_started_at`, `item_finished_at`, `is_cancelled`, `cancelled_at`, `created_at`, `updated_at`, `cancelled_by`, `cancel_reason`) VALUES ('108', '70', '23', 'Outdoor', '85', 'FLEKSI BENNER 280 GSM', 'AL MUKMIN', NULL, '1x1', '1.0000', 'm2', '1', '1', '15000.00', '15000.00', '15000.00', 'MATA AYAM', 'selesai', '2026-03-02 15:18:44', '2026-03-02 15:47:21', '0', NULL, '2026-03-02 13:07:38', '2026-03-02 15:47:21', NULL, NULL);
INSERT INTO `order_items` (`id`, `order_id`, `product_id`, `product_name`, `material_id`, `material_name`, `file_name`, `file_path`, `size_description`, `size_value`, `size_unit`, `qty`, `sisi`, `base_price`, `calculated_price`, `subtotal`, `finishing_note`, `production_status`, `item_started_at`, `item_finished_at`, `is_cancelled`, `cancelled_at`, `created_at`, `updated_at`, `cancelled_by`, `cancel_reason`) VALUES ('109', '71', '21', 'Versant', '59', 'STICKER VINLY A3', 'Glowing sunscreen', NULL, '1x1', '1.0000', 'lembar', '10', '1', '8100.00', '8100.00', '81000.00', 'FILE LAMA SEMUA', 'selesai', '2026-03-02 14:01:16', '2026-03-02 14:24:48', '0', NULL, '2026-03-02 13:07:53', '2026-03-02 14:24:48', NULL, NULL);
INSERT INTO `order_items` (`id`, `order_id`, `product_id`, `product_name`, `material_id`, `material_name`, `file_name`, `file_path`, `size_description`, `size_value`, `size_unit`, `qty`, `sisi`, `base_price`, `calculated_price`, `subtotal`, `finishing_note`, `production_status`, `item_started_at`, `item_finished_at`, `is_cancelled`, `cancelled_at`, `created_at`, `updated_at`, `cancelled_by`, `cancel_reason`) VALUES ('110', '71', '21', 'Versant', '59', 'STICKER VINLY A3', 'new boosting white', NULL, '1x1', '1.0000', 'lembar', '3', '1', '8100.00', '8100.00', '24300.00', 'FILE LAMA SEMUA', 'selesai', '2026-03-02 14:01:21', '2026-03-02 14:25:28', '0', NULL, '2026-03-02 13:07:53', '2026-03-02 14:25:28', NULL, NULL);
INSERT INTO `order_items` (`id`, `order_id`, `product_id`, `product_name`, `material_id`, `material_name`, `file_name`, `file_path`, `size_description`, `size_value`, `size_unit`, `qty`, `sisi`, `base_price`, `calculated_price`, `subtotal`, `finishing_note`, `production_status`, `item_started_at`, `item_finished_at`, `is_cancelled`, `cancelled_at`, `created_at`, `updated_at`, `cancelled_by`, `cancel_reason`) VALUES ('111', '72', '23', 'Outdoor', NULL, 'FLEKSI BENNER 280 GSM', 'HUT PWKI', NULL, '250X150', '3.7500', 'm2', '1', '1', '15000.00', '56250.00', '56250.00', 'MATA AYAM', 'selesai', '2026-03-02 15:19:32', '2026-03-02 15:47:55', '0', NULL, '2026-03-02 13:10:09', '2026-03-02 15:47:55', NULL, NULL);
INSERT INTO `order_items` (`id`, `order_id`, `product_id`, `product_name`, `material_id`, `material_name`, `file_name`, `file_path`, `size_description`, `size_value`, `size_unit`, `qty`, `sisi`, `base_price`, `calculated_price`, `subtotal`, `finishing_note`, `production_status`, `item_started_at`, `item_finished_at`, `is_cancelled`, `cancelled_at`, `created_at`, `updated_at`, `cancelled_by`, `cancel_reason`) VALUES ('112', '73', '21', 'Versant', '57', 'STICKER CHROMO', 'mayang sari 0203', NULL, '1x1', '1.0000', 'lembar', '50', '1', '3100.00', '3100.00', '155000.00', NULL, 'selesai', '2026-03-02 14:11:24', '2026-03-02 14:53:28', '0', NULL, '2026-03-02 13:12:35', '2026-03-02 14:53:28', NULL, NULL);
INSERT INTO `order_items` (`id`, `order_id`, `product_id`, `product_name`, `material_id`, `material_name`, `file_name`, `file_path`, `size_description`, `size_value`, `size_unit`, `qty`, `sisi`, `base_price`, `calculated_price`, `subtotal`, `finishing_note`, `production_status`, `item_started_at`, `item_finished_at`, `is_cancelled`, `cancelled_at`, `created_at`, `updated_at`, `cancelled_by`, `cancel_reason`) VALUES ('113', '73', '24', 'Jasa', '91', 'CUTTING A3 KIS CUT', 'mayang sari 0203', NULL, '1x1', '1.0000', 'lembar', '50', '1', '1900.00', '1900.00', '95000.00', NULL, 'selesai', '2026-03-02 15:14:13', '2026-03-02 15:17:32', '0', NULL, '2026-03-02 13:12:35', '2026-03-02 15:17:32', NULL, NULL);
INSERT INTO `order_items` (`id`, `order_id`, `product_id`, `product_name`, `material_id`, `material_name`, `file_name`, `file_path`, `size_description`, `size_value`, `size_unit`, `qty`, `sisi`, `base_price`, `calculated_price`, `subtotal`, `finishing_note`, `production_status`, `item_started_at`, `item_finished_at`, `is_cancelled`, `cancelled_at`, `created_at`, `updated_at`, `cancelled_by`, `cancel_reason`) VALUES ('114', '74', '21', 'Versant', '59', 'STICKER VINLY A3', 'kementerian', NULL, '1x1', '1.0000', 'lembar', '1', '1', '8100.00', '8100.00', '8100.00', NULL, 'selesai', '2026-03-02 14:14:39', '2026-03-02 14:22:05', '0', NULL, '2026-03-02 13:13:07', '2026-03-02 14:22:05', NULL, NULL);
INSERT INTO `order_items` (`id`, `order_id`, `product_id`, `product_name`, `material_id`, `material_name`, `file_name`, `file_path`, `size_description`, `size_value`, `size_unit`, `qty`, `sisi`, `base_price`, `calculated_price`, `subtotal`, `finishing_note`, `production_status`, `item_started_at`, `item_finished_at`, `is_cancelled`, `cancelled_at`, `created_at`, `updated_at`, `cancelled_by`, `cancel_reason`) VALUES ('115', '74', '21', 'Versant', '68', 'LAMINASI A3 GLOSSY', 'kementerian', NULL, '1x1', '1.0000', 'pcs', '1', '1', '1500.00', '1500.00', '1500.00', NULL, 'selesai', '2026-03-02 14:14:44', '2026-03-02 14:53:48', '0', NULL, '2026-03-02 13:13:07', '2026-03-02 14:53:48', NULL, NULL);
INSERT INTO `order_items` (`id`, `order_id`, `product_id`, `product_name`, `material_id`, `material_name`, `file_name`, `file_path`, `size_description`, `size_value`, `size_unit`, `qty`, `sisi`, `base_price`, `calculated_price`, `subtotal`, `finishing_note`, `production_status`, `item_started_at`, `item_finished_at`, `is_cancelled`, `cancelled_at`, `created_at`, `updated_at`, `cancelled_by`, `cancel_reason`) VALUES ('116', '74', '24', 'Jasa', '91', 'CUTTING A3 KIS CUT', 'kementerian', NULL, '1x1', '1.0000', 'lembar', '1', '1', '2500.00', '2500.00', '2500.00', NULL, 'pending', NULL, NULL, '0', NULL, '2026-03-02 13:13:07', '2026-03-02 13:13:07', NULL, NULL);
INSERT INTO `order_items` (`id`, `order_id`, `product_id`, `product_name`, `material_id`, `material_name`, `file_name`, `file_path`, `size_description`, `size_value`, `size_unit`, `qty`, `sisi`, `base_price`, `calculated_price`, `subtotal`, `finishing_note`, `production_status`, `item_started_at`, `item_finished_at`, `is_cancelled`, `cancelled_at`, `created_at`, `updated_at`, `cancelled_by`, `cancel_reason`) VALUES ('117', '75', '21', 'Versant', NULL, 'ART KARTON  210 GSM', 'restu siska 210', NULL, '1x1', '1.0000', 'lembar', '80', '1', '2400.00', '2400.00', '192000.00', '@20, TES CETAK 1 PAGE AJA', 'proses_cetak', '2026-03-02 14:14:48', NULL, '0', NULL, '2026-03-02 13:17:30', '2026-03-02 16:48:13', NULL, NULL);
INSERT INTO `order_items` (`id`, `order_id`, `product_id`, `product_name`, `material_id`, `material_name`, `file_name`, `file_path`, `size_description`, `size_value`, `size_unit`, `qty`, `sisi`, `base_price`, `calculated_price`, `subtotal`, `finishing_note`, `production_status`, `item_started_at`, `item_finished_at`, `is_cancelled`, `cancelled_at`, `created_at`, `updated_at`, `cancelled_by`, `cancel_reason`) VALUES ('118', '76', '21', 'Versant', '59', 'STICKER VINLY A3', 'symphony stiker', NULL, '1x1', '1.0000', 'lembar', '2', '1', '8100.00', '8100.00', '16200.00', NULL, 'selesai', '2026-03-02 14:01:37', '2026-03-02 14:21:55', '0', NULL, '2026-03-02 13:20:42', '2026-03-02 14:21:55', NULL, NULL);
INSERT INTO `order_items` (`id`, `order_id`, `product_id`, `product_name`, `material_id`, `material_name`, `file_name`, `file_path`, `size_description`, `size_value`, `size_unit`, `qty`, `sisi`, `base_price`, `calculated_price`, `subtotal`, `finishing_note`, `production_status`, `item_started_at`, `item_finished_at`, `is_cancelled`, `cancelled_at`, `created_at`, `updated_at`, `cancelled_by`, `cancel_reason`) VALUES ('119', '76', '21', 'Versant', '68', 'LAMINASI A3 GLOSSY', 'symphony stiker', NULL, '1x1', '1.0000', 'pcs', '2', '1', '1500.00', '1500.00', '3000.00', NULL, 'selesai', '2026-03-02 14:01:45', '2026-03-02 14:25:23', '0', NULL, '2026-03-02 13:20:42', '2026-03-02 14:25:23', NULL, NULL);
INSERT INTO `order_items` (`id`, `order_id`, `product_id`, `product_name`, `material_id`, `material_name`, `file_name`, `file_path`, `size_description`, `size_value`, `size_unit`, `qty`, `sisi`, `base_price`, `calculated_price`, `subtotal`, `finishing_note`, `production_status`, `item_started_at`, `item_finished_at`, `is_cancelled`, `cancelled_at`, `created_at`, `updated_at`, `cancelled_by`, `cancel_reason`) VALUES ('120', '76', '24', 'Jasa', '91', 'CUTTING A3 KIS CUT', 'symphony stiker', NULL, '1x1', '1.0000', 'lembar', '2', '1', '2500.00', '2500.00', '5000.00', NULL, 'pending', NULL, NULL, '0', NULL, '2026-03-02 13:20:42', '2026-03-02 13:20:42', NULL, NULL);
INSERT INTO `order_items` (`id`, `order_id`, `product_id`, `product_name`, `material_id`, `material_name`, `file_name`, `file_path`, `size_description`, `size_value`, `size_unit`, `qty`, `sisi`, `base_price`, `calculated_price`, `subtotal`, `finishing_note`, `production_status`, `item_started_at`, `item_finished_at`, `is_cancelled`, `cancelled_at`, `created_at`, `updated_at`, `cancelled_by`, `cancel_reason`) VALUES ('121', '77', '23', 'Outdoor', NULL, 'FLEKSI BENNER 280 GSM', 'STOP A- STOP B', NULL, '80X50', '0.4000', 'm2', '2', '1', '15000.00', '15000.00', '30000.00', 'LEM KELILING @1', 'selesai', '2026-03-02 15:19:04', '2026-03-02 15:47:37', '0', NULL, '2026-03-02 13:24:06', '2026-03-02 15:47:37', NULL, NULL);
INSERT INTO `order_items` (`id`, `order_id`, `product_id`, `product_name`, `material_id`, `material_name`, `file_name`, `file_path`, `size_description`, `size_value`, `size_unit`, `qty`, `sisi`, `base_price`, `calculated_price`, `subtotal`, `finishing_note`, `production_status`, `item_started_at`, `item_finished_at`, `is_cancelled`, `cancelled_at`, `created_at`, `updated_at`, `cancelled_by`, `cancel_reason`) VALUES ('122', '78', '21', 'Versant', '50', 'ART KARTON 310 GSM', 'SI MANIS 310', NULL, '1x1', '1.0000', 'lembar', '5', '1', '3300.00', '3300.00', '16500.00', NULL, 'selesai', '2026-03-02 13:49:22', '2026-03-02 14:10:52', '0', NULL, '2026-03-02 13:25:56', '2026-03-02 14:10:52', NULL, NULL);
INSERT INTO `order_items` (`id`, `order_id`, `product_id`, `product_name`, `material_id`, `material_name`, `file_name`, `file_path`, `size_description`, `size_value`, `size_unit`, `qty`, `sisi`, `base_price`, `calculated_price`, `subtotal`, `finishing_note`, `production_status`, `item_started_at`, `item_finished_at`, `is_cancelled`, `cancelled_at`, `created_at`, `updated_at`, `cancelled_by`, `cancel_reason`) VALUES ('123', '78', '21', 'Versant', '57', 'STICKER CHROMO', 'si manis hijau new', NULL, '1x1', '1.0000', 'lembar', '6', '1', '3300.00', '3300.00', '19800.00', NULL, 'selesai', '2026-03-02 14:00:37', '2026-03-02 14:10:59', '0', NULL, '2026-03-02 13:25:56', '2026-03-02 14:10:59', NULL, NULL);
INSERT INTO `order_items` (`id`, `order_id`, `product_id`, `product_name`, `material_id`, `material_name`, `file_name`, `file_path`, `size_description`, `size_value`, `size_unit`, `qty`, `sisi`, `base_price`, `calculated_price`, `subtotal`, `finishing_note`, `production_status`, `item_started_at`, `item_finished_at`, `is_cancelled`, `cancelled_at`, `created_at`, `updated_at`, `cancelled_by`, `cancel_reason`) VALUES ('124', '79', '21', 'Versant', '57', 'STICKER CHROMO', 'ngabubu thrift (@3 lembar)', NULL, '1x1', '1.0000', 'lembar', '6', '1', '3300.00', '3300.00', '19800.00', NULL, 'selesai', '2026-03-02 14:01:00', '2026-03-02 14:11:03', '0', NULL, '2026-03-02 13:30:08', '2026-03-02 14:11:03', NULL, NULL);
INSERT INTO `order_items` (`id`, `order_id`, `product_id`, `product_name`, `material_id`, `material_name`, `file_name`, `file_path`, `size_description`, `size_value`, `size_unit`, `qty`, `sisi`, `base_price`, `calculated_price`, `subtotal`, `finishing_note`, `production_status`, `item_started_at`, `item_finished_at`, `is_cancelled`, `cancelled_at`, `created_at`, `updated_at`, `cancelled_by`, `cancel_reason`) VALUES ('125', '79', '24', 'Jasa', '91', 'CUTTING A3 KIS CUT', 'ngabubu thrift', NULL, '1x1', '1.0000', 'lembar', '6', '1', '1700.00', '1700.00', '10200.00', NULL, 'selesai', '2026-03-02 15:50:06', '2026-03-02 15:50:25', '0', NULL, '2026-03-02 13:30:08', '2026-03-02 15:50:25', NULL, NULL);
INSERT INTO `order_items` (`id`, `order_id`, `product_id`, `product_name`, `material_id`, `material_name`, `file_name`, `file_path`, `size_description`, `size_value`, `size_unit`, `qty`, `sisi`, `base_price`, `calculated_price`, `subtotal`, `finishing_note`, `production_status`, `item_started_at`, `item_finished_at`, `is_cancelled`, `cancelled_at`, `created_at`, `updated_at`, `cancelled_by`, `cancel_reason`) VALUES ('126', '80', '22', 'Indoor', '61', 'STICKER VINLY METERAN', 'dilarang 1', NULL, '242x61', '1.4800', 'm2', '1', '1', '70000.00', '103600.00', '103600.00', NULL, 'selesai', '2026-03-02 15:23:26', '2026-03-02 16:46:07', '0', NULL, '2026-03-02 13:31:21', '2026-03-02 16:46:07', NULL, NULL);
INSERT INTO `order_items` (`id`, `order_id`, `product_id`, `product_name`, `material_id`, `material_name`, `file_name`, `file_path`, `size_description`, `size_value`, `size_unit`, `qty`, `sisi`, `base_price`, `calculated_price`, `subtotal`, `finishing_note`, `production_status`, `item_started_at`, `item_finished_at`, `is_cancelled`, `cancelled_at`, `created_at`, `updated_at`, `cancelled_by`, `cancel_reason`) VALUES ('127', '80', '22', 'Indoor', '81', 'LAMINASI METERAN MATTE', 'dilarang 1', NULL, '242x61', '1.4800', 'm2', '1', '1', '15000.00', '22200.00', '22200.00', NULL, 'selesai', '2026-03-02 15:23:36', '2026-03-02 16:46:25', '0', NULL, '2026-03-02 13:31:21', '2026-03-02 16:46:25', NULL, NULL);
INSERT INTO `order_items` (`id`, `order_id`, `product_id`, `product_name`, `material_id`, `material_name`, `file_name`, `file_path`, `size_description`, `size_value`, `size_unit`, `qty`, `sisi`, `base_price`, `calculated_price`, `subtotal`, `finishing_note`, `production_status`, `item_started_at`, `item_finished_at`, `is_cancelled`, `cancelled_at`, `created_at`, `updated_at`, `cancelled_by`, `cancel_reason`) VALUES ('128', '80', '22', 'Indoor', '61', 'STICKER VINLY METERAN', 'spbu 0203', NULL, '126x80', '1.0100', 'm2', '1', '1', '70000.00', '70700.00', '70700.00', NULL, 'selesai', '2026-03-02 16:13:08', '2026-03-02 16:45:39', '0', NULL, '2026-03-02 13:31:21', '2026-03-02 16:45:39', NULL, NULL);
INSERT INTO `order_items` (`id`, `order_id`, `product_id`, `product_name`, `material_id`, `material_name`, `file_name`, `file_path`, `size_description`, `size_value`, `size_unit`, `qty`, `sisi`, `base_price`, `calculated_price`, `subtotal`, `finishing_note`, `production_status`, `item_started_at`, `item_finished_at`, `is_cancelled`, `cancelled_at`, `created_at`, `updated_at`, `cancelled_by`, `cancel_reason`) VALUES ('129', '80', '22', 'Indoor', '81', 'LAMINASI METERAN MATTE', 'spbu 0203', NULL, '126x80', '1.0100', 'm2', '1', '1', '15000.00', '15150.00', '15150.00', NULL, 'finishing', '2026-03-02 16:45:58', NULL, '0', NULL, '2026-03-02 13:31:21', '2026-03-02 16:46:20', NULL, NULL);
INSERT INTO `order_items` (`id`, `order_id`, `product_id`, `product_name`, `material_id`, `material_name`, `file_name`, `file_path`, `size_description`, `size_value`, `size_unit`, `qty`, `sisi`, `base_price`, `calculated_price`, `subtotal`, `finishing_note`, `production_status`, `item_started_at`, `item_finished_at`, `is_cancelled`, `cancelled_at`, `created_at`, `updated_at`, `cancelled_by`, `cancel_reason`) VALUES ('130', '81', '21', 'Versant', '59', 'STICKER VINLY A3', 'bybels', NULL, '1x1', '1.0000', 'lembar', '5', '1', '8100.00', '8100.00', '40500.00', NULL, 'selesai', '2026-03-02 13:49:47', '2026-03-02 14:10:56', '0', NULL, '2026-03-02 13:39:18', '2026-03-02 14:10:56', NULL, NULL);
INSERT INTO `order_items` (`id`, `order_id`, `product_id`, `product_name`, `material_id`, `material_name`, `file_name`, `file_path`, `size_description`, `size_value`, `size_unit`, `qty`, `sisi`, `base_price`, `calculated_price`, `subtotal`, `finishing_note`, `production_status`, `item_started_at`, `item_finished_at`, `is_cancelled`, `cancelled_at`, `created_at`, `updated_at`, `cancelled_by`, `cancel_reason`) VALUES ('131', '81', '24', 'Jasa', '91', 'CUTTING A3 KIS CUT', 'bybels', NULL, '1x1', '1.0000', 'lembar', '5', '1', '2500.00', '2500.00', '12500.00', NULL, 'selesai', '2026-03-02 15:07:47', '2026-03-02 15:07:56', '0', NULL, '2026-03-02 13:39:18', '2026-03-02 15:07:56', NULL, NULL);
INSERT INTO `order_items` (`id`, `order_id`, `product_id`, `product_name`, `material_id`, `material_name`, `file_name`, `file_path`, `size_description`, `size_value`, `size_unit`, `qty`, `sisi`, `base_price`, `calculated_price`, `subtotal`, `finishing_note`, `production_status`, `item_started_at`, `item_finished_at`, `is_cancelled`, `cancelled_at`, `created_at`, `updated_at`, `cancelled_by`, `cancel_reason`) VALUES ('132', '82', '21', 'Versant', '57', 'STICKER CHROMO', 'wanga 0203', NULL, '1x1', '1.0000', 'lembar', '8', '1', '3300.00', '3300.00', '26400.00', 'p1 =3, p2-3 =@2, p4=1', 'selesai', '2026-03-02 14:01:11', '2026-03-02 14:11:08', '0', NULL, '2026-03-02 13:41:20', '2026-03-02 14:11:08', NULL, NULL);
INSERT INTO `order_items` (`id`, `order_id`, `product_id`, `product_name`, `material_id`, `material_name`, `file_name`, `file_path`, `size_description`, `size_value`, `size_unit`, `qty`, `sisi`, `base_price`, `calculated_price`, `subtotal`, `finishing_note`, `production_status`, `item_started_at`, `item_finished_at`, `is_cancelled`, `cancelled_at`, `created_at`, `updated_at`, `cancelled_by`, `cancel_reason`) VALUES ('133', '82', '24', 'Jasa', '91', 'CUTTING A3 KIS CUT', 'wanga 0203', NULL, '1x1', '1.0000', 'lembar', '8', '1', '1700.00', '1700.00', '13600.00', NULL, 'selesai', '2026-03-02 15:53:32', '2026-03-02 15:53:42', '0', NULL, '2026-03-02 13:42:43', '2026-03-02 15:53:42', NULL, NULL);
INSERT INTO `order_items` (`id`, `order_id`, `product_id`, `product_name`, `material_id`, `material_name`, `file_name`, `file_path`, `size_description`, `size_value`, `size_unit`, `qty`, `sisi`, `base_price`, `calculated_price`, `subtotal`, `finishing_note`, `production_status`, `item_started_at`, `item_finished_at`, `is_cancelled`, `cancelled_at`, `created_at`, `updated_at`, `cancelled_by`, `cancel_reason`) VALUES ('134', '83', '21', 'Versant', '47', 'ART KARTON  210 GSM', 'bead sol', NULL, '1x1', '1.0000', 'lembar', '50', '1', '2400.00', '2400.00', '120000.00', '@25 LEMBAR', 'selesai', '2026-03-02 14:14:54', '2026-03-02 14:22:10', '0', NULL, '2026-03-02 13:43:58', '2026-03-02 14:22:10', NULL, NULL);
INSERT INTO `order_items` (`id`, `order_id`, `product_id`, `product_name`, `material_id`, `material_name`, `file_name`, `file_path`, `size_description`, `size_value`, `size_unit`, `qty`, `sisi`, `base_price`, `calculated_price`, `subtotal`, `finishing_note`, `production_status`, `item_started_at`, `item_finished_at`, `is_cancelled`, `cancelled_at`, `created_at`, `updated_at`, `cancelled_by`, `cancel_reason`) VALUES ('135', '84', '21', 'Versant', '46', 'ART PAPPER 190 GSM', 'launa cendikia', NULL, '1x1', '1.0000', 'lembar', '42', '2', '3500.00', '3500.00', '147000.00', NULL, 'selesai', '2026-03-02 14:14:58', '2026-03-02 14:22:13', '0', NULL, '2026-03-02 13:49:10', '2026-03-02 14:22:13', NULL, NULL);
INSERT INTO `order_items` (`id`, `order_id`, `product_id`, `product_name`, `material_id`, `material_name`, `file_name`, `file_path`, `size_description`, `size_value`, `size_unit`, `qty`, `sisi`, `base_price`, `calculated_price`, `subtotal`, `finishing_note`, `production_status`, `item_started_at`, `item_finished_at`, `is_cancelled`, `cancelled_at`, `created_at`, `updated_at`, `cancelled_by`, `cancel_reason`) VALUES ('136', '85', '21', 'Versant', '90', 'JASA CETAK A3', 'tn chandra', NULL, '1x1', '1.0000', 'lembar', '10', '1', '1800.00', '1800.00', '18000.00', NULL, 'selesai', '2026-03-02 14:15:01', '2026-03-02 14:22:17', '0', NULL, '2026-03-02 13:51:59', '2026-03-02 14:22:17', NULL, NULL);
INSERT INTO `order_items` (`id`, `order_id`, `product_id`, `product_name`, `material_id`, `material_name`, `file_name`, `file_path`, `size_description`, `size_value`, `size_unit`, `qty`, `sisi`, `base_price`, `calculated_price`, `subtotal`, `finishing_note`, `production_status`, `item_started_at`, `item_finished_at`, `is_cancelled`, `cancelled_at`, `created_at`, `updated_at`, `cancelled_by`, `cancel_reason`) VALUES ('137', '86', '21', 'Versant', '57', 'STICKER CHROMO', 'kychii', NULL, '1x1', '1.0000', 'lembar', '2', '1', '3300.00', '3300.00', '6600.00', NULL, 'selesai', '2026-03-02 14:09:54', '2026-03-02 14:11:15', '0', NULL, '2026-03-02 13:55:15', '2026-03-02 14:11:15', NULL, NULL);
INSERT INTO `order_items` (`id`, `order_id`, `product_id`, `product_name`, `material_id`, `material_name`, `file_name`, `file_path`, `size_description`, `size_value`, `size_unit`, `qty`, `sisi`, `base_price`, `calculated_price`, `subtotal`, `finishing_note`, `production_status`, `item_started_at`, `item_finished_at`, `is_cancelled`, `cancelled_at`, `created_at`, `updated_at`, `cancelled_by`, `cancel_reason`) VALUES ('138', '86', '24', 'Jasa', '91', 'CUTTING A3 KIS CUT', 'kychii', NULL, '1x1', '1.0000', 'lembar', '2', '1', '1700.00', '1700.00', '3400.00', NULL, 'selesai', '2026-03-02 15:51:07', '2026-03-02 15:51:20', '0', NULL, '2026-03-02 13:55:15', '2026-03-02 15:51:20', NULL, NULL);
INSERT INTO `order_items` (`id`, `order_id`, `product_id`, `product_name`, `material_id`, `material_name`, `file_name`, `file_path`, `size_description`, `size_value`, `size_unit`, `qty`, `sisi`, `base_price`, `calculated_price`, `subtotal`, `finishing_note`, `production_status`, `item_started_at`, `item_finished_at`, `is_cancelled`, `cancelled_at`, `created_at`, `updated_at`, `cancelled_by`, `cancel_reason`) VALUES ('139', '87', '21', 'Versant', '50', 'ART KARTON 310 GSM', 'tag sale 1', NULL, '1x1', '1.0000', 'lembar', '11', '1', '3300.00', '3300.00', '36300.00', NULL, 'selesai', '2026-03-02 14:15:07', '2026-03-02 14:22:20', '0', NULL, '2026-03-02 13:58:19', '2026-03-02 14:22:20', NULL, NULL);
INSERT INTO `order_items` (`id`, `order_id`, `product_id`, `product_name`, `material_id`, `material_name`, `file_name`, `file_path`, `size_description`, `size_value`, `size_unit`, `qty`, `sisi`, `base_price`, `calculated_price`, `subtotal`, `finishing_note`, `production_status`, `item_started_at`, `item_finished_at`, `is_cancelled`, `cancelled_at`, `created_at`, `updated_at`, `cancelled_by`, `cancel_reason`) VALUES ('140', '88', '21', 'Versant', '57', 'STICKER CHROMO', 'parfum abu', NULL, '1x1', '1.0000', 'lembar', '3', '1', '3300.00', '3300.00', '9900.00', NULL, 'selesai', '2026-03-02 14:15:16', '2026-03-02 14:53:33', '0', NULL, '2026-03-02 14:03:17', '2026-03-02 14:53:33', NULL, NULL);
INSERT INTO `order_items` (`id`, `order_id`, `product_id`, `product_name`, `material_id`, `material_name`, `file_name`, `file_path`, `size_description`, `size_value`, `size_unit`, `qty`, `sisi`, `base_price`, `calculated_price`, `subtotal`, `finishing_note`, `production_status`, `item_started_at`, `item_finished_at`, `is_cancelled`, `cancelled_at`, `created_at`, `updated_at`, `cancelled_by`, `cancel_reason`) VALUES ('141', '88', '24', 'Jasa', '91', 'CUTTING A3 KIS CUT', 'parfum abu', NULL, '1x1', '1.0000', 'lembar', '3', '1', '2500.00', '2500.00', '7500.00', NULL, 'selesai', '2026-03-02 15:48:44', '2026-03-02 15:49:05', '0', NULL, '2026-03-02 14:03:17', '2026-03-02 15:49:05', NULL, NULL);
INSERT INTO `order_items` (`id`, `order_id`, `product_id`, `product_name`, `material_id`, `material_name`, `file_name`, `file_path`, `size_description`, `size_value`, `size_unit`, `qty`, `sisi`, `base_price`, `calculated_price`, `subtotal`, `finishing_note`, `production_status`, `item_started_at`, `item_finished_at`, `is_cancelled`, `cancelled_at`, `created_at`, `updated_at`, `cancelled_by`, `cancel_reason`) VALUES ('142', '88', '21', 'Versant', '68', 'LAMINASI A3 GLOSSY', 'parfum abu', NULL, '1x1', '1.0000', 'pcs', '3', '1', '1500.00', '1500.00', '4500.00', NULL, 'selesai', '2026-03-02 14:15:22', '2026-03-02 14:53:41', '0', NULL, '2026-03-02 14:03:17', '2026-03-02 14:53:41', NULL, NULL);
INSERT INTO `order_items` (`id`, `order_id`, `product_id`, `product_name`, `material_id`, `material_name`, `file_name`, `file_path`, `size_description`, `size_value`, `size_unit`, `qty`, `sisi`, `base_price`, `calculated_price`, `subtotal`, `finishing_note`, `production_status`, `item_started_at`, `item_finished_at`, `is_cancelled`, `cancelled_at`, `created_at`, `updated_at`, `cancelled_by`, `cancel_reason`) VALUES ('143', '89', '21', 'Versant', '49', 'ART KARTON 260 GSM', 'Undangan Hoki 6', NULL, '1x1', '1.0000', 'lembar', '135', '2', '3900.00', '3900.00', '526500.00', 'file baru cetak 1', 'proses_cetak', '2026-03-02 15:00:58', NULL, '0', NULL, '2026-03-02 14:04:47', '2026-03-02 15:00:58', NULL, NULL);
INSERT INTO `order_items` (`id`, `order_id`, `product_id`, `product_name`, `material_id`, `material_name`, `file_name`, `file_path`, `size_description`, `size_value`, `size_unit`, `qty`, `sisi`, `base_price`, `calculated_price`, `subtotal`, `finishing_note`, `production_status`, `item_started_at`, `item_finished_at`, `is_cancelled`, `cancelled_at`, `created_at`, `updated_at`, `cancelled_by`, `cancel_reason`) VALUES ('144', '90', '23', 'Outdoor', '85', 'FLEKSI BENNER 280 GSM', 'ngabubu 01-02', NULL, '4x4', '16.0000', 'm2', '1', '1', '15000.00', '240000.00', '240000.00', 'mata ayam & sambung', 'selesai', '2026-03-02 15:45:00', '2026-03-02 16:18:58', '0', NULL, '2026-03-02 14:10:00', '2026-03-02 16:18:58', NULL, NULL);
INSERT INTO `order_items` (`id`, `order_id`, `product_id`, `product_name`, `material_id`, `material_name`, `file_name`, `file_path`, `size_description`, `size_value`, `size_unit`, `qty`, `sisi`, `base_price`, `calculated_price`, `subtotal`, `finishing_note`, `production_status`, `item_started_at`, `item_finished_at`, `is_cancelled`, `cancelled_at`, `created_at`, `updated_at`, `cancelled_by`, `cancel_reason`) VALUES ('145', '90', '23', 'Outdoor', '85', 'FLEKSI BENNER 280 GSM', 'ngabubu 03', NULL, '3x1.5', '4.5000', 'm2', '1', '1', '15000.00', '67500.00', '67500.00', 'mata ayam', 'selesai', '2026-03-02 15:45:06', '2026-03-02 16:01:10', '0', NULL, '2026-03-02 14:10:00', '2026-03-02 16:01:10', NULL, NULL);
INSERT INTO `order_items` (`id`, `order_id`, `product_id`, `product_name`, `material_id`, `material_name`, `file_name`, `file_path`, `size_description`, `size_value`, `size_unit`, `qty`, `sisi`, `base_price`, `calculated_price`, `subtotal`, `finishing_note`, `production_status`, `item_started_at`, `item_finished_at`, `is_cancelled`, `cancelled_at`, `created_at`, `updated_at`, `cancelled_by`, `cancel_reason`) VALUES ('146', '91', '21', 'Versant', '45', 'ART PAPPER 150 GSM', 'lamondo', NULL, '1x1', '1.0000', 'lembar', '5', '2', '3500.00', '3500.00', '17500.00', NULL, 'selesai', '2026-03-02 15:01:04', '2026-03-02 15:03:10', '0', NULL, '2026-03-02 14:10:26', '2026-03-02 15:03:10', NULL, NULL);
INSERT INTO `order_items` (`id`, `order_id`, `product_id`, `product_name`, `material_id`, `material_name`, `file_name`, `file_path`, `size_description`, `size_value`, `size_unit`, `qty`, `sisi`, `base_price`, `calculated_price`, `subtotal`, `finishing_note`, `production_status`, `item_started_at`, `item_finished_at`, `is_cancelled`, `cancelled_at`, `created_at`, `updated_at`, `cancelled_by`, `cancel_reason`) VALUES ('147', '92', '21', 'Versant', '47', 'ART KARTON  210 GSM', 'kotak build', NULL, '1x1', '1.0000', 'lembar', '1', '1', '2600.00', '2600.00', '2600.00', NULL, 'selesai', '2026-03-02 14:15:30', '2026-03-02 14:22:24', '0', NULL, '2026-03-02 14:12:02', '2026-03-02 14:22:24', NULL, NULL);
INSERT INTO `order_items` (`id`, `order_id`, `product_id`, `product_name`, `material_id`, `material_name`, `file_name`, `file_path`, `size_description`, `size_value`, `size_unit`, `qty`, `sisi`, `base_price`, `calculated_price`, `subtotal`, `finishing_note`, `production_status`, `item_started_at`, `item_finished_at`, `is_cancelled`, `cancelled_at`, `created_at`, `updated_at`, `cancelled_by`, `cancel_reason`) VALUES ('148', '93', '23', 'Outdoor', '85', 'FLEKSI BENNER 280 GSM', 'bazar jilbab', NULL, '0.6x1.6', '1.0000', 'm2', '1', '1', '15000.00', '15000.00', '15000.00', 'mata ayam', 'pending', NULL, NULL, '0', NULL, '2026-03-02 14:15:48', '2026-03-02 14:15:48', NULL, NULL);
INSERT INTO `order_items` (`id`, `order_id`, `product_id`, `product_name`, `material_id`, `material_name`, `file_name`, `file_path`, `size_description`, `size_value`, `size_unit`, `qty`, `sisi`, `base_price`, `calculated_price`, `subtotal`, `finishing_note`, `production_status`, `item_started_at`, `item_finished_at`, `is_cancelled`, `cancelled_at`, `created_at`, `updated_at`, `cancelled_by`, `cancel_reason`) VALUES ('149', '94', '21', 'Versant', '57', 'STICKER CHROMO', 'faris barokah', NULL, '1x1', '1.0000', 'lembar', '10', '1', '3300.00', '3300.00', '33000.00', NULL, 'selesai', '2026-03-02 15:01:10', '2026-03-02 15:03:13', '0', NULL, '2026-03-02 14:16:09', '2026-03-02 15:03:13', NULL, NULL);
INSERT INTO `order_items` (`id`, `order_id`, `product_id`, `product_name`, `material_id`, `material_name`, `file_name`, `file_path`, `size_description`, `size_value`, `size_unit`, `qty`, `sisi`, `base_price`, `calculated_price`, `subtotal`, `finishing_note`, `production_status`, `item_started_at`, `item_finished_at`, `is_cancelled`, `cancelled_at`, `created_at`, `updated_at`, `cancelled_by`, `cancel_reason`) VALUES ('150', '95', '21', 'Versant', NULL, 'STICKER VINLY A3', 'royal queen 2026', NULL, '1x1', '1.0000', 'lembar', '100', '1', '7900.00', '7900.00', '790000.00', '@50 lembar', 'proses_cetak', '2026-03-02 15:01:15', NULL, '0', NULL, '2026-03-02 14:20:43', '2026-03-02 15:01:15', NULL, NULL);
INSERT INTO `order_items` (`id`, `order_id`, `product_id`, `product_name`, `material_id`, `material_name`, `file_name`, `file_path`, `size_description`, `size_value`, `size_unit`, `qty`, `sisi`, `base_price`, `calculated_price`, `subtotal`, `finishing_note`, `production_status`, `item_started_at`, `item_finished_at`, `is_cancelled`, `cancelled_at`, `created_at`, `updated_at`, `cancelled_by`, `cancel_reason`) VALUES ('151', '95', '24', 'Jasa', NULL, 'CUTTING A3 KIS CUT', 'royal queen 2026', NULL, '1x1', '1.0000', 'lembar', '100', '1', '2500.00', '2300.00', '250000.00', NULL, 'pending', NULL, NULL, '0', NULL, '2026-03-02 14:20:43', '2026-03-02 14:43:43', NULL, NULL);
INSERT INTO `order_items` (`id`, `order_id`, `product_id`, `product_name`, `material_id`, `material_name`, `file_name`, `file_path`, `size_description`, `size_value`, `size_unit`, `qty`, `sisi`, `base_price`, `calculated_price`, `subtotal`, `finishing_note`, `production_status`, `item_started_at`, `item_finished_at`, `is_cancelled`, `cancelled_at`, `created_at`, `updated_at`, `cancelled_by`, `cancel_reason`) VALUES ('152', '96', '21', 'Versant', '57', 'STICKER CHROMO', 'kitchen rrr', NULL, '1x1', '1.0000', 'lembar', '2', '1', '3300.00', '3300.00', '6600.00', NULL, 'selesai', '2026-03-02 15:01:20', '2026-03-02 15:02:36', '0', NULL, '2026-03-02 14:23:45', '2026-03-02 15:02:36', NULL, NULL);
INSERT INTO `order_items` (`id`, `order_id`, `product_id`, `product_name`, `material_id`, `material_name`, `file_name`, `file_path`, `size_description`, `size_value`, `size_unit`, `qty`, `sisi`, `base_price`, `calculated_price`, `subtotal`, `finishing_note`, `production_status`, `item_started_at`, `item_finished_at`, `is_cancelled`, `cancelled_at`, `created_at`, `updated_at`, `cancelled_by`, `cancel_reason`) VALUES ('153', '96', '24', 'Jasa', '91', 'CUTTING A3 KIS CUT', 'kitchen rrr', NULL, '1x1', '1.0000', 'lembar', '2', '1', '2500.00', '2500.00', '5000.00', NULL, 'selesai', '2026-03-02 15:09:07', '2026-03-02 15:09:20', '0', NULL, '2026-03-02 14:23:45', '2026-03-02 15:09:20', NULL, NULL);
INSERT INTO `order_items` (`id`, `order_id`, `product_id`, `product_name`, `material_id`, `material_name`, `file_name`, `file_path`, `size_description`, `size_value`, `size_unit`, `qty`, `sisi`, `base_price`, `calculated_price`, `subtotal`, `finishing_note`, `production_status`, `item_started_at`, `item_finished_at`, `is_cancelled`, `cancelled_at`, `created_at`, `updated_at`, `cancelled_by`, `cancel_reason`) VALUES ('154', '97', '21', 'Versant', '57', 'STICKER CHROMO', 'akifa cakee', NULL, '1x1', '1.0000', 'lembar', '10', '1', '3000.00', '3000.00', '30000.00', NULL, 'selesai', '2026-03-02 15:01:24', '2026-03-02 16:33:29', '0', NULL, '2026-03-02 14:32:49', '2026-03-02 16:33:29', NULL, NULL);
INSERT INTO `order_items` (`id`, `order_id`, `product_id`, `product_name`, `material_id`, `material_name`, `file_name`, `file_path`, `size_description`, `size_value`, `size_unit`, `qty`, `sisi`, `base_price`, `calculated_price`, `subtotal`, `finishing_note`, `production_status`, `item_started_at`, `item_finished_at`, `is_cancelled`, `cancelled_at`, `created_at`, `updated_at`, `cancelled_by`, `cancel_reason`) VALUES ('155', '97', '24', 'Jasa', '91', 'CUTTING A3 KIS CUT', 'akifa cakee', NULL, '1x1', '1.0000', 'lembar', '10', '1', '2000.00', '2000.00', '20000.00', NULL, 'pending', NULL, NULL, '0', NULL, '2026-03-02 14:32:49', '2026-03-02 14:32:49', NULL, NULL);
INSERT INTO `order_items` (`id`, `order_id`, `product_id`, `product_name`, `material_id`, `material_name`, `file_name`, `file_path`, `size_description`, `size_value`, `size_unit`, `qty`, `sisi`, `base_price`, `calculated_price`, `subtotal`, `finishing_note`, `production_status`, `item_started_at`, `item_finished_at`, `is_cancelled`, `cancelled_at`, `created_at`, `updated_at`, `cancelled_by`, `cancel_reason`) VALUES ('156', '98', '21', 'Versant', '48', 'ART KARTON 230 GSM', 'briggs', NULL, '1x1', '1.0000', 'lembar', '19', '1', '2700.00', '2700.00', '51300.00', 'CETAK 1 DULU', 'selesai', '2026-03-02 15:01:31', '2026-03-02 16:47:58', '0', NULL, '2026-03-02 14:34:17', '2026-03-02 16:47:58', NULL, NULL);
INSERT INTO `order_items` (`id`, `order_id`, `product_id`, `product_name`, `material_id`, `material_name`, `file_name`, `file_path`, `size_description`, `size_value`, `size_unit`, `qty`, `sisi`, `base_price`, `calculated_price`, `subtotal`, `finishing_note`, `production_status`, `item_started_at`, `item_finished_at`, `is_cancelled`, `cancelled_at`, `created_at`, `updated_at`, `cancelled_by`, `cancel_reason`) VALUES ('157', '99', '21', 'Versant', NULL, 'ART KARTON  210 GSM', 'weton 1= 7, weton 2 =13, weton 3=53', NULL, '1x1', '1.0000', 'lembar', '73', '1', '2400.00', '2400.00', '175200.00', NULL, 'selesai', '2026-03-02 15:01:35', '2026-03-02 16:27:46', '0', NULL, '2026-03-02 14:35:56', '2026-03-02 16:27:46', NULL, NULL);
INSERT INTO `order_items` (`id`, `order_id`, `product_id`, `product_name`, `material_id`, `material_name`, `file_name`, `file_path`, `size_description`, `size_value`, `size_unit`, `qty`, `sisi`, `base_price`, `calculated_price`, `subtotal`, `finishing_note`, `production_status`, `item_started_at`, `item_finished_at`, `is_cancelled`, `cancelled_at`, `created_at`, `updated_at`, `cancelled_by`, `cancel_reason`) VALUES ('158', '100', '21', 'Versant', '44', 'ART PAPPER 120 GSM', 'negeri cinta', NULL, '1x1', '1.0000', 'lembar', '86', '2', '2200.00', '2200.00', '189200.00', 'page1 - 2 = 13, page3 - 8 = @ 13, page9 - 10 =  7, page11 - 14 = @ 13, cetak 1', 'selesai', '2026-03-02 15:01:40', '2026-03-02 16:16:43', '0', NULL, '2026-03-02 14:43:02', '2026-03-02 16:16:43', NULL, NULL);
INSERT INTO `order_items` (`id`, `order_id`, `product_id`, `product_name`, `material_id`, `material_name`, `file_name`, `file_path`, `size_description`, `size_value`, `size_unit`, `qty`, `sisi`, `base_price`, `calculated_price`, `subtotal`, `finishing_note`, `production_status`, `item_started_at`, `item_finished_at`, `is_cancelled`, `cancelled_at`, `created_at`, `updated_at`, `cancelled_by`, `cancel_reason`) VALUES ('159', '101', '22', 'Indoor', NULL, 'STICKER VINLY METERAN', 'TDH FOOT', NULL, '100X80', '0.8000', 'm2', '1', '1', '70000.00', '70000.00', '56000.00', NULL, 'pending', NULL, NULL, '0', NULL, '2026-03-02 14:53:13', '2026-03-02 14:56:32', NULL, NULL);
INSERT INTO `order_items` (`id`, `order_id`, `product_id`, `product_name`, `material_id`, `material_name`, `file_name`, `file_path`, `size_description`, `size_value`, `size_unit`, `qty`, `sisi`, `base_price`, `calculated_price`, `subtotal`, `finishing_note`, `production_status`, `item_started_at`, `item_finished_at`, `is_cancelled`, `cancelled_at`, `created_at`, `updated_at`, `cancelled_by`, `cancel_reason`) VALUES ('160', '101', '22', 'Indoor', NULL, 'STICKER VINLY METERAN', 'HOUSE FOOT', NULL, '60X80', '0.4800', 'm2', '1', '1', '70000.00', '70000.00', '33600.00', NULL, 'pending', NULL, NULL, '0', NULL, '2026-03-02 14:53:13', '2026-03-02 14:56:32', NULL, NULL);
INSERT INTO `order_items` (`id`, `order_id`, `product_id`, `product_name`, `material_id`, `material_name`, `file_name`, `file_path`, `size_description`, `size_value`, `size_unit`, `qty`, `sisi`, `base_price`, `calculated_price`, `subtotal`, `finishing_note`, `production_status`, `item_started_at`, `item_finished_at`, `is_cancelled`, `cancelled_at`, `created_at`, `updated_at`, `cancelled_by`, `cancel_reason`) VALUES ('161', '101', '22', 'Indoor', NULL, 'LAMINASI METERAN GLOSSY', 'TDH FOOTXHOUSEFOOT', NULL, '100X128', '1.2800', 'm2', '1', '1', '15000.00', '15000.00', '19200.00', NULL, 'pending', NULL, NULL, '0', NULL, '2026-03-02 14:53:13', '2026-03-02 14:56:32', NULL, NULL);
INSERT INTO `order_items` (`id`, `order_id`, `product_id`, `product_name`, `material_id`, `material_name`, `file_name`, `file_path`, `size_description`, `size_value`, `size_unit`, `qty`, `sisi`, `base_price`, `calculated_price`, `subtotal`, `finishing_note`, `production_status`, `item_started_at`, `item_finished_at`, `is_cancelled`, `cancelled_at`, `created_at`, `updated_at`, `cancelled_by`, `cancel_reason`) VALUES ('163', '101', '24', 'Jasa', NULL, 'CUTTING DIE CUT METERAN', 'POTONGIN SEMUA', NULL, '100X128', '1.2800', 'm2', '1', '1', '10000.00', '12800.00', '12800.00', NULL, 'pending', NULL, NULL, '0', NULL, '2026-03-02 14:53:13', '2026-03-02 14:56:32', NULL, NULL);
INSERT INTO `order_items` (`id`, `order_id`, `product_id`, `product_name`, `material_id`, `material_name`, `file_name`, `file_path`, `size_description`, `size_value`, `size_unit`, `qty`, `sisi`, `base_price`, `calculated_price`, `subtotal`, `finishing_note`, `production_status`, `item_started_at`, `item_finished_at`, `is_cancelled`, `cancelled_at`, `created_at`, `updated_at`, `cancelled_by`, `cancel_reason`) VALUES ('164', '102', '21', 'Versant', '57', 'STICKER CHROMO', 'boy fried 0203', NULL, '1x1', '1.0000', 'lembar', '30', '1', '3300.00', '3300.00', '99000.00', 'cetak 1', 'proses_cetak', '2026-03-02 15:01:44', NULL, '0', NULL, '2026-03-02 14:53:57', '2026-03-02 15:01:44', NULL, NULL);
INSERT INTO `order_items` (`id`, `order_id`, `product_id`, `product_name`, `material_id`, `material_name`, `file_name`, `file_path`, `size_description`, `size_value`, `size_unit`, `qty`, `sisi`, `base_price`, `calculated_price`, `subtotal`, `finishing_note`, `production_status`, `item_started_at`, `item_finished_at`, `is_cancelled`, `cancelled_at`, `created_at`, `updated_at`, `cancelled_by`, `cancel_reason`) VALUES ('165', '102', '24', 'Jasa', '91', 'CUTTING A3 KIS CUT', 'boy fried 0203', NULL, '1x1', '1.0000', 'lembar', '30', '1', '1700.00', '1700.00', '51000.00', NULL, 'pending', NULL, NULL, '0', NULL, '2026-03-02 14:53:57', '2026-03-02 14:53:57', NULL, NULL);
INSERT INTO `order_items` (`id`, `order_id`, `product_id`, `product_name`, `material_id`, `material_name`, `file_name`, `file_path`, `size_description`, `size_value`, `size_unit`, `qty`, `sisi`, `base_price`, `calculated_price`, `subtotal`, `finishing_note`, `production_status`, `item_started_at`, `item_finished_at`, `is_cancelled`, `cancelled_at`, `created_at`, `updated_at`, `cancelled_by`, `cancel_reason`) VALUES ('166', '103', '21', 'Versant', '47', 'ART KARTON  210 GSM', 'KUPON ZAKAT', NULL, '1x1', '1.0000', 'lembar', '9', '1', '2600.00', '2600.00', '23400.00', 'P1=8, P2=1', 'selesai', '2026-03-02 16:15:16', '2026-03-02 16:16:47', '0', NULL, '2026-03-02 15:02:24', '2026-03-02 16:16:47', NULL, NULL);
INSERT INTO `order_items` (`id`, `order_id`, `product_id`, `product_name`, `material_id`, `material_name`, `file_name`, `file_path`, `size_description`, `size_value`, `size_unit`, `qty`, `sisi`, `base_price`, `calculated_price`, `subtotal`, `finishing_note`, `production_status`, `item_started_at`, `item_finished_at`, `is_cancelled`, `cancelled_at`, `created_at`, `updated_at`, `cancelled_by`, `cancel_reason`) VALUES ('167', '104', '21', 'Versant', '57', 'STICKER CHROMO', 'cik ly', NULL, '1x1', '1.0000', 'lembar', '2', '1', '3300.00', '3300.00', '6600.00', NULL, 'proses_cetak', '2026-03-02 16:15:21', NULL, '0', NULL, '2026-03-02 15:49:40', '2026-03-02 16:49:06', NULL, NULL);
INSERT INTO `order_items` (`id`, `order_id`, `product_id`, `product_name`, `material_id`, `material_name`, `file_name`, `file_path`, `size_description`, `size_value`, `size_unit`, `qty`, `sisi`, `base_price`, `calculated_price`, `subtotal`, `finishing_note`, `production_status`, `item_started_at`, `item_finished_at`, `is_cancelled`, `cancelled_at`, `created_at`, `updated_at`, `cancelled_by`, `cancel_reason`) VALUES ('168', '104', '21', 'Versant', '68', 'LAMINASI A3 GLOSSY', 'cik ly', NULL, '1x1', '1.0000', 'pcs', '2', '1', '1500.00', '1500.00', '3000.00', NULL, 'proses_cetak', '2026-03-02 16:15:25', NULL, '0', NULL, '2026-03-02 15:49:40', '2026-03-02 16:15:25', NULL, NULL);
INSERT INTO `order_items` (`id`, `order_id`, `product_id`, `product_name`, `material_id`, `material_name`, `file_name`, `file_path`, `size_description`, `size_value`, `size_unit`, `qty`, `sisi`, `base_price`, `calculated_price`, `subtotal`, `finishing_note`, `production_status`, `item_started_at`, `item_finished_at`, `is_cancelled`, `cancelled_at`, `created_at`, `updated_at`, `cancelled_by`, `cancel_reason`) VALUES ('169', '105', '21', 'Versant', '59', 'STICKER VINLY A3', 'DF PARFUME', NULL, '1x1', '1.0000', 'lembar', '3', '1', '8100.00', '8100.00', '24300.00', NULL, 'proses_cetak', '2026-03-02 16:15:28', NULL, '0', NULL, '2026-03-02 15:54:09', '2026-03-02 16:15:28', NULL, NULL);
INSERT INTO `order_items` (`id`, `order_id`, `product_id`, `product_name`, `material_id`, `material_name`, `file_name`, `file_path`, `size_description`, `size_value`, `size_unit`, `qty`, `sisi`, `base_price`, `calculated_price`, `subtotal`, `finishing_note`, `production_status`, `item_started_at`, `item_finished_at`, `is_cancelled`, `cancelled_at`, `created_at`, `updated_at`, `cancelled_by`, `cancel_reason`) VALUES ('170', '105', '21', 'Versant', '68', 'LAMINASI A3 GLOSSY', 'DF PARFUME', NULL, '1x1', '1.0000', 'pcs', '3', '1', '1500.00', '1500.00', '4500.00', NULL, 'proses_cetak', '2026-03-02 16:15:31', NULL, '0', NULL, '2026-03-02 15:54:09', '2026-03-02 16:15:31', NULL, NULL);
INSERT INTO `order_items` (`id`, `order_id`, `product_id`, `product_name`, `material_id`, `material_name`, `file_name`, `file_path`, `size_description`, `size_value`, `size_unit`, `qty`, `sisi`, `base_price`, `calculated_price`, `subtotal`, `finishing_note`, `production_status`, `item_started_at`, `item_finished_at`, `is_cancelled`, `cancelled_at`, `created_at`, `updated_at`, `cancelled_by`, `cancel_reason`) VALUES ('171', '105', '24', 'Jasa', '91', 'CUTTING A3 KIS CUT', 'DF PARFUME', NULL, '1x1', '1.0000', 'lembar', '3', '1', '2500.00', '2500.00', '7500.00', NULL, 'pending', NULL, NULL, '0', NULL, '2026-03-02 15:54:09', '2026-03-02 15:54:09', NULL, NULL);
INSERT INTO `order_items` (`id`, `order_id`, `product_id`, `product_name`, `material_id`, `material_name`, `file_name`, `file_path`, `size_description`, `size_value`, `size_unit`, `qty`, `sisi`, `base_price`, `calculated_price`, `subtotal`, `finishing_note`, `production_status`, `item_started_at`, `item_finished_at`, `is_cancelled`, `cancelled_at`, `created_at`, `updated_at`, `cancelled_by`, `cancel_reason`) VALUES ('172', '106', '21', 'Versant', '59', 'STICKER VINLY A3', 'zainal stiker', NULL, '1x1', '1.0000', 'lembar', '9', '1', '8100.00', '8100.00', '72900.00', NULL, 'selesai', '2026-03-02 16:15:34', '2026-03-02 16:16:50', '0', NULL, '2026-03-02 15:58:46', '2026-03-02 16:16:50', NULL, NULL);
INSERT INTO `order_items` (`id`, `order_id`, `product_id`, `product_name`, `material_id`, `material_name`, `file_name`, `file_path`, `size_description`, `size_value`, `size_unit`, `qty`, `sisi`, `base_price`, `calculated_price`, `subtotal`, `finishing_note`, `production_status`, `item_started_at`, `item_finished_at`, `is_cancelled`, `cancelled_at`, `created_at`, `updated_at`, `cancelled_by`, `cancel_reason`) VALUES ('173', '106', '24', 'Jasa', '91', 'CUTTING A3 KIS CUT', 'zainal stiker', NULL, '1x1', '1.0000', 'lembar', '9', '1', '2500.00', '2500.00', '22500.00', NULL, 'pending', NULL, NULL, '0', NULL, '2026-03-02 15:58:46', '2026-03-02 15:58:46', NULL, NULL);
INSERT INTO `order_items` (`id`, `order_id`, `product_id`, `product_name`, `material_id`, `material_name`, `file_name`, `file_path`, `size_description`, `size_value`, `size_unit`, `qty`, `sisi`, `base_price`, `calculated_price`, `subtotal`, `finishing_note`, `production_status`, `item_started_at`, `item_finished_at`, `is_cancelled`, `cancelled_at`, `created_at`, `updated_at`, `cancelled_by`, `cancel_reason`) VALUES ('174', '107', '22', 'Indoor', '61', 'STICKER VINLY METERAN', 'stop bullying', NULL, '40x60', '0.2400', 'm2', '1', '1', '70000.00', '70000.00', '70000.00', NULL, 'pending', NULL, NULL, '0', NULL, '2026-03-02 15:59:33', '2026-03-02 15:59:33', NULL, NULL);
INSERT INTO `order_items` (`id`, `order_id`, `product_id`, `product_name`, `material_id`, `material_name`, `file_name`, `file_path`, `size_description`, `size_value`, `size_unit`, `qty`, `sisi`, `base_price`, `calculated_price`, `subtotal`, `finishing_note`, `production_status`, `item_started_at`, `item_finished_at`, `is_cancelled`, `cancelled_at`, `created_at`, `updated_at`, `cancelled_by`, `cancel_reason`) VALUES ('175', '108', '21', 'Versant', '50', 'ART KARTON 310 GSM', 'shalinan', NULL, '1x1', '1.0000', 'lembar', '28', '2', '3900.00', '3900.00', '109200.00', NULL, 'selesai', '2026-03-02 16:15:37', '2026-03-02 16:16:54', '0', NULL, '2026-03-02 16:01:50', '2026-03-02 16:16:54', NULL, NULL);
INSERT INTO `order_items` (`id`, `order_id`, `product_id`, `product_name`, `material_id`, `material_name`, `file_name`, `file_path`, `size_description`, `size_value`, `size_unit`, `qty`, `sisi`, `base_price`, `calculated_price`, `subtotal`, `finishing_note`, `production_status`, `item_started_at`, `item_finished_at`, `is_cancelled`, `cancelled_at`, `created_at`, `updated_at`, `cancelled_by`, `cancel_reason`) VALUES ('176', '109', '21', 'Versant', '44', 'ART PAPPER 120 GSM', 'voucher 1', NULL, '1x1', '1.0000', 'lembar', '2', '2', '3400.00', '3400.00', '6800.00', NULL, 'selesai', '2026-03-02 16:42:06', '2026-03-02 16:50:09', '0', NULL, '2026-03-02 16:28:50', '2026-03-02 16:50:09', NULL, NULL);
INSERT INTO `order_items` (`id`, `order_id`, `product_id`, `product_name`, `material_id`, `material_name`, `file_name`, `file_path`, `size_description`, `size_value`, `size_unit`, `qty`, `sisi`, `base_price`, `calculated_price`, `subtotal`, `finishing_note`, `production_status`, `item_started_at`, `item_finished_at`, `is_cancelled`, `cancelled_at`, `created_at`, `updated_at`, `cancelled_by`, `cancel_reason`) VALUES ('177', '109', '21', 'Versant', '44', 'ART PAPPER 120 GSM', 'special 0203', NULL, '1x1', '1.0000', 'lembar', '20', '1', '2200.00', '2200.00', '44000.00', 'masing masing 10', 'proses_cetak', '2026-03-02 16:42:13', NULL, '0', NULL, '2026-03-02 16:28:50', '2026-03-02 16:42:13', NULL, NULL);
INSERT INTO `order_items` (`id`, `order_id`, `product_id`, `product_name`, `material_id`, `material_name`, `file_name`, `file_path`, `size_description`, `size_value`, `size_unit`, `qty`, `sisi`, `base_price`, `calculated_price`, `subtotal`, `finishing_note`, `production_status`, `item_started_at`, `item_finished_at`, `is_cancelled`, `cancelled_at`, `created_at`, `updated_at`, `cancelled_by`, `cancel_reason`) VALUES ('178', '110', '21', 'Versant', '47', 'ART KARTON  210 GSM', 'yasin musni', NULL, '1x1', '1.0000', 'lembar', '81', '1', '2400.00', '2400.00', '194400.00', 'CETAK 1 DULU', 'proses_cetak', '2026-03-02 16:42:17', NULL, '0', NULL, '2026-03-02 16:32:54', '2026-03-02 16:42:17', NULL, NULL);
INSERT INTO `order_items` (`id`, `order_id`, `product_id`, `product_name`, `material_id`, `material_name`, `file_name`, `file_path`, `size_description`, `size_value`, `size_unit`, `qty`, `sisi`, `base_price`, `calculated_price`, `subtotal`, `finishing_note`, `production_status`, `item_started_at`, `item_finished_at`, `is_cancelled`, `cancelled_at`, `created_at`, `updated_at`, `cancelled_by`, `cancel_reason`) VALUES ('179', '110', '21', 'Versant', '67', 'LAMINASI A3 MATTE', 'yasin musni', NULL, '1x1', '1.0000', 'pcs', '81', '1', '1500.00', '1500.00', '121500.00', NULL, 'proses_cetak', '2026-03-02 16:42:24', NULL, '0', NULL, '2026-03-02 16:32:54', '2026-03-02 16:42:24', NULL, NULL);
INSERT INTO `order_items` (`id`, `order_id`, `product_id`, `product_name`, `material_id`, `material_name`, `file_name`, `file_path`, `size_description`, `size_value`, `size_unit`, `qty`, `sisi`, `base_price`, `calculated_price`, `subtotal`, `finishing_note`, `production_status`, `item_started_at`, `item_finished_at`, `is_cancelled`, `cancelled_at`, `created_at`, `updated_at`, `cancelled_by`, `cancel_reason`) VALUES ('180', '111', '25', 'PROMO KROMO RAMADHAN', '103', 'PROMO KROMO RAMADHAN', 'wanga prz item', NULL, '1x1', '1.0000', 'LEMBAR', '2', '1', '5000.00', '5000.00', '10000.00', NULL, 'pending', NULL, NULL, '0', NULL, '2026-03-02 16:35:03', '2026-03-02 16:35:03', NULL, NULL);
INSERT INTO `order_items` (`id`, `order_id`, `product_id`, `product_name`, `material_id`, `material_name`, `file_name`, `file_path`, `size_description`, `size_value`, `size_unit`, `qty`, `sisi`, `base_price`, `calculated_price`, `subtotal`, `finishing_note`, `production_status`, `item_started_at`, `item_finished_at`, `is_cancelled`, `cancelled_at`, `created_at`, `updated_at`, `cancelled_by`, `cancel_reason`) VALUES ('181', '112', '22', 'Indoor', NULL, 'STICKER VINLY METERAN', 'stiker', NULL, '6x0.3', '1.8000', 'm2', '1', '1', '75000.00', '135000.00', '135000.00', NULL, 'pending', NULL, NULL, '0', NULL, '2026-03-02 16:35:21', '2026-03-02 16:35:41', NULL, NULL);
INSERT INTO `order_items` (`id`, `order_id`, `product_id`, `product_name`, `material_id`, `material_name`, `file_name`, `file_path`, `size_description`, `size_value`, `size_unit`, `qty`, `sisi`, `base_price`, `calculated_price`, `subtotal`, `finishing_note`, `production_status`, `item_started_at`, `item_finished_at`, `is_cancelled`, `cancelled_at`, `created_at`, `updated_at`, `cancelled_by`, `cancel_reason`) VALUES ('182', '113', '21', 'Versant', '49', 'ART KARTON 260 GSM', 'hamperscake', NULL, '1x1', '1.0000', 'lembar', '2', '1', '2900.00', '2900.00', '5800.00', NULL, 'proses_cetak', '2026-03-02 16:42:27', NULL, '0', NULL, '2026-03-02 16:37:56', '2026-03-02 16:42:27', NULL, NULL);
INSERT INTO `order_items` (`id`, `order_id`, `product_id`, `product_name`, `material_id`, `material_name`, `file_name`, `file_path`, `size_description`, `size_value`, `size_unit`, `qty`, `sisi`, `base_price`, `calculated_price`, `subtotal`, `finishing_note`, `production_status`, `item_started_at`, `item_finished_at`, `is_cancelled`, `cancelled_at`, `created_at`, `updated_at`, `cancelled_by`, `cancel_reason`) VALUES ('183', '113', '21', 'Versant', '68', 'LAMINASI A3 GLOSSY', 'hamperscake', NULL, '1x1', '1.0000', 'pcs', '2', '1', '1500.00', '1500.00', '3000.00', NULL, 'proses_cetak', '2026-03-02 16:42:32', NULL, '0', NULL, '2026-03-02 16:37:56', '2026-03-02 16:42:32', NULL, NULL);
INSERT INTO `order_items` (`id`, `order_id`, `product_id`, `product_name`, `material_id`, `material_name`, `file_name`, `file_path`, `size_description`, `size_value`, `size_unit`, `qty`, `sisi`, `base_price`, `calculated_price`, `subtotal`, `finishing_note`, `production_status`, `item_started_at`, `item_finished_at`, `is_cancelled`, `cancelled_at`, `created_at`, `updated_at`, `cancelled_by`, `cancel_reason`) VALUES ('184', '114', '23', 'Outdoor', '85', 'FLEKSI BENNER 280 GSM', 'folder visual motif', NULL, '1.22x2.42', '2.9500', 'm2', '2', '1', '15000.00', '44250.00', '88500.00', NULL, 'pending', NULL, NULL, '0', NULL, '2026-03-02 16:40:32', '2026-03-02 16:40:32', NULL, NULL);
INSERT INTO `order_items` (`id`, `order_id`, `product_id`, `product_name`, `material_id`, `material_name`, `file_name`, `file_path`, `size_description`, `size_value`, `size_unit`, `qty`, `sisi`, `base_price`, `calculated_price`, `subtotal`, `finishing_note`, `production_status`, `item_started_at`, `item_finished_at`, `is_cancelled`, `cancelled_at`, `created_at`, `updated_at`, `cancelled_by`, `cancel_reason`) VALUES ('185', '114', '23', 'Outdoor', '85', 'FLEKSI BENNER 280 GSM', 'folder visual motif', NULL, '1.98x0.3', '0.5900', 'm2', '4', '1', '15000.00', '15000.00', '60000.00', NULL, 'pending', NULL, NULL, '0', NULL, '2026-03-02 16:40:32', '2026-03-02 16:40:32', NULL, NULL);
INSERT INTO `order_items` (`id`, `order_id`, `product_id`, `product_name`, `material_id`, `material_name`, `file_name`, `file_path`, `size_description`, `size_value`, `size_unit`, `qty`, `sisi`, `base_price`, `calculated_price`, `subtotal`, `finishing_note`, `production_status`, `item_started_at`, `item_finished_at`, `is_cancelled`, `cancelled_at`, `created_at`, `updated_at`, `cancelled_by`, `cancel_reason`) VALUES ('186', '114', '23', 'Outdoor', '85', 'FLEKSI BENNER 280 GSM', 'folder visual motif', NULL, '2.6x0.2', '0.5200', 'm2', '4', '1', '15000.00', '15000.00', '60000.00', NULL, 'pending', NULL, NULL, '0', NULL, '2026-03-02 16:40:32', '2026-03-02 16:40:32', NULL, NULL);
INSERT INTO `order_items` (`id`, `order_id`, `product_id`, `product_name`, `material_id`, `material_name`, `file_name`, `file_path`, `size_description`, `size_value`, `size_unit`, `qty`, `sisi`, `base_price`, `calculated_price`, `subtotal`, `finishing_note`, `production_status`, `item_started_at`, `item_finished_at`, `is_cancelled`, `cancelled_at`, `created_at`, `updated_at`, `cancelled_by`, `cancel_reason`) VALUES ('187', '114', '23', 'Outdoor', '85', 'FLEKSI BENNER 280 GSM', 'folder visual motif', NULL, '2.6x0.4', '1.0400', 'm2', '4', '1', '15000.00', '15600.00', '62400.00', NULL, 'pending', NULL, NULL, '0', NULL, '2026-03-02 16:40:32', '2026-03-02 16:40:32', NULL, NULL);
INSERT INTO `order_items` (`id`, `order_id`, `product_id`, `product_name`, `material_id`, `material_name`, `file_name`, `file_path`, `size_description`, `size_value`, `size_unit`, `qty`, `sisi`, `base_price`, `calculated_price`, `subtotal`, `finishing_note`, `production_status`, `item_started_at`, `item_finished_at`, `is_cancelled`, `cancelled_at`, `created_at`, `updated_at`, `cancelled_by`, `cancel_reason`) VALUES ('188', '114', '23', 'Outdoor', '85', 'FLEKSI BENNER 280 GSM', 'folder visual motif', NULL, '3.21x0.45', '1.4400', 'm2', '4', '1', '15000.00', '21600.00', '86400.00', NULL, 'pending', NULL, NULL, '0', NULL, '2026-03-02 16:40:32', '2026-03-02 16:40:32', NULL, NULL);
INSERT INTO `order_items` (`id`, `order_id`, `product_id`, `product_name`, `material_id`, `material_name`, `file_name`, `file_path`, `size_description`, `size_value`, `size_unit`, `qty`, `sisi`, `base_price`, `calculated_price`, `subtotal`, `finishing_note`, `production_status`, `item_started_at`, `item_finished_at`, `is_cancelled`, `cancelled_at`, `created_at`, `updated_at`, `cancelled_by`, `cancel_reason`) VALUES ('189', '114', '23', 'Outdoor', '85', 'FLEKSI BENNER 280 GSM', 'folder visual motif', NULL, '3.44x0.8', '2.7500', 'm2', '1', '1', '15000.00', '41250.00', '41250.00', NULL, 'pending', NULL, NULL, '0', NULL, '2026-03-02 16:40:32', '2026-03-02 16:40:32', NULL, NULL);
INSERT INTO `order_items` (`id`, `order_id`, `product_id`, `product_name`, `material_id`, `material_name`, `file_name`, `file_path`, `size_description`, `size_value`, `size_unit`, `qty`, `sisi`, `base_price`, `calculated_price`, `subtotal`, `finishing_note`, `production_status`, `item_started_at`, `item_finished_at`, `is_cancelled`, `cancelled_at`, `created_at`, `updated_at`, `cancelled_by`, `cancel_reason`) VALUES ('190', '115', '21', 'Versant', '59', 'STICKER VINLY A3', 'MINI ONE 1', NULL, '1x1', '1.0000', 'lembar', '3', '1', '8100.00', '8100.00', '24300.00', NULL, 'pending', NULL, NULL, '0', NULL, '2026-03-02 16:43:56', '2026-03-02 16:43:56', NULL, NULL);
INSERT INTO `order_items` (`id`, `order_id`, `product_id`, `product_name`, `material_id`, `material_name`, `file_name`, `file_path`, `size_description`, `size_value`, `size_unit`, `qty`, `sisi`, `base_price`, `calculated_price`, `subtotal`, `finishing_note`, `production_status`, `item_started_at`, `item_finished_at`, `is_cancelled`, `cancelled_at`, `created_at`, `updated_at`, `cancelled_by`, `cancel_reason`) VALUES ('191', '115', '24', 'Jasa', '91', 'CUTTING A3 KIS CUT', 'MINI ONE 1', NULL, '1x1', '1.0000', 'lembar', '3', '1', '2500.00', '2500.00', '7500.00', NULL, 'pending', NULL, NULL, '0', NULL, '2026-03-02 16:43:56', '2026-03-02 16:43:56', NULL, NULL);
INSERT INTO `order_items` (`id`, `order_id`, `product_id`, `product_name`, `material_id`, `material_name`, `file_name`, `file_path`, `size_description`, `size_value`, `size_unit`, `qty`, `sisi`, `base_price`, `calculated_price`, `subtotal`, `finishing_note`, `production_status`, `item_started_at`, `item_finished_at`, `is_cancelled`, `cancelled_at`, `created_at`, `updated_at`, `cancelled_by`, `cancel_reason`) VALUES ('192', '116', '22', 'Indoor', NULL, 'STICKER VINLY METERAN', 'M2REPAIR', NULL, '200X100', '2.0000', 'm2', '1', '1', '70000.00', '140000.00', '140000.00', NULL, 'pending', NULL, NULL, '0', NULL, '2026-03-02 16:51:14', '2026-03-02 16:51:45', NULL, NULL);
INSERT INTO `order_items` (`id`, `order_id`, `product_id`, `product_name`, `material_id`, `material_name`, `file_name`, `file_path`, `size_description`, `size_value`, `size_unit`, `qty`, `sisi`, `base_price`, `calculated_price`, `subtotal`, `finishing_note`, `production_status`, `item_started_at`, `item_finished_at`, `is_cancelled`, `cancelled_at`, `created_at`, `updated_at`, `cancelled_by`, `cancel_reason`) VALUES ('193', '116', '22', 'Indoor', NULL, 'LAMINASI METERAN GLOSSY', 'M2REPAIR', NULL, '200X100', '2.0000', 'm2', '1', '1', '15000.00', '30000.00', '30000.00', 'minta jadi besok ya kak', 'pending', NULL, NULL, '0', NULL, '2026-03-02 16:51:14', '2026-03-02 16:51:45', NULL, NULL);
INSERT INTO `order_items` (`id`, `order_id`, `product_id`, `product_name`, `material_id`, `material_name`, `file_name`, `file_path`, `size_description`, `size_value`, `size_unit`, `qty`, `sisi`, `base_price`, `calculated_price`, `subtotal`, `finishing_note`, `production_status`, `item_started_at`, `item_finished_at`, `is_cancelled`, `cancelled_at`, `created_at`, `updated_at`, `cancelled_by`, `cancel_reason`) VALUES ('194', '117', '22', 'Indoor', NULL, 'STICKER VINLY METERAN', 'HASIL BUMI', NULL, '420X120', '5.0400', 'm2', '1', '1', '70000.00', '352800.00', '352800.00', NULL, 'pending', NULL, NULL, '0', NULL, '2026-03-02 16:56:05', '2026-03-02 16:56:53', NULL, NULL);
INSERT INTO `order_items` (`id`, `order_id`, `product_id`, `product_name`, `material_id`, `material_name`, `file_name`, `file_path`, `size_description`, `size_value`, `size_unit`, `qty`, `sisi`, `base_price`, `calculated_price`, `subtotal`, `finishing_note`, `production_status`, `item_started_at`, `item_finished_at`, `is_cancelled`, `cancelled_at`, `created_at`, `updated_at`, `cancelled_by`, `cancel_reason`) VALUES ('195', '117', '22', 'Indoor', NULL, 'LAMINASI METERAN GLOSSY', 'HASIL BUMI', NULL, '420X120', '5.0400', 'm2', '1', '1', '15000.00', '75600.00', '75600.00', 'minta besok semua ya kak', 'pending', NULL, NULL, '0', NULL, '2026-03-02 16:56:05', '2026-03-02 16:56:53', NULL, NULL);
INSERT INTO `order_items` (`id`, `order_id`, `product_id`, `product_name`, `material_id`, `material_name`, `file_name`, `file_path`, `size_description`, `size_value`, `size_unit`, `qty`, `sisi`, `base_price`, `calculated_price`, `subtotal`, `finishing_note`, `production_status`, `item_started_at`, `item_finished_at`, `is_cancelled`, `cancelled_at`, `created_at`, `updated_at`, `cancelled_by`, `cancel_reason`) VALUES ('196', '118', '22', 'Indoor', '61', 'STICKER VINLY METERAN', 'LPG  SALIM', NULL, '195X45', '0.8800', 'm2', '1', '1', '70000.00', '70000.00', '70000.00', NULL, 'pending', NULL, NULL, '0', NULL, '2026-03-02 16:59:33', '2026-03-02 16:59:33', NULL, NULL);
INSERT INTO `order_items` (`id`, `order_id`, `product_id`, `product_name`, `material_id`, `material_name`, `file_name`, `file_path`, `size_description`, `size_value`, `size_unit`, `qty`, `sisi`, `base_price`, `calculated_price`, `subtotal`, `finishing_note`, `production_status`, `item_started_at`, `item_finished_at`, `is_cancelled`, `cancelled_at`, `created_at`, `updated_at`, `cancelled_by`, `cancel_reason`) VALUES ('197', '118', '22', 'Indoor', '82', 'LAMINASI METERAN GLOSSY', 'LPG  SALIM', NULL, '195X45', '0.8800', 'm2', '1', '1', '15000.00', '15000.00', '15000.00', NULL, 'pending', NULL, NULL, '0', NULL, '2026-03-02 16:59:33', '2026-03-02 16:59:33', NULL, NULL);
INSERT INTO `order_items` (`id`, `order_id`, `product_id`, `product_name`, `material_id`, `material_name`, `file_name`, `file_path`, `size_description`, `size_value`, `size_unit`, `qty`, `sisi`, `base_price`, `calculated_price`, `subtotal`, `finishing_note`, `production_status`, `item_started_at`, `item_finished_at`, `is_cancelled`, `cancelled_at`, `created_at`, `updated_at`, `cancelled_by`, `cancel_reason`) VALUES ('198', '119', '23', 'Outdoor', '85', 'FLEKSI BENNER 280 GSM', '7 KEBIASAAN', NULL, '65X85', '0.5500', 'm2', '1', '1', '15000.00', '15000.00', '8250.00', 'lebih bahan', 'pending', NULL, NULL, '0', NULL, '2026-03-02 17:02:10', '2026-03-02 17:04:33', NULL, NULL);
INSERT INTO `order_items` (`id`, `order_id`, `product_id`, `product_name`, `material_id`, `material_name`, `file_name`, `file_path`, `size_description`, `size_value`, `size_unit`, `qty`, `sisi`, `base_price`, `calculated_price`, `subtotal`, `finishing_note`, `production_status`, `item_started_at`, `item_finished_at`, `is_cancelled`, `cancelled_at`, `created_at`, `updated_at`, `cancelled_by`, `cancel_reason`) VALUES ('199', '120', '22', 'Indoor', '61', 'STICKER VINLY METERAN', 'SUMBER NIAGA', NULL, '230X74', '1.7000', 'm2', '1', '1', '70000.00', '119000.00', '119000.00', NULL, 'pending', NULL, NULL, '0', NULL, '2026-03-02 17:02:10', '2026-03-02 17:02:10', NULL, NULL);
INSERT INTO `order_items` (`id`, `order_id`, `product_id`, `product_name`, `material_id`, `material_name`, `file_name`, `file_path`, `size_description`, `size_value`, `size_unit`, `qty`, `sisi`, `base_price`, `calculated_price`, `subtotal`, `finishing_note`, `production_status`, `item_started_at`, `item_finished_at`, `is_cancelled`, `cancelled_at`, `created_at`, `updated_at`, `cancelled_by`, `cancel_reason`) VALUES ('200', '120', '22', 'Indoor', '82', 'LAMINASI METERAN GLOSSY', 'SUMBER NIAGA', NULL, '230X74', '1.7000', 'm2', '1', '1', '15000.00', '25500.00', '25500.00', NULL, 'pending', NULL, NULL, '0', NULL, '2026-03-02 17:02:10', '2026-03-02 17:02:10', NULL, NULL);
INSERT INTO `order_items` (`id`, `order_id`, `product_id`, `product_name`, `material_id`, `material_name`, `file_name`, `file_path`, `size_description`, `size_value`, `size_unit`, `qty`, `sisi`, `base_price`, `calculated_price`, `subtotal`, `finishing_note`, `production_status`, `item_started_at`, `item_finished_at`, `is_cancelled`, `cancelled_at`, `created_at`, `updated_at`, `cancelled_by`, `cancel_reason`) VALUES ('201', '121', '22', 'Indoor', '61', 'STICKER VINLY METERAN', 'ELPIGI SALIM', NULL, '239X72', '1.7200', 'm2', '1', '1', '70000.00', '120400.00', '120400.00', NULL, 'pending', NULL, NULL, '0', NULL, '2026-03-02 17:04:27', '2026-03-02 17:04:27', NULL, NULL);
INSERT INTO `order_items` (`id`, `order_id`, `product_id`, `product_name`, `material_id`, `material_name`, `file_name`, `file_path`, `size_description`, `size_value`, `size_unit`, `qty`, `sisi`, `base_price`, `calculated_price`, `subtotal`, `finishing_note`, `production_status`, `item_started_at`, `item_finished_at`, `is_cancelled`, `cancelled_at`, `created_at`, `updated_at`, `cancelled_by`, `cancel_reason`) VALUES ('202', '121', '22', 'Indoor', '82', 'LAMINASI METERAN GLOSSY', 'ELPIGI SALIM', NULL, '239X72', '1.7200', 'm2', '1', '1', '15000.00', '25800.00', '25800.00', NULL, 'pending', NULL, NULL, '0', NULL, '2026-03-02 17:04:27', '2026-03-02 17:04:27', NULL, NULL);
INSERT INTO `order_items` (`id`, `order_id`, `product_id`, `product_name`, `material_id`, `material_name`, `file_name`, `file_path`, `size_description`, `size_value`, `size_unit`, `qty`, `sisi`, `base_price`, `calculated_price`, `subtotal`, `finishing_note`, `production_status`, `item_started_at`, `item_finished_at`, `is_cancelled`, `cancelled_at`, `created_at`, `updated_at`, `cancelled_by`, `cancel_reason`) VALUES ('203', '122', '21', 'Versant', NULL, 'STICKER CHROMO', 'sogon', NULL, '1x1', '1.0000', 'lembar', '21', '1', '3300.00', '3300.00', '69300.00', 'p1=5 p2=2 p3=7 p4=6', 'pending', NULL, NULL, '0', NULL, '2026-03-02 17:11:01', '2026-03-02 17:12:27', NULL, NULL);

-- Table: orders
CREATE TABLE `orders` (
  `id` bigint(20) unsigned NOT NULL AUTO_INCREMENT,
  `invoice_number` varchar(255) NOT NULL,
  `customer_id` bigint(20) unsigned DEFAULT NULL,
  `customer_name` varchar(255) NOT NULL,
  `customer_phone` varchar(255) DEFAULT NULL,
  `notes` text DEFAULT NULL,
  `total_price` decimal(15,2) NOT NULL,
  `paid_amount` decimal(15,2) NOT NULL DEFAULT 0.00,
  `change_amount` decimal(15,2) NOT NULL DEFAULT 0.00,
  `payment_status` enum('unpaid','partial','paid') DEFAULT 'unpaid',
  `is_credit` tinyint(1) NOT NULL DEFAULT 0,
  `paid_at` timestamp NULL DEFAULT NULL,
  `production_status` enum('pending','proses_cetak','finishing','selesai') NOT NULL DEFAULT 'pending',
  `pickup_status` enum('not_picked_up','picked_up') NOT NULL DEFAULT 'not_picked_up',
  `picked_up_at` timestamp NULL DEFAULT NULL,
  `started_at` timestamp NULL DEFAULT NULL,
  `finished_at` timestamp NULL DEFAULT NULL,
  `designer_id` bigint(20) unsigned NOT NULL,
  `cashier_id` bigint(20) unsigned DEFAULT NULL,
  `operator_id` bigint(20) unsigned DEFAULT NULL,
  `spk_printed` tinyint(1) NOT NULL DEFAULT 0,
  `spk_printed_at` timestamp NULL DEFAULT NULL,
  `is_cancelled` tinyint(1) NOT NULL DEFAULT 0,
  `cancelled_at` timestamp NULL DEFAULT NULL,
  `created_at` timestamp NULL DEFAULT NULL,
  `updated_at` timestamp NULL DEFAULT NULL,
  `cancelled_by` bigint(20) unsigned DEFAULT NULL,
  `cancel_reason` text DEFAULT NULL,
  PRIMARY KEY (`id`),
  UNIQUE KEY `orders_invoice_number_unique` (`invoice_number`),
  KEY `orders_designer_id_foreign` (`designer_id`),
  KEY `orders_cashier_id_foreign` (`cashier_id`),
  KEY `orders_operator_id_foreign` (`operator_id`),
  KEY `orders_payment_status_index` (`payment_status`),
  KEY `orders_production_status_index` (`production_status`),
  KEY `orders_created_at_index` (`created_at`),
  KEY `orders_customer_id_foreign` (`customer_id`),
  KEY `orders_pickup_status_index` (`pickup_status`),
  KEY `orders_cancelled_by_foreign` (`cancelled_by`),
  KEY `orders_is_cancelled_index` (`is_cancelled`),
  CONSTRAINT `orders_cancelled_by_foreign` FOREIGN KEY (`cancelled_by`) REFERENCES `users` (`id`) ON DELETE SET NULL,
  CONSTRAINT `orders_cashier_id_foreign` FOREIGN KEY (`cashier_id`) REFERENCES `users` (`id`) ON DELETE SET NULL,
  CONSTRAINT `orders_customer_id_foreign` FOREIGN KEY (`customer_id`) REFERENCES `customers` (`id`) ON DELETE SET NULL,
  CONSTRAINT `orders_designer_id_foreign` FOREIGN KEY (`designer_id`) REFERENCES `users` (`id`) ON DELETE CASCADE,
  CONSTRAINT `orders_operator_id_foreign` FOREIGN KEY (`operator_id`) REFERENCES `users` (`id`) ON DELETE SET NULL
) ENGINE=InnoDB AUTO_INCREMENT=123 DEFAULT CHARSET=utf8mb4 COLLATE=utf8mb4_unicode_ci;

INSERT INTO `orders` (`id`, `invoice_number`, `customer_id`, `customer_name`, `customer_phone`, `notes`, `total_price`, `paid_amount`, `change_amount`, `payment_status`, `is_credit`, `paid_at`, `production_status`, `pickup_status`, `picked_up_at`, `started_at`, `finished_at`, `designer_id`, `cashier_id`, `operator_id`, `spk_printed`, `spk_printed_at`, `is_cancelled`, `cancelled_at`, `created_at`, `updated_at`, `cancelled_by`, `cancel_reason`) VALUES ('17', 'INV-20260302-0001', '4', 'RIZFAL', '+62 857-6807-2505', '@10 GLOSY', '242000.00', '0.00', '0.00', 'unpaid', '1', NULL, 'selesai', 'not_picked_up', NULL, '2026-03-02 11:29:46', '2026-03-02 14:52:48', '20', NULL, '17', '1', '2026-03-02 10:09:29', '0', NULL, '2026-03-02 10:08:57', '2026-03-02 14:52:48', NULL, NULL);
INSERT INTO `orders` (`id`, `invoice_number`, `customer_id`, `customer_name`, `customer_phone`, `notes`, `total_price`, `paid_amount`, `change_amount`, `payment_status`, `is_credit`, `paid_at`, `production_status`, `pickup_status`, `picked_up_at`, `started_at`, `finished_at`, `designer_id`, `cashier_id`, `operator_id`, `spk_printed`, `spk_printed_at`, `is_cancelled`, `cancelled_at`, `created_at`, `updated_at`, `cancelled_by`, `cancel_reason`) VALUES ('18', 'INV-20260302-0002', '3', 'Livina', '085768038613', NULL, '155400.00', '0.00', '0.00', 'unpaid', '1', NULL, 'selesai', 'not_picked_up', NULL, '2026-03-02 11:30:43', '2026-03-02 12:35:53', '3', NULL, '17', '1', '2026-03-02 10:13:31', '0', NULL, '2026-03-02 10:10:46', '2026-03-02 12:35:53', NULL, NULL);
INSERT INTO `orders` (`id`, `invoice_number`, `customer_id`, `customer_name`, `customer_phone`, `notes`, `total_price`, `paid_amount`, `change_amount`, `payment_status`, `is_credit`, `paid_at`, `production_status`, `pickup_status`, `picked_up_at`, `started_at`, `finished_at`, `designer_id`, `cashier_id`, `operator_id`, `spk_printed`, `spk_printed_at`, `is_cancelled`, `cancelled_at`, `created_at`, `updated_at`, `cancelled_by`, `cancel_reason`) VALUES ('19', 'INV-20260302-0003', '5', 'NERO', '082372153196', 'cetak 2 rangkap', '48000.00', '48000.00', '0.00', 'paid', '1', '2026-03-02 13:37:10', 'selesai', 'picked_up', '2026-03-02 13:47:33', '2026-03-02 11:39:45', '2026-03-02 12:04:34', '19', '16', '17', '1', '2026-03-02 10:29:38', '0', NULL, '2026-03-02 10:18:14', '2026-03-02 13:47:33', NULL, NULL);
INSERT INTO `orders` (`id`, `invoice_number`, `customer_id`, `customer_name`, `customer_phone`, `notes`, `total_price`, `paid_amount`, `change_amount`, `payment_status`, `is_credit`, `paid_at`, `production_status`, `pickup_status`, `picked_up_at`, `started_at`, `finished_at`, `designer_id`, `cashier_id`, `operator_id`, `spk_printed`, `spk_printed_at`, `is_cancelled`, `cancelled_at`, `created_at`, `updated_at`, `cancelled_by`, `cancel_reason`) VALUES ('20', 'INV-20260302-0004', '6', 'PAK WIN', '081273680404', 'DITUNGGU', '20000.00', '50000.00', '30000.00', 'paid', '1', '2026-03-02 11:14:54', 'selesai', 'picked_up', '2026-03-02 15:39:05', '2026-03-02 11:39:52', '2026-03-02 14:52:51', '20', '16', '17', '1', '2026-03-02 10:20:38', '0', NULL, '2026-03-02 10:20:34', '2026-03-02 15:39:05', NULL, NULL);
INSERT INTO `orders` (`id`, `invoice_number`, `customer_id`, `customer_name`, `customer_phone`, `notes`, `total_price`, `paid_amount`, `change_amount`, `payment_status`, `is_credit`, `paid_at`, `production_status`, `pickup_status`, `picked_up_at`, `started_at`, `finished_at`, `designer_id`, `cashier_id`, `operator_id`, `spk_printed`, `spk_printed_at`, `is_cancelled`, `cancelled_at`, `created_at`, `updated_at`, `cancelled_by`, `cancel_reason`) VALUES ('21', 'INV-20260302-0005', '7', 'Soleh Assalam', '081351415060', NULL, '630000.00', '630000.00', '0.00', 'paid', '1', '2026-03-02 16:35:22', 'selesai', 'not_picked_up', NULL, '2026-03-02 13:36:05', '2026-03-02 14:12:48', '3', '16', '22', '1', '2026-03-02 10:32:35', '0', NULL, '2026-03-02 10:32:24', '2026-03-02 16:35:22', NULL, NULL);
INSERT INTO `orders` (`id`, `invoice_number`, `customer_id`, `customer_name`, `customer_phone`, `notes`, `total_price`, `paid_amount`, `change_amount`, `payment_status`, `is_credit`, `paid_at`, `production_status`, `pickup_status`, `picked_up_at`, `started_at`, `finished_at`, `designer_id`, `cashier_id`, `operator_id`, `spk_printed`, `spk_printed_at`, `is_cancelled`, `cancelled_at`, `created_at`, `updated_at`, `cancelled_by`, `cancel_reason`) VALUES ('22', 'INV-20260302-0006', '8', 'HERY RW', '082282332185', NULL, '26400.00', '0.00', '0.00', 'paid', '1', '2026-03-02 15:10:22', 'selesai', 'picked_up', '2026-03-02 15:38:57', '2026-03-02 11:31:20', '2026-03-02 12:00:14', '20', '16', '17', '1', '2026-03-02 10:34:16', '0', NULL, '2026-03-02 10:34:05', '2026-03-02 15:38:57', NULL, NULL);
INSERT INTO `orders` (`id`, `invoice_number`, `customer_id`, `customer_name`, `customer_phone`, `notes`, `total_price`, `paid_amount`, `change_amount`, `payment_status`, `is_credit`, `paid_at`, `production_status`, `pickup_status`, `picked_up_at`, `started_at`, `finished_at`, `designer_id`, `cashier_id`, `operator_id`, `spk_printed`, `spk_printed_at`, `is_cancelled`, `cancelled_at`, `created_at`, `updated_at`, `cancelled_by`, `cancel_reason`) VALUES ('23', 'INV-20260302-0007', '9', 'ARTHA MEDIA', '082280075655', NULL, '19800.00', '19800.00', '0.00', 'paid', '1', '2026-03-02 11:16:50', 'selesai', 'picked_up', '2026-03-02 12:05:15', '2026-03-02 11:31:30', '2026-03-02 12:00:45', '19', '16', '17', '1', '2026-03-02 10:35:34', '0', NULL, '2026-03-02 10:35:30', '2026-03-02 12:05:15', NULL, NULL);
INSERT INTO `orders` (`id`, `invoice_number`, `customer_id`, `customer_name`, `customer_phone`, `notes`, `total_price`, `paid_amount`, `change_amount`, `payment_status`, `is_credit`, `paid_at`, `production_status`, `pickup_status`, `picked_up_at`, `started_at`, `finished_at`, `designer_id`, `cashier_id`, `operator_id`, `spk_printed`, `spk_printed_at`, `is_cancelled`, `cancelled_at`, `created_at`, `updated_at`, `cancelled_by`, `cancel_reason`) VALUES ('24', 'INV-20260302-0008', '10', 'Asrofi', '082181926820', NULL, '3300.00', '0.00', '0.00', 'unpaid', '1', NULL, 'selesai', 'not_picked_up', NULL, '2026-03-02 11:31:47', '2026-03-02 12:01:14', '3', NULL, '17', '1', '2026-03-02 10:37:54', '0', NULL, '2026-03-02 10:37:42', '2026-03-02 12:01:14', NULL, NULL);
INSERT INTO `orders` (`id`, `invoice_number`, `customer_id`, `customer_name`, `customer_phone`, `notes`, `total_price`, `paid_amount`, `change_amount`, `payment_status`, `is_credit`, `paid_at`, `production_status`, `pickup_status`, `picked_up_at`, `started_at`, `finished_at`, `designer_id`, `cashier_id`, `operator_id`, `spk_printed`, `spk_printed_at`, `is_cancelled`, `cancelled_at`, `created_at`, `updated_at`, `cancelled_by`, `cancel_reason`) VALUES ('25', 'INV-20260302-0009', '8', 'HERY RW', '082282332185', NULL, '97500.00', '0.00', '0.00', 'paid', '1', '2026-03-02 15:10:22', 'selesai', 'picked_up', '2026-03-02 15:38:11', '2026-03-02 11:51:21', '2026-03-02 14:52:54', '20', '16', '17', '1', '2026-03-02 10:46:36', '0', NULL, '2026-03-02 10:45:54', '2026-03-02 15:38:11', NULL, NULL);
INSERT INTO `orders` (`id`, `invoice_number`, `customer_id`, `customer_name`, `customer_phone`, `notes`, `total_price`, `paid_amount`, `change_amount`, `payment_status`, `is_credit`, `paid_at`, `production_status`, `pickup_status`, `picked_up_at`, `started_at`, `finished_at`, `designer_id`, `cashier_id`, `operator_id`, `spk_printed`, `spk_printed_at`, `is_cancelled`, `cancelled_at`, `created_at`, `updated_at`, `cancelled_by`, `cancel_reason`) VALUES ('26', 'INV-20260302-0010', '11', 'Ali Mur', '082269180913', NULL, '310000.00', '0.00', '0.00', 'unpaid', '1', NULL, 'selesai', 'picked_up', '2026-03-02 15:38:17', '2026-03-02 11:32:39', '2026-03-02 12:36:45', '3', NULL, '17', '1', '2026-03-02 10:51:34', '0', NULL, '2026-03-02 10:51:22', '2026-03-02 15:38:17', NULL, NULL);
INSERT INTO `orders` (`id`, `invoice_number`, `customer_id`, `customer_name`, `customer_phone`, `notes`, `total_price`, `paid_amount`, `change_amount`, `payment_status`, `is_credit`, `paid_at`, `production_status`, `pickup_status`, `picked_up_at`, `started_at`, `finished_at`, `designer_id`, `cashier_id`, `operator_id`, `spk_printed`, `spk_printed_at`, `is_cancelled`, `cancelled_at`, `created_at`, `updated_at`, `cancelled_by`, `cancel_reason`) VALUES ('27', 'INV-20260302-0011', '12', 'RICKI', '+62 822-7952-1164', NULL, '24300.00', '0.00', '0.00', 'paid', '1', '2026-03-02 14:01:48', 'selesai', 'picked_up', '2026-03-02 15:38:28', '2026-03-02 11:32:18', '2026-03-02 12:36:37', '20', '16', '17', '1', '2026-03-02 10:56:42', '0', NULL, '2026-03-02 10:56:30', '2026-03-02 15:38:28', NULL, NULL);
INSERT INTO `orders` (`id`, `invoice_number`, `customer_id`, `customer_name`, `customer_phone`, `notes`, `total_price`, `paid_amount`, `change_amount`, `payment_status`, `is_credit`, `paid_at`, `production_status`, `pickup_status`, `picked_up_at`, `started_at`, `finished_at`, `designer_id`, `cashier_id`, `operator_id`, `spk_printed`, `spk_printed_at`, `is_cancelled`, `cancelled_at`, `created_at`, `updated_at`, `cancelled_by`, `cancel_reason`) VALUES ('28', 'INV-20260302-0012', '13', 'ALI MUDI ARIF', '085711114443', 'FILE : enyong lure MUDIN, PAGE  1 : 7 LBR, PAGE 2 : 33 LBR', '193000.00', '0.00', '0.00', 'unpaid', '1', NULL, 'selesai', 'picked_up', '2026-03-02 16:45:07', '2026-03-02 12:17:04', '2026-03-02 14:20:53', '23', NULL, '17', '1', '2026-03-02 11:07:24', '0', NULL, '2026-03-02 11:07:09', '2026-03-02 16:45:07', NULL, NULL);
INSERT INTO `orders` (`id`, `invoice_number`, `customer_id`, `customer_name`, `customer_phone`, `notes`, `total_price`, `paid_amount`, `change_amount`, `payment_status`, `is_credit`, `paid_at`, `production_status`, `pickup_status`, `picked_up_at`, `started_at`, `finished_at`, `designer_id`, `cashier_id`, `operator_id`, `spk_printed`, `spk_printed_at`, `is_cancelled`, `cancelled_at`, `created_at`, `updated_at`, `cancelled_by`, `cancel_reason`) VALUES ('29', 'INV-20260302-0013', '12', 'RICKI', '+62 822-7952-1164', NULL, '3200.00', '0.00', '0.00', 'paid', '1', '2026-03-02 14:01:48', 'selesai', 'picked_up', '2026-03-02 15:38:34', '2026-03-02 11:33:02', '2026-03-02 12:36:50', '20', '16', '17', '1', '2026-03-02 11:07:52', '0', NULL, '2026-03-02 11:07:41', '2026-03-02 15:38:34', NULL, NULL);
INSERT INTO `orders` (`id`, `invoice_number`, `customer_id`, `customer_name`, `customer_phone`, `notes`, `total_price`, `paid_amount`, `change_amount`, `payment_status`, `is_credit`, `paid_at`, `production_status`, `pickup_status`, `picked_up_at`, `started_at`, `finished_at`, `designer_id`, `cashier_id`, `operator_id`, `spk_printed`, `spk_printed_at`, `is_cancelled`, `cancelled_at`, `created_at`, `updated_at`, `cancelled_by`, `cancel_reason`) VALUES ('30', 'INV-20260302-0014', '14', 'UBAY', '081271414966', NULL, '78000.00', '100000.00', '22000.00', 'paid', '1', '2026-03-02 14:15:33', 'selesai', 'picked_up', '2026-03-02 15:38:42', '2026-03-02 11:54:11', '2026-03-02 12:37:11', '19', '16', '17', '1', '2026-03-02 11:09:40', '0', NULL, '2026-03-02 11:09:09', '2026-03-02 15:38:42', NULL, NULL);
INSERT INTO `orders` (`id`, `invoice_number`, `customer_id`, `customer_name`, `customer_phone`, `notes`, `total_price`, `paid_amount`, `change_amount`, `payment_status`, `is_credit`, `paid_at`, `production_status`, `pickup_status`, `picked_up_at`, `started_at`, `finished_at`, `designer_id`, `cashier_id`, `operator_id`, `spk_printed`, `spk_printed_at`, `is_cancelled`, `cancelled_at`, `created_at`, `updated_at`, `cancelled_by`, `cancel_reason`) VALUES ('31', 'INV-20260302-0015', '16', 'DEGRIS / GUYUB', '082282644675', NULL, '10400.00', '0.00', '0.00', 'unpaid', '1', NULL, 'selesai', 'not_picked_up', NULL, '2026-03-02 11:55:27', '2026-03-02 12:37:16', '20', NULL, '17', '1', '2026-03-02 11:14:55', '0', NULL, '2026-03-02 11:14:44', '2026-03-02 12:37:16', NULL, NULL);
INSERT INTO `orders` (`id`, `invoice_number`, `customer_id`, `customer_name`, `customer_phone`, `notes`, `total_price`, `paid_amount`, `change_amount`, `payment_status`, `is_credit`, `paid_at`, `production_status`, `pickup_status`, `picked_up_at`, `started_at`, `finished_at`, `designer_id`, `cashier_id`, `operator_id`, `spk_printed`, `spk_printed_at`, `is_cancelled`, `cancelled_at`, `created_at`, `updated_at`, `cancelled_by`, `cancel_reason`) VALUES ('32', 'INV-20260302-0016', '15', 'Amazon', '085764093747', NULL, '42000.00', '0.00', '0.00', 'paid', '1', '2026-03-02 16:29:00', 'selesai', 'picked_up', '2026-03-02 16:39:31', '2026-03-02 11:30:21', '2026-03-02 11:48:44', '3', '16', '6', '1', '2026-03-02 11:15:34', '0', NULL, '2026-03-02 11:15:31', '2026-03-02 16:39:31', NULL, NULL);
INSERT INTO `orders` (`id`, `invoice_number`, `customer_id`, `customer_name`, `customer_phone`, `notes`, `total_price`, `paid_amount`, `change_amount`, `payment_status`, `is_credit`, `paid_at`, `production_status`, `pickup_status`, `picked_up_at`, `started_at`, `finished_at`, `designer_id`, `cashier_id`, `operator_id`, `spk_printed`, `spk_printed_at`, `is_cancelled`, `cancelled_at`, `created_at`, `updated_at`, `cancelled_by`, `cancel_reason`) VALUES ('33', 'INV-20260302-0017', '17', 'Wisesa Art', '08117996060', NULL, '41700.00', '0.00', '0.00', 'paid', '1', '2026-03-02 11:45:34', 'selesai', 'picked_up', '2026-03-02 15:37:59', '2026-03-02 11:34:23', '2026-03-02 12:37:01', '3', '16', '17', '1', '2026-03-02 11:19:08', '0', NULL, '2026-03-02 11:19:01', '2026-03-02 15:37:59', NULL, NULL);
INSERT INTO `orders` (`id`, `invoice_number`, `customer_id`, `customer_name`, `customer_phone`, `notes`, `total_price`, `paid_amount`, `change_amount`, `payment_status`, `is_credit`, `paid_at`, `production_status`, `pickup_status`, `picked_up_at`, `started_at`, `finished_at`, `designer_id`, `cashier_id`, `operator_id`, `spk_printed`, `spk_printed_at`, `is_cancelled`, `cancelled_at`, `created_at`, `updated_at`, `cancelled_by`, `cancel_reason`) VALUES ('34', 'INV-20260302-0018', '17', 'Wisesa Art', '08117996060', NULL, '1800.00', '0.00', '0.00', 'paid', '1', '2026-03-02 11:45:34', 'selesai', 'picked_up', '2026-03-02 15:37:52', '2026-03-02 11:55:44', '2026-03-02 12:37:22', '3', '16', '17', '1', '2026-03-02 11:23:10', '0', NULL, '2026-03-02 11:22:59', '2026-03-02 15:37:52', NULL, NULL);
INSERT INTO `orders` (`id`, `invoice_number`, `customer_id`, `customer_name`, `customer_phone`, `notes`, `total_price`, `paid_amount`, `change_amount`, `payment_status`, `is_credit`, `paid_at`, `production_status`, `pickup_status`, `picked_up_at`, `started_at`, `finished_at`, `designer_id`, `cashier_id`, `operator_id`, `spk_printed`, `spk_printed_at`, `is_cancelled`, `cancelled_at`, `created_at`, `updated_at`, `cancelled_by`, `cancel_reason`) VALUES ('35', 'INV-20260302-0019', '18', 'WIWAL  WAHYU', '62 857-8827-0149', NULL, '240000.00', '0.00', '0.00', 'unpaid', '1', NULL, 'finishing', 'not_picked_up', NULL, '2026-03-02 16:06:06', NULL, '20', NULL, '22', '1', '2026-03-02 11:23:16', '0', NULL, '2026-03-02 11:23:12', '2026-03-02 16:39:46', NULL, NULL);
INSERT INTO `orders` (`id`, `invoice_number`, `customer_id`, `customer_name`, `customer_phone`, `notes`, `total_price`, `paid_amount`, `change_amount`, `payment_status`, `is_credit`, `paid_at`, `production_status`, `pickup_status`, `picked_up_at`, `started_at`, `finished_at`, `designer_id`, `cashier_id`, `operator_id`, `spk_printed`, `spk_printed_at`, `is_cancelled`, `cancelled_at`, `created_at`, `updated_at`, `cancelled_by`, `cancel_reason`) VALUES ('36', 'INV-20260302-0020', '9', 'ARTHA MEDIA', '082280075655', NULL, '5400.00', '5400.00', '0.00', 'paid', '1', '2026-03-02 11:28:18', 'selesai', 'picked_up', '2026-03-02 15:37:43', '2026-03-02 11:34:36', '2026-03-02 12:04:26', '19', '16', '17', '1', '2026-03-02 11:24:35', '0', NULL, '2026-03-02 11:24:31', '2026-03-02 15:37:43', NULL, NULL);
INSERT INTO `orders` (`id`, `invoice_number`, `customer_id`, `customer_name`, `customer_phone`, `notes`, `total_price`, `paid_amount`, `change_amount`, `payment_status`, `is_credit`, `paid_at`, `production_status`, `pickup_status`, `picked_up_at`, `started_at`, `finished_at`, `designer_id`, `cashier_id`, `operator_id`, `spk_printed`, `spk_printed_at`, `is_cancelled`, `cancelled_at`, `created_at`, `updated_at`, `cancelled_by`, `cancel_reason`) VALUES ('37', 'INV-20260302-0021', '19', 'Fajar ERKA', '087881734166', NULL, '16100.00', '0.00', '0.00', 'unpaid', '1', NULL, 'selesai', 'not_picked_up', NULL, '2026-03-02 11:39:35', '2026-03-02 12:37:06', '3', NULL, '17', '1', '2026-03-02 11:26:05', '0', NULL, '2026-03-02 11:26:02', '2026-03-02 12:37:06', NULL, NULL);
INSERT INTO `orders` (`id`, `invoice_number`, `customer_id`, `customer_name`, `customer_phone`, `notes`, `total_price`, `paid_amount`, `change_amount`, `payment_status`, `is_credit`, `paid_at`, `production_status`, `pickup_status`, `picked_up_at`, `started_at`, `finished_at`, `designer_id`, `cashier_id`, `operator_id`, `spk_printed`, `spk_printed_at`, `is_cancelled`, `cancelled_at`, `created_at`, `updated_at`, `cancelled_by`, `cancel_reason`) VALUES ('38', 'INV-20260302-0022', '16', 'DEGRIS / GUYUB', '082282644675', NULL, '45000.00', '0.00', '0.00', 'unpaid', '1', NULL, 'selesai', 'not_picked_up', NULL, '2026-03-02 14:23:52', '2026-03-02 14:52:53', '20', NULL, '22', '1', '2026-03-02 11:27:20', '0', NULL, '2026-03-02 11:27:14', '2026-03-02 14:52:53', NULL, NULL);
INSERT INTO `orders` (`id`, `invoice_number`, `customer_id`, `customer_name`, `customer_phone`, `notes`, `total_price`, `paid_amount`, `change_amount`, `payment_status`, `is_credit`, `paid_at`, `production_status`, `pickup_status`, `picked_up_at`, `started_at`, `finished_at`, `designer_id`, `cashier_id`, `operator_id`, `spk_printed`, `spk_printed_at`, `is_cancelled`, `cancelled_at`, `created_at`, `updated_at`, `cancelled_by`, `cancel_reason`) VALUES ('39', 'INV-20260302-0023', '20', 'RIAS PRINTING', '082281106682', NULL, '5000.00', '0.00', '0.00', 'unpaid', '1', NULL, 'selesai', 'not_picked_up', NULL, '2026-03-02 12:14:45', '2026-03-02 14:52:57', '19', NULL, '17', '1', '2026-03-02 11:32:12', '0', NULL, '2026-03-02 11:32:07', '2026-03-02 14:52:57', NULL, NULL);
INSERT INTO `orders` (`id`, `invoice_number`, `customer_id`, `customer_name`, `customer_phone`, `notes`, `total_price`, `paid_amount`, `change_amount`, `payment_status`, `is_credit`, `paid_at`, `production_status`, `pickup_status`, `picked_up_at`, `started_at`, `finished_at`, `designer_id`, `cashier_id`, `operator_id`, `spk_printed`, `spk_printed_at`, `is_cancelled`, `cancelled_at`, `created_at`, `updated_at`, `cancelled_by`, `cancel_reason`) VALUES ('40', 'INV-20260302-0024', '21', 'Bintang One', '089693339490', NULL, '0.00', '0.00', '0.00', 'unpaid', '1', NULL, 'pending', 'not_picked_up', NULL, NULL, NULL, '3', NULL, NULL, '1', '2026-03-02 11:32:34', '1', '2026-03-02 14:08:24', '2026-03-02 11:32:25', '2026-03-02 14:08:24', '16', 'konsumen cancel cetakan');
INSERT INTO `orders` (`id`, `invoice_number`, `customer_id`, `customer_name`, `customer_phone`, `notes`, `total_price`, `paid_amount`, `change_amount`, `payment_status`, `is_credit`, `paid_at`, `production_status`, `pickup_status`, `picked_up_at`, `started_at`, `finished_at`, `designer_id`, `cashier_id`, `operator_id`, `spk_printed`, `spk_printed_at`, `is_cancelled`, `cancelled_at`, `created_at`, `updated_at`, `cancelled_by`, `cancel_reason`) VALUES ('41', 'INV-20260302-0025', '23', 'FAMILY ONLINE', '085267442018', NULL, '10000.00', '10000.00', '0.00', 'paid', '1', '2026-03-02 14:36:35', 'selesai', 'picked_up', '2026-03-02 15:37:35', '2026-03-02 12:14:56', '2026-03-02 14:53:00', '19', '16', '17', '1', '2026-03-02 11:37:53', '0', NULL, '2026-03-02 11:37:51', '2026-03-02 15:37:35', NULL, NULL);
INSERT INTO `orders` (`id`, `invoice_number`, `customer_id`, `customer_name`, `customer_phone`, `notes`, `total_price`, `paid_amount`, `change_amount`, `payment_status`, `is_credit`, `paid_at`, `production_status`, `pickup_status`, `picked_up_at`, `started_at`, `finished_at`, `designer_id`, `cashier_id`, `operator_id`, `spk_printed`, `spk_printed_at`, `is_cancelled`, `cancelled_at`, `created_at`, `updated_at`, `cancelled_by`, `cancel_reason`) VALUES ('42', 'INV-20260302-0026', '24', 'HIJAU ART', '082374810600', NULL, '49500.00', '0.00', '0.00', 'paid', '1', '2026-03-02 14:33:00', 'selesai', 'picked_up', '2026-03-02 15:37:17', '2026-03-02 12:15:14', '2026-03-02 12:38:00', '20', '16', '17', '1', '2026-03-02 11:39:41', '0', NULL, '2026-03-02 11:39:37', '2026-03-02 15:37:17', NULL, NULL);
INSERT INTO `orders` (`id`, `invoice_number`, `customer_id`, `customer_name`, `customer_phone`, `notes`, `total_price`, `paid_amount`, `change_amount`, `payment_status`, `is_credit`, `paid_at`, `production_status`, `pickup_status`, `picked_up_at`, `started_at`, `finished_at`, `designer_id`, `cashier_id`, `operator_id`, `spk_printed`, `spk_printed_at`, `is_cancelled`, `cancelled_at`, `created_at`, `updated_at`, `cancelled_by`, `cancel_reason`) VALUES ('43', 'INV-20260302-0027', '22', 'Ernest', '082174754249', NULL, '0.00', '0.00', '0.00', 'unpaid', '1', NULL, 'pending', 'not_picked_up', NULL, NULL, NULL, '3', NULL, NULL, '1', '2026-03-02 11:39:57', '1', '2026-03-02 11:42:43', '2026-03-02 11:39:54', '2026-03-02 11:42:43', '8', 'mau ganti nama');
INSERT INTO `orders` (`id`, `invoice_number`, `customer_id`, `customer_name`, `customer_phone`, `notes`, `total_price`, `paid_amount`, `change_amount`, `payment_status`, `is_credit`, `paid_at`, `production_status`, `pickup_status`, `picked_up_at`, `started_at`, `finished_at`, `designer_id`, `cashier_id`, `operator_id`, `spk_printed`, `spk_printed_at`, `is_cancelled`, `cancelled_at`, `created_at`, `updated_at`, `cancelled_by`, `cancel_reason`) VALUES ('44', 'INV-20260302-0028', '15', 'Amazon', '085764093747', NULL, '101400.00', '0.00', '0.00', 'paid', '1', '2026-03-02 16:29:00', 'selesai', 'picked_up', '2026-03-02 15:32:37', '2026-03-02 11:58:12', '2026-03-02 12:00:08', '19', '16', '22', '0', NULL, '0', NULL, '2026-03-02 11:41:34', '2026-03-02 16:29:00', NULL, NULL);
INSERT INTO `orders` (`id`, `invoice_number`, `customer_id`, `customer_name`, `customer_phone`, `notes`, `total_price`, `paid_amount`, `change_amount`, `payment_status`, `is_credit`, `paid_at`, `production_status`, `pickup_status`, `picked_up_at`, `started_at`, `finished_at`, `designer_id`, `cashier_id`, `operator_id`, `spk_printed`, `spk_printed_at`, `is_cancelled`, `cancelled_at`, `created_at`, `updated_at`, `cancelled_by`, `cancel_reason`) VALUES ('45', 'INV-20260302-0029', '24', 'HIJAU ART', '082374810600', NULL, '15400.00', '0.00', '0.00', 'paid', '1', '2026-03-02 14:33:00', 'selesai', 'picked_up', '2026-03-02 15:37:10', '2026-03-02 12:02:08', '2026-03-02 12:04:39', '20', '16', '17', '1', '2026-03-02 11:45:38', '0', NULL, '2026-03-02 11:45:32', '2026-03-02 15:37:10', NULL, NULL);
INSERT INTO `orders` (`id`, `invoice_number`, `customer_id`, `customer_name`, `customer_phone`, `notes`, `total_price`, `paid_amount`, `change_amount`, `payment_status`, `is_credit`, `paid_at`, `production_status`, `pickup_status`, `picked_up_at`, `started_at`, `finished_at`, `designer_id`, `cashier_id`, `operator_id`, `spk_printed`, `spk_printed_at`, `is_cancelled`, `cancelled_at`, `created_at`, `updated_at`, `cancelled_by`, `cancel_reason`) VALUES ('46', 'INV-20260302-0030', '28', 'Reklame Katon', '081369542960', NULL, '90000.00', '90000.00', '0.00', 'paid', '1', '2026-03-02 16:24:32', 'selesai', 'picked_up', '2026-03-02 16:39:23', '2026-03-02 13:29:23', '2026-03-02 14:04:38', '3', '16', '6', '1', '2026-03-02 11:46:17', '0', NULL, '2026-03-02 11:46:14', '2026-03-02 16:39:23', NULL, NULL);
INSERT INTO `orders` (`id`, `invoice_number`, `customer_id`, `customer_name`, `customer_phone`, `notes`, `total_price`, `paid_amount`, `change_amount`, `payment_status`, `is_credit`, `paid_at`, `production_status`, `pickup_status`, `picked_up_at`, `started_at`, `finished_at`, `designer_id`, `cashier_id`, `operator_id`, `spk_printed`, `spk_printed_at`, `is_cancelled`, `cancelled_at`, `created_at`, `updated_at`, `cancelled_by`, `cancel_reason`) VALUES ('47', 'INV-20260302-0031', '25', 'VISUAL LAMPUNG', '085126649200', NULL, '129900.00', '0.00', '0.00', 'unpaid', '1', NULL, 'selesai', 'picked_up', '2026-03-02 16:39:46', '2026-03-02 14:24:48', '2026-03-02 15:03:44', '23', NULL, '22', '1', '2026-03-02 11:48:54', '0', NULL, '2026-03-02 11:47:26', '2026-03-02 16:39:46', NULL, NULL);
INSERT INTO `orders` (`id`, `invoice_number`, `customer_id`, `customer_name`, `customer_phone`, `notes`, `total_price`, `paid_amount`, `change_amount`, `payment_status`, `is_credit`, `paid_at`, `production_status`, `pickup_status`, `picked_up_at`, `started_at`, `finished_at`, `designer_id`, `cashier_id`, `operator_id`, `spk_printed`, `spk_printed_at`, `is_cancelled`, `cancelled_at`, `created_at`, `updated_at`, `cancelled_by`, `cancel_reason`) VALUES ('48', 'INV-20260302-0032', '22', 'Ernest', '082174754249', NULL, '90000.00', '0.00', '0.00', 'unpaid', '1', NULL, 'selesai', 'not_picked_up', NULL, '2026-03-02 13:38:38', '2026-03-02 14:53:14', '3', NULL, '6', '1', '2026-03-02 11:50:16', '0', NULL, '2026-03-02 11:50:11', '2026-03-02 14:53:14', NULL, NULL);
INSERT INTO `orders` (`id`, `invoice_number`, `customer_id`, `customer_name`, `customer_phone`, `notes`, `total_price`, `paid_amount`, `change_amount`, `payment_status`, `is_credit`, `paid_at`, `production_status`, `pickup_status`, `picked_up_at`, `started_at`, `finished_at`, `designer_id`, `cashier_id`, `operator_id`, `spk_printed`, `spk_printed_at`, `is_cancelled`, `cancelled_at`, `created_at`, `updated_at`, `cancelled_by`, `cancel_reason`) VALUES ('49', 'INV-20260302-0033', '32', 'WANGA', '081279233924', NULL, '25000.00', '0.00', '0.00', 'unpaid', '1', NULL, 'selesai', 'not_picked_up', NULL, '2026-03-02 12:16:13', '2026-03-02 14:53:04', '19', NULL, '17', '1', '2026-03-02 11:51:29', '0', NULL, '2026-03-02 11:51:08', '2026-03-02 14:53:04', NULL, NULL);
INSERT INTO `orders` (`id`, `invoice_number`, `customer_id`, `customer_name`, `customer_phone`, `notes`, `total_price`, `paid_amount`, `change_amount`, `payment_status`, `is_credit`, `paid_at`, `production_status`, `pickup_status`, `picked_up_at`, `started_at`, `finished_at`, `designer_id`, `cashier_id`, `operator_id`, `spk_printed`, `spk_printed_at`, `is_cancelled`, `cancelled_at`, `created_at`, `updated_at`, `cancelled_by`, `cancel_reason`) VALUES ('50', 'INV-20260302-0034', '33', 'Adi jogja', '081377576651', NULL, '33800.00', '100000.00', '66200.00', 'paid', '1', '2026-03-02 14:16:44', 'selesai', 'picked_up', '2026-03-02 15:36:59', '2026-03-02 12:16:36', '2026-03-02 12:38:12', '3', '16', '17', '1', '2026-03-02 11:52:29', '0', NULL, '2026-03-02 11:52:25', '2026-03-02 15:36:59', NULL, NULL);
INSERT INTO `orders` (`id`, `invoice_number`, `customer_id`, `customer_name`, `customer_phone`, `notes`, `total_price`, `paid_amount`, `change_amount`, `payment_status`, `is_credit`, `paid_at`, `production_status`, `pickup_status`, `picked_up_at`, `started_at`, `finished_at`, `designer_id`, `cashier_id`, `operator_id`, `spk_printed`, `spk_printed_at`, `is_cancelled`, `cancelled_at`, `created_at`, `updated_at`, `cancelled_by`, `cancel_reason`) VALUES ('51', 'INV-20260302-0035', '34', 'Liuberty', '082281221806', NULL, '30000.00', '0.00', '0.00', 'unpaid', '1', NULL, 'selesai', 'not_picked_up', NULL, '2026-03-02 14:24:35', '2026-03-02 14:55:10', '3', NULL, '22', '1', '2026-03-02 11:55:58', '0', NULL, '2026-03-02 11:55:56', '2026-03-02 14:55:10', NULL, NULL);
INSERT INTO `orders` (`id`, `invoice_number`, `customer_id`, `customer_name`, `customer_phone`, `notes`, `total_price`, `paid_amount`, `change_amount`, `payment_status`, `is_credit`, `paid_at`, `production_status`, `pickup_status`, `picked_up_at`, `started_at`, `finished_at`, `designer_id`, `cashier_id`, `operator_id`, `spk_printed`, `spk_printed_at`, `is_cancelled`, `cancelled_at`, `created_at`, `updated_at`, `cancelled_by`, `cancel_reason`) VALUES ('52', 'INV-20260302-0036', '35', 'Mas Soleh', '083846921469', NULL, '20000.00', '0.00', '0.00', 'unpaid', '1', NULL, 'selesai', 'not_picked_up', NULL, '2026-03-02 12:16:45', '2026-03-02 14:53:07', '19', NULL, '17', '1', '2026-03-02 11:57:05', '0', NULL, '2026-03-02 11:57:03', '2026-03-02 14:53:07', NULL, NULL);
INSERT INTO `orders` (`id`, `invoice_number`, `customer_id`, `customer_name`, `customer_phone`, `notes`, `total_price`, `paid_amount`, `change_amount`, `payment_status`, `is_credit`, `paid_at`, `production_status`, `pickup_status`, `picked_up_at`, `started_at`, `finished_at`, `designer_id`, `cashier_id`, `operator_id`, `spk_printed`, `spk_printed_at`, `is_cancelled`, `cancelled_at`, `created_at`, `updated_at`, `cancelled_by`, `cancel_reason`) VALUES ('53', 'INV-20260302-0037', '34', 'Liuberty', '082281221806', NULL, '60000.00', '0.00', '0.00', 'unpaid', '1', NULL, 'selesai', 'not_picked_up', NULL, '2026-03-02 14:36:31', '2026-03-02 15:43:19', '3', NULL, '22', '1', '2026-03-02 11:57:49', '0', NULL, '2026-03-02 11:57:47', '2026-03-02 15:43:19', NULL, NULL);
INSERT INTO `orders` (`id`, `invoice_number`, `customer_id`, `customer_name`, `customer_phone`, `notes`, `total_price`, `paid_amount`, `change_amount`, `payment_status`, `is_credit`, `paid_at`, `production_status`, `pickup_status`, `picked_up_at`, `started_at`, `finished_at`, `designer_id`, `cashier_id`, `operator_id`, `spk_printed`, `spk_printed_at`, `is_cancelled`, `cancelled_at`, `created_at`, `updated_at`, `cancelled_by`, `cancel_reason`) VALUES ('54', 'INV-20260302-0038', '36', 'Jefran', '081228456808', NULL, '592450.00', '0.00', '0.00', 'unpaid', '1', NULL, 'pending', 'not_picked_up', NULL, NULL, NULL, '3', NULL, NULL, '1', '2026-03-02 12:00:57', '0', NULL, '2026-03-02 12:00:54', '2026-03-02 12:00:57', NULL, NULL);
INSERT INTO `orders` (`id`, `invoice_number`, `customer_id`, `customer_name`, `customer_phone`, `notes`, `total_price`, `paid_amount`, `change_amount`, `payment_status`, `is_credit`, `paid_at`, `production_status`, `pickup_status`, `picked_up_at`, `started_at`, `finished_at`, `designer_id`, `cashier_id`, `operator_id`, `spk_printed`, `spk_printed_at`, `is_cancelled`, `cancelled_at`, `created_at`, `updated_at`, `cancelled_by`, `cancel_reason`) VALUES ('55', 'INV-20260302-0039', '37', 'Septa N3', '087799642394', NULL, '25000.00', '25000.00', '0.00', 'paid', '1', '2026-03-02 15:05:31', 'selesai', 'not_picked_up', NULL, '2026-03-02 13:29:42', '2026-03-02 13:35:54', '19', '16', '17', '1', '2026-03-02 12:01:38', '0', NULL, '2026-03-02 12:01:36', '2026-03-02 15:05:31', NULL, NULL);
INSERT INTO `orders` (`id`, `invoice_number`, `customer_id`, `customer_name`, `customer_phone`, `notes`, `total_price`, `paid_amount`, `change_amount`, `payment_status`, `is_credit`, `paid_at`, `production_status`, `pickup_status`, `picked_up_at`, `started_at`, `finished_at`, `designer_id`, `cashier_id`, `operator_id`, `spk_printed`, `spk_printed_at`, `is_cancelled`, `cancelled_at`, `created_at`, `updated_at`, `cancelled_by`, `cancel_reason`) VALUES ('56', 'INV-20260302-0040', '39', 'Faiz Cetak Cetik', '08974134859', NULL, '7800.00', '50000.00', '42200.00', 'paid', '1', '2026-03-02 13:35:23', 'selesai', 'picked_up', '2026-03-02 15:36:48', '2026-03-02 12:26:46', '2026-03-02 12:38:39', '3', '16', '17', '1', '2026-03-02 12:03:03', '0', NULL, '2026-03-02 12:03:01', '2026-03-02 15:36:48', NULL, NULL);
INSERT INTO `orders` (`id`, `invoice_number`, `customer_id`, `customer_name`, `customer_phone`, `notes`, `total_price`, `paid_amount`, `change_amount`, `payment_status`, `is_credit`, `paid_at`, `production_status`, `pickup_status`, `picked_up_at`, `started_at`, `finished_at`, `designer_id`, `cashier_id`, `operator_id`, `spk_printed`, `spk_printed_at`, `is_cancelled`, `cancelled_at`, `created_at`, `updated_at`, `cancelled_by`, `cancel_reason`) VALUES ('57', 'INV-20260302-0041', '38', 'BAGUS RAMADI', '085161320851', NULL, '217000.00', '217000.00', '0.00', 'paid', '1', '2026-03-02 17:05:28', 'selesai', 'not_picked_up', NULL, '2026-03-02 12:24:19', '2026-03-02 16:09:26', '23', '16', '17', '1', '2026-03-02 12:05:20', '0', NULL, '2026-03-02 12:04:00', '2026-03-02 17:05:28', NULL, NULL);
INSERT INTO `orders` (`id`, `invoice_number`, `customer_id`, `customer_name`, `customer_phone`, `notes`, `total_price`, `paid_amount`, `change_amount`, `payment_status`, `is_credit`, `paid_at`, `production_status`, `pickup_status`, `picked_up_at`, `started_at`, `finished_at`, `designer_id`, `cashier_id`, `operator_id`, `spk_printed`, `spk_printed_at`, `is_cancelled`, `cancelled_at`, `created_at`, `updated_at`, `cancelled_by`, `cancel_reason`) VALUES ('58', 'INV-20260302-0042', '40', 'Mulyadi', '081369513500', NULL, '45000.00', '0.00', '0.00', 'unpaid', '1', NULL, 'selesai', 'not_picked_up', NULL, '2026-03-02 14:38:38', '2026-03-02 14:55:35', '19', NULL, '22', '1', '2026-03-02 12:04:37', '0', NULL, '2026-03-02 12:04:35', '2026-03-02 14:55:35', NULL, NULL);
INSERT INTO `orders` (`id`, `invoice_number`, `customer_id`, `customer_name`, `customer_phone`, `notes`, `total_price`, `paid_amount`, `change_amount`, `payment_status`, `is_credit`, `paid_at`, `production_status`, `pickup_status`, `picked_up_at`, `started_at`, `finished_at`, `designer_id`, `cashier_id`, `operator_id`, `spk_printed`, `spk_printed_at`, `is_cancelled`, `cancelled_at`, `created_at`, `updated_at`, `cancelled_by`, `cancel_reason`) VALUES ('59', 'INV-20260302-0043', '41', 'Firana Jaya', '081379808035', NULL, '74600.00', '100000.00', '25400.00', 'paid', '1', '2026-03-02 16:14:42', 'selesai', 'not_picked_up', NULL, '2026-03-02 15:55:10', '2026-03-02 15:55:34', '3', '16', '17', '1', '2026-03-02 12:06:27', '0', NULL, '2026-03-02 12:06:25', '2026-03-02 16:14:42', NULL, NULL);
INSERT INTO `orders` (`id`, `invoice_number`, `customer_id`, `customer_name`, `customer_phone`, `notes`, `total_price`, `paid_amount`, `change_amount`, `payment_status`, `is_credit`, `paid_at`, `production_status`, `pickup_status`, `picked_up_at`, `started_at`, `finished_at`, `designer_id`, `cashier_id`, `operator_id`, `spk_printed`, `spk_printed_at`, `is_cancelled`, `cancelled_at`, `created_at`, `updated_at`, `cancelled_by`, `cancel_reason`) VALUES ('60', 'INV-20260302-0044', '42', 'Tungku Ikol', '081379803660', NULL, '50000.00', '50000.00', '0.00', 'paid', '1', '2026-03-02 16:37:50', 'selesai', 'not_picked_up', NULL, '2026-03-02 13:31:50', '2026-03-02 14:53:11', '19', '16', '17', '1', '2026-03-02 12:08:36', '0', NULL, '2026-03-02 12:08:33', '2026-03-02 16:37:50', NULL, NULL);
INSERT INTO `orders` (`id`, `invoice_number`, `customer_id`, `customer_name`, `customer_phone`, `notes`, `total_price`, `paid_amount`, `change_amount`, `payment_status`, `is_credit`, `paid_at`, `production_status`, `pickup_status`, `picked_up_at`, `started_at`, `finished_at`, `designer_id`, `cashier_id`, `operator_id`, `spk_printed`, `spk_printed_at`, `is_cancelled`, `cancelled_at`, `created_at`, `updated_at`, `cancelled_by`, `cancel_reason`) VALUES ('61', 'INV-20260302-0045', '43', 'Something CO', '088274207004', NULL, '182400.00', '0.00', '0.00', 'unpaid', '1', NULL, 'selesai', 'not_picked_up', NULL, '2026-03-02 12:24:43', '2026-03-02 15:57:50', '3', NULL, '17', '1', '2026-03-02 12:08:56', '0', NULL, '2026-03-02 12:08:53', '2026-03-02 15:57:50', NULL, NULL);
INSERT INTO `orders` (`id`, `invoice_number`, `customer_id`, `customer_name`, `customer_phone`, `notes`, `total_price`, `paid_amount`, `change_amount`, `payment_status`, `is_credit`, `paid_at`, `production_status`, `pickup_status`, `picked_up_at`, `started_at`, `finished_at`, `designer_id`, `cashier_id`, `operator_id`, `spk_printed`, `spk_printed_at`, `is_cancelled`, `cancelled_at`, `created_at`, `updated_at`, `cancelled_by`, `cancel_reason`) VALUES ('62', 'INV-20260302-0046', '44', 'Fikri', '087818892684', NULL, '2600.00', '0.00', '0.00', 'unpaid', '1', NULL, 'selesai', 'not_picked_up', NULL, '2026-03-02 12:26:50', '2026-03-02 12:38:44', '3', NULL, '17', '1', '2026-03-02 12:10:35', '0', NULL, '2026-03-02 12:10:33', '2026-03-02 12:38:44', NULL, NULL);
INSERT INTO `orders` (`id`, `invoice_number`, `customer_id`, `customer_name`, `customer_phone`, `notes`, `total_price`, `paid_amount`, `change_amount`, `payment_status`, `is_credit`, `paid_at`, `production_status`, `pickup_status`, `picked_up_at`, `started_at`, `finished_at`, `designer_id`, `cashier_id`, `operator_id`, `spk_printed`, `spk_printed_at`, `is_cancelled`, `cancelled_at`, `created_at`, `updated_at`, `cancelled_by`, `cancel_reason`) VALUES ('63', 'INV-20260302-0047', '45', 'WANNAGIVE', '0882002393632', NULL, '32800.00', '32800.00', '0.00', 'paid', '1', '2026-03-02 14:43:16', 'selesai', 'picked_up', '2026-03-02 14:55:29', '2026-03-02 13:10:12', '2026-03-02 14:21:09', '23', '16', '17', '1', '2026-03-02 12:36:17', '0', NULL, '2026-03-02 12:16:44', '2026-03-02 14:55:29', NULL, NULL);
INSERT INTO `orders` (`id`, `invoice_number`, `customer_id`, `customer_name`, `customer_phone`, `notes`, `total_price`, `paid_amount`, `change_amount`, `payment_status`, `is_credit`, `paid_at`, `production_status`, `pickup_status`, `picked_up_at`, `started_at`, `finished_at`, `designer_id`, `cashier_id`, `operator_id`, `spk_printed`, `spk_printed_at`, `is_cancelled`, `cancelled_at`, `created_at`, `updated_at`, `cancelled_by`, `cancel_reason`) VALUES ('64', 'INV-20260302-0048', '31', 'PANCA KALIANDA', '085379144966', NULL, '315000.00', '0.00', '0.00', 'unpaid', '1', NULL, 'finishing', 'not_picked_up', NULL, '2026-03-02 17:03:02', NULL, '20', NULL, '22', '1', '2026-03-02 12:50:51', '0', NULL, '2026-03-02 12:50:33', '2026-03-02 17:03:07', NULL, NULL);
INSERT INTO `orders` (`id`, `invoice_number`, `customer_id`, `customer_name`, `customer_phone`, `notes`, `total_price`, `paid_amount`, `change_amount`, `payment_status`, `is_credit`, `paid_at`, `production_status`, `pickup_status`, `picked_up_at`, `started_at`, `finished_at`, `designer_id`, `cashier_id`, `operator_id`, `spk_printed`, `spk_printed_at`, `is_cancelled`, `cancelled_at`, `created_at`, `updated_at`, `cancelled_by`, `cancel_reason`) VALUES ('65', 'INV-20260302-0049', '46', 'FITRAH', '08978993777', NULL, '140000.00', '140000.00', '0.00', 'paid', '1', '2026-03-02 13:09:49', 'selesai', 'not_picked_up', NULL, '2026-03-02 13:10:23', '2026-03-02 14:10:43', '20', '5', '17', '1', '2026-03-02 13:00:28', '0', NULL, '2026-03-02 13:00:18', '2026-03-02 14:10:43', NULL, NULL);
INSERT INTO `orders` (`id`, `invoice_number`, `customer_id`, `customer_name`, `customer_phone`, `notes`, `total_price`, `paid_amount`, `change_amount`, `payment_status`, `is_credit`, `paid_at`, `production_status`, `pickup_status`, `picked_up_at`, `started_at`, `finished_at`, `designer_id`, `cashier_id`, `operator_id`, `spk_printed`, `spk_printed_at`, `is_cancelled`, `cancelled_at`, `created_at`, `updated_at`, `cancelled_by`, `cancel_reason`) VALUES ('66', 'INV-20260302-0050', '47', 'Rudi Linda', '081274582482', NULL, '5000.00', '0.00', '0.00', 'unpaid', '1', NULL, 'pending', 'not_picked_up', NULL, NULL, NULL, '19', NULL, NULL, '1', '2026-03-02 13:02:20', '0', NULL, '2026-03-02 13:02:17', '2026-03-02 13:02:20', NULL, NULL);
INSERT INTO `orders` (`id`, `invoice_number`, `customer_id`, `customer_name`, `customer_phone`, `notes`, `total_price`, `paid_amount`, `change_amount`, `payment_status`, `is_credit`, `paid_at`, `production_status`, `pickup_status`, `picked_up_at`, `started_at`, `finished_at`, `designer_id`, `cashier_id`, `operator_id`, `spk_printed`, `spk_printed_at`, `is_cancelled`, `cancelled_at`, `created_at`, `updated_at`, `cancelled_by`, `cancel_reason`) VALUES ('67', 'INV-20260302-0051', '48', 'PAK RANA', '0895640319652', NULL, '4400.00', '5000.00', '600.00', 'paid', '1', '2026-03-02 13:31:01', 'selesai', 'not_picked_up', NULL, '2026-03-02 14:14:31', '2026-03-02 14:21:58', '20', '16', '17', '1', '2026-03-02 13:04:10', '0', NULL, '2026-03-02 13:04:06', '2026-03-02 14:21:58', NULL, NULL);
INSERT INTO `orders` (`id`, `invoice_number`, `customer_id`, `customer_name`, `customer_phone`, `notes`, `total_price`, `paid_amount`, `change_amount`, `payment_status`, `is_credit`, `paid_at`, `production_status`, `pickup_status`, `picked_up_at`, `started_at`, `finished_at`, `designer_id`, `cashier_id`, `operator_id`, `spk_printed`, `spk_printed_at`, `is_cancelled`, `cancelled_at`, `created_at`, `updated_at`, `cancelled_by`, `cancel_reason`) VALUES ('68', 'INV-20260302-0052', '49', 'Imam Qomarudin', '082373411012', NULL, '52000.00', '52000.00', '0.00', 'paid', '1', '2026-03-02 15:05:00', 'selesai', 'picked_up', '2026-03-02 15:36:25', '2026-03-02 13:10:31', '2026-03-02 14:21:13', '19', '16', '17', '1', '2026-03-02 13:04:50', '0', NULL, '2026-03-02 13:04:47', '2026-03-02 15:36:25', NULL, NULL);
INSERT INTO `orders` (`id`, `invoice_number`, `customer_id`, `customer_name`, `customer_phone`, `notes`, `total_price`, `paid_amount`, `change_amount`, `payment_status`, `is_credit`, `paid_at`, `production_status`, `pickup_status`, `picked_up_at`, `started_at`, `finished_at`, `designer_id`, `cashier_id`, `operator_id`, `spk_printed`, `spk_printed_at`, `is_cancelled`, `cancelled_at`, `created_at`, `updated_at`, `cancelled_by`, `cancel_reason`) VALUES ('69', 'INV-20260302-0053', '50', 'Ivana', '089601024724', NULL, '10400.00', '50000.00', '39600.00', 'paid', '1', '2026-03-02 16:15:49', 'selesai', 'not_picked_up', NULL, '2026-03-02 14:14:36', '2026-03-02 14:22:01', '19', '16', '17', '1', '2026-03-02 13:06:23', '0', NULL, '2026-03-02 13:06:21', '2026-03-02 16:15:49', NULL, NULL);
INSERT INTO `orders` (`id`, `invoice_number`, `customer_id`, `customer_name`, `customer_phone`, `notes`, `total_price`, `paid_amount`, `change_amount`, `payment_status`, `is_credit`, `paid_at`, `production_status`, `pickup_status`, `picked_up_at`, `started_at`, `finished_at`, `designer_id`, `cashier_id`, `operator_id`, `spk_printed`, `spk_printed_at`, `is_cancelled`, `cancelled_at`, `created_at`, `updated_at`, `cancelled_by`, `cancel_reason`) VALUES ('70', 'INV-20260302-0054', '52', 'DPRIMACOM', '085892781956', NULL, '15000.00', '0.00', '0.00', 'unpaid', '1', NULL, 'selesai', 'not_picked_up', NULL, '2026-03-02 15:18:44', '2026-03-02 15:47:21', '20', NULL, '22', '1', '2026-03-02 13:07:57', '0', NULL, '2026-03-02 13:07:38', '2026-03-02 15:47:21', NULL, NULL);
INSERT INTO `orders` (`id`, `invoice_number`, `customer_id`, `customer_name`, `customer_phone`, `notes`, `total_price`, `paid_amount`, `change_amount`, `payment_status`, `is_credit`, `paid_at`, `production_status`, `pickup_status`, `picked_up_at`, `started_at`, `finished_at`, `designer_id`, `cashier_id`, `operator_id`, `spk_printed`, `spk_printed_at`, `is_cancelled`, `cancelled_at`, `created_at`, `updated_at`, `cancelled_by`, `cancel_reason`) VALUES ('71', 'INV-20260302-0055', '51', 'Fadil ERKA', '082374883069', NULL, '105300.00', '0.00', '0.00', 'unpaid', '1', NULL, 'selesai', 'not_picked_up', NULL, '2026-03-02 14:01:21', '2026-03-02 14:25:28', '3', NULL, '17', '1', '2026-03-02 13:07:57', '0', NULL, '2026-03-02 13:07:53', '2026-03-02 14:25:28', NULL, NULL);
INSERT INTO `orders` (`id`, `invoice_number`, `customer_id`, `customer_name`, `customer_phone`, `notes`, `total_price`, `paid_amount`, `change_amount`, `payment_status`, `is_credit`, `paid_at`, `production_status`, `pickup_status`, `picked_up_at`, `started_at`, `finished_at`, `designer_id`, `cashier_id`, `operator_id`, `spk_printed`, `spk_printed_at`, `is_cancelled`, `cancelled_at`, `created_at`, `updated_at`, `cancelled_by`, `cancel_reason`) VALUES ('72', 'INV-20260302-0056', '52', 'DPRIMACOM', '085892781956', NULL, '56250.00', '0.00', '0.00', 'unpaid', '1', NULL, 'selesai', 'not_picked_up', NULL, '2026-03-02 15:19:32', '2026-03-02 15:47:55', '20', NULL, '22', '1', '2026-03-02 13:10:26', '0', NULL, '2026-03-02 13:10:09', '2026-03-02 15:47:55', NULL, NULL);
INSERT INTO `orders` (`id`, `invoice_number`, `customer_id`, `customer_name`, `customer_phone`, `notes`, `total_price`, `paid_amount`, `change_amount`, `payment_status`, `is_credit`, `paid_at`, `production_status`, `pickup_status`, `picked_up_at`, `started_at`, `finished_at`, `designer_id`, `cashier_id`, `operator_id`, `spk_printed`, `spk_printed_at`, `is_cancelled`, `cancelled_at`, `created_at`, `updated_at`, `cancelled_by`, `cancel_reason`) VALUES ('73', 'INV-20260302-0057', '53', 'Septa', '082183506659', NULL, '250000.00', '0.00', '0.00', 'unpaid', '1', NULL, 'selesai', 'not_picked_up', NULL, '2026-03-02 15:14:13', '2026-03-02 15:17:32', '19', NULL, '17', '1', '2026-03-02 13:12:40', '0', NULL, '2026-03-02 13:12:35', '2026-03-02 15:17:32', NULL, NULL);
INSERT INTO `orders` (`id`, `invoice_number`, `customer_id`, `customer_name`, `customer_phone`, `notes`, `total_price`, `paid_amount`, `change_amount`, `payment_status`, `is_credit`, `paid_at`, `production_status`, `pickup_status`, `picked_up_at`, `started_at`, `finished_at`, `designer_id`, `cashier_id`, `operator_id`, `spk_printed`, `spk_printed_at`, `is_cancelled`, `cancelled_at`, `created_at`, `updated_at`, `cancelled_by`, `cancel_reason`) VALUES ('74', 'INV-20260302-0058', '54', 'Riga Wafi', '085155251223', NULL, '12100.00', '20000.00', '7900.00', 'paid', '1', '2026-03-02 15:23:51', 'pending', 'not_picked_up', NULL, NULL, NULL, '3', '16', NULL, '1', '2026-03-02 13:13:10', '0', NULL, '2026-03-02 13:13:07', '2026-03-02 15:23:51', NULL, NULL);
INSERT INTO `orders` (`id`, `invoice_number`, `customer_id`, `customer_name`, `customer_phone`, `notes`, `total_price`, `paid_amount`, `change_amount`, `payment_status`, `is_credit`, `paid_at`, `production_status`, `pickup_status`, `picked_up_at`, `started_at`, `finished_at`, `designer_id`, `cashier_id`, `operator_id`, `spk_printed`, `spk_printed_at`, `is_cancelled`, `cancelled_at`, `created_at`, `updated_at`, `cancelled_by`, `cancel_reason`) VALUES ('75', 'INV-20260302-0059', '55', 'SISKA RESTU', '089523213472', NULL, '192000.00', '0.00', '0.00', 'unpaid', '1', NULL, 'proses_cetak', 'not_picked_up', NULL, '2026-03-02 14:14:48', NULL, '23', NULL, '17', '1', '2026-03-02 13:18:04', '0', NULL, '2026-03-02 13:17:30', '2026-03-02 16:48:13', NULL, NULL);
INSERT INTO `orders` (`id`, `invoice_number`, `customer_id`, `customer_name`, `customer_phone`, `notes`, `total_price`, `paid_amount`, `change_amount`, `payment_status`, `is_credit`, `paid_at`, `production_status`, `pickup_status`, `picked_up_at`, `started_at`, `finished_at`, `designer_id`, `cashier_id`, `operator_id`, `spk_printed`, `spk_printed_at`, `is_cancelled`, `cancelled_at`, `created_at`, `updated_at`, `cancelled_by`, `cancel_reason`) VALUES ('76', 'INV-20260302-0060', '57', 'Agung Rk', '085731559701', NULL, '24200.00', '0.00', '0.00', 'unpaid', '1', NULL, 'pending', 'not_picked_up', NULL, NULL, NULL, '19', NULL, NULL, '1', '2026-03-02 13:20:44', '0', NULL, '2026-03-02 13:20:42', '2026-03-02 13:20:44', NULL, NULL);
INSERT INTO `orders` (`id`, `invoice_number`, `customer_id`, `customer_name`, `customer_phone`, `notes`, `total_price`, `paid_amount`, `change_amount`, `payment_status`, `is_credit`, `paid_at`, `production_status`, `pickup_status`, `picked_up_at`, `started_at`, `finished_at`, `designer_id`, `cashier_id`, `operator_id`, `spk_printed`, `spk_printed_at`, `is_cancelled`, `cancelled_at`, `created_at`, `updated_at`, `cancelled_by`, `cancel_reason`) VALUES ('77', 'INV-20260302-0061', '52', 'DPRIMACOM', '085892781956', NULL, '30000.00', '0.00', '0.00', 'unpaid', '1', NULL, 'selesai', 'not_picked_up', NULL, '2026-03-02 15:19:04', '2026-03-02 15:47:37', '20', NULL, '22', '1', '2026-03-02 13:24:29', '0', NULL, '2026-03-02 13:24:06', '2026-03-02 15:47:37', NULL, NULL);
INSERT INTO `orders` (`id`, `invoice_number`, `customer_id`, `customer_name`, `customer_phone`, `notes`, `total_price`, `paid_amount`, `change_amount`, `payment_status`, `is_credit`, `paid_at`, `production_status`, `pickup_status`, `picked_up_at`, `started_at`, `finished_at`, `designer_id`, `cashier_id`, `operator_id`, `spk_printed`, `spk_printed_at`, `is_cancelled`, `cancelled_at`, `created_at`, `updated_at`, `cancelled_by`, `cancel_reason`) VALUES ('78', 'INV-20260302-0062', '56', 'SI MANIS', '085121317056', NULL, '36300.00', '36300.00', '0.00', 'paid', '1', '2026-03-02 17:05:56', 'selesai', 'not_picked_up', NULL, '2026-03-02 14:00:37', '2026-03-02 14:10:59', '23', '16', '17', '1', '2026-03-02 13:26:00', '0', NULL, '2026-03-02 13:25:56', '2026-03-02 17:05:56', NULL, NULL);
INSERT INTO `orders` (`id`, `invoice_number`, `customer_id`, `customer_name`, `customer_phone`, `notes`, `total_price`, `paid_amount`, `change_amount`, `payment_status`, `is_credit`, `paid_at`, `production_status`, `pickup_status`, `picked_up_at`, `started_at`, `finished_at`, `designer_id`, `cashier_id`, `operator_id`, `spk_printed`, `spk_printed_at`, `is_cancelled`, `cancelled_at`, `created_at`, `updated_at`, `cancelled_by`, `cancel_reason`) VALUES ('79', 'INV-20260302-0063', '59', 'Firman', '089524287106', NULL, '30000.00', '0.00', '0.00', 'unpaid', '1', NULL, 'selesai', 'not_picked_up', NULL, '2026-03-02 15:50:06', '2026-03-02 15:50:25', '19', NULL, '17', '1', '2026-03-02 13:30:11', '0', NULL, '2026-03-02 13:30:08', '2026-03-02 15:50:25', NULL, NULL);
INSERT INTO `orders` (`id`, `invoice_number`, `customer_id`, `customer_name`, `customer_phone`, `notes`, `total_price`, `paid_amount`, `change_amount`, `payment_status`, `is_credit`, `paid_at`, `production_status`, `pickup_status`, `picked_up_at`, `started_at`, `finished_at`, `designer_id`, `cashier_id`, `operator_id`, `spk_printed`, `spk_printed_at`, `is_cancelled`, `cancelled_at`, `created_at`, `updated_at`, `cancelled_by`, `cancel_reason`) VALUES ('80', 'INV-20260302-0064', '53', 'Septa', '082183506659', NULL, '211650.00', '0.00', '0.00', 'unpaid', '1', NULL, 'finishing', 'not_picked_up', NULL, '2026-03-02 16:13:08', NULL, '3', NULL, '6', '1', '2026-03-02 13:31:26', '0', NULL, '2026-03-02 13:31:21', '2026-03-02 16:46:20', NULL, NULL);
INSERT INTO `orders` (`id`, `invoice_number`, `customer_id`, `customer_name`, `customer_phone`, `notes`, `total_price`, `paid_amount`, `change_amount`, `payment_status`, `is_credit`, `paid_at`, `production_status`, `pickup_status`, `picked_up_at`, `started_at`, `finished_at`, `designer_id`, `cashier_id`, `operator_id`, `spk_printed`, `spk_printed_at`, `is_cancelled`, `cancelled_at`, `created_at`, `updated_at`, `cancelled_by`, `cancel_reason`) VALUES ('81', 'INV-20260302-0065', '60', 'BELLA MUSTIKA', '62 821-8222-4422', NULL, '53000.00', '0.00', '0.00', 'unpaid', '1', NULL, 'selesai', 'not_picked_up', NULL, '2026-03-02 15:07:47', '2026-03-02 15:07:56', '20', NULL, '17', '1', '2026-03-02 13:39:21', '0', NULL, '2026-03-02 13:39:18', '2026-03-02 15:07:56', NULL, NULL);
INSERT INTO `orders` (`id`, `invoice_number`, `customer_id`, `customer_name`, `customer_phone`, `notes`, `total_price`, `paid_amount`, `change_amount`, `payment_status`, `is_credit`, `paid_at`, `production_status`, `pickup_status`, `picked_up_at`, `started_at`, `finished_at`, `designer_id`, `cashier_id`, `operator_id`, `spk_printed`, `spk_printed_at`, `is_cancelled`, `cancelled_at`, `created_at`, `updated_at`, `cancelled_by`, `cancel_reason`) VALUES ('82', 'INV-20260302-0066', '32', 'WANGA', '081279233924', NULL, '40000.00', '0.00', '0.00', 'unpaid', '1', NULL, 'selesai', 'not_picked_up', NULL, '2026-03-02 15:53:32', '2026-03-02 15:53:42', '19', NULL, '17', '1', '2026-03-02 13:42:47', '0', NULL, '2026-03-02 13:41:20', '2026-03-02 15:53:42', NULL, NULL);
INSERT INTO `orders` (`id`, `invoice_number`, `customer_id`, `customer_name`, `customer_phone`, `notes`, `total_price`, `paid_amount`, `change_amount`, `payment_status`, `is_credit`, `paid_at`, `production_status`, `pickup_status`, `picked_up_at`, `started_at`, `finished_at`, `designer_id`, `cashier_id`, `operator_id`, `spk_printed`, `spk_printed_at`, `is_cancelled`, `cancelled_at`, `created_at`, `updated_at`, `cancelled_by`, `cancel_reason`) VALUES ('83', 'INV-20260302-0067', '61', 'AZKA', '08980998910', NULL, '120000.00', '0.00', '0.00', 'unpaid', '1', NULL, 'selesai', 'not_picked_up', NULL, '2026-03-02 14:14:54', '2026-03-02 14:22:10', '20', NULL, '17', '1', '2026-03-02 13:44:04', '0', NULL, '2026-03-02 13:43:58', '2026-03-02 14:22:10', NULL, NULL);
INSERT INTO `orders` (`id`, `invoice_number`, `customer_id`, `customer_name`, `customer_phone`, `notes`, `total_price`, `paid_amount`, `change_amount`, `payment_status`, `is_credit`, `paid_at`, `production_status`, `pickup_status`, `picked_up_at`, `started_at`, `finished_at`, `designer_id`, `cashier_id`, `operator_id`, `spk_printed`, `spk_printed_at`, `is_cancelled`, `cancelled_at`, `created_at`, `updated_at`, `cancelled_by`, `cancel_reason`) VALUES ('84', 'INV-20260302-0068', '63', 'Roni', '089692479247', NULL, '147000.00', '147000.00', '0.00', 'paid', '1', '2026-03-02 17:04:31', 'selesai', 'not_picked_up', NULL, '2026-03-02 14:14:58', '2026-03-02 14:22:13', '19', '16', '17', '1', '2026-03-02 13:49:18', '0', NULL, '2026-03-02 13:49:10', '2026-03-02 17:04:31', NULL, NULL);
INSERT INTO `orders` (`id`, `invoice_number`, `customer_id`, `customer_name`, `customer_phone`, `notes`, `total_price`, `paid_amount`, `change_amount`, `payment_status`, `is_credit`, `paid_at`, `production_status`, `pickup_status`, `picked_up_at`, `started_at`, `finished_at`, `designer_id`, `cashier_id`, `operator_id`, `spk_printed`, `spk_printed_at`, `is_cancelled`, `cancelled_at`, `created_at`, `updated_at`, `cancelled_by`, `cancel_reason`) VALUES ('85', 'INV-20260302-0069', '65', 'Mitra Mas', '085100528288', NULL, '18000.00', '20000.00', '2000.00', 'paid', '1', '2026-03-02 14:00:16', 'selesai', 'picked_up', '2026-03-02 15:36:02', '2026-03-02 14:15:01', '2026-03-02 14:22:17', '3', '16', '17', '0', NULL, '0', NULL, '2026-03-02 13:51:59', '2026-03-02 15:36:02', NULL, NULL);
INSERT INTO `orders` (`id`, `invoice_number`, `customer_id`, `customer_name`, `customer_phone`, `notes`, `total_price`, `paid_amount`, `change_amount`, `payment_status`, `is_credit`, `paid_at`, `production_status`, `pickup_status`, `picked_up_at`, `started_at`, `finished_at`, `designer_id`, `cashier_id`, `operator_id`, `spk_printed`, `spk_printed_at`, `is_cancelled`, `cancelled_at`, `created_at`, `updated_at`, `cancelled_by`, `cancel_reason`) VALUES ('86', 'INV-20260302-0070', '62', 'Chia', '085771943102', NULL, '10000.00', '10000.00', '0.00', 'paid', '1', '2026-03-02 16:18:21', 'selesai', 'not_picked_up', NULL, '2026-03-02 15:51:07', '2026-03-02 15:51:20', '19', '16', '17', '1', '2026-03-02 13:55:17', '0', NULL, '2026-03-02 13:55:15', '2026-03-02 16:18:21', NULL, NULL);
INSERT INTO `orders` (`id`, `invoice_number`, `customer_id`, `customer_name`, `customer_phone`, `notes`, `total_price`, `paid_amount`, `change_amount`, `payment_status`, `is_credit`, `paid_at`, `production_status`, `pickup_status`, `picked_up_at`, `started_at`, `finished_at`, `designer_id`, `cashier_id`, `operator_id`, `spk_printed`, `spk_printed_at`, `is_cancelled`, `cancelled_at`, `created_at`, `updated_at`, `cancelled_by`, `cancel_reason`) VALUES ('87', 'INV-20260302-0071', '43', 'Something CO', '088274207004', NULL, '36300.00', '0.00', '0.00', 'unpaid', '1', NULL, 'selesai', 'not_picked_up', NULL, '2026-03-02 14:15:07', '2026-03-02 14:22:20', '3', NULL, '17', '1', '2026-03-02 13:58:22', '0', NULL, '2026-03-02 13:58:19', '2026-03-02 14:22:20', NULL, NULL);
INSERT INTO `orders` (`id`, `invoice_number`, `customer_id`, `customer_name`, `customer_phone`, `notes`, `total_price`, `paid_amount`, `change_amount`, `payment_status`, `is_credit`, `paid_at`, `production_status`, `pickup_status`, `picked_up_at`, `started_at`, `finished_at`, `designer_id`, `cashier_id`, `operator_id`, `spk_printed`, `spk_printed_at`, `is_cancelled`, `cancelled_at`, `created_at`, `updated_at`, `cancelled_by`, `cancel_reason`) VALUES ('88', 'INV-20260302-0072', '64', 'Abu Maryam', '0895620635171', NULL, '21900.00', '21900.00', '0.00', 'paid', '1', '2026-03-02 16:23:02', 'selesai', 'picked_up', '2026-03-02 15:54:24', '2026-03-02 15:48:44', '2026-03-02 15:49:05', '19', '16', '17', '1', '2026-03-02 14:03:19', '0', NULL, '2026-03-02 14:03:17', '2026-03-02 16:23:02', NULL, NULL);
INSERT INTO `orders` (`id`, `invoice_number`, `customer_id`, `customer_name`, `customer_phone`, `notes`, `total_price`, `paid_amount`, `change_amount`, `payment_status`, `is_credit`, `paid_at`, `production_status`, `pickup_status`, `picked_up_at`, `started_at`, `finished_at`, `designer_id`, `cashier_id`, `operator_id`, `spk_printed`, `spk_printed_at`, `is_cancelled`, `cancelled_at`, `created_at`, `updated_at`, `cancelled_by`, `cancel_reason`) VALUES ('89', 'INV-20260302-0073', '66', 'RB GRAFIKA', '082184483004', NULL, '526500.00', '0.00', '0.00', 'unpaid', '1', NULL, 'proses_cetak', 'not_picked_up', NULL, '2026-03-02 15:00:58', NULL, '23', NULL, '17', '1', '2026-03-02 14:04:49', '0', NULL, '2026-03-02 14:04:47', '2026-03-02 15:00:58', NULL, NULL);
INSERT INTO `orders` (`id`, `invoice_number`, `customer_id`, `customer_name`, `customer_phone`, `notes`, `total_price`, `paid_amount`, `change_amount`, `payment_status`, `is_credit`, `paid_at`, `production_status`, `pickup_status`, `picked_up_at`, `started_at`, `finished_at`, `designer_id`, `cashier_id`, `operator_id`, `spk_printed`, `spk_printed_at`, `is_cancelled`, `cancelled_at`, `created_at`, `updated_at`, `cancelled_by`, `cancel_reason`) VALUES ('90', 'INV-20260302-0074', '59', 'Firman', '089524287106', NULL, '307500.00', '0.00', '0.00', 'unpaid', '1', NULL, 'selesai', 'picked_up', '2026-03-02 16:40:09', '2026-03-02 15:45:06', '2026-03-02 16:18:58', '19', NULL, '22', '1', '2026-03-02 14:10:12', '0', NULL, '2026-03-02 14:10:00', '2026-03-02 16:40:09', NULL, NULL);
INSERT INTO `orders` (`id`, `invoice_number`, `customer_id`, `customer_name`, `customer_phone`, `notes`, `total_price`, `paid_amount`, `change_amount`, `payment_status`, `is_credit`, `paid_at`, `production_status`, `pickup_status`, `picked_up_at`, `started_at`, `finished_at`, `designer_id`, `cashier_id`, `operator_id`, `spk_printed`, `spk_printed_at`, `is_cancelled`, `cancelled_at`, `created_at`, `updated_at`, `cancelled_by`, `cancel_reason`) VALUES ('91', 'INV-20260302-0075', '68', 'BOCUP', '088267076005', NULL, '17500.00', '17500.00', '0.00', 'paid', '1', '2026-03-02 16:04:34', 'selesai', 'picked_up', '2026-03-02 16:37:06', '2026-03-02 15:01:04', '2026-03-02 15:03:10', '20', '5', '17', '1', '2026-03-02 14:10:33', '0', NULL, '2026-03-02 14:10:26', '2026-03-02 16:37:06', NULL, NULL);
INSERT INTO `orders` (`id`, `invoice_number`, `customer_id`, `customer_name`, `customer_phone`, `notes`, `total_price`, `paid_amount`, `change_amount`, `payment_status`, `is_credit`, `paid_at`, `production_status`, `pickup_status`, `picked_up_at`, `started_at`, `finished_at`, `designer_id`, `cashier_id`, `operator_id`, `spk_printed`, `spk_printed_at`, `is_cancelled`, `cancelled_at`, `created_at`, `updated_at`, `cancelled_by`, `cancel_reason`) VALUES ('92', 'INV-20260302-0076', '67', 'Yogi Grafika', '082182136011', NULL, '2600.00', '3997.00', '1397.00', 'paid', '1', '2026-03-02 14:35:00', 'selesai', 'picked_up', '2026-03-02 15:35:40', '2026-03-02 14:15:30', '2026-03-02 14:22:24', '19', '16', '17', '1', '2026-03-02 14:12:05', '0', NULL, '2026-03-02 14:12:02', '2026-03-02 15:35:40', NULL, NULL);
INSERT INTO `orders` (`id`, `invoice_number`, `customer_id`, `customer_name`, `customer_phone`, `notes`, `total_price`, `paid_amount`, `change_amount`, `payment_status`, `is_credit`, `paid_at`, `production_status`, `pickup_status`, `picked_up_at`, `started_at`, `finished_at`, `designer_id`, `cashier_id`, `operator_id`, `spk_printed`, `spk_printed_at`, `is_cancelled`, `cancelled_at`, `created_at`, `updated_at`, `cancelled_by`, `cancel_reason`) VALUES ('93', 'INV-20260302-0077', '14', 'UBAY', '081271414966', NULL, '15000.00', '0.00', '0.00', 'unpaid', '1', NULL, 'pending', 'not_picked_up', NULL, NULL, NULL, '19', NULL, NULL, '1', '2026-03-02 14:15:54', '0', NULL, '2026-03-02 14:15:48', '2026-03-02 14:15:54', NULL, NULL);
INSERT INTO `orders` (`id`, `invoice_number`, `customer_id`, `customer_name`, `customer_phone`, `notes`, `total_price`, `paid_amount`, `change_amount`, `payment_status`, `is_credit`, `paid_at`, `production_status`, `pickup_status`, `picked_up_at`, `started_at`, `finished_at`, `designer_id`, `cashier_id`, `operator_id`, `spk_printed`, `spk_printed_at`, `is_cancelled`, `cancelled_at`, `created_at`, `updated_at`, `cancelled_by`, `cancel_reason`) VALUES ('94', 'INV-20260302-0078', '69', 'PUJI', 'puji 0895804690101', NULL, '33000.00', '0.00', '0.00', 'unpaid', '1', NULL, 'selesai', 'not_picked_up', NULL, '2026-03-02 15:01:10', '2026-03-02 15:03:13', '20', NULL, '17', '1', '2026-03-02 14:16:13', '0', NULL, '2026-03-02 14:16:09', '2026-03-02 15:03:13', NULL, NULL);
INSERT INTO `orders` (`id`, `invoice_number`, `customer_id`, `customer_name`, `customer_phone`, `notes`, `total_price`, `paid_amount`, `change_amount`, `payment_status`, `is_credit`, `paid_at`, `production_status`, `pickup_status`, `picked_up_at`, `started_at`, `finished_at`, `designer_id`, `cashier_id`, `operator_id`, `spk_printed`, `spk_printed_at`, `is_cancelled`, `cancelled_at`, `created_at`, `updated_at`, `cancelled_by`, `cancel_reason`) VALUES ('95', 'INV-20260302-0079', '70', 'Rohimin Al Ansor', '082125890318', NULL, '1040000.00', '1040000.00', '0.00', 'paid', '1', '2026-03-02 15:04:24', 'pending', 'not_picked_up', NULL, NULL, NULL, '19', '16', NULL, '1', '2026-03-02 14:20:51', '0', NULL, '2026-03-02 14:20:43', '2026-03-02 15:04:24', NULL, NULL);
INSERT INTO `orders` (`id`, `invoice_number`, `customer_id`, `customer_name`, `customer_phone`, `notes`, `total_price`, `paid_amount`, `change_amount`, `payment_status`, `is_credit`, `paid_at`, `production_status`, `pickup_status`, `picked_up_at`, `started_at`, `finished_at`, `designer_id`, `cashier_id`, `operator_id`, `spk_printed`, `spk_printed_at`, `is_cancelled`, `cancelled_at`, `created_at`, `updated_at`, `cancelled_by`, `cancel_reason`) VALUES ('96', 'INV-20260302-0080', '20', 'RIAS PRINTING', '082281106682', NULL, '11600.00', '0.00', '0.00', 'unpaid', '1', NULL, 'selesai', 'not_picked_up', NULL, '2026-03-02 15:09:07', '2026-03-02 15:09:20', '3', NULL, '17', '1', '2026-03-02 14:23:48', '0', NULL, '2026-03-02 14:23:45', '2026-03-02 15:09:20', NULL, NULL);
INSERT INTO `orders` (`id`, `invoice_number`, `customer_id`, `customer_name`, `customer_phone`, `notes`, `total_price`, `paid_amount`, `change_amount`, `payment_status`, `is_credit`, `paid_at`, `production_status`, `pickup_status`, `picked_up_at`, `started_at`, `finished_at`, `designer_id`, `cashier_id`, `operator_id`, `spk_printed`, `spk_printed_at`, `is_cancelled`, `cancelled_at`, `created_at`, `updated_at`, `cancelled_by`, `cancel_reason`) VALUES ('97', 'INV-20260302-0081', '69', 'PUJI', 'puji 0895804690101', NULL, '50000.00', '0.00', '0.00', 'unpaid', '1', NULL, 'pending', 'not_picked_up', NULL, NULL, NULL, '20', NULL, NULL, '1', '2026-03-02 14:32:52', '0', NULL, '2026-03-02 14:32:49', '2026-03-02 14:32:52', NULL, NULL);
INSERT INTO `orders` (`id`, `invoice_number`, `customer_id`, `customer_name`, `customer_phone`, `notes`, `total_price`, `paid_amount`, `change_amount`, `payment_status`, `is_credit`, `paid_at`, `production_status`, `pickup_status`, `picked_up_at`, `started_at`, `finished_at`, `designer_id`, `cashier_id`, `operator_id`, `spk_printed`, `spk_printed_at`, `is_cancelled`, `cancelled_at`, `created_at`, `updated_at`, `cancelled_by`, `cancel_reason`) VALUES ('98', 'INV-20260302-0082', '72', 'Dodi Wahyudi', '082279033013', NULL, '51300.00', '0.00', '0.00', 'unpaid', '1', NULL, 'selesai', 'not_picked_up', NULL, '2026-03-02 15:01:31', '2026-03-02 16:47:58', '3', NULL, '17', '1', '2026-03-02 14:34:20', '0', NULL, '2026-03-02 14:34:17', '2026-03-02 16:47:58', NULL, NULL);
INSERT INTO `orders` (`id`, `invoice_number`, `customer_id`, `customer_name`, `customer_phone`, `notes`, `total_price`, `paid_amount`, `change_amount`, `payment_status`, `is_credit`, `paid_at`, `production_status`, `pickup_status`, `picked_up_at`, `started_at`, `finished_at`, `designer_id`, `cashier_id`, `operator_id`, `spk_printed`, `spk_printed_at`, `is_cancelled`, `cancelled_at`, `created_at`, `updated_at`, `cancelled_by`, `cancel_reason`) VALUES ('99', 'INV-20260302-0083', '69', 'PUJI', 'puji 0895804690101', NULL, '175200.00', '0.00', '0.00', 'unpaid', '1', NULL, 'selesai', 'not_picked_up', NULL, '2026-03-02 15:01:35', '2026-03-02 16:27:46', '20', NULL, '17', '1', '2026-03-02 14:36:26', '0', NULL, '2026-03-02 14:35:56', '2026-03-02 16:27:46', NULL, NULL);
INSERT INTO `orders` (`id`, `invoice_number`, `customer_id`, `customer_name`, `customer_phone`, `notes`, `total_price`, `paid_amount`, `change_amount`, `payment_status`, `is_credit`, `paid_at`, `production_status`, `pickup_status`, `picked_up_at`, `started_at`, `finished_at`, `designer_id`, `cashier_id`, `operator_id`, `spk_printed`, `spk_printed_at`, `is_cancelled`, `cancelled_at`, `created_at`, `updated_at`, `cancelled_by`, `cancel_reason`) VALUES ('100', 'INV-20260302-0084', '73', 'Lentera', '081279552579', NULL, '189200.00', '0.00', '0.00', 'unpaid', '1', NULL, 'selesai', 'not_picked_up', NULL, '2026-03-02 15:01:40', '2026-03-02 16:16:43', '3', NULL, '17', '1', '2026-03-02 14:43:42', '0', NULL, '2026-03-02 14:43:02', '2026-03-02 16:16:43', NULL, NULL);
INSERT INTO `orders` (`id`, `invoice_number`, `customer_id`, `customer_name`, `customer_phone`, `notes`, `total_price`, `paid_amount`, `change_amount`, `payment_status`, `is_credit`, `paid_at`, `production_status`, `pickup_status`, `picked_up_at`, `started_at`, `finished_at`, `designer_id`, `cashier_id`, `operator_id`, `spk_printed`, `spk_printed_at`, `is_cancelled`, `cancelled_at`, `created_at`, `updated_at`, `cancelled_by`, `cancel_reason`) VALUES ('101', 'INV-20260302-0085', '74', 'AFRIZAL CUST', '082280880662', NULL, '121600.00', '0.00', '0.00', 'unpaid', '1', NULL, 'pending', 'not_picked_up', NULL, NULL, NULL, '20', NULL, NULL, '1', '2026-03-02 14:53:30', '0', NULL, '2026-03-02 14:53:13', '2026-03-02 14:55:37', NULL, NULL);
INSERT INTO `orders` (`id`, `invoice_number`, `customer_id`, `customer_name`, `customer_phone`, `notes`, `total_price`, `paid_amount`, `change_amount`, `payment_status`, `is_credit`, `paid_at`, `production_status`, `pickup_status`, `picked_up_at`, `started_at`, `finished_at`, `designer_id`, `cashier_id`, `operator_id`, `spk_printed`, `spk_printed_at`, `is_cancelled`, `cancelled_at`, `created_at`, `updated_at`, `cancelled_by`, `cancel_reason`) VALUES ('102', 'INV-20260302-0086', '71', 'Gemilang Petir', '088286474838', NULL, '150000.00', '0.00', '0.00', 'unpaid', '1', NULL, 'pending', 'not_picked_up', NULL, NULL, NULL, '19', NULL, NULL, '1', '2026-03-02 14:54:00', '0', NULL, '2026-03-02 14:53:57', '2026-03-02 14:54:00', NULL, NULL);
INSERT INTO `orders` (`id`, `invoice_number`, `customer_id`, `customer_name`, `customer_phone`, `notes`, `total_price`, `paid_amount`, `change_amount`, `payment_status`, `is_credit`, `paid_at`, `production_status`, `pickup_status`, `picked_up_at`, `started_at`, `finished_at`, `designer_id`, `cashier_id`, `operator_id`, `spk_printed`, `spk_printed_at`, `is_cancelled`, `cancelled_at`, `created_at`, `updated_at`, `cancelled_by`, `cancel_reason`) VALUES ('103', 'INV-20260302-0087', '75', 'PINOCHIO', '08976184880', NULL, '23400.00', '23400.00', '0.00', 'paid', '1', '2026-03-02 16:46:46', 'selesai', 'not_picked_up', NULL, '2026-03-02 16:15:16', '2026-03-02 16:16:47', '20', '16', '17', '1', '2026-03-02 15:02:29', '0', NULL, '2026-03-02 15:02:24', '2026-03-02 16:46:46', NULL, NULL);
INSERT INTO `orders` (`id`, `invoice_number`, `customer_id`, `customer_name`, `customer_phone`, `notes`, `total_price`, `paid_amount`, `change_amount`, `payment_status`, `is_credit`, `paid_at`, `production_status`, `pickup_status`, `picked_up_at`, `started_at`, `finished_at`, `designer_id`, `cashier_id`, `operator_id`, `spk_printed`, `spk_printed_at`, `is_cancelled`, `cancelled_at`, `created_at`, `updated_at`, `cancelled_by`, `cancel_reason`) VALUES ('104', 'INV-20260302-0088', '76', 'Ita Pelangi', '081957071787', NULL, '9600.00', '0.00', '0.00', 'unpaid', '1', NULL, 'proses_cetak', 'not_picked_up', NULL, '2026-03-02 16:15:25', NULL, '19', NULL, '17', '1', '2026-03-02 15:49:43', '0', NULL, '2026-03-02 15:49:40', '2026-03-02 16:15:25', NULL, NULL);
INSERT INTO `orders` (`id`, `invoice_number`, `customer_id`, `customer_name`, `customer_phone`, `notes`, `total_price`, `paid_amount`, `change_amount`, `payment_status`, `is_credit`, `paid_at`, `production_status`, `pickup_status`, `picked_up_at`, `started_at`, `finished_at`, `designer_id`, `cashier_id`, `operator_id`, `spk_printed`, `spk_printed_at`, `is_cancelled`, `cancelled_at`, `created_at`, `updated_at`, `cancelled_by`, `cancel_reason`) VALUES ('105', 'INV-20260302-0089', '78', 'TUNAS JAYA', '082181955510', NULL, '36300.00', '0.00', '0.00', 'unpaid', '1', NULL, 'pending', 'not_picked_up', NULL, NULL, NULL, '20', NULL, NULL, '1', '2026-03-02 15:54:13', '0', NULL, '2026-03-02 15:54:09', '2026-03-02 15:54:13', NULL, NULL);
INSERT INTO `orders` (`id`, `invoice_number`, `customer_id`, `customer_name`, `customer_phone`, `notes`, `total_price`, `paid_amount`, `change_amount`, `payment_status`, `is_credit`, `paid_at`, `production_status`, `pickup_status`, `picked_up_at`, `started_at`, `finished_at`, `designer_id`, `cashier_id`, `operator_id`, `spk_printed`, `spk_printed_at`, `is_cancelled`, `cancelled_at`, `created_at`, `updated_at`, `cancelled_by`, `cancel_reason`) VALUES ('106', 'INV-20260302-0090', '76', 'Ita Pelangi', '081957071787', NULL, '95400.00', '0.00', '0.00', 'unpaid', '1', NULL, 'pending', 'not_picked_up', NULL, NULL, NULL, '19', NULL, NULL, '1', '2026-03-02 15:58:55', '0', NULL, '2026-03-02 15:58:46', '2026-03-02 15:58:55', NULL, NULL);
INSERT INTO `orders` (`id`, `invoice_number`, `customer_id`, `customer_name`, `customer_phone`, `notes`, `total_price`, `paid_amount`, `change_amount`, `payment_status`, `is_credit`, `paid_at`, `production_status`, `pickup_status`, `picked_up_at`, `started_at`, `finished_at`, `designer_id`, `cashier_id`, `operator_id`, `spk_printed`, `spk_printed_at`, `is_cancelled`, `cancelled_at`, `created_at`, `updated_at`, `cancelled_by`, `cancel_reason`) VALUES ('107', 'INV-20260302-0091', '3', 'Livina', '085768038613', NULL, '70000.00', '0.00', '0.00', 'unpaid', '1', NULL, 'pending', 'not_picked_up', NULL, NULL, NULL, '3', NULL, NULL, '1', '2026-03-02 15:59:36', '0', NULL, '2026-03-02 15:59:33', '2026-03-02 15:59:36', NULL, NULL);
INSERT INTO `orders` (`id`, `invoice_number`, `customer_id`, `customer_name`, `customer_phone`, `notes`, `total_price`, `paid_amount`, `change_amount`, `payment_status`, `is_credit`, `paid_at`, `production_status`, `pickup_status`, `picked_up_at`, `started_at`, `finished_at`, `designer_id`, `cashier_id`, `operator_id`, `spk_printed`, `spk_printed_at`, `is_cancelled`, `cancelled_at`, `created_at`, `updated_at`, `cancelled_by`, `cancel_reason`) VALUES ('108', 'INV-20260302-0092', '79', 'Hanim', '085273583358', NULL, '109200.00', '109200.00', '0.00', 'paid', '1', '2026-03-02 16:02:14', 'selesai', 'not_picked_up', NULL, '2026-03-02 16:15:37', '2026-03-02 16:16:54', '19', '16', '17', '1', '2026-03-02 16:01:55', '0', NULL, '2026-03-02 16:01:50', '2026-03-02 16:16:54', NULL, NULL);
INSERT INTO `orders` (`id`, `invoice_number`, `customer_id`, `customer_name`, `customer_phone`, `notes`, `total_price`, `paid_amount`, `change_amount`, `payment_status`, `is_credit`, `paid_at`, `production_status`, `pickup_status`, `picked_up_at`, `started_at`, `finished_at`, `designer_id`, `cashier_id`, `operator_id`, `spk_printed`, `spk_printed_at`, `is_cancelled`, `cancelled_at`, `created_at`, `updated_at`, `cancelled_by`, `cancel_reason`) VALUES ('109', 'INV-20260302-0093', '77', 'TIMEZONE CHANDRA', '087883790679', NULL, '50800.00', '0.00', '0.00', 'unpaid', '1', NULL, 'proses_cetak', 'not_picked_up', NULL, '2026-03-02 16:42:13', NULL, '3', NULL, '17', '1', '2026-03-02 16:28:54', '0', NULL, '2026-03-02 16:28:50', '2026-03-02 16:42:13', NULL, NULL);
INSERT INTO `orders` (`id`, `invoice_number`, `customer_id`, `customer_name`, `customer_phone`, `notes`, `total_price`, `paid_amount`, `change_amount`, `payment_status`, `is_credit`, `paid_at`, `production_status`, `pickup_status`, `picked_up_at`, `started_at`, `finished_at`, `designer_id`, `cashier_id`, `operator_id`, `spk_printed`, `spk_printed_at`, `is_cancelled`, `cancelled_at`, `created_at`, `updated_at`, `cancelled_by`, `cancel_reason`) VALUES ('110', 'INV-20260302-0094', '81', 'Rudi Natar', '0895324252802', NULL, '315900.00', '0.00', '0.00', 'unpaid', '1', NULL, 'proses_cetak', 'not_picked_up', NULL, '2026-03-02 16:42:24', NULL, '3', NULL, '17', '1', '2026-03-02 16:33:14', '0', NULL, '2026-03-02 16:32:54', '2026-03-02 16:42:24', NULL, NULL);
INSERT INTO `orders` (`id`, `invoice_number`, `customer_id`, `customer_name`, `customer_phone`, `notes`, `total_price`, `paid_amount`, `change_amount`, `payment_status`, `is_credit`, `paid_at`, `production_status`, `pickup_status`, `picked_up_at`, `started_at`, `finished_at`, `designer_id`, `cashier_id`, `operator_id`, `spk_printed`, `spk_printed_at`, `is_cancelled`, `cancelled_at`, `created_at`, `updated_at`, `cancelled_by`, `cancel_reason`) VALUES ('111', 'INV-20260302-0095', '32', 'WANGA', '081279233924', NULL, '10000.00', '0.00', '0.00', 'unpaid', '1', NULL, 'pending', 'not_picked_up', NULL, NULL, NULL, '19', NULL, NULL, '1', '2026-03-02 16:35:07', '0', NULL, '2026-03-02 16:35:03', '2026-03-02 16:35:07', NULL, NULL);
INSERT INTO `orders` (`id`, `invoice_number`, `customer_id`, `customer_name`, `customer_phone`, `notes`, `total_price`, `paid_amount`, `change_amount`, `payment_status`, `is_credit`, `paid_at`, `production_status`, `pickup_status`, `picked_up_at`, `started_at`, `finished_at`, `designer_id`, `cashier_id`, `operator_id`, `spk_printed`, `spk_printed_at`, `is_cancelled`, `cancelled_at`, `created_at`, `updated_at`, `cancelled_by`, `cancel_reason`) VALUES ('112', 'INV-20260302-0096', '82', 'INDOMARET', '081379830275', NULL, '135000.00', '0.00', '0.00', 'unpaid', '1', NULL, 'pending', 'not_picked_up', NULL, NULL, NULL, '23', NULL, NULL, '0', NULL, '0', NULL, '2026-03-02 16:35:21', '2026-03-02 16:35:41', NULL, NULL);
INSERT INTO `orders` (`id`, `invoice_number`, `customer_id`, `customer_name`, `customer_phone`, `notes`, `total_price`, `paid_amount`, `change_amount`, `payment_status`, `is_credit`, `paid_at`, `production_status`, `pickup_status`, `picked_up_at`, `started_at`, `finished_at`, `designer_id`, `cashier_id`, `operator_id`, `spk_printed`, `spk_printed_at`, `is_cancelled`, `cancelled_at`, `created_at`, `updated_at`, `cancelled_by`, `cancel_reason`) VALUES ('113', 'INV-20260302-0097', '83', 'KHARISMA PRINTING', '+62 812-7365-0655', NULL, '8800.00', '0.00', '0.00', 'unpaid', '1', NULL, 'proses_cetak', 'not_picked_up', NULL, '2026-03-02 16:42:32', NULL, '20', NULL, '17', '1', '2026-03-02 16:38:03', '0', NULL, '2026-03-02 16:37:56', '2026-03-02 16:42:32', NULL, NULL);
INSERT INTO `orders` (`id`, `invoice_number`, `customer_id`, `customer_name`, `customer_phone`, `notes`, `total_price`, `paid_amount`, `change_amount`, `payment_status`, `is_credit`, `paid_at`, `production_status`, `pickup_status`, `picked_up_at`, `started_at`, `finished_at`, `designer_id`, `cashier_id`, `operator_id`, `spk_printed`, `spk_printed_at`, `is_cancelled`, `cancelled_at`, `created_at`, `updated_at`, `cancelled_by`, `cancel_reason`) VALUES ('114', 'INV-20260302-0098', '25', 'VISUAL LAMPUNG', '085126649200', NULL, '398550.00', '0.00', '0.00', 'unpaid', '1', NULL, 'pending', 'not_picked_up', NULL, NULL, NULL, '23', NULL, NULL, '1', '2026-03-02 16:40:34', '0', NULL, '2026-03-02 16:40:32', '2026-03-02 16:40:34', NULL, NULL);
INSERT INTO `orders` (`id`, `invoice_number`, `customer_id`, `customer_name`, `customer_phone`, `notes`, `total_price`, `paid_amount`, `change_amount`, `payment_status`, `is_credit`, `paid_at`, `production_status`, `pickup_status`, `picked_up_at`, `started_at`, `finished_at`, `designer_id`, `cashier_id`, `operator_id`, `spk_printed`, `spk_printed_at`, `is_cancelled`, `cancelled_at`, `created_at`, `updated_at`, `cancelled_by`, `cancel_reason`) VALUES ('115', 'INV-20260302-0099', '84', 'Dara Nurlaila', '085783323823', NULL, '31800.00', '0.00', '0.00', 'unpaid', '1', NULL, 'pending', 'not_picked_up', NULL, NULL, NULL, '3', NULL, NULL, '1', '2026-03-02 16:43:58', '0', NULL, '2026-03-02 16:43:56', '2026-03-02 16:43:58', NULL, NULL);
INSERT INTO `orders` (`id`, `invoice_number`, `customer_id`, `customer_name`, `customer_phone`, `notes`, `total_price`, `paid_amount`, `change_amount`, `payment_status`, `is_credit`, `paid_at`, `production_status`, `pickup_status`, `picked_up_at`, `started_at`, `finished_at`, `designer_id`, `cashier_id`, `operator_id`, `spk_printed`, `spk_printed_at`, `is_cancelled`, `cancelled_at`, `created_at`, `updated_at`, `cancelled_by`, `cancel_reason`) VALUES ('116', 'INV-20260302-0100', '85', 'CANDRA CAP 8', '+62 813-6660-0089', NULL, '170000.00', '0.00', '0.00', 'unpaid', '1', NULL, 'pending', 'not_picked_up', NULL, NULL, NULL, '20', NULL, NULL, '1', '2026-03-02 16:51:20', '0', NULL, '2026-03-02 16:51:14', '2026-03-02 16:51:20', NULL, NULL);
INSERT INTO `orders` (`id`, `invoice_number`, `customer_id`, `customer_name`, `customer_phone`, `notes`, `total_price`, `paid_amount`, `change_amount`, `payment_status`, `is_credit`, `paid_at`, `production_status`, `pickup_status`, `picked_up_at`, `started_at`, `finished_at`, `designer_id`, `cashier_id`, `operator_id`, `spk_printed`, `spk_printed_at`, `is_cancelled`, `cancelled_at`, `created_at`, `updated_at`, `cancelled_by`, `cancel_reason`) VALUES ('117', 'INV-20260302-0101', '85', 'CANDRA CAP 8', '+62 813-6660-0089', NULL, '428400.00', '0.00', '0.00', 'unpaid', '1', NULL, 'pending', 'not_picked_up', NULL, NULL, NULL, '20', NULL, NULL, '1', '2026-03-02 16:56:23', '0', NULL, '2026-03-02 16:56:05', '2026-03-02 16:56:23', NULL, NULL);
INSERT INTO `orders` (`id`, `invoice_number`, `customer_id`, `customer_name`, `customer_phone`, `notes`, `total_price`, `paid_amount`, `change_amount`, `payment_status`, `is_credit`, `paid_at`, `production_status`, `pickup_status`, `picked_up_at`, `started_at`, `finished_at`, `designer_id`, `cashier_id`, `operator_id`, `spk_printed`, `spk_printed_at`, `is_cancelled`, `cancelled_at`, `created_at`, `updated_at`, `cancelled_by`, `cancel_reason`) VALUES ('118', 'INV-20260302-0102', '85', 'CANDRA CAP 8', '+62 813-6660-0089', NULL, '85000.00', '0.00', '0.00', 'unpaid', '1', NULL, 'pending', 'not_picked_up', NULL, NULL, NULL, '20', NULL, NULL, '1', '2026-03-02 16:59:38', '0', NULL, '2026-03-02 16:59:33', '2026-03-02 16:59:38', NULL, NULL);
INSERT INTO `orders` (`id`, `invoice_number`, `customer_id`, `customer_name`, `customer_phone`, `notes`, `total_price`, `paid_amount`, `change_amount`, `payment_status`, `is_credit`, `paid_at`, `production_status`, `pickup_status`, `picked_up_at`, `started_at`, `finished_at`, `designer_id`, `cashier_id`, `operator_id`, `spk_printed`, `spk_printed_at`, `is_cancelled`, `cancelled_at`, `created_at`, `updated_at`, `cancelled_by`, `cancel_reason`) VALUES ('119', 'INV-20260302-0103', '86', 'Adi Fransiskus', '082280444014', NULL, '8250.00', '0.00', '0.00', 'unpaid', '1', NULL, 'pending', 'not_picked_up', NULL, NULL, NULL, '3', NULL, NULL, '1', '2026-03-02 17:02:16', '0', NULL, '2026-03-02 17:02:10', '2026-03-02 17:04:33', NULL, NULL);
INSERT INTO `orders` (`id`, `invoice_number`, `customer_id`, `customer_name`, `customer_phone`, `notes`, `total_price`, `paid_amount`, `change_amount`, `payment_status`, `is_credit`, `paid_at`, `production_status`, `pickup_status`, `picked_up_at`, `started_at`, `finished_at`, `designer_id`, `cashier_id`, `operator_id`, `spk_printed`, `spk_printed_at`, `is_cancelled`, `cancelled_at`, `created_at`, `updated_at`, `cancelled_by`, `cancel_reason`) VALUES ('120', 'INV-20260302-0104', '85', 'CANDRA CAP 8', '+62 813-6660-0089', NULL, '144500.00', '0.00', '0.00', 'unpaid', '1', NULL, 'pending', 'not_picked_up', NULL, NULL, NULL, '20', NULL, NULL, '1', '2026-03-02 17:02:13', '0', NULL, '2026-03-02 17:02:10', '2026-03-02 17:02:13', NULL, NULL);
INSERT INTO `orders` (`id`, `invoice_number`, `customer_id`, `customer_name`, `customer_phone`, `notes`, `total_price`, `paid_amount`, `change_amount`, `payment_status`, `is_credit`, `paid_at`, `production_status`, `pickup_status`, `picked_up_at`, `started_at`, `finished_at`, `designer_id`, `cashier_id`, `operator_id`, `spk_printed`, `spk_printed_at`, `is_cancelled`, `cancelled_at`, `created_at`, `updated_at`, `cancelled_by`, `cancel_reason`) VALUES ('121', 'INV-20260302-0105', '85', 'CANDRA CAP 8', '+62 813-6660-0089', NULL, '146200.00', '0.00', '0.00', 'unpaid', '1', NULL, 'pending', 'not_picked_up', NULL, NULL, NULL, '20', NULL, NULL, '1', '2026-03-02 17:04:30', '0', NULL, '2026-03-02 17:04:27', '2026-03-02 17:04:30', NULL, NULL);
INSERT INTO `orders` (`id`, `invoice_number`, `customer_id`, `customer_name`, `customer_phone`, `notes`, `total_price`, `paid_amount`, `change_amount`, `payment_status`, `is_credit`, `paid_at`, `production_status`, `pickup_status`, `picked_up_at`, `started_at`, `finished_at`, `designer_id`, `cashier_id`, `operator_id`, `spk_printed`, `spk_printed_at`, `is_cancelled`, `cancelled_at`, `created_at`, `updated_at`, `cancelled_by`, `cancel_reason`) VALUES ('122', 'INV-20260302-0106', '87', 'CATUR / DINAR', '62 813-7915-0123', NULL, '69300.00', '0.00', '0.00', 'unpaid', '1', NULL, 'pending', 'not_picked_up', NULL, NULL, NULL, '20', NULL, NULL, '1', '2026-03-02 17:11:42', '0', NULL, '2026-03-02 17:11:01', '2026-03-02 17:11:42', NULL, NULL);

-- Table: payment_accounts
CREATE TABLE `payment_accounts` (
  `id` bigint(20) unsigned NOT NULL AUTO_INCREMENT,
  `name` varchar(255) NOT NULL,
  `type` enum('bank','ewallet') NOT NULL,
  `provider` varchar(255) NOT NULL,
  `account_number` varchar(255) NOT NULL,
  `account_holder` varchar(255) NOT NULL,
  `is_active` tinyint(1) NOT NULL DEFAULT 1,
  `created_at` timestamp NULL DEFAULT NULL,
  `updated_at` timestamp NULL DEFAULT NULL,
  PRIMARY KEY (`id`)
) ENGINE=InnoDB AUTO_INCREMENT=12 DEFAULT CHARSET=utf8mb4 COLLATE=utf8mb4_unicode_ci;

INSERT INTO `payment_accounts` (`id`, `name`, `type`, `provider`, `account_number`, `account_holder`, `is_active`, `created_at`, `updated_at`) VALUES ('8', 'BCA', 'bank', 'BCA', '2920858026', 'Raden Cik Awang', '1', '2026-02-12 18:17:51', '2026-02-27 13:35:53');
INSERT INTO `payment_accounts` (`id`, `name`, `type`, `provider`, `account_number`, `account_holder`, `is_active`, `created_at`, `updated_at`) VALUES ('10', 'Mandiri', 'bank', 'Mandiri', '1120005038182', 'Raden Cik Awang', '1', '2026-02-27 13:36:18', '2026-02-27 13:36:18');
INSERT INTO `payment_accounts` (`id`, `name`, `type`, `provider`, `account_number`, `account_holder`, `is_active`, `created_at`, `updated_at`) VALUES ('11', 'BRI', 'bank', 'BRI', '185901012107503', 'Raden Cik Awang', '1', '2026-03-02 13:17:08', '2026-03-02 13:17:08');

-- Table: payments
CREATE TABLE `payments` (
  `id` bigint(20) unsigned NOT NULL AUTO_INCREMENT,
  `order_id` bigint(20) unsigned NOT NULL,
  `amount` decimal(15,2) NOT NULL,
  `payment_method` varchar(255) NOT NULL DEFAULT 'cash',
  `payment_account_id` bigint(20) unsigned DEFAULT NULL,
  `proof_path` varchar(255) DEFAULT NULL,
  `notes` text DEFAULT NULL,
  `cashier_id` bigint(20) unsigned DEFAULT NULL,
  `created_at` timestamp NULL DEFAULT NULL,
  `updated_at` timestamp NULL DEFAULT NULL,
  PRIMARY KEY (`id`),
  KEY `payments_cashier_id_foreign` (`cashier_id`),
  KEY `payments_order_id_index` (`order_id`),
  KEY `payments_created_at_index` (`created_at`),
  KEY `payments_payment_account_id_foreign` (`payment_account_id`),
  CONSTRAINT `payments_cashier_id_foreign` FOREIGN KEY (`cashier_id`) REFERENCES `users` (`id`) ON DELETE SET NULL,
  CONSTRAINT `payments_order_id_foreign` FOREIGN KEY (`order_id`) REFERENCES `orders` (`id`) ON DELETE CASCADE,
  CONSTRAINT `payments_payment_account_id_foreign` FOREIGN KEY (`payment_account_id`) REFERENCES `payment_accounts` (`id`) ON DELETE SET NULL
) ENGINE=InnoDB AUTO_INCREMENT=48 DEFAULT CHARSET=utf8mb4 COLLATE=utf8mb4_unicode_ci;

INSERT INTO `payments` (`id`, `order_id`, `amount`, `payment_method`, `payment_account_id`, `proof_path`, `notes`, `cashier_id`, `created_at`, `updated_at`) VALUES ('8', '20', '50000.00', 'cash', NULL, NULL, NULL, '16', '2026-03-02 11:14:54', '2026-03-02 11:14:54');
INSERT INTO `payments` (`id`, `order_id`, `amount`, `payment_method`, `payment_account_id`, `proof_path`, `notes`, `cashier_id`, `created_at`, `updated_at`) VALUES ('9', '23', '19800.00', 'transfer', '8', NULL, NULL, '16', '2026-03-02 11:16:50', '2026-03-02 11:16:50');
INSERT INTO `payments` (`id`, `order_id`, `amount`, `payment_method`, `payment_account_id`, `proof_path`, `notes`, `cashier_id`, `created_at`, `updated_at`) VALUES ('10', '36', '5400.00', 'transfer', '8', NULL, NULL, '16', '2026-03-02 11:28:18', '2026-03-02 11:28:18');
INSERT INTO `payments` (`id`, `order_id`, `amount`, `payment_method`, `payment_account_id`, `proof_path`, `notes`, `cashier_id`, `created_at`, `updated_at`) VALUES ('11', '33', '41700.00', 'transfer', '10', NULL, NULL, '16', '2026-03-02 11:45:34', '2026-03-02 11:45:34');
INSERT INTO `payments` (`id`, `order_id`, `amount`, `payment_method`, `payment_account_id`, `proof_path`, `notes`, `cashier_id`, `created_at`, `updated_at`) VALUES ('12', '34', '1800.00', 'transfer', '10', NULL, NULL, '16', '2026-03-02 11:45:34', '2026-03-02 11:45:34');
INSERT INTO `payments` (`id`, `order_id`, `amount`, `payment_method`, `payment_account_id`, `proof_path`, `notes`, `cashier_id`, `created_at`, `updated_at`) VALUES ('13', '65', '140000.00', 'cash', NULL, NULL, NULL, '5', '2026-03-02 13:09:49', '2026-03-02 13:09:49');
INSERT INTO `payments` (`id`, `order_id`, `amount`, `payment_method`, `payment_account_id`, `proof_path`, `notes`, `cashier_id`, `created_at`, `updated_at`) VALUES ('14', '67', '5000.00', 'cash', NULL, NULL, NULL, '16', '2026-03-02 13:31:01', '2026-03-02 13:31:01');
INSERT INTO `payments` (`id`, `order_id`, `amount`, `payment_method`, `payment_account_id`, `proof_path`, `notes`, `cashier_id`, `created_at`, `updated_at`) VALUES ('15', '56', '50000.00', 'cash', NULL, NULL, NULL, '16', '2026-03-02 13:35:23', '2026-03-02 13:35:23');
INSERT INTO `payments` (`id`, `order_id`, `amount`, `payment_method`, `payment_account_id`, `proof_path`, `notes`, `cashier_id`, `created_at`, `updated_at`) VALUES ('16', '19', '48000.00', 'transfer', '8', NULL, NULL, '16', '2026-03-02 13:37:10', '2026-03-02 13:37:10');
INSERT INTO `payments` (`id`, `order_id`, `amount`, `payment_method`, `payment_account_id`, `proof_path`, `notes`, `cashier_id`, `created_at`, `updated_at`) VALUES ('17', '85', '20000.00', 'cash', NULL, NULL, NULL, '16', '2026-03-02 14:00:16', '2026-03-02 14:00:16');
INSERT INTO `payments` (`id`, `order_id`, `amount`, `payment_method`, `payment_account_id`, `proof_path`, `notes`, `cashier_id`, `created_at`, `updated_at`) VALUES ('18', '27', '24300.00', 'transfer', '8', NULL, NULL, '16', '2026-03-02 14:01:48', '2026-03-02 14:01:48');
INSERT INTO `payments` (`id`, `order_id`, `amount`, `payment_method`, `payment_account_id`, `proof_path`, `notes`, `cashier_id`, `created_at`, `updated_at`) VALUES ('19', '29', '3200.00', 'transfer', '8', NULL, NULL, '16', '2026-03-02 14:01:48', '2026-03-02 14:01:48');
INSERT INTO `payments` (`id`, `order_id`, `amount`, `payment_method`, `payment_account_id`, `proof_path`, `notes`, `cashier_id`, `created_at`, `updated_at`) VALUES ('20', '30', '100000.00', 'cash', NULL, NULL, NULL, '16', '2026-03-02 14:15:33', '2026-03-02 14:15:33');
INSERT INTO `payments` (`id`, `order_id`, `amount`, `payment_method`, `payment_account_id`, `proof_path`, `notes`, `cashier_id`, `created_at`, `updated_at`) VALUES ('21', '50', '100000.00', 'cash', NULL, NULL, NULL, '16', '2026-03-02 14:16:44', '2026-03-02 14:16:44');
INSERT INTO `payments` (`id`, `order_id`, `amount`, `payment_method`, `payment_account_id`, `proof_path`, `notes`, `cashier_id`, `created_at`, `updated_at`) VALUES ('22', '42', '49500.00', 'cash', NULL, NULL, NULL, '16', '2026-03-02 14:33:00', '2026-03-02 14:33:00');
INSERT INTO `payments` (`id`, `order_id`, `amount`, `payment_method`, `payment_account_id`, `proof_path`, `notes`, `cashier_id`, `created_at`, `updated_at`) VALUES ('23', '45', '15400.00', 'cash', NULL, NULL, NULL, '16', '2026-03-02 14:33:00', '2026-03-02 14:33:00');
INSERT INTO `payments` (`id`, `order_id`, `amount`, `payment_method`, `payment_account_id`, `proof_path`, `notes`, `cashier_id`, `created_at`, `updated_at`) VALUES ('24', '92', '3997.00', 'cash', NULL, NULL, NULL, '16', '2026-03-02 14:35:00', '2026-03-02 14:35:00');
INSERT INTO `payments` (`id`, `order_id`, `amount`, `payment_method`, `payment_account_id`, `proof_path`, `notes`, `cashier_id`, `created_at`, `updated_at`) VALUES ('25', '41', '10000.00', 'transfer', '8', NULL, NULL, '16', '2026-03-02 14:36:35', '2026-03-02 14:36:35');
INSERT INTO `payments` (`id`, `order_id`, `amount`, `payment_method`, `payment_account_id`, `proof_path`, `notes`, `cashier_id`, `created_at`, `updated_at`) VALUES ('26', '63', '32800.00', 'transfer', '8', NULL, NULL, '16', '2026-03-02 14:43:16', '2026-03-02 14:43:16');
INSERT INTO `payments` (`id`, `order_id`, `amount`, `payment_method`, `payment_account_id`, `proof_path`, `notes`, `cashier_id`, `created_at`, `updated_at`) VALUES ('27', '95', '1040000.00', 'transfer', '10', NULL, NULL, '16', '2026-03-02 15:04:24', '2026-03-02 15:04:24');
INSERT INTO `payments` (`id`, `order_id`, `amount`, `payment_method`, `payment_account_id`, `proof_path`, `notes`, `cashier_id`, `created_at`, `updated_at`) VALUES ('28', '68', '52000.00', 'transfer', '8', NULL, NULL, '16', '2026-03-02 15:05:00', '2026-03-02 15:05:00');
INSERT INTO `payments` (`id`, `order_id`, `amount`, `payment_method`, `payment_account_id`, `proof_path`, `notes`, `cashier_id`, `created_at`, `updated_at`) VALUES ('29', '55', '25000.00', 'transfer', '11', NULL, NULL, '16', '2026-03-02 15:05:31', '2026-03-02 15:05:31');
INSERT INTO `payments` (`id`, `order_id`, `amount`, `payment_method`, `payment_account_id`, `proof_path`, `notes`, `cashier_id`, `created_at`, `updated_at`) VALUES ('30', '22', '26400.00', 'cash', NULL, NULL, NULL, '16', '2026-03-02 15:10:22', '2026-03-02 15:10:22');
INSERT INTO `payments` (`id`, `order_id`, `amount`, `payment_method`, `payment_account_id`, `proof_path`, `notes`, `cashier_id`, `created_at`, `updated_at`) VALUES ('31', '25', '97500.00', 'cash', NULL, NULL, NULL, '16', '2026-03-02 15:10:22', '2026-03-02 15:10:22');
INSERT INTO `payments` (`id`, `order_id`, `amount`, `payment_method`, `payment_account_id`, `proof_path`, `notes`, `cashier_id`, `created_at`, `updated_at`) VALUES ('32', '74', '20000.00', 'cash', NULL, NULL, NULL, '16', '2026-03-02 15:23:51', '2026-03-02 15:23:51');
INSERT INTO `payments` (`id`, `order_id`, `amount`, `payment_method`, `payment_account_id`, `proof_path`, `notes`, `cashier_id`, `created_at`, `updated_at`) VALUES ('33', '108', '109200.00', 'transfer', '8', NULL, NULL, '16', '2026-03-02 16:02:14', '2026-03-02 16:02:14');
INSERT INTO `payments` (`id`, `order_id`, `amount`, `payment_method`, `payment_account_id`, `proof_path`, `notes`, `cashier_id`, `created_at`, `updated_at`) VALUES ('34', '91', '17500.00', 'transfer', '8', NULL, NULL, '5', '2026-03-02 16:04:34', '2026-03-02 16:04:34');
INSERT INTO `payments` (`id`, `order_id`, `amount`, `payment_method`, `payment_account_id`, `proof_path`, `notes`, `cashier_id`, `created_at`, `updated_at`) VALUES ('35', '59', '100000.00', 'cash', NULL, NULL, NULL, '16', '2026-03-02 16:14:42', '2026-03-02 16:14:42');
INSERT INTO `payments` (`id`, `order_id`, `amount`, `payment_method`, `payment_account_id`, `proof_path`, `notes`, `cashier_id`, `created_at`, `updated_at`) VALUES ('36', '69', '50000.00', 'cash', NULL, NULL, NULL, '16', '2026-03-02 16:15:49', '2026-03-02 16:15:49');
INSERT INTO `payments` (`id`, `order_id`, `amount`, `payment_method`, `payment_account_id`, `proof_path`, `notes`, `cashier_id`, `created_at`, `updated_at`) VALUES ('37', '86', '10000.00', 'cash', NULL, NULL, NULL, '16', '2026-03-02 16:18:21', '2026-03-02 16:18:21');
INSERT INTO `payments` (`id`, `order_id`, `amount`, `payment_method`, `payment_account_id`, `proof_path`, `notes`, `cashier_id`, `created_at`, `updated_at`) VALUES ('38', '88', '21900.00', 'transfer', '8', NULL, NULL, '16', '2026-03-02 16:23:02', '2026-03-02 16:23:02');
INSERT INTO `payments` (`id`, `order_id`, `amount`, `payment_method`, `payment_account_id`, `proof_path`, `notes`, `cashier_id`, `created_at`, `updated_at`) VALUES ('39', '46', '90000.00', 'transfer', '8', NULL, NULL, '16', '2026-03-02 16:24:32', '2026-03-02 16:24:32');
INSERT INTO `payments` (`id`, `order_id`, `amount`, `payment_method`, `payment_account_id`, `proof_path`, `notes`, `cashier_id`, `created_at`, `updated_at`) VALUES ('40', '32', '42000.00', 'transfer', '8', NULL, NULL, '16', '2026-03-02 16:29:00', '2026-03-02 16:29:00');
INSERT INTO `payments` (`id`, `order_id`, `amount`, `payment_method`, `payment_account_id`, `proof_path`, `notes`, `cashier_id`, `created_at`, `updated_at`) VALUES ('41', '44', '101400.00', 'transfer', '8', NULL, NULL, '16', '2026-03-02 16:29:00', '2026-03-02 16:29:00');
INSERT INTO `payments` (`id`, `order_id`, `amount`, `payment_method`, `payment_account_id`, `proof_path`, `notes`, `cashier_id`, `created_at`, `updated_at`) VALUES ('42', '21', '630000.00', 'transfer', '10', NULL, NULL, '16', '2026-03-02 16:35:22', '2026-03-02 16:35:22');
INSERT INTO `payments` (`id`, `order_id`, `amount`, `payment_method`, `payment_account_id`, `proof_path`, `notes`, `cashier_id`, `created_at`, `updated_at`) VALUES ('43', '60', '50000.00', 'transfer', '10', NULL, NULL, '16', '2026-03-02 16:37:50', '2026-03-02 16:37:50');
INSERT INTO `payments` (`id`, `order_id`, `amount`, `payment_method`, `payment_account_id`, `proof_path`, `notes`, `cashier_id`, `created_at`, `updated_at`) VALUES ('44', '103', '23400.00', 'transfer', '8', NULL, NULL, '16', '2026-03-02 16:46:46', '2026-03-02 16:46:46');
INSERT INTO `payments` (`id`, `order_id`, `amount`, `payment_method`, `payment_account_id`, `proof_path`, `notes`, `cashier_id`, `created_at`, `updated_at`) VALUES ('45', '84', '147000.00', 'transfer', '8', NULL, NULL, '16', '2026-03-02 17:04:30', '2026-03-02 17:04:30');
INSERT INTO `payments` (`id`, `order_id`, `amount`, `payment_method`, `payment_account_id`, `proof_path`, `notes`, `cashier_id`, `created_at`, `updated_at`) VALUES ('46', '57', '217000.00', 'transfer', '8', NULL, NULL, '16', '2026-03-02 17:05:28', '2026-03-02 17:05:28');
INSERT INTO `payments` (`id`, `order_id`, `amount`, `payment_method`, `payment_account_id`, `proof_path`, `notes`, `cashier_id`, `created_at`, `updated_at`) VALUES ('47', '78', '36300.00', 'transfer', '8', NULL, NULL, '16', '2026-03-02 17:05:56', '2026-03-02 17:05:56');

-- Table: permissions
CREATE TABLE `permissions` (
  `id` bigint(20) unsigned NOT NULL AUTO_INCREMENT,
  `name` varchar(255) NOT NULL,
  `guard_name` varchar(255) NOT NULL,
  `created_at` timestamp NULL DEFAULT NULL,
  `updated_at` timestamp NULL DEFAULT NULL,
  PRIMARY KEY (`id`),
  UNIQUE KEY `permissions_name_guard_name_unique` (`name`,`guard_name`)
) ENGINE=InnoDB AUTO_INCREMENT=47 DEFAULT CHARSET=utf8mb4 COLLATE=utf8mb4_unicode_ci;

INSERT INTO `permissions` (`id`, `name`, `guard_name`, `created_at`, `updated_at`) VALUES ('1', 'manage users', 'web', '2026-02-09 13:27:05', '2026-02-09 13:27:05');
INSERT INTO `permissions` (`id`, `name`, `guard_name`, `created_at`, `updated_at`) VALUES ('2', 'create orders', 'web', '2026-02-09 13:27:05', '2026-02-09 13:27:05');
INSERT INTO `permissions` (`id`, `name`, `guard_name`, `created_at`, `updated_at`) VALUES ('3', 'process payments', 'web', '2026-02-09 13:27:05', '2026-02-09 13:27:05');
INSERT INTO `permissions` (`id`, `name`, `guard_name`, `created_at`, `updated_at`) VALUES ('4', 'update production', 'web', '2026-02-09 13:27:05', '2026-02-09 13:27:05');
INSERT INTO `permissions` (`id`, `name`, `guard_name`, `created_at`, `updated_at`) VALUES ('5', 'view reports', 'web', '2026-02-09 13:27:05', '2026-02-09 13:27:05');
INSERT INTO `permissions` (`id`, `name`, `guard_name`, `created_at`, `updated_at`) VALUES ('6', 'view click reports', 'web', '2026-02-09 13:27:05', '2026-02-09 13:27:05');
INSERT INTO `permissions` (`id`, `name`, `guard_name`, `created_at`, `updated_at`) VALUES ('7', 'print spk', 'web', '2026-02-09 13:27:05', '2026-02-09 13:27:05');
INSERT INTO `permissions` (`id`, `name`, `guard_name`, `created_at`, `updated_at`) VALUES ('8', 'management access', 'web', '2026-02-09 13:27:05', '2026-02-09 13:27:05');
INSERT INTO `permissions` (`id`, `name`, `guard_name`, `created_at`, `updated_at`) VALUES ('9', 'view customers', 'web', '2026-02-09 13:27:05', '2026-02-09 13:27:05');
INSERT INTO `permissions` (`id`, `name`, `guard_name`, `created_at`, `updated_at`) VALUES ('10', 'create customers', 'web', '2026-02-09 13:27:05', '2026-02-09 13:27:05');
INSERT INTO `permissions` (`id`, `name`, `guard_name`, `created_at`, `updated_at`) VALUES ('11', 'edit customers', 'web', '2026-02-09 13:27:05', '2026-02-09 13:27:05');
INSERT INTO `permissions` (`id`, `name`, `guard_name`, `created_at`, `updated_at`) VALUES ('12', 'delete customers', 'web', '2026-02-09 13:27:05', '2026-02-09 13:27:05');
INSERT INTO `permissions` (`id`, `name`, `guard_name`, `created_at`, `updated_at`) VALUES ('13', 'view products', 'web', '2026-02-09 13:27:05', '2026-02-09 13:27:05');
INSERT INTO `permissions` (`id`, `name`, `guard_name`, `created_at`, `updated_at`) VALUES ('14', 'create products', 'web', '2026-02-09 13:27:05', '2026-02-09 13:27:05');
INSERT INTO `permissions` (`id`, `name`, `guard_name`, `created_at`, `updated_at`) VALUES ('15', 'edit products', 'web', '2026-02-09 13:27:05', '2026-02-09 13:27:05');
INSERT INTO `permissions` (`id`, `name`, `guard_name`, `created_at`, `updated_at`) VALUES ('16', 'delete products', 'web', '2026-02-09 13:27:05', '2026-02-09 13:27:05');
INSERT INTO `permissions` (`id`, `name`, `guard_name`, `created_at`, `updated_at`) VALUES ('17', 'view units', 'web', '2026-02-09 13:27:05', '2026-02-09 13:27:05');
INSERT INTO `permissions` (`id`, `name`, `guard_name`, `created_at`, `updated_at`) VALUES ('18', 'manage units', 'web', '2026-02-09 13:27:05', '2026-02-09 13:27:05');
INSERT INTO `permissions` (`id`, `name`, `guard_name`, `created_at`, `updated_at`) VALUES ('19', 'view suppliers', 'web', '2026-02-09 13:27:05', '2026-02-09 13:27:05');
INSERT INTO `permissions` (`id`, `name`, `guard_name`, `created_at`, `updated_at`) VALUES ('20', 'manage suppliers', 'web', '2026-02-09 13:27:05', '2026-02-09 13:27:05');
INSERT INTO `permissions` (`id`, `name`, `guard_name`, `created_at`, `updated_at`) VALUES ('21', 'view finance', 'web', '2026-02-09 13:27:05', '2026-02-09 13:27:05');
INSERT INTO `permissions` (`id`, `name`, `guard_name`, `created_at`, `updated_at`) VALUES ('22', 'manage deposits', 'web', '2026-02-09 13:27:05', '2026-02-09 13:27:05');
INSERT INTO `permissions` (`id`, `name`, `guard_name`, `created_at`, `updated_at`) VALUES ('23', 'view stock', 'web', '2026-02-09 13:27:05', '2026-02-09 13:27:05');
INSERT INTO `permissions` (`id`, `name`, `guard_name`, `created_at`, `updated_at`) VALUES ('24', 'manage stock', 'web', '2026-02-09 13:27:05', '2026-02-09 13:27:05');
INSERT INTO `permissions` (`id`, `name`, `guard_name`, `created_at`, `updated_at`) VALUES ('25', 'view materials', 'web', '2026-02-09 13:27:05', '2026-02-09 13:27:05');
INSERT INTO `permissions` (`id`, `name`, `guard_name`, `created_at`, `updated_at`) VALUES ('26', 'manage materials', 'web', '2026-02-09 13:27:05', '2026-02-09 13:27:05');
INSERT INTO `permissions` (`id`, `name`, `guard_name`, `created_at`, `updated_at`) VALUES ('27', 'view expenses', 'web', '2026-02-09 13:27:05', '2026-02-09 13:27:05');
INSERT INTO `permissions` (`id`, `name`, `guard_name`, `created_at`, `updated_at`) VALUES ('28', 'manage expenses', 'web', '2026-02-09 13:27:05', '2026-02-09 13:27:05');
INSERT INTO `permissions` (`id`, `name`, `guard_name`, `created_at`, `updated_at`) VALUES ('29', 'view employees', 'web', '2026-02-09 13:27:05', '2026-02-09 13:27:05');
INSERT INTO `permissions` (`id`, `name`, `guard_name`, `created_at`, `updated_at`) VALUES ('30', 'create employees', 'web', '2026-02-09 13:27:05', '2026-02-09 13:27:05');
INSERT INTO `permissions` (`id`, `name`, `guard_name`, `created_at`, `updated_at`) VALUES ('31', 'edit employees', 'web', '2026-02-09 13:27:05', '2026-02-09 13:27:05');
INSERT INTO `permissions` (`id`, `name`, `guard_name`, `created_at`, `updated_at`) VALUES ('32', 'delete employees', 'web', '2026-02-09 13:27:05', '2026-02-09 13:27:05');
INSERT INTO `permissions` (`id`, `name`, `guard_name`, `created_at`, `updated_at`) VALUES ('33', 'view salaries', 'web', '2026-02-09 13:27:05', '2026-02-09 13:27:05');
INSERT INTO `permissions` (`id`, `name`, `guard_name`, `created_at`, `updated_at`) VALUES ('34', 'create salaries', 'web', '2026-02-09 13:27:05', '2026-02-09 13:27:05');
INSERT INTO `permissions` (`id`, `name`, `guard_name`, `created_at`, `updated_at`) VALUES ('35', 'edit salaries', 'web', '2026-02-09 13:27:05', '2026-02-09 13:27:05');
INSERT INTO `permissions` (`id`, `name`, `guard_name`, `created_at`, `updated_at`) VALUES ('36', 'delete salaries', 'web', '2026-02-09 13:27:05', '2026-02-09 13:27:05');
INSERT INTO `permissions` (`id`, `name`, `guard_name`, `created_at`, `updated_at`) VALUES ('37', 'manage backups', 'web', '2026-02-09 13:27:05', '2026-02-09 13:27:05');
INSERT INTO `permissions` (`id`, `name`, `guard_name`, `created_at`, `updated_at`) VALUES ('38', 'manage payment accounts', 'web', '2026-02-09 13:27:05', '2026-02-09 13:27:05');
INSERT INTO `permissions` (`id`, `name`, `guard_name`, `created_at`, `updated_at`) VALUES ('39', 'request cancellations', 'web', '2026-02-10 01:47:14', '2026-02-10 01:47:14');
INSERT INTO `permissions` (`id`, `name`, `guard_name`, `created_at`, `updated_at`) VALUES ('40', 'approve cancellations', 'web', '2026-02-10 01:47:14', '2026-02-10 01:47:14');
INSERT INTO `permissions` (`id`, `name`, `guard_name`, `created_at`, `updated_at`) VALUES ('41', 'view orders', 'web', '2026-02-10 08:23:29', '2026-02-10 08:23:29');
INSERT INTO `permissions` (`id`, `name`, `guard_name`, `created_at`, `updated_at`) VALUES ('42', 'view machines', 'web', '2026-02-09 13:27:05', '2026-02-09 13:27:05');
INSERT INTO `permissions` (`id`, `name`, `guard_name`, `created_at`, `updated_at`) VALUES ('43', 'manage machines', 'web', '2026-02-09 13:27:05', '2026-02-09 13:27:05');
INSERT INTO `permissions` (`id`, `name`, `guard_name`, `created_at`, `updated_at`) VALUES ('44', 'view ai', 'web', '2026-03-02 12:56:49', '2026-03-02 12:56:49');
INSERT INTO `permissions` (`id`, `name`, `guard_name`, `created_at`, `updated_at`) VALUES ('45', 'manage settings', 'web', '2026-03-02 12:56:49', '2026-03-02 12:56:49');
INSERT INTO `permissions` (`id`, `name`, `guard_name`, `created_at`, `updated_at`) VALUES ('46', 'manage customers', 'web', '2026-03-02 12:56:49', '2026-03-02 12:56:49');

-- Table: product_material
CREATE TABLE `product_material` (
  `id` bigint(20) unsigned NOT NULL AUTO_INCREMENT,
  `product_id` bigint(20) unsigned NOT NULL,
  `material_id` bigint(20) unsigned NOT NULL,
  `created_at` timestamp NULL DEFAULT NULL,
  `updated_at` timestamp NULL DEFAULT NULL,
  PRIMARY KEY (`id`),
  UNIQUE KEY `product_material_product_id_material_id_unique` (`product_id`,`material_id`),
  KEY `product_material_material_id_foreign` (`material_id`),
  CONSTRAINT `product_material_material_id_foreign` FOREIGN KEY (`material_id`) REFERENCES `materials` (`id`) ON DELETE CASCADE,
  CONSTRAINT `product_material_product_id_foreign` FOREIGN KEY (`product_id`) REFERENCES `products` (`id`) ON DELETE CASCADE
) ENGINE=InnoDB AUTO_INCREMENT=146 DEFAULT CHARSET=utf8mb4 COLLATE=utf8mb4_unicode_ci;

INSERT INTO `product_material` (`id`, `product_id`, `material_id`, `created_at`, `updated_at`) VALUES ('87', '21', '44', NULL, NULL);
INSERT INTO `product_material` (`id`, `product_id`, `material_id`, `created_at`, `updated_at`) VALUES ('88', '21', '45', NULL, NULL);
INSERT INTO `product_material` (`id`, `product_id`, `material_id`, `created_at`, `updated_at`) VALUES ('89', '21', '47', NULL, NULL);
INSERT INTO `product_material` (`id`, `product_id`, `material_id`, `created_at`, `updated_at`) VALUES ('90', '21', '48', NULL, NULL);
INSERT INTO `product_material` (`id`, `product_id`, `material_id`, `created_at`, `updated_at`) VALUES ('91', '21', '49', NULL, NULL);
INSERT INTO `product_material` (`id`, `product_id`, `material_id`, `created_at`, `updated_at`) VALUES ('92', '21', '50', NULL, NULL);
INSERT INTO `product_material` (`id`, `product_id`, `material_id`, `created_at`, `updated_at`) VALUES ('93', '21', '46', NULL, NULL);
INSERT INTO `product_material` (`id`, `product_id`, `material_id`, `created_at`, `updated_at`) VALUES ('94', '21', '55', NULL, NULL);
INSERT INTO `product_material` (`id`, `product_id`, `material_id`, `created_at`, `updated_at`) VALUES ('95', '21', '54', NULL, NULL);
INSERT INTO `product_material` (`id`, `product_id`, `material_id`, `created_at`, `updated_at`) VALUES ('96', '21', '51', NULL, NULL);
INSERT INTO `product_material` (`id`, `product_id`, `material_id`, `created_at`, `updated_at`) VALUES ('97', '21', '52', NULL, NULL);
INSERT INTO `product_material` (`id`, `product_id`, `material_id`, `created_at`, `updated_at`) VALUES ('98', '21', '53', NULL, NULL);
INSERT INTO `product_material` (`id`, `product_id`, `material_id`, `created_at`, `updated_at`) VALUES ('99', '21', '56', NULL, NULL);
INSERT INTO `product_material` (`id`, `product_id`, `material_id`, `created_at`, `updated_at`) VALUES ('100', '21', '58', NULL, NULL);
INSERT INTO `product_material` (`id`, `product_id`, `material_id`, `created_at`, `updated_at`) VALUES ('101', '21', '59', NULL, NULL);
INSERT INTO `product_material` (`id`, `product_id`, `material_id`, `created_at`, `updated_at`) VALUES ('102', '21', '60', NULL, NULL);
INSERT INTO `product_material` (`id`, `product_id`, `material_id`, `created_at`, `updated_at`) VALUES ('103', '21', '57', NULL, NULL);
INSERT INTO `product_material` (`id`, `product_id`, `material_id`, `created_at`, `updated_at`) VALUES ('104', '23', '89', NULL, NULL);
INSERT INTO `product_material` (`id`, `product_id`, `material_id`, `created_at`, `updated_at`) VALUES ('106', '23', '85', NULL, NULL);
INSERT INTO `product_material` (`id`, `product_id`, `material_id`, `created_at`, `updated_at`) VALUES ('107', '23', '86', NULL, NULL);
INSERT INTO `product_material` (`id`, `product_id`, `material_id`, `created_at`, `updated_at`) VALUES ('108', '23', '87', NULL, NULL);
INSERT INTO `product_material` (`id`, `product_id`, `material_id`, `created_at`, `updated_at`) VALUES ('109', '23', '88', NULL, NULL);
INSERT INTO `product_material` (`id`, `product_id`, `material_id`, `created_at`, `updated_at`) VALUES ('110', '22', '64', NULL, NULL);
INSERT INTO `product_material` (`id`, `product_id`, `material_id`, `created_at`, `updated_at`) VALUES ('111', '22', '66', NULL, NULL);
INSERT INTO `product_material` (`id`, `product_id`, `material_id`, `created_at`, `updated_at`) VALUES ('112', '22', '80', NULL, NULL);
INSERT INTO `product_material` (`id`, `product_id`, `material_id`, `created_at`, `updated_at`) VALUES ('113', '22', '61', NULL, NULL);
INSERT INTO `product_material` (`id`, `product_id`, `material_id`, `created_at`, `updated_at`) VALUES ('114', '22', '65', NULL, NULL);
INSERT INTO `product_material` (`id`, `product_id`, `material_id`, `created_at`, `updated_at`) VALUES ('115', '22', '63', NULL, NULL);
INSERT INTO `product_material` (`id`, `product_id`, `material_id`, `created_at`, `updated_at`) VALUES ('116', '22', '77', NULL, NULL);
INSERT INTO `product_material` (`id`, `product_id`, `material_id`, `created_at`, `updated_at`) VALUES ('117', '23', '97', NULL, NULL);
INSERT INTO `product_material` (`id`, `product_id`, `material_id`, `created_at`, `updated_at`) VALUES ('118', '22', '76', NULL, NULL);
INSERT INTO `product_material` (`id`, `product_id`, `material_id`, `created_at`, `updated_at`) VALUES ('119', '22', '78', NULL, NULL);
INSERT INTO `product_material` (`id`, `product_id`, `material_id`, `created_at`, `updated_at`) VALUES ('120', '22', '79', NULL, NULL);
INSERT INTO `product_material` (`id`, `product_id`, `material_id`, `created_at`, `updated_at`) VALUES ('121', '22', '75', NULL, NULL);
INSERT INTO `product_material` (`id`, `product_id`, `material_id`, `created_at`, `updated_at`) VALUES ('122', '22', '83', NULL, NULL);
INSERT INTO `product_material` (`id`, `product_id`, `material_id`, `created_at`, `updated_at`) VALUES ('123', '22', '84', NULL, NULL);
INSERT INTO `product_material` (`id`, `product_id`, `material_id`, `created_at`, `updated_at`) VALUES ('124', '22', '82', NULL, NULL);
INSERT INTO `product_material` (`id`, `product_id`, `material_id`, `created_at`, `updated_at`) VALUES ('125', '22', '81', NULL, NULL);
INSERT INTO `product_material` (`id`, `product_id`, `material_id`, `created_at`, `updated_at`) VALUES ('126', '22', '72', NULL, NULL);
INSERT INTO `product_material` (`id`, `product_id`, `material_id`, `created_at`, `updated_at`) VALUES ('127', '22', '74', NULL, NULL);
INSERT INTO `product_material` (`id`, `product_id`, `material_id`, `created_at`, `updated_at`) VALUES ('128', '22', '73', NULL, NULL);
INSERT INTO `product_material` (`id`, `product_id`, `material_id`, `created_at`, `updated_at`) VALUES ('129', '22', '70', NULL, NULL);
INSERT INTO `product_material` (`id`, `product_id`, `material_id`, `created_at`, `updated_at`) VALUES ('130', '22', '71', NULL, NULL);
INSERT INTO `product_material` (`id`, `product_id`, `material_id`, `created_at`, `updated_at`) VALUES ('131', '21', '90', NULL, NULL);
INSERT INTO `product_material` (`id`, `product_id`, `material_id`, `created_at`, `updated_at`) VALUES ('132', '21', '69', NULL, NULL);
INSERT INTO `product_material` (`id`, `product_id`, `material_id`, `created_at`, `updated_at`) VALUES ('133', '21', '96', NULL, NULL);
INSERT INTO `product_material` (`id`, `product_id`, `material_id`, `created_at`, `updated_at`) VALUES ('134', '21', '95', NULL, NULL);
INSERT INTO `product_material` (`id`, `product_id`, `material_id`, `created_at`, `updated_at`) VALUES ('135', '21', '93', NULL, NULL);
INSERT INTO `product_material` (`id`, `product_id`, `material_id`, `created_at`, `updated_at`) VALUES ('136', '21', '67', NULL, NULL);
INSERT INTO `product_material` (`id`, `product_id`, `material_id`, `created_at`, `updated_at`) VALUES ('137', '21', '68', NULL, NULL);
INSERT INTO `product_material` (`id`, `product_id`, `material_id`, `created_at`, `updated_at`) VALUES ('138', '21', '94', NULL, NULL);
INSERT INTO `product_material` (`id`, `product_id`, `material_id`, `created_at`, `updated_at`) VALUES ('139', '22', '62', NULL, NULL);
INSERT INTO `product_material` (`id`, `product_id`, `material_id`, `created_at`, `updated_at`) VALUES ('140', '24', '92', NULL, NULL);
INSERT INTO `product_material` (`id`, `product_id`, `material_id`, `created_at`, `updated_at`) VALUES ('141', '24', '91', NULL, NULL);
INSERT INTO `product_material` (`id`, `product_id`, `material_id`, `created_at`, `updated_at`) VALUES ('142', '24', '99', NULL, NULL);
INSERT INTO `product_material` (`id`, `product_id`, `material_id`, `created_at`, `updated_at`) VALUES ('143', '24', '98', NULL, NULL);
INSERT INTO `product_material` (`id`, `product_id`, `material_id`, `created_at`, `updated_at`) VALUES ('144', '22', '101', NULL, NULL);
INSERT INTO `product_material` (`id`, `product_id`, `material_id`, `created_at`, `updated_at`) VALUES ('145', '25', '103', NULL, NULL);

-- Table: products
CREATE TABLE `products` (
  `id` bigint(20) unsigned NOT NULL AUTO_INCREMENT,
  `name` varchar(255) NOT NULL,
  `code` varchar(255) NOT NULL,
  `description` text DEFAULT NULL,
  `unit_id` bigint(20) unsigned DEFAULT NULL,
  `is_active` tinyint(1) NOT NULL DEFAULT 1,
  `track_clicks` tinyint(1) NOT NULL DEFAULT 0,
  `created_at` timestamp NULL DEFAULT NULL,
  `updated_at` timestamp NULL DEFAULT NULL,
  PRIMARY KEY (`id`),
  UNIQUE KEY `products_code_unique` (`code`),
  KEY `products_is_active_index` (`is_active`),
  KEY `products_unit_id_foreign` (`unit_id`),
  CONSTRAINT `products_unit_id_foreign` FOREIGN KEY (`unit_id`) REFERENCES `units` (`id`) ON DELETE SET NULL
) ENGINE=InnoDB AUTO_INCREMENT=26 DEFAULT CHARSET=utf8mb4 COLLATE=utf8mb4_unicode_ci;

INSERT INTO `products` (`id`, `name`, `code`, `description`, `unit_id`, `is_active`, `track_clicks`, `created_at`, `updated_at`) VALUES ('21', 'Versant', 'VR0001', NULL, NULL, '1', '1', '2026-02-17 11:16:10', '2026-02-17 11:16:10');
INSERT INTO `products` (`id`, `name`, `code`, `description`, `unit_id`, `is_active`, `track_clicks`, `created_at`, `updated_at`) VALUES ('22', 'Indoor', 'ID0001', NULL, NULL, '1', '0', '2026-02-17 11:16:29', '2026-02-17 11:16:29');
INSERT INTO `products` (`id`, `name`, `code`, `description`, `unit_id`, `is_active`, `track_clicks`, `created_at`, `updated_at`) VALUES ('23', 'Outdoor', 'OD0001', NULL, NULL, '1', '0', '2026-02-17 11:16:49', '2026-02-17 11:16:49');
INSERT INTO `products` (`id`, `name`, `code`, `description`, `unit_id`, `is_active`, `track_clicks`, `created_at`, `updated_at`) VALUES ('24', 'Jasa', 'CUTA3', NULL, NULL, '1', '0', '2026-02-27 13:44:32', '2026-02-27 13:44:32');
INSERT INTO `products` (`id`, `name`, `code`, `description`, `unit_id`, `is_active`, `track_clicks`, `created_at`, `updated_at`) VALUES ('25', 'PROMO KROMO RAMADHAN', 'PKR', NULL, NULL, '1', '0', '2026-03-02 15:48:26', '2026-03-02 15:48:26');

-- Table: purchase_payments
CREATE TABLE `purchase_payments` (
  `id` bigint(20) unsigned NOT NULL AUTO_INCREMENT,
  `purchase_id` bigint(20) unsigned NOT NULL,
  `amount` decimal(15,2) NOT NULL,
  `payment_date` date NOT NULL,
  `proof` varchar(255) DEFAULT NULL,
  `notes` text DEFAULT NULL,
  `created_by` bigint(20) unsigned DEFAULT NULL,
  `created_at` timestamp NULL DEFAULT NULL,
  `updated_at` timestamp NULL DEFAULT NULL,
  PRIMARY KEY (`id`),
  KEY `purchase_payments_purchase_id_foreign` (`purchase_id`),
  KEY `purchase_payments_created_by_foreign` (`created_by`),
  CONSTRAINT `purchase_payments_created_by_foreign` FOREIGN KEY (`created_by`) REFERENCES `users` (`id`) ON DELETE SET NULL,
  CONSTRAINT `purchase_payments_purchase_id_foreign` FOREIGN KEY (`purchase_id`) REFERENCES `purchases` (`id`) ON DELETE CASCADE
) ENGINE=InnoDB AUTO_INCREMENT=2 DEFAULT CHARSET=utf8mb4 COLLATE=utf8mb4_unicode_ci;

-- Table: purchases
CREATE TABLE `purchases` (
  `id` bigint(20) unsigned NOT NULL AUTO_INCREMENT,
  `material_id` bigint(20) unsigned NOT NULL,
  `purchase_date` date NOT NULL,
  `quantity` decimal(15,2) NOT NULL,
  `unit_price` decimal(15,2) NOT NULL DEFAULT 0.00,
  `total_price` decimal(15,2) NOT NULL DEFAULT 0.00,
  `paid_amount` decimal(15,2) NOT NULL DEFAULT 0.00,
  `payment_status` enum('unpaid','partial','paid') NOT NULL DEFAULT 'paid',
  `type` enum('satuan','meteran') NOT NULL DEFAULT 'satuan',
  `supplier` varchar(255) DEFAULT NULL,
  `supplier_id` bigint(20) unsigned DEFAULT NULL,
  `notes` text DEFAULT NULL,
  `created_by` bigint(20) unsigned DEFAULT NULL,
  `created_at` timestamp NULL DEFAULT NULL,
  `updated_at` timestamp NULL DEFAULT NULL,
  PRIMARY KEY (`id`),
  KEY `purchases_material_id_foreign` (`material_id`),
  KEY `purchases_created_by_foreign` (`created_by`),
  KEY `purchases_supplier_id_foreign` (`supplier_id`),
  CONSTRAINT `purchases_created_by_foreign` FOREIGN KEY (`created_by`) REFERENCES `users` (`id`) ON DELETE SET NULL,
  CONSTRAINT `purchases_material_id_foreign` FOREIGN KEY (`material_id`) REFERENCES `materials` (`id`) ON DELETE CASCADE,
  CONSTRAINT `purchases_supplier_id_foreign` FOREIGN KEY (`supplier_id`) REFERENCES `suppliers` (`id`) ON DELETE SET NULL
) ENGINE=InnoDB AUTO_INCREMENT=2 DEFAULT CHARSET=utf8mb4 COLLATE=utf8mb4_unicode_ci;

-- Table: role_has_permissions
CREATE TABLE `role_has_permissions` (
  `permission_id` bigint(20) unsigned NOT NULL,
  `role_id` bigint(20) unsigned NOT NULL,
  PRIMARY KEY (`permission_id`,`role_id`),
  KEY `role_has_permissions_role_id_foreign` (`role_id`),
  CONSTRAINT `role_has_permissions_permission_id_foreign` FOREIGN KEY (`permission_id`) REFERENCES `permissions` (`id`) ON DELETE CASCADE,
  CONSTRAINT `role_has_permissions_role_id_foreign` FOREIGN KEY (`role_id`) REFERENCES `roles` (`id`) ON DELETE CASCADE
) ENGINE=InnoDB DEFAULT CHARSET=utf8mb4 COLLATE=utf8mb4_unicode_ci;

INSERT INTO `role_has_permissions` (`permission_id`, `role_id`) VALUES ('1', '1');
INSERT INTO `role_has_permissions` (`permission_id`, `role_id`) VALUES ('1', '6');
INSERT INTO `role_has_permissions` (`permission_id`, `role_id`) VALUES ('1', '7');
INSERT INTO `role_has_permissions` (`permission_id`, `role_id`) VALUES ('2', '1');
INSERT INTO `role_has_permissions` (`permission_id`, `role_id`) VALUES ('2', '3');
INSERT INTO `role_has_permissions` (`permission_id`, `role_id`) VALUES ('2', '6');
INSERT INTO `role_has_permissions` (`permission_id`, `role_id`) VALUES ('2', '7');
INSERT INTO `role_has_permissions` (`permission_id`, `role_id`) VALUES ('3', '1');
INSERT INTO `role_has_permissions` (`permission_id`, `role_id`) VALUES ('3', '4');
INSERT INTO `role_has_permissions` (`permission_id`, `role_id`) VALUES ('3', '6');
INSERT INTO `role_has_permissions` (`permission_id`, `role_id`) VALUES ('3', '7');
INSERT INTO `role_has_permissions` (`permission_id`, `role_id`) VALUES ('4', '1');
INSERT INTO `role_has_permissions` (`permission_id`, `role_id`) VALUES ('4', '5');
INSERT INTO `role_has_permissions` (`permission_id`, `role_id`) VALUES ('4', '6');
INSERT INTO `role_has_permissions` (`permission_id`, `role_id`) VALUES ('4', '7');
INSERT INTO `role_has_permissions` (`permission_id`, `role_id`) VALUES ('5', '1');
INSERT INTO `role_has_permissions` (`permission_id`, `role_id`) VALUES ('5', '2');
INSERT INTO `role_has_permissions` (`permission_id`, `role_id`) VALUES ('5', '6');
INSERT INTO `role_has_permissions` (`permission_id`, `role_id`) VALUES ('5', '7');
INSERT INTO `role_has_permissions` (`permission_id`, `role_id`) VALUES ('6', '1');
INSERT INTO `role_has_permissions` (`permission_id`, `role_id`) VALUES ('6', '2');
INSERT INTO `role_has_permissions` (`permission_id`, `role_id`) VALUES ('6', '6');
INSERT INTO `role_has_permissions` (`permission_id`, `role_id`) VALUES ('6', '7');
INSERT INTO `role_has_permissions` (`permission_id`, `role_id`) VALUES ('7', '1');
INSERT INTO `role_has_permissions` (`permission_id`, `role_id`) VALUES ('7', '3');
INSERT INTO `role_has_permissions` (`permission_id`, `role_id`) VALUES ('7', '6');
INSERT INTO `role_has_permissions` (`permission_id`, `role_id`) VALUES ('7', '7');
INSERT INTO `role_has_permissions` (`permission_id`, `role_id`) VALUES ('8', '1');
INSERT INTO `role_has_permissions` (`permission_id`, `role_id`) VALUES ('9', '1');
INSERT INTO `role_has_permissions` (`permission_id`, `role_id`) VALUES ('9', '2');
INSERT INTO `role_has_permissions` (`permission_id`, `role_id`) VALUES ('9', '3');
INSERT INTO `role_has_permissions` (`permission_id`, `role_id`) VALUES ('9', '4');
INSERT INTO `role_has_permissions` (`permission_id`, `role_id`) VALUES ('9', '5');
INSERT INTO `role_has_permissions` (`permission_id`, `role_id`) VALUES ('9', '6');
INSERT INTO `role_has_permissions` (`permission_id`, `role_id`) VALUES ('9', '7');
INSERT INTO `role_has_permissions` (`permission_id`, `role_id`) VALUES ('10', '1');
INSERT INTO `role_has_permissions` (`permission_id`, `role_id`) VALUES ('10', '2');
INSERT INTO `role_has_permissions` (`permission_id`, `role_id`) VALUES ('10', '3');
INSERT INTO `role_has_permissions` (`permission_id`, `role_id`) VALUES ('10', '4');
INSERT INTO `role_has_permissions` (`permission_id`, `role_id`) VALUES ('10', '6');
INSERT INTO `role_has_permissions` (`permission_id`, `role_id`) VALUES ('10', '7');
INSERT INTO `role_has_permissions` (`permission_id`, `role_id`) VALUES ('11', '1');
INSERT INTO `role_has_permissions` (`permission_id`, `role_id`) VALUES ('11', '2');
INSERT INTO `role_has_permissions` (`permission_id`, `role_id`) VALUES ('11', '3');
INSERT INTO `role_has_permissions` (`permission_id`, `role_id`) VALUES ('11', '4');
INSERT INTO `role_has_permissions` (`permission_id`, `role_id`) VALUES ('11', '6');
INSERT INTO `role_has_permissions` (`permission_id`, `role_id`) VALUES ('11', '7');
INSERT INTO `role_has_permissions` (`permission_id`, `role_id`) VALUES ('12', '1');
INSERT INTO `role_has_permissions` (`permission_id`, `role_id`) VALUES ('12', '2');
INSERT INTO `role_has_permissions` (`permission_id`, `role_id`) VALUES ('12', '3');
INSERT INTO `role_has_permissions` (`permission_id`, `role_id`) VALUES ('12', '6');
INSERT INTO `role_has_permissions` (`permission_id`, `role_id`) VALUES ('12', '7');
INSERT INTO `role_has_permissions` (`permission_id`, `role_id`) VALUES ('13', '1');
INSERT INTO `role_has_permissions` (`permission_id`, `role_id`) VALUES ('13', '2');
INSERT INTO `role_has_permissions` (`permission_id`, `role_id`) VALUES ('13', '3');
INSERT INTO `role_has_permissions` (`permission_id`, `role_id`) VALUES ('13', '4');
INSERT INTO `role_has_permissions` (`permission_id`, `role_id`) VALUES ('13', '5');
INSERT INTO `role_has_permissions` (`permission_id`, `role_id`) VALUES ('13', '6');
INSERT INTO `role_has_permissions` (`permission_id`, `role_id`) VALUES ('13', '7');
INSERT INTO `role_has_permissions` (`permission_id`, `role_id`) VALUES ('14', '1');
INSERT INTO `role_has_permissions` (`permission_id`, `role_id`) VALUES ('14', '6');
INSERT INTO `role_has_permissions` (`permission_id`, `role_id`) VALUES ('14', '7');
INSERT INTO `role_has_permissions` (`permission_id`, `role_id`) VALUES ('15', '1');
INSERT INTO `role_has_permissions` (`permission_id`, `role_id`) VALUES ('15', '6');
INSERT INTO `role_has_permissions` (`permission_id`, `role_id`) VALUES ('15', '7');
INSERT INTO `role_has_permissions` (`permission_id`, `role_id`) VALUES ('16', '1');
INSERT INTO `role_has_permissions` (`permission_id`, `role_id`) VALUES ('16', '6');
INSERT INTO `role_has_permissions` (`permission_id`, `role_id`) VALUES ('16', '7');
INSERT INTO `role_has_permissions` (`permission_id`, `role_id`) VALUES ('17', '1');
INSERT INTO `role_has_permissions` (`permission_id`, `role_id`) VALUES ('17', '2');
INSERT INTO `role_has_permissions` (`permission_id`, `role_id`) VALUES ('17', '6');
INSERT INTO `role_has_permissions` (`permission_id`, `role_id`) VALUES ('17', '7');
INSERT INTO `role_has_permissions` (`permission_id`, `role_id`) VALUES ('18', '1');
INSERT INTO `role_has_permissions` (`permission_id`, `role_id`) VALUES ('18', '6');
INSERT INTO `role_has_permissions` (`permission_id`, `role_id`) VALUES ('18', '7');
INSERT INTO `role_has_permissions` (`permission_id`, `role_id`) VALUES ('19', '1');
INSERT INTO `role_has_permissions` (`permission_id`, `role_id`) VALUES ('19', '2');
INSERT INTO `role_has_permissions` (`permission_id`, `role_id`) VALUES ('19', '6');
INSERT INTO `role_has_permissions` (`permission_id`, `role_id`) VALUES ('19', '7');
INSERT INTO `role_has_permissions` (`permission_id`, `role_id`) VALUES ('20', '1');
INSERT INTO `role_has_permissions` (`permission_id`, `role_id`) VALUES ('20', '6');
INSERT INTO `role_has_permissions` (`permission_id`, `role_id`) VALUES ('20', '7');
INSERT INTO `role_has_permissions` (`permission_id`, `role_id`) VALUES ('21', '1');
INSERT INTO `role_has_permissions` (`permission_id`, `role_id`) VALUES ('21', '2');
INSERT INTO `role_has_permissions` (`permission_id`, `role_id`) VALUES ('21', '6');
INSERT INTO `role_has_permissions` (`permission_id`, `role_id`) VALUES ('21', '7');
INSERT INTO `role_has_permissions` (`permission_id`, `role_id`) VALUES ('22', '1');
INSERT INTO `role_has_permissions` (`permission_id`, `role_id`) VALUES ('22', '2');
INSERT INTO `role_has_permissions` (`permission_id`, `role_id`) VALUES ('22', '6');
INSERT INTO `role_has_permissions` (`permission_id`, `role_id`) VALUES ('22', '7');
INSERT INTO `role_has_permissions` (`permission_id`, `role_id`) VALUES ('23', '1');
INSERT INTO `role_has_permissions` (`permission_id`, `role_id`) VALUES ('23', '2');
INSERT INTO `role_has_permissions` (`permission_id`, `role_id`) VALUES ('23', '5');
INSERT INTO `role_has_permissions` (`permission_id`, `role_id`) VALUES ('23', '6');
INSERT INTO `role_has_permissions` (`permission_id`, `role_id`) VALUES ('23', '7');
INSERT INTO `role_has_permissions` (`permission_id`, `role_id`) VALUES ('24', '1');
INSERT INTO `role_has_permissions` (`permission_id`, `role_id`) VALUES ('24', '6');
INSERT INTO `role_has_permissions` (`permission_id`, `role_id`) VALUES ('24', '7');
INSERT INTO `role_has_permissions` (`permission_id`, `role_id`) VALUES ('25', '1');
INSERT INTO `role_has_permissions` (`permission_id`, `role_id`) VALUES ('25', '2');
INSERT INTO `role_has_permissions` (`permission_id`, `role_id`) VALUES ('25', '5');
INSERT INTO `role_has_permissions` (`permission_id`, `role_id`) VALUES ('25', '6');
INSERT INTO `role_has_permissions` (`permission_id`, `role_id`) VALUES ('25', '7');
INSERT INTO `role_has_permissions` (`permission_id`, `role_id`) VALUES ('26', '1');
INSERT INTO `role_has_permissions` (`permission_id`, `role_id`) VALUES ('26', '6');
INSERT INTO `role_has_permissions` (`permission_id`, `role_id`) VALUES ('26', '7');
INSERT INTO `role_has_permissions` (`permission_id`, `role_id`) VALUES ('27', '1');
INSERT INTO `role_has_permissions` (`permission_id`, `role_id`) VALUES ('27', '2');
INSERT INTO `role_has_permissions` (`permission_id`, `role_id`) VALUES ('27', '4');
INSERT INTO `role_has_permissions` (`permission_id`, `role_id`) VALUES ('27', '6');
INSERT INTO `role_has_permissions` (`permission_id`, `role_id`) VALUES ('27', '7');
INSERT INTO `role_has_permissions` (`permission_id`, `role_id`) VALUES ('28', '1');
INSERT INTO `role_has_permissions` (`permission_id`, `role_id`) VALUES ('28', '2');
INSERT INTO `role_has_permissions` (`permission_id`, `role_id`) VALUES ('28', '6');
INSERT INTO `role_has_permissions` (`permission_id`, `role_id`) VALUES ('28', '7');
INSERT INTO `role_has_permissions` (`permission_id`, `role_id`) VALUES ('29', '1');
INSERT INTO `role_has_permissions` (`permission_id`, `role_id`) VALUES ('29', '2');
INSERT INTO `role_has_permissions` (`permission_id`, `role_id`) VALUES ('29', '6');
INSERT INTO `role_has_permissions` (`permission_id`, `role_id`) VALUES ('29', '7');
INSERT INTO `role_has_permissions` (`permission_id`, `role_id`) VALUES ('30', '1');
INSERT INTO `role_has_permissions` (`permission_id`, `role_id`) VALUES ('30', '6');
INSERT INTO `role_has_permissions` (`permission_id`, `role_id`) VALUES ('30', '7');
INSERT INTO `role_has_permissions` (`permission_id`, `role_id`) VALUES ('31', '1');
INSERT INTO `role_has_permissions` (`permission_id`, `role_id`) VALUES ('31', '6');
INSERT INTO `role_has_permissions` (`permission_id`, `role_id`) VALUES ('31', '7');
INSERT INTO `role_has_permissions` (`permission_id`, `role_id`) VALUES ('32', '1');
INSERT INTO `role_has_permissions` (`permission_id`, `role_id`) VALUES ('32', '6');
INSERT INTO `role_has_permissions` (`permission_id`, `role_id`) VALUES ('32', '7');
INSERT INTO `role_has_permissions` (`permission_id`, `role_id`) VALUES ('33', '1');
INSERT INTO `role_has_permissions` (`permission_id`, `role_id`) VALUES ('33', '2');
INSERT INTO `role_has_permissions` (`permission_id`, `role_id`) VALUES ('33', '6');
INSERT INTO `role_has_permissions` (`permission_id`, `role_id`) VALUES ('33', '7');
INSERT INTO `role_has_permissions` (`permission_id`, `role_id`) VALUES ('34', '1');
INSERT INTO `role_has_permissions` (`permission_id`, `role_id`) VALUES ('34', '6');
INSERT INTO `role_has_permissions` (`permission_id`, `role_id`) VALUES ('34', '7');
INSERT INTO `role_has_permissions` (`permission_id`, `role_id`) VALUES ('35', '1');
INSERT INTO `role_has_permissions` (`permission_id`, `role_id`) VALUES ('35', '6');
INSERT INTO `role_has_permissions` (`permission_id`, `role_id`) VALUES ('35', '7');
INSERT INTO `role_has_permissions` (`permission_id`, `role_id`) VALUES ('36', '1');
INSERT INTO `role_has_permissions` (`permission_id`, `role_id`) VALUES ('36', '6');
INSERT INTO `role_has_permissions` (`permission_id`, `role_id`) VALUES ('36', '7');
INSERT INTO `role_has_permissions` (`permission_id`, `role_id`) VALUES ('37', '1');
INSERT INTO `role_has_permissions` (`permission_id`, `role_id`) VALUES ('37', '6');
INSERT INTO `role_has_permissions` (`permission_id`, `role_id`) VALUES ('37', '7');
INSERT INTO `role_has_permissions` (`permission_id`, `role_id`) VALUES ('38', '1');
INSERT INTO `role_has_permissions` (`permission_id`, `role_id`) VALUES ('38', '2');
INSERT INTO `role_has_permissions` (`permission_id`, `role_id`) VALUES ('38', '6');
INSERT INTO `role_has_permissions` (`permission_id`, `role_id`) VALUES ('38', '7');
INSERT INTO `role_has_permissions` (`permission_id`, `role_id`) VALUES ('39', '1');
INSERT INTO `role_has_permissions` (`permission_id`, `role_id`) VALUES ('39', '2');
INSERT INTO `role_has_permissions` (`permission_id`, `role_id`) VALUES ('39', '3');
INSERT INTO `role_has_permissions` (`permission_id`, `role_id`) VALUES ('39', '4');
INSERT INTO `role_has_permissions` (`permission_id`, `role_id`) VALUES ('39', '5');
INSERT INTO `role_has_permissions` (`permission_id`, `role_id`) VALUES ('39', '6');
INSERT INTO `role_has_permissions` (`permission_id`, `role_id`) VALUES ('39', '7');
INSERT INTO `role_has_permissions` (`permission_id`, `role_id`) VALUES ('40', '1');
INSERT INTO `role_has_permissions` (`permission_id`, `role_id`) VALUES ('40', '2');
INSERT INTO `role_has_permissions` (`permission_id`, `role_id`) VALUES ('40', '6');
INSERT INTO `role_has_permissions` (`permission_id`, `role_id`) VALUES ('40', '7');
INSERT INTO `role_has_permissions` (`permission_id`, `role_id`) VALUES ('41', '1');
INSERT INTO `role_has_permissions` (`permission_id`, `role_id`) VALUES ('41', '2');
INSERT INTO `role_has_permissions` (`permission_id`, `role_id`) VALUES ('41', '3');
INSERT INTO `role_has_permissions` (`permission_id`, `role_id`) VALUES ('41', '4');
INSERT INTO `role_has_permissions` (`permission_id`, `role_id`) VALUES ('41', '6');
INSERT INTO `role_has_permissions` (`permission_id`, `role_id`) VALUES ('41', '7');
INSERT INTO `role_has_permissions` (`permission_id`, `role_id`) VALUES ('42', '1');
INSERT INTO `role_has_permissions` (`permission_id`, `role_id`) VALUES ('42', '2');
INSERT INTO `role_has_permissions` (`permission_id`, `role_id`) VALUES ('42', '5');
INSERT INTO `role_has_permissions` (`permission_id`, `role_id`) VALUES ('42', '6');
INSERT INTO `role_has_permissions` (`permission_id`, `role_id`) VALUES ('43', '1');
INSERT INTO `role_has_permissions` (`permission_id`, `role_id`) VALUES ('43', '6');
INSERT INTO `role_has_permissions` (`permission_id`, `role_id`) VALUES ('44', '1');
INSERT INTO `role_has_permissions` (`permission_id`, `role_id`) VALUES ('44', '2');
INSERT INTO `role_has_permissions` (`permission_id`, `role_id`) VALUES ('44', '6');
INSERT INTO `role_has_permissions` (`permission_id`, `role_id`) VALUES ('45', '1');
INSERT INTO `role_has_permissions` (`permission_id`, `role_id`) VALUES ('45', '2');
INSERT INTO `role_has_permissions` (`permission_id`, `role_id`) VALUES ('46', '1');
INSERT INTO `role_has_permissions` (`permission_id`, `role_id`) VALUES ('46', '2');
INSERT INTO `role_has_permissions` (`permission_id`, `role_id`) VALUES ('46', '3');
INSERT INTO `role_has_permissions` (`permission_id`, `role_id`) VALUES ('46', '5');
INSERT INTO `role_has_permissions` (`permission_id`, `role_id`) VALUES ('46', '6');

-- Table: roles
CREATE TABLE `roles` (
  `id` bigint(20) unsigned NOT NULL AUTO_INCREMENT,
  `name` varchar(255) NOT NULL,
  `guard_name` varchar(255) NOT NULL,
  `created_at` timestamp NULL DEFAULT NULL,
  `updated_at` timestamp NULL DEFAULT NULL,
  PRIMARY KEY (`id`),
  UNIQUE KEY `roles_name_guard_name_unique` (`name`,`guard_name`)
) ENGINE=InnoDB AUTO_INCREMENT=8 DEFAULT CHARSET=utf8mb4 COLLATE=utf8mb4_unicode_ci;

INSERT INTO `roles` (`id`, `name`, `guard_name`, `created_at`, `updated_at`) VALUES ('1', 'developer', 'web', '2026-02-09 13:27:05', '2026-02-09 13:27:05');
INSERT INTO `roles` (`id`, `name`, `guard_name`, `created_at`, `updated_at`) VALUES ('2', 'owner', 'web', '2026-02-09 13:27:05', '2026-02-09 13:27:05');
INSERT INTO `roles` (`id`, `name`, `guard_name`, `created_at`, `updated_at`) VALUES ('3', 'designer', 'web', '2026-02-09 13:27:05', '2026-02-09 13:27:05');
INSERT INTO `roles` (`id`, `name`, `guard_name`, `created_at`, `updated_at`) VALUES ('4', 'kasir', 'web', '2026-02-09 13:27:05', '2026-02-09 13:27:05');
INSERT INTO `roles` (`id`, `name`, `guard_name`, `created_at`, `updated_at`) VALUES ('5', 'operator', 'web', '2026-02-09 13:27:05', '2026-02-09 13:27:05');
INSERT INTO `roles` (`id`, `name`, `guard_name`, `created_at`, `updated_at`) VALUES ('6', 'spv', 'web', '2026-02-10 01:47:14', '2026-02-10 01:47:14');
INSERT INTO `roles` (`id`, `name`, `guard_name`, `created_at`, `updated_at`) VALUES ('7', 'Administrasi', 'web', '2026-02-27 01:29:49', '2026-02-27 01:29:49');

-- Table: salaries
CREATE TABLE `salaries` (
  `id` bigint(20) unsigned NOT NULL AUTO_INCREMENT,
  `employee_id` bigint(20) unsigned NOT NULL,
  `period` varchar(255) NOT NULL,
  `base_salary` decimal(12,2) NOT NULL DEFAULT 0.00,
  `allowance` decimal(12,2) NOT NULL DEFAULT 0.00,
  `overtime` decimal(12,2) NOT NULL DEFAULT 0.00,
  `bonus` decimal(12,2) NOT NULL DEFAULT 0.00,
  `deduction` decimal(12,2) NOT NULL DEFAULT 0.00,
  `total` decimal(12,2) NOT NULL DEFAULT 0.00,
  `notes` text DEFAULT NULL,
  `status` enum('draft','paid') NOT NULL DEFAULT 'draft',
  `paid_at` date DEFAULT NULL,
  `created_at` timestamp NULL DEFAULT NULL,
  `updated_at` timestamp NULL DEFAULT NULL,
  PRIMARY KEY (`id`),
  UNIQUE KEY `salaries_employee_id_period_unique` (`employee_id`,`period`),
  CONSTRAINT `salaries_employee_id_foreign` FOREIGN KEY (`employee_id`) REFERENCES `employees` (`id`) ON DELETE CASCADE
) ENGINE=InnoDB DEFAULT CHARSET=utf8mb4 COLLATE=utf8mb4_unicode_ci;

-- Table: sessions
CREATE TABLE `sessions` (
  `id` varchar(255) NOT NULL,
  `user_id` bigint(20) unsigned DEFAULT NULL,
  `ip_address` varchar(45) DEFAULT NULL,
  `user_agent` text DEFAULT NULL,
  `payload` longtext NOT NULL,
  `last_activity` int(11) NOT NULL,
  PRIMARY KEY (`id`),
  KEY `sessions_user_id_index` (`user_id`),
  KEY `sessions_last_activity_index` (`last_activity`)
) ENGINE=InnoDB DEFAULT CHARSET=utf8mb4 COLLATE=utf8mb4_unicode_ci;

INSERT INTO `sessions` (`id`, `user_id`, `ip_address`, `user_agent`, `payload`, `last_activity`) VALUES ('1tQokD0rVx5xfmrVbwuzpSB0lxoCCT3BZPtL55lz', '24', '36.68.127.235', 'Mozilla/5.0 (Linux; Android 10; K) AppleWebKit/537.36 (KHTML, like Gecko) Chrome/145.0.0.0 Mobile Safari/537.36', 'YTo1OntzOjY6Il90b2tlbiI7czo0MDoiNU9wT3ZQMjNoZlVRSmtERnE3UW5KbG5YSExIUVVUWmxPYVN2cE96TyI7czozOiJ1cmwiO2E6MDp7fXM6OToiX3ByZXZpb3VzIjthOjE6e3M6MzoidXJsIjtzOjM1OiJodHRwOi8vcG9zLmVya2FncmFwaGlhLmNvbS9wcm9kdWtzaSI7fXM6NjoiX2ZsYXNoIjthOjI6e3M6Mzoib2xkIjthOjA6e31zOjM6Im5ldyI7YTowOnt9fXM6NTA6ImxvZ2luX3dlYl81OWJhMzZhZGRjMmIyZjk0MDE1ODBmMDE0YzdmNThlYTRlMzA5ODlkIjtpOjI0O30=', '1772457199');
INSERT INTO `sessions` (`id`, `user_id`, `ip_address`, `user_agent`, `payload`, `last_activity`) VALUES ('58geTTJaXyGTIa8mIpwccVgofheAowTnmtB6Hqq4', '8', '114.10.103.128', 'Mozilla/5.0 (Linux; Android 10; K) AppleWebKit/537.36 (KHTML, like Gecko) Chrome/138.0.0.0 Mobile Safari/537.36', 'YTo0OntzOjY6Il90b2tlbiI7czo0MDoicXZ6Q0psd0xockg2TWRBaFRoOW82bEVmRDQwbWxnREY1Wk5UdEtFeiI7czo2OiJfZmxhc2giO2E6Mjp7czozOiJvbGQiO2E6MDp7fXM6MzoibmV3IjthOjA6e319czo1MDoibG9naW5fd2ViXzU5YmEzNmFkZGMyYjJmOTQwMTU4MGYwMTRjN2Y1OGVhNGUzMDk4OWQiO2k6ODtzOjk6Il9wcmV2aW91cyI7YToxOntzOjM6InVybCI7czozNToiaHR0cHM6Ly9wb3MuZXJrYWdyYXBoaWEuY29tL2JhY2t1cHMiO319', '1772458468');
INSERT INTO `sessions` (`id`, `user_id`, `ip_address`, `user_agent`, `payload`, `last_activity`) VALUES ('CiCewP8jLon3n0aNBMfYvBEPLNp53y3QZg0Yj9vi', '1', '103.87.228.98', 'Mozilla/5.0 (Linux; Android 10; K) AppleWebKit/537.36 (KHTML, like Gecko) Chrome/145.0.0.0 Mobile Safari/537.36', 'YTo1OntzOjY6Il90b2tlbiI7czo0MDoiTEsyNWdoY2FhTzBEd21lR2cxdW9jZzd5MmZ0ZnBoOEVxV1pEOTFsZCI7czozOiJ1cmwiO2E6MDp7fXM6OToiX3ByZXZpb3VzIjthOjE6e3M6MzoidXJsIjtzOjMzOiJodHRwczovL3Bvcy5lcmthZ3JhcGhpYS5jb20vcm9sZXMiO31zOjY6Il9mbGFzaCI7YToyOntzOjM6Im9sZCI7YTowOnt9czozOiJuZXciO2E6MDp7fX1zOjUwOiJsb2dpbl93ZWJfNTliYTM2YWRkYzJiMmY5NDAxNTgwZjAxNGM3ZjU4ZWE0ZTMwOTg5ZCI7aToxO30=', '1772457993');
INSERT INTO `sessions` (`id`, `user_id`, `ip_address`, `user_agent`, `payload`, `last_activity`) VALUES ('EEQasSSZgUH3Q5VmXzcmKusYu6viIHCdFfgIcnwp', NULL, '36.50.157.5', 'Mozilla/5.0 (Linux; Android 10; K) AppleWebKit/537.36 (KHTML, like Gecko) Chrome/143.0.0.0 Mobile Safari/537.36', 'YTo0OntzOjY6Il90b2tlbiI7czo0MDoiemdLajBYbGZpcUtiTWJ2cTVjSUw5NXRxdWRYaVhnckozazJQUGxuZyI7czozOiJ1cmwiO2E6MTp7czo4OiJpbnRlbmRlZCI7czozNzoiaHR0cHM6Ly9wb3MuZXJrYWdyYXBoaWEuY29tL3B1cmNoYXNlcyI7fXM6OToiX3ByZXZpb3VzIjthOjE6e3M6MzoidXJsIjtzOjMzOiJodHRwczovL3Bvcy5lcmthZ3JhcGhpYS5jb20vbG9naW4iO31zOjY6Il9mbGFzaCI7YToyOntzOjM6Im9sZCI7YTowOnt9czozOiJuZXciO2E6MDp7fX19', '1772453054');
INSERT INTO `sessions` (`id`, `user_id`, `ip_address`, `user_agent`, `payload`, `last_activity`) VALUES ('MaVFC57hvpBk5UHJkkNUl4PWRm5QEW5Grt7TUUlP', '1', '103.87.228.98', 'Mozilla/5.0 (X11; Linux x86_64) AppleWebKit/537.36 (KHTML, like Gecko) Chrome/145.0.0.0 Safari/537.36', 'YTo1OntzOjY6Il90b2tlbiI7czo0MDoiQ0RrbmxQRktFazBndGhRa1BhVFBENGNWa2FONjNzVG9PYmlKQkhnZiI7czozOiJ1cmwiO2E6MDp7fXM6OToiX3ByZXZpb3VzIjthOjE6e3M6MzoidXJsIjtzOjQ2OiJodHRwczovL3Bvcy5lcmthZ3JhcGhpYS5jb20vcmVwb3J0cy9uZXQtaW5jb21lIjt9czo2OiJfZmxhc2giO2E6Mjp7czozOiJvbGQiO2E6MDp7fXM6MzoibmV3IjthOjA6e319czo1MDoibG9naW5fd2ViXzU5YmEzNmFkZGMyYjJmOTQwMTU4MGYwMTRjN2Y1OGVhNGUzMDk4OWQiO2k6MTt9', '1772454797');
INSERT INTO `sessions` (`id`, `user_id`, `ip_address`, `user_agent`, `payload`, `last_activity`) VALUES ('VQxh9gBRWAuHh7d8jrAaSuQWLivcKroZqUpRfd42', '21', '103.3.220.155', 'Mozilla/5.0 (Linux; Android 10; K) AppleWebKit/537.36 (KHTML, like Gecko) Chrome/145.0.0.0 Mobile Safari/537.36', 'YTo1OntzOjY6Il90b2tlbiI7czo0MDoiTEZySnpmN1VOZmhwNWlRNXlzMVMwVjV3UFd1bTN3VXQwVWpLcVdDSiI7czo5OiJfcHJldmlvdXMiO2E6MTp7czozOiJ1cmwiO3M6NjQ6Imh0dHBzOi8vcG9zLmVya2FncmFwaGlhLmNvbS9vcGVyYXRvci9kYXNoYm9hcmQvbGl2ZT9zaW5jZV9pZD0xMjIiO31zOjY6Il9mbGFzaCI7YToyOntzOjM6Im9sZCI7YTowOnt9czozOiJuZXciO2E6MDp7fX1zOjM6InVybCI7YTowOnt9czo1MDoibG9naW5fd2ViXzU5YmEzNmFkZGMyYjJmOTQwMTU4MGYwMTRjN2Y1OGVhNGUzMDk4OWQiO2k6MjE7fQ==', '1772450038');

-- Table: stock_movements
CREATE TABLE `stock_movements` (
  `id` bigint(20) unsigned NOT NULL AUTO_INCREMENT,
  `material_id` bigint(20) unsigned NOT NULL,
  `type` enum('in','out','damaged','adjustment') NOT NULL,
  `quantity` decimal(15,2) NOT NULL,
  `unit_price` decimal(15,2) NOT NULL DEFAULT 0.00,
  `total_price` decimal(15,2) NOT NULL DEFAULT 0.00,
  `reference_type` varchar(255) DEFAULT NULL,
  `reference_id` bigint(20) unsigned DEFAULT NULL,
  `notes` text DEFAULT NULL,
  `user_id` bigint(20) unsigned DEFAULT NULL,
  `created_at` timestamp NULL DEFAULT NULL,
  `updated_at` timestamp NULL DEFAULT NULL,
  PRIMARY KEY (`id`),
  KEY `stock_movements_user_id_foreign` (`user_id`),
  KEY `stock_movements_material_id_type_index` (`material_id`,`type`),
  KEY `stock_movements_reference_type_reference_id_index` (`reference_type`,`reference_id`),
  CONSTRAINT `stock_movements_material_id_foreign` FOREIGN KEY (`material_id`) REFERENCES `materials` (`id`) ON DELETE CASCADE,
  CONSTRAINT `stock_movements_user_id_foreign` FOREIGN KEY (`user_id`) REFERENCES `users` (`id`) ON DELETE SET NULL
) ENGINE=InnoDB AUTO_INCREMENT=320 DEFAULT CHARSET=utf8mb4 COLLATE=utf8mb4_unicode_ci;

INSERT INTO `stock_movements` (`id`, `material_id`, `type`, `quantity`, `unit_price`, `total_price`, `reference_type`, `reference_id`, `notes`, `user_id`, `created_at`, `updated_at`) VALUES ('14', '62', 'out', '6.00', '0.00', '0.00', 'App\\Models\\Order', '9', 'Order #INV-20260227-0001 - kunyuk', '1', '2026-02-27 13:56:04', '2026-02-27 13:56:04');
INSERT INTO `stock_movements` (`id`, `material_id`, `type`, `quantity`, `unit_price`, `total_price`, `reference_type`, `reference_id`, `notes`, `user_id`, `created_at`, `updated_at`) VALUES ('15', '62', 'out', '8.00', '0.00', '0.00', 'App\\Models\\Order', '10', 'Order #INV-20260227-0002 - Fajar rk', '1', '2026-02-27 14:17:50', '2026-02-27 14:17:50');
INSERT INTO `stock_movements` (`id`, `material_id`, `type`, `quantity`, `unit_price`, `total_price`, `reference_type`, `reference_id`, `notes`, `user_id`, `created_at`, `updated_at`) VALUES ('16', '47', 'out', '1.00', '0.00', '0.00', 'App\\Models\\Order', '11', 'Order #INV-20260228-0001 - xxx', '3', '2026-02-28 08:22:00', '2026-02-28 08:22:00');
INSERT INTO `stock_movements` (`id`, `material_id`, `type`, `quantity`, `unit_price`, `total_price`, `reference_type`, `reference_id`, `notes`, `user_id`, `created_at`, `updated_at`) VALUES ('17', '47', 'out', '9.00', '0.00', '0.00', 'App\\Models\\Order', '12', 'Order #INV-20260228-0002 - aaa', '3', '2026-02-28 08:24:00', '2026-02-28 08:24:00');
INSERT INTO `stock_movements` (`id`, `material_id`, `type`, `quantity`, `unit_price`, `total_price`, `reference_type`, `reference_id`, `notes`, `user_id`, `created_at`, `updated_at`) VALUES ('18', '62', 'out', '1.00', '0.00', '0.00', 'App\\Models\\Order', '13', 'Order #INV-20260228-0003 - asda', '3', '2026-02-28 08:28:34', '2026-02-28 08:28:34');
INSERT INTO `stock_movements` (`id`, `material_id`, `type`, `quantity`, `unit_price`, `total_price`, `reference_type`, `reference_id`, `notes`, `user_id`, `created_at`, `updated_at`) VALUES ('19', '47', 'out', '111.00', '0.00', '0.00', 'App\\Models\\Order', '14', 'Order #INV-20260228-0004 - xx', '1', '2026-02-28 08:30:48', '2026-02-28 08:30:48');
INSERT INTO `stock_movements` (`id`, `material_id`, `type`, `quantity`, `unit_price`, `total_price`, `reference_type`, `reference_id`, `notes`, `user_id`, `created_at`, `updated_at`) VALUES ('20', '47', 'out', '1.00', '0.00', '0.00', 'App\\Models\\Order', '15', 'Order #INV-20260228-0005 - aaaa', '1', '2026-02-28 09:19:32', '2026-02-28 09:19:32');
INSERT INTO `stock_movements` (`id`, `material_id`, `type`, `quantity`, `unit_price`, `total_price`, `reference_type`, `reference_id`, `notes`, `user_id`, `created_at`, `updated_at`) VALUES ('21', '47', 'out', '1.00', '0.00', '0.00', 'App\\Models\\Order', '16', 'Order #INV-20260228-0006 - jhjh', '1', '2026-02-28 09:21:13', '2026-02-28 09:21:13');
INSERT INTO `stock_movements` (`id`, `material_id`, `type`, `quantity`, `unit_price`, `total_price`, `reference_type`, `reference_id`, `notes`, `user_id`, `created_at`, `updated_at`) VALUES ('22', '61', 'in', '680.00', '18000.00', '12240000.00', NULL, NULL, 'prinmate', '8', '2026-02-28 16:36:25', '2026-02-28 16:36:25');
INSERT INTO `stock_movements` (`id`, `material_id`, `type`, `quantity`, `unit_price`, `total_price`, `reference_type`, `reference_id`, `notes`, `user_id`, `created_at`, `updated_at`) VALUES ('23', '101', 'in', '60.00', '20000.00', '1200000.00', NULL, NULL, 'prinmate', '8', '2026-02-28 16:43:07', '2026-02-28 16:43:07');
INSERT INTO `stock_movements` (`id`, `material_id`, `type`, `quantity`, `unit_price`, `total_price`, `reference_type`, `reference_id`, `notes`, `user_id`, `created_at`, `updated_at`) VALUES ('24', '64', 'in', '55.00', '45000.00', '2475000.00', NULL, NULL, 'prinmate', '8', '2026-02-28 16:43:37', '2026-02-28 16:43:37');
INSERT INTO `stock_movements` (`id`, `material_id`, `type`, `quantity`, `unit_price`, `total_price`, `reference_type`, `reference_id`, `notes`, `user_id`, `created_at`, `updated_at`) VALUES ('25', '62', 'in', '150.00', '15000.00', '2250000.00', NULL, NULL, 'visi media', '8', '2026-02-28 16:44:25', '2026-02-28 16:44:25');
INSERT INTO `stock_movements` (`id`, `material_id`, `type`, `quantity`, `unit_price`, `total_price`, `reference_type`, `reference_id`, `notes`, `user_id`, `created_at`, `updated_at`) VALUES ('26', '63', 'in', '180.00', '18000.00', '3240000.00', NULL, NULL, NULL, '8', '2026-02-28 16:45:11', '2026-02-28 16:45:11');
INSERT INTO `stock_movements` (`id`, `material_id`, `type`, `quantity`, `unit_price`, `total_price`, `reference_type`, `reference_id`, `notes`, `user_id`, `created_at`, `updated_at`) VALUES ('27', '66', 'in', '40.00', '2600.00', '104000.00', NULL, NULL, 'visi media', '8', '2026-02-28 16:45:57', '2026-02-28 16:45:57');
INSERT INTO `stock_movements` (`id`, `material_id`, `type`, `quantity`, `unit_price`, `total_price`, `reference_type`, `reference_id`, `notes`, `user_id`, `created_at`, `updated_at`) VALUES ('28', '82', 'in', '820.00', '8500.00', '6970000.00', NULL, NULL, 'prinmate', '8', '2026-02-28 16:47:11', '2026-02-28 16:47:11');
INSERT INTO `stock_movements` (`id`, `material_id`, `type`, `quantity`, `unit_price`, `total_price`, `reference_type`, `reference_id`, `notes`, `user_id`, `created_at`, `updated_at`) VALUES ('29', '81', 'in', '490.00', '8500.00', '4165000.00', NULL, NULL, 'prinmate', '8', '2026-02-28 16:52:41', '2026-02-28 16:52:41');
INSERT INTO `stock_movements` (`id`, `material_id`, `type`, `quantity`, `unit_price`, `total_price`, `reference_type`, `reference_id`, `notes`, `user_id`, `created_at`, `updated_at`) VALUES ('31', '65', 'in', '35.00', '45000.00', '1575000.00', NULL, NULL, 'visi media', '8', '2026-03-01 07:05:22', '2026-03-01 07:05:22');
INSERT INTO `stock_movements` (`id`, `material_id`, `type`, `quantity`, `unit_price`, `total_price`, `reference_type`, `reference_id`, `notes`, `user_id`, `created_at`, `updated_at`) VALUES ('32', '70', 'in', '27.00', '21000.00', '567000.00', NULL, NULL, 'VISI MEDIA', '8', '2026-03-01 07:10:32', '2026-03-01 07:10:32');
INSERT INTO `stock_movements` (`id`, `material_id`, `type`, `quantity`, `unit_price`, `total_price`, `reference_type`, `reference_id`, `notes`, `user_id`, `created_at`, `updated_at`) VALUES ('33', '71', 'in', '21.00', '35000.00', '735000.00', NULL, NULL, 'VISI MEDIA', '8', '2026-03-01 07:11:11', '2026-03-01 07:11:11');
INSERT INTO `stock_movements` (`id`, `material_id`, `type`, `quantity`, `unit_price`, `total_price`, `reference_type`, `reference_id`, `notes`, `user_id`, `created_at`, `updated_at`) VALUES ('34', '74', 'in', '3.00', '75000.00', '225000.00', NULL, NULL, 'ONLINE', '8', '2026-03-01 07:11:52', '2026-03-01 07:11:52');
INSERT INTO `stock_movements` (`id`, `material_id`, `type`, `quantity`, `unit_price`, `total_price`, `reference_type`, `reference_id`, `notes`, `user_id`, `created_at`, `updated_at`) VALUES ('35', '76', 'in', '95.00', '12000.00', '1140000.00', NULL, NULL, 'VISI MEDIA', '8', '2026-03-01 07:14:24', '2026-03-01 07:14:24');
INSERT INTO `stock_movements` (`id`, `material_id`, `type`, `quantity`, `unit_price`, `total_price`, `reference_type`, `reference_id`, `notes`, `user_id`, `created_at`, `updated_at`) VALUES ('36', '77', 'in', '50.00', '35000.00', '1750000.00', NULL, NULL, 'VISI MEDIA', '8', '2026-03-01 07:15:21', '2026-03-01 07:15:21');
INSERT INTO `stock_movements` (`id`, `material_id`, `type`, `quantity`, `unit_price`, `total_price`, `reference_type`, `reference_id`, `notes`, `user_id`, `created_at`, `updated_at`) VALUES ('37', '79', 'in', '1.00', '130000.00', '130000.00', NULL, NULL, 'VISI MEDIA', '8', '2026-03-01 07:16:12', '2026-03-01 07:16:12');
INSERT INTO `stock_movements` (`id`, `material_id`, `type`, `quantity`, `unit_price`, `total_price`, `reference_type`, `reference_id`, `notes`, `user_id`, `created_at`, `updated_at`) VALUES ('38', '80', 'in', '120.00', '11000.00', '1320000.00', NULL, NULL, 'VISI MEDIA', '8', '2026-03-01 07:27:57', '2026-03-01 07:27:57');
INSERT INTO `stock_movements` (`id`, `material_id`, `type`, `quantity`, `unit_price`, `total_price`, `reference_type`, `reference_id`, `notes`, `user_id`, `created_at`, `updated_at`) VALUES ('39', '85', 'in', '722.00', '5700.00', '4115400.00', NULL, NULL, 'VISI MEDIA', '8', '2026-03-01 07:28:59', '2026-03-01 07:28:59');
INSERT INTO `stock_movements` (`id`, `material_id`, `type`, `quantity`, `unit_price`, `total_price`, `reference_type`, `reference_id`, `notes`, `user_id`, `created_at`, `updated_at`) VALUES ('40', '86', 'in', '120.00', '7700.00', '924000.00', NULL, NULL, 'VISI MEDIA', '8', '2026-03-01 07:29:33', '2026-03-01 07:29:33');
INSERT INTO `stock_movements` (`id`, `material_id`, `type`, `quantity`, `unit_price`, `total_price`, `reference_type`, `reference_id`, `notes`, `user_id`, `created_at`, `updated_at`) VALUES ('41', '87', 'in', '265.00', '19000.00', '5035000.00', NULL, NULL, 'VISI MEDIA', '8', '2026-03-01 07:30:51', '2026-03-01 07:30:51');
INSERT INTO `stock_movements` (`id`, `material_id`, `type`, `quantity`, `unit_price`, `total_price`, `reference_type`, `reference_id`, `notes`, `user_id`, `created_at`, `updated_at`) VALUES ('42', '88', 'in', '95.00', '18000.00', '1710000.00', NULL, NULL, NULL, '8', '2026-03-01 07:31:35', '2026-03-01 07:31:35');
INSERT INTO `stock_movements` (`id`, `material_id`, `type`, `quantity`, `unit_price`, `total_price`, `reference_type`, `reference_id`, `notes`, `user_id`, `created_at`, `updated_at`) VALUES ('43', '89', 'in', '160.00', '21500.00', '3440000.00', NULL, NULL, NULL, '8', '2026-03-01 07:32:15', '2026-03-01 07:32:15');
INSERT INTO `stock_movements` (`id`, `material_id`, `type`, `quantity`, `unit_price`, `total_price`, `reference_type`, `reference_id`, `notes`, `user_id`, `created_at`, `updated_at`) VALUES ('44', '44', 'in', '700.00', '365.00', '255500.00', NULL, NULL, 'INDAH SARI ABADI', '8', '2026-03-01 07:33:32', '2026-03-01 07:33:32');
INSERT INTO `stock_movements` (`id`, `material_id`, `type`, `quantity`, `unit_price`, `total_price`, `reference_type`, `reference_id`, `notes`, `user_id`, `created_at`, `updated_at`) VALUES ('45', '45', 'in', '1395.00', '455.00', '634725.00', NULL, NULL, 'INDAH SARI ABADI', '8', '2026-03-01 07:34:22', '2026-03-01 07:34:22');
INSERT INTO `stock_movements` (`id`, `material_id`, `type`, `quantity`, `unit_price`, `total_price`, `reference_type`, `reference_id`, `notes`, `user_id`, `created_at`, `updated_at`) VALUES ('46', '46', 'in', '375.00', '575.00', '215625.00', NULL, NULL, 'INDAH SARI ABADI', '8', '2026-03-01 07:34:57', '2026-03-01 07:34:57');
INSERT INTO `stock_movements` (`id`, `material_id`, `type`, `quantity`, `unit_price`, `total_price`, `reference_type`, `reference_id`, `notes`, `user_id`, `created_at`, `updated_at`) VALUES ('47', '48', 'in', '750.00', '775.00', '581250.00', NULL, NULL, 'INDAH SARI ABADI', '8', '2026-03-01 07:35:44', '2026-03-01 07:35:44');
INSERT INTO `stock_movements` (`id`, `material_id`, `type`, `quantity`, `unit_price`, `total_price`, `reference_type`, `reference_id`, `notes`, `user_id`, `created_at`, `updated_at`) VALUES ('49', '49', 'in', '230.00', '889.00', '204470.00', NULL, NULL, 'INDAH SARI ABADI', '8', '2026-03-01 07:42:54', '2026-03-01 07:42:54');
INSERT INTO `stock_movements` (`id`, `material_id`, `type`, `quantity`, `unit_price`, `total_price`, `reference_type`, `reference_id`, `notes`, `user_id`, `created_at`, `updated_at`) VALUES ('50', '50', 'in', '300.00', '965.00', '289500.00', NULL, NULL, 'INDAH SARI ABADI', '8', '2026-03-01 07:49:34', '2026-03-01 07:49:34');
INSERT INTO `stock_movements` (`id`, `material_id`, `type`, `quantity`, `unit_price`, `total_price`, `reference_type`, `reference_id`, `notes`, `user_id`, `created_at`, `updated_at`) VALUES ('51', '51', 'in', '1000.00', '242.00', '242000.00', NULL, NULL, 'INDAH SARI ABADI', '8', '2026-03-01 07:50:36', '2026-03-01 07:50:36');
INSERT INTO `stock_movements` (`id`, `material_id`, `type`, `quantity`, `unit_price`, `total_price`, `reference_type`, `reference_id`, `notes`, `user_id`, `created_at`, `updated_at`) VALUES ('52', '53', 'in', '220.00', '1625.00', '357500.00', NULL, NULL, 'INDAH SARI ABADI', '8', '2026-03-01 07:51:08', '2026-03-01 07:51:08');
INSERT INTO `stock_movements` (`id`, `material_id`, `type`, `quantity`, `unit_price`, `total_price`, `reference_type`, `reference_id`, `notes`, `user_id`, `created_at`, `updated_at`) VALUES ('53', '55', 'in', '345.00', '1088.00', '375360.00', NULL, NULL, 'INDAH SARI ABADI', '8', '2026-03-01 07:51:58', '2026-03-01 07:51:58');
INSERT INTO `stock_movements` (`id`, `material_id`, `type`, `quantity`, `unit_price`, `total_price`, `reference_type`, `reference_id`, `notes`, `user_id`, `created_at`, `updated_at`) VALUES ('54', '56', 'in', '31.00', '3900.00', '120900.00', NULL, NULL, 'INDAH SARI ABADI', '8', '2026-03-01 07:52:23', '2026-03-01 07:52:23');
INSERT INTO `stock_movements` (`id`, `material_id`, `type`, `quantity`, `unit_price`, `total_price`, `reference_type`, `reference_id`, `notes`, `user_id`, `created_at`, `updated_at`) VALUES ('55', '57', 'in', '35535.00', '1018.00', '36174630.00', NULL, NULL, 'DSI', '8', '2026-03-01 07:53:22', '2026-03-01 07:53:22');
INSERT INTO `stock_movements` (`id`, `material_id`, `type`, `quantity`, `unit_price`, `total_price`, `reference_type`, `reference_id`, `notes`, `user_id`, `created_at`, `updated_at`) VALUES ('56', '58', 'in', '2914.00', '1018.00', '2966452.00', NULL, NULL, 'DSI', '8', '2026-03-01 07:54:00', '2026-03-01 07:54:00');
INSERT INTO `stock_movements` (`id`, `material_id`, `type`, `quantity`, `unit_price`, `total_price`, `reference_type`, `reference_id`, `notes`, `user_id`, `created_at`, `updated_at`) VALUES ('57', '59', 'in', '3250.00', '2477.00', '8050250.00', NULL, NULL, 'DSI', '8', '2026-03-01 07:55:22', '2026-03-01 07:55:22');
INSERT INTO `stock_movements` (`id`, `material_id`, `type`, `quantity`, `unit_price`, `total_price`, `reference_type`, `reference_id`, `notes`, `user_id`, `created_at`, `updated_at`) VALUES ('58', '60', 'in', '1085.00', '2477.00', '2687545.00', NULL, NULL, 'DSI', '8', '2026-03-01 07:56:05', '2026-03-01 07:56:05');
INSERT INTO `stock_movements` (`id`, `material_id`, `type`, `quantity`, `unit_price`, `total_price`, `reference_type`, `reference_id`, `notes`, `user_id`, `created_at`, `updated_at`) VALUES ('59', '69', 'in', '1.00', '10000.00', '10000.00', NULL, NULL, 'INDAH SARI ABADI', '8', '2026-03-01 07:57:25', '2026-03-01 07:57:25');
INSERT INTO `stock_movements` (`id`, `material_id`, `type`, `quantity`, `unit_price`, `total_price`, `reference_type`, `reference_id`, `notes`, `user_id`, `created_at`, `updated_at`) VALUES ('60', '68', 'in', '1250.00', '145.00', '181250.00', NULL, NULL, 'ONLINE', '8', '2026-03-01 08:02:23', '2026-03-01 08:02:23');
INSERT INTO `stock_movements` (`id`, `material_id`, `type`, `quantity`, `unit_price`, `total_price`, `reference_type`, `reference_id`, `notes`, `user_id`, `created_at`, `updated_at`) VALUES ('61', '67', 'in', '7500.00', '145.00', '1087500.00', NULL, NULL, 'ONLINE', '8', '2026-03-01 08:02:59', '2026-03-01 08:02:59');
INSERT INTO `stock_movements` (`id`, `material_id`, `type`, `quantity`, `unit_price`, `total_price`, `reference_type`, `reference_id`, `notes`, `user_id`, `created_at`, `updated_at`) VALUES ('62', '52', 'in', '225.00', '525.00', '118125.00', NULL, NULL, 'INDAH SARI ABADI', '8', '2026-03-01 08:03:31', '2026-03-01 08:03:31');
INSERT INTO `stock_movements` (`id`, `material_id`, `type`, `quantity`, `unit_price`, `total_price`, `reference_type`, `reference_id`, `notes`, `user_id`, `created_at`, `updated_at`) VALUES ('63', '93', 'in', '750.00', '250.00', '187500.00', NULL, NULL, 'BINTANG TERANG', '8', '2026-03-01 08:04:05', '2026-03-01 08:04:05');
INSERT INTO `stock_movements` (`id`, `material_id`, `type`, `quantity`, `unit_price`, `total_price`, `reference_type`, `reference_id`, `notes`, `user_id`, `created_at`, `updated_at`) VALUES ('64', '54', 'in', '480.00', '1425.00', '684000.00', NULL, NULL, 'INDAH SARI ABADI', '8', '2026-03-01 08:06:55', '2026-03-01 08:06:55');
INSERT INTO `stock_movements` (`id`, `material_id`, `type`, `quantity`, `unit_price`, `total_price`, `reference_type`, `reference_id`, `notes`, `user_id`, `created_at`, `updated_at`) VALUES ('65', '102', 'in', '1.00', '460000.00', '460000.00', NULL, NULL, 'VISI MEDIA', '8', '2026-03-01 08:07:50', '2026-03-01 08:07:50');
INSERT INTO `stock_movements` (`id`, `material_id`, `type`, `quantity`, `unit_price`, `total_price`, `reference_type`, `reference_id`, `notes`, `user_id`, `created_at`, `updated_at`) VALUES ('66', '72', 'in', '1.00', '105000.00', '105000.00', NULL, NULL, 'VISI MEDIA', '8', '2026-03-01 08:20:45', '2026-03-01 08:20:45');
INSERT INTO `stock_movements` (`id`, `material_id`, `type`, `quantity`, `unit_price`, `total_price`, `reference_type`, `reference_id`, `notes`, `user_id`, `created_at`, `updated_at`) VALUES ('67', '73', 'in', '7.00', '130000.00', '910000.00', NULL, NULL, 'VISI MEDIA', '8', '2026-03-01 08:22:44', '2026-03-01 08:22:44');
INSERT INTO `stock_movements` (`id`, `material_id`, `type`, `quantity`, `unit_price`, `total_price`, `reference_type`, `reference_id`, `notes`, `user_id`, `created_at`, `updated_at`) VALUES ('68', '94', 'in', '50.00', '1000.00', '50000.00', NULL, NULL, 'ONLINE', '8', '2026-03-01 08:23:39', '2026-03-01 08:23:39');
INSERT INTO `stock_movements` (`id`, `material_id`, `type`, `quantity`, `unit_price`, `total_price`, `reference_type`, `reference_id`, `notes`, `user_id`, `created_at`, `updated_at`) VALUES ('69', '91', 'in', '100000000000.00', '0.00', '0.00', NULL, NULL, 'ONLINE', '8', '2026-03-01 10:24:21', '2026-03-01 10:24:21');
INSERT INTO `stock_movements` (`id`, `material_id`, `type`, `quantity`, `unit_price`, `total_price`, `reference_type`, `reference_id`, `notes`, `user_id`, `created_at`, `updated_at`) VALUES ('70', '92', 'in', '100000000000.00', '0.00', '0.00', NULL, NULL, 'ONLINE', '8', '2026-03-01 10:25:30', '2026-03-01 10:25:30');
INSERT INTO `stock_movements` (`id`, `material_id`, `type`, `quantity`, `unit_price`, `total_price`, `reference_type`, `reference_id`, `notes`, `user_id`, `created_at`, `updated_at`) VALUES ('71', '98', 'in', '10000000000.00', '0.00', '0.00', NULL, NULL, 'ONLINE', '8', '2026-03-01 10:26:05', '2026-03-01 10:26:05');
INSERT INTO `stock_movements` (`id`, `material_id`, `type`, `quantity`, `unit_price`, `total_price`, `reference_type`, `reference_id`, `notes`, `user_id`, `created_at`, `updated_at`) VALUES ('72', '99', 'in', '10000000000.00', '0.00', '0.00', NULL, NULL, 'ONLINE', '8', '2026-03-01 10:26:45', '2026-03-01 10:26:45');
INSERT INTO `stock_movements` (`id`, `material_id`, `type`, `quantity`, `unit_price`, `total_price`, `reference_type`, `reference_id`, `notes`, `user_id`, `created_at`, `updated_at`) VALUES ('73', '59', 'out', '20.00', '0.00', '0.00', 'App\\Models\\Order', '17', 'Order #INV-20260302-0001 - relya kemiri', '20', '2026-03-02 10:08:57', '2026-03-02 10:08:57');
INSERT INTO `stock_movements` (`id`, `material_id`, `type`, `quantity`, `unit_price`, `total_price`, `reference_type`, `reference_id`, `notes`, `user_id`, `created_at`, `updated_at`) VALUES ('74', '68', 'out', '20.00', '0.00', '0.00', 'App\\Models\\Order', '17', 'Order #INV-20260302-0001 - relya kemiri', '20', '2026-03-02 10:08:57', '2026-03-02 10:08:57');
INSERT INTO `stock_movements` (`id`, `material_id`, `type`, `quantity`, `unit_price`, `total_price`, `reference_type`, `reference_id`, `notes`, `user_id`, `created_at`, `updated_at`) VALUES ('75', '60', 'out', '4.00', '0.00', '0.00', 'App\\Models\\Order', '18', 'Order #INV-20260302-0002 - glow beauty', '3', '2026-03-02 10:10:46', '2026-03-02 10:10:46');
INSERT INTO `stock_movements` (`id`, `material_id`, `type`, `quantity`, `unit_price`, `total_price`, `reference_type`, `reference_id`, `notes`, `user_id`, `created_at`, `updated_at`) VALUES ('76', '57', 'out', '6.00', '0.00', '0.00', 'App\\Models\\Order', '18', 'Order #INV-20260302-0002 - pipito', '3', '2026-03-02 10:10:46', '2026-03-02 10:10:46');
INSERT INTO `stock_movements` (`id`, `material_id`, `type`, `quantity`, `unit_price`, `total_price`, `reference_type`, `reference_id`, `notes`, `user_id`, `created_at`, `updated_at`) VALUES ('77', '57', 'out', '11.00', '0.00', '0.00', 'App\\Models\\Order', '18', 'Order #INV-20260302-0002 - pipito sedang', '3', '2026-03-02 10:10:46', '2026-03-02 10:10:46');
INSERT INTO `stock_movements` (`id`, `material_id`, `type`, `quantity`, `unit_price`, `total_price`, `reference_type`, `reference_id`, `notes`, `user_id`, `created_at`, `updated_at`) VALUES ('78', '57', 'out', '7.00', '0.00', '0.00', 'App\\Models\\Order', '18', 'Order #INV-20260302-0002 - azzae', '3', '2026-03-02 10:10:46', '2026-03-02 10:10:46');
INSERT INTO `stock_movements` (`id`, `material_id`, `type`, `quantity`, `unit_price`, `total_price`, `reference_type`, `reference_id`, `notes`, `user_id`, `created_at`, `updated_at`) VALUES ('79', '57', 'out', '10.00', '0.00', '0.00', 'App\\Models\\Order', '18', 'Order #INV-20260302-0002 - cahaya rs', '3', '2026-03-02 10:10:46', '2026-03-02 10:10:46');
INSERT INTO `stock_movements` (`id`, `material_id`, `type`, `quantity`, `unit_price`, `total_price`, `reference_type`, `reference_id`, `notes`, `user_id`, `created_at`, `updated_at`) VALUES ('80', '59', 'in', '20.00', '0.00', '0.00', 'App\\Models\\Order', '17', 'Stok dikembalikan - Edit Order #INV-20260302-0001', '20', '2026-03-02 10:12:13', '2026-03-02 10:12:13');
INSERT INTO `stock_movements` (`id`, `material_id`, `type`, `quantity`, `unit_price`, `total_price`, `reference_type`, `reference_id`, `notes`, `user_id`, `created_at`, `updated_at`) VALUES ('81', '68', 'in', '20.00', '0.00', '0.00', 'App\\Models\\Order', '17', 'Stok dikembalikan - Edit Order #INV-20260302-0001', '20', '2026-03-02 10:12:13', '2026-03-02 10:12:13');
INSERT INTO `stock_movements` (`id`, `material_id`, `type`, `quantity`, `unit_price`, `total_price`, `reference_type`, `reference_id`, `notes`, `user_id`, `created_at`, `updated_at`) VALUES ('82', '91', 'out', '20.00', '0.00', '0.00', 'App\\Models\\Order', '17', 'Order #INV-20260302-0001 - relya kemiri', '20', '2026-03-02 10:12:13', '2026-03-02 10:12:13');
INSERT INTO `stock_movements` (`id`, `material_id`, `type`, `quantity`, `unit_price`, `total_price`, `reference_type`, `reference_id`, `notes`, `user_id`, `created_at`, `updated_at`) VALUES ('83', '60', 'in', '4.00', '0.00', '0.00', 'App\\Models\\Order', '18', 'Stok dikembalikan - Edit Order #INV-20260302-0002', '3', '2026-03-02 10:12:52', '2026-03-02 10:12:52');
INSERT INTO `stock_movements` (`id`, `material_id`, `type`, `quantity`, `unit_price`, `total_price`, `reference_type`, `reference_id`, `notes`, `user_id`, `created_at`, `updated_at`) VALUES ('84', '57', 'in', '6.00', '0.00', '0.00', 'App\\Models\\Order', '18', 'Stok dikembalikan - Edit Order #INV-20260302-0002', '3', '2026-03-02 10:12:52', '2026-03-02 10:12:52');
INSERT INTO `stock_movements` (`id`, `material_id`, `type`, `quantity`, `unit_price`, `total_price`, `reference_type`, `reference_id`, `notes`, `user_id`, `created_at`, `updated_at`) VALUES ('85', '57', 'in', '11.00', '0.00', '0.00', 'App\\Models\\Order', '18', 'Stok dikembalikan - Edit Order #INV-20260302-0002', '3', '2026-03-02 10:12:52', '2026-03-02 10:12:52');
INSERT INTO `stock_movements` (`id`, `material_id`, `type`, `quantity`, `unit_price`, `total_price`, `reference_type`, `reference_id`, `notes`, `user_id`, `created_at`, `updated_at`) VALUES ('86', '57', 'in', '7.00', '0.00', '0.00', 'App\\Models\\Order', '18', 'Stok dikembalikan - Edit Order #INV-20260302-0002', '3', '2026-03-02 10:12:52', '2026-03-02 10:12:52');
INSERT INTO `stock_movements` (`id`, `material_id`, `type`, `quantity`, `unit_price`, `total_price`, `reference_type`, `reference_id`, `notes`, `user_id`, `created_at`, `updated_at`) VALUES ('87', '57', 'in', '10.00', '0.00', '0.00', 'App\\Models\\Order', '18', 'Stok dikembalikan - Edit Order #INV-20260302-0002', '3', '2026-03-02 10:12:52', '2026-03-02 10:12:52');
INSERT INTO `stock_movements` (`id`, `material_id`, `type`, `quantity`, `unit_price`, `total_price`, `reference_type`, `reference_id`, `notes`, `user_id`, `created_at`, `updated_at`) VALUES ('88', '48', 'out', '1.00', '0.00', '0.00', 'App\\Models\\Order', '18', 'Order #INV-20260302-0002 - ria zulian', '3', '2026-03-02 10:12:52', '2026-03-02 10:12:52');
INSERT INTO `stock_movements` (`id`, `material_id`, `type`, `quantity`, `unit_price`, `total_price`, `reference_type`, `reference_id`, `notes`, `user_id`, `created_at`, `updated_at`) VALUES ('89', '48', 'in', '1.00', '0.00', '0.00', 'App\\Models\\Order', '18', 'Stok dikembalikan - Edit Order #INV-20260302-0002', '3', '2026-03-02 10:13:24', '2026-03-02 10:13:24');
INSERT INTO `stock_movements` (`id`, `material_id`, `type`, `quantity`, `unit_price`, `total_price`, `reference_type`, `reference_id`, `notes`, `user_id`, `created_at`, `updated_at`) VALUES ('90', '51', 'out', '8.00', '0.00', '0.00', 'App\\Models\\Order', '19', 'Order #INV-20260302-0003 - dinamika 0302', '19', '2026-03-02 10:18:14', '2026-03-02 10:18:14');
INSERT INTO `stock_movements` (`id`, `material_id`, `type`, `quantity`, `unit_price`, `total_price`, `reference_type`, `reference_id`, `notes`, `user_id`, `created_at`, `updated_at`) VALUES ('91', '51', 'out', '8.00', '0.00', '0.00', 'App\\Models\\Order', '19', 'Order #INV-20260302-0003 - sekabar', '19', '2026-03-02 10:18:14', '2026-03-02 10:18:14');
INSERT INTO `stock_movements` (`id`, `material_id`, `type`, `quantity`, `unit_price`, `total_price`, `reference_type`, `reference_id`, `notes`, `user_id`, `created_at`, `updated_at`) VALUES ('92', '57', 'out', '4.00', '0.00', '0.00', 'App\\Models\\Order', '20', 'Order #INV-20260302-0004 - maps sc', '20', '2026-03-02 10:20:34', '2026-03-02 10:20:34');
INSERT INTO `stock_movements` (`id`, `material_id`, `type`, `quantity`, `unit_price`, `total_price`, `reference_type`, `reference_id`, `notes`, `user_id`, `created_at`, `updated_at`) VALUES ('93', '91', 'out', '4.00', '0.00', '0.00', 'App\\Models\\Order', '20', 'Order #INV-20260302-0004 - maps sc', '20', '2026-03-02 10:20:34', '2026-03-02 10:20:34');
INSERT INTO `stock_movements` (`id`, `material_id`, `type`, `quantity`, `unit_price`, `total_price`, `reference_type`, `reference_id`, `notes`, `user_id`, `created_at`, `updated_at`) VALUES ('94', '85', 'out', '6.00', '0.00', '0.00', 'App\\Models\\Order', '21', 'Order #INV-20260302-0005 - PATRA NIAGA', '3', '2026-03-02 10:32:24', '2026-03-02 10:32:24');
INSERT INTO `stock_movements` (`id`, `material_id`, `type`, `quantity`, `unit_price`, `total_price`, `reference_type`, `reference_id`, `notes`, `user_id`, `created_at`, `updated_at`) VALUES ('95', '85', 'out', '2.40', '0.00', '0.00', 'App\\Models\\Order', '21', 'Order #INV-20260302-0005 - PATRA NIAGA 2', '3', '2026-03-02 10:32:24', '2026-03-02 10:32:24');
INSERT INTO `stock_movements` (`id`, `material_id`, `type`, `quantity`, `unit_price`, `total_price`, `reference_type`, `reference_id`, `notes`, `user_id`, `created_at`, `updated_at`) VALUES ('96', '85', 'out', '10.00', '0.00', '0.00', 'App\\Models\\Order', '21', 'Order #INV-20260302-0005 - PANGKALAN', '3', '2026-03-02 10:32:24', '2026-03-02 10:32:24');
INSERT INTO `stock_movements` (`id`, `material_id`, `type`, `quantity`, `unit_price`, `total_price`, `reference_type`, `reference_id`, `notes`, `user_id`, `created_at`, `updated_at`) VALUES ('97', '85', 'out', '2.00', '0.00', '0.00', 'App\\Models\\Order', '21', 'Order #INV-20260302-0005 - AGEN LPG', '3', '2026-03-02 10:32:24', '2026-03-02 10:32:24');
INSERT INTO `stock_movements` (`id`, `material_id`, `type`, `quantity`, `unit_price`, `total_price`, `reference_type`, `reference_id`, `notes`, `user_id`, `created_at`, `updated_at`) VALUES ('98', '44', 'out', '12.00', '0.00', '0.00', 'App\\Models\\Order', '22', 'Order #INV-20260302-0006 - lalabelt', '20', '2026-03-02 10:34:05', '2026-03-02 10:34:05');
INSERT INTO `stock_movements` (`id`, `material_id`, `type`, `quantity`, `unit_price`, `total_price`, `reference_type`, `reference_id`, `notes`, `user_id`, `created_at`, `updated_at`) VALUES ('99', '44', 'out', '8.00', '0.00', '0.00', 'App\\Models\\Order', '23', 'Order #INV-20260302-0007 - argarian', '19', '2026-03-02 10:35:30', '2026-03-02 10:35:30');
INSERT INTO `stock_movements` (`id`, `material_id`, `type`, `quantity`, `unit_price`, `total_price`, `reference_type`, `reference_id`, `notes`, `user_id`, `created_at`, `updated_at`) VALUES ('100', '57', 'out', '1.00', '0.00', '0.00', 'App\\Models\\Order', '24', 'Order #INV-20260302-0008 - vans', '3', '2026-03-02 10:37:42', '2026-03-02 10:37:42');
INSERT INTO `stock_movements` (`id`, `material_id`, `type`, `quantity`, `unit_price`, `total_price`, `reference_type`, `reference_id`, `notes`, `user_id`, `created_at`, `updated_at`) VALUES ('101', '57', 'out', '15.00', '0.00', '0.00', 'App\\Models\\Order', '25', 'Order #INV-20260302-0009 - lk you', '20', '2026-03-02 10:45:54', '2026-03-02 10:45:54');
INSERT INTO `stock_movements` (`id`, `material_id`, `type`, `quantity`, `unit_price`, `total_price`, `reference_type`, `reference_id`, `notes`, `user_id`, `created_at`, `updated_at`) VALUES ('102', '68', 'out', '15.00', '0.00', '0.00', 'App\\Models\\Order', '25', 'Order #INV-20260302-0009 - lk you', '20', '2026-03-02 10:45:54', '2026-03-02 10:45:54');
INSERT INTO `stock_movements` (`id`, `material_id`, `type`, `quantity`, `unit_price`, `total_price`, `reference_type`, `reference_id`, `notes`, `user_id`, `created_at`, `updated_at`) VALUES ('103', '91', 'out', '15.00', '0.00', '0.00', 'App\\Models\\Order', '25', 'Order #INV-20260302-0009 - lk you', '20', '2026-03-02 10:45:54', '2026-03-02 10:45:54');
INSERT INTO `stock_movements` (`id`, `material_id`, `type`, `quantity`, `unit_price`, `total_price`, `reference_type`, `reference_id`, `notes`, `user_id`, `created_at`, `updated_at`) VALUES ('104', '57', 'in', '15.00', '0.00', '0.00', 'App\\Models\\Order', '25', 'Stok dikembalikan - Edit Order #INV-20260302-0009', '20', '2026-03-02 10:46:31', '2026-03-02 10:46:31');
INSERT INTO `stock_movements` (`id`, `material_id`, `type`, `quantity`, `unit_price`, `total_price`, `reference_type`, `reference_id`, `notes`, `user_id`, `created_at`, `updated_at`) VALUES ('105', '68', 'in', '15.00', '0.00', '0.00', 'App\\Models\\Order', '25', 'Stok dikembalikan - Edit Order #INV-20260302-0009', '20', '2026-03-02 10:46:31', '2026-03-02 10:46:31');
INSERT INTO `stock_movements` (`id`, `material_id`, `type`, `quantity`, `unit_price`, `total_price`, `reference_type`, `reference_id`, `notes`, `user_id`, `created_at`, `updated_at`) VALUES ('106', '91', 'in', '15.00', '0.00', '0.00', 'App\\Models\\Order', '25', 'Stok dikembalikan - Edit Order #INV-20260302-0009', '20', '2026-03-02 10:46:31', '2026-03-02 10:46:31');
INSERT INTO `stock_movements` (`id`, `material_id`, `type`, `quantity`, `unit_price`, `total_price`, `reference_type`, `reference_id`, `notes`, `user_id`, `created_at`, `updated_at`) VALUES ('107', '58', 'out', '100.00', '0.00', '0.00', 'App\\Models\\Order', '26', 'Order #INV-20260302-0010 - krenyess', '3', '2026-03-02 10:51:22', '2026-03-02 10:51:22');
INSERT INTO `stock_movements` (`id`, `material_id`, `type`, `quantity`, `unit_price`, `total_price`, `reference_type`, `reference_id`, `notes`, `user_id`, `created_at`, `updated_at`) VALUES ('108', '58', 'in', '100.00', '0.00', '0.00', 'App\\Models\\Order', '26', 'Stok dikembalikan - Edit Order #INV-20260302-0010', '3', '2026-03-02 10:52:10', '2026-03-02 10:52:10');
INSERT INTO `stock_movements` (`id`, `material_id`, `type`, `quantity`, `unit_price`, `total_price`, `reference_type`, `reference_id`, `notes`, `user_id`, `created_at`, `updated_at`) VALUES ('109', '57', 'out', '100.00', '0.00', '0.00', 'App\\Models\\Order', '26', 'Order #INV-20260302-0010 - krenyess', '3', '2026-03-02 10:52:10', '2026-03-02 10:52:10');
INSERT INTO `stock_movements` (`id`, `material_id`, `type`, `quantity`, `unit_price`, `total_price`, `reference_type`, `reference_id`, `notes`, `user_id`, `created_at`, `updated_at`) VALUES ('110', '48', 'out', '9.00', '0.00', '0.00', 'App\\Models\\Order', '27', 'Order #INV-20260302-0011 - beny daryono', '20', '2026-03-02 10:56:30', '2026-03-02 10:56:30');
INSERT INTO `stock_movements` (`id`, `material_id`, `type`, `quantity`, `unit_price`, `total_price`, `reference_type`, `reference_id`, `notes`, `user_id`, `created_at`, `updated_at`) VALUES ('111', '57', 'out', '30.00', '0.00', '0.00', 'App\\Models\\Order', '28', 'Order #INV-20260302-0012 - si biru new x7 MUDIN', '23', '2026-03-02 11:07:09', '2026-03-02 11:07:09');
INSERT INTO `stock_movements` (`id`, `material_id`, `type`, `quantity`, `unit_price`, `total_price`, `reference_type`, `reference_id`, `notes`, `user_id`, `created_at`, `updated_at`) VALUES ('112', '48', 'out', '40.00', '0.00', '0.00', 'App\\Models\\Order', '28', 'Order #INV-20260302-0012 - enyong lure MUDIN', '23', '2026-03-02 11:07:09', '2026-03-02 11:07:09');
INSERT INTO `stock_movements` (`id`, `material_id`, `type`, `quantity`, `unit_price`, `total_price`, `reference_type`, `reference_id`, `notes`, `user_id`, `created_at`, `updated_at`) VALUES ('113', '53', 'out', '1.00', '0.00', '0.00', 'App\\Models\\Order', '29', 'Order #INV-20260302-0013 - yanvaldi', '20', '2026-03-02 11:07:41', '2026-03-02 11:07:41');
INSERT INTO `stock_movements` (`id`, `material_id`, `type`, `quantity`, `unit_price`, `total_price`, `reference_type`, `reference_id`, `notes`, `user_id`, `created_at`, `updated_at`) VALUES ('114', '48', 'out', '20.00', '0.00', '0.00', 'App\\Models\\Order', '30', 'Order #INV-20260302-0014 - balai busana', '19', '2026-03-02 11:09:09', '2026-03-02 11:09:09');
INSERT INTO `stock_movements` (`id`, `material_id`, `type`, `quantity`, `unit_price`, `total_price`, `reference_type`, `reference_id`, `notes`, `user_id`, `created_at`, `updated_at`) VALUES ('115', '57', 'in', '30.00', '0.00', '0.00', 'App\\Models\\Order', '28', 'Stok dikembalikan - Edit Order #INV-20260302-0012', '19', '2026-03-02 11:11:28', '2026-03-02 11:11:28');
INSERT INTO `stock_movements` (`id`, `material_id`, `type`, `quantity`, `unit_price`, `total_price`, `reference_type`, `reference_id`, `notes`, `user_id`, `created_at`, `updated_at`) VALUES ('116', '48', 'in', '40.00', '0.00', '0.00', 'App\\Models\\Order', '28', 'Stok dikembalikan - Edit Order #INV-20260302-0012', '19', '2026-03-02 11:11:28', '2026-03-02 11:11:28');
INSERT INTO `stock_movements` (`id`, `material_id`, `type`, `quantity`, `unit_price`, `total_price`, `reference_type`, `reference_id`, `notes`, `user_id`, `created_at`, `updated_at`) VALUES ('117', '44', 'in', '8.00', '0.00', '0.00', 'App\\Models\\Order', '23', 'Stok dikembalikan - Edit Order #INV-20260302-0007', '19', '2026-03-02 11:11:58', '2026-03-02 11:11:58');
INSERT INTO `stock_movements` (`id`, `material_id`, `type`, `quantity`, `unit_price`, `total_price`, `reference_type`, `reference_id`, `notes`, `user_id`, `created_at`, `updated_at`) VALUES ('118', '47', 'out', '4.00', '0.00', '0.00', 'App\\Models\\Order', '31', 'Order #INV-20260302-0015 - nonome', '20', '2026-03-02 11:14:44', '2026-03-02 11:14:44');
INSERT INTO `stock_movements` (`id`, `material_id`, `type`, `quantity`, `unit_price`, `total_price`, `reference_type`, `reference_id`, `notes`, `user_id`, `created_at`, `updated_at`) VALUES ('119', '61', 'out', '0.60', '0.00', '0.00', 'App\\Models\\Order', '32', 'Order #INV-20260302-0016 - foto anak kecil', '3', '2026-03-02 11:15:31', '2026-03-02 11:15:31');
INSERT INTO `stock_movements` (`id`, `material_id`, `type`, `quantity`, `unit_price`, `total_price`, `reference_type`, `reference_id`, `notes`, `user_id`, `created_at`, `updated_at`) VALUES ('120', '90', 'out', '14.00', '0.00', '0.00', 'App\\Models\\Order', '33', 'Order #INV-20260302-0017 - fashionbie & ukong', '3', '2026-03-02 11:19:01', '2026-03-02 11:19:01');
INSERT INTO `stock_movements` (`id`, `material_id`, `type`, `quantity`, `unit_price`, `total_price`, `reference_type`, `reference_id`, `notes`, `user_id`, `created_at`, `updated_at`) VALUES ('121', '57', 'out', '5.00', '0.00', '0.00', 'App\\Models\\Order', '33', 'Order #INV-20260302-0017 - fashionbie & ukong', '3', '2026-03-02 11:19:01', '2026-03-02 11:19:01');
INSERT INTO `stock_movements` (`id`, `material_id`, `type`, `quantity`, `unit_price`, `total_price`, `reference_type`, `reference_id`, `notes`, `user_id`, `created_at`, `updated_at`) VALUES ('122', '51', 'out', '1.00', '0.00', '0.00', 'App\\Models\\Order', '34', 'Order #INV-20260302-0018 - rs medika 1', '3', '2026-03-02 11:22:59', '2026-03-02 11:22:59');
INSERT INTO `stock_movements` (`id`, `material_id`, `type`, `quantity`, `unit_price`, `total_price`, `reference_type`, `reference_id`, `notes`, `user_id`, `created_at`, `updated_at`) VALUES ('123', '87', 'out', '8.00', '0.00', '0.00', 'App\\Models\\Order', '35', 'Order #INV-20260302-0019 - MA FASION', '20', '2026-03-02 11:23:12', '2026-03-02 11:23:12');
INSERT INTO `stock_movements` (`id`, `material_id`, `type`, `quantity`, `unit_price`, `total_price`, `reference_type`, `reference_id`, `notes`, `user_id`, `created_at`, `updated_at`) VALUES ('124', '51', 'out', '3.00', '0.00', '0.00', 'App\\Models\\Order', '36', 'Order #INV-20260302-0020 - ny ririn', '19', '2026-03-02 11:24:31', '2026-03-02 11:24:31');
INSERT INTO `stock_movements` (`id`, `material_id`, `type`, `quantity`, `unit_price`, `total_price`, `reference_type`, `reference_id`, `notes`, `user_id`, `created_at`, `updated_at`) VALUES ('125', '45', 'out', '7.00', '0.00', '0.00', 'App\\Models\\Order', '37', 'Order #INV-20260302-0021 - eid mubarak', '3', '2026-03-02 11:26:02', '2026-03-02 11:26:02');
INSERT INTO `stock_movements` (`id`, `material_id`, `type`, `quantity`, `unit_price`, `total_price`, `reference_type`, `reference_id`, `notes`, `user_id`, `created_at`, `updated_at`) VALUES ('126', '85', 'out', '3.00', '0.00', '0.00', 'App\\Models\\Order', '38', 'Order #INV-20260302-0022 - PT HAIDA', '20', '2026-03-02 11:27:14', '2026-03-02 11:27:14');
INSERT INTO `stock_movements` (`id`, `material_id`, `type`, `quantity`, `unit_price`, `total_price`, `reference_type`, `reference_id`, `notes`, `user_id`, `created_at`, `updated_at`) VALUES ('127', '57', 'out', '1.00', '0.00', '0.00', 'App\\Models\\Order', '39', 'Order #INV-20260302-0023 - bunda delicious', '19', '2026-03-02 11:32:07', '2026-03-02 11:32:07');
INSERT INTO `stock_movements` (`id`, `material_id`, `type`, `quantity`, `unit_price`, `total_price`, `reference_type`, `reference_id`, `notes`, `user_id`, `created_at`, `updated_at`) VALUES ('128', '91', 'out', '1.00', '0.00', '0.00', 'App\\Models\\Order', '39', 'Order #INV-20260302-0023 - bunda delicious', '19', '2026-03-02 11:32:07', '2026-03-02 11:32:07');
INSERT INTO `stock_movements` (`id`, `material_id`, `type`, `quantity`, `unit_price`, `total_price`, `reference_type`, `reference_id`, `notes`, `user_id`, `created_at`, `updated_at`) VALUES ('129', '86', 'out', '25.00', '0.00', '0.00', 'App\\Models\\Order', '40', 'Order #INV-20260302-0024 - PT ANUGERAH 1', '3', '2026-03-02 11:32:25', '2026-03-02 11:32:25');
INSERT INTO `stock_movements` (`id`, `material_id`, `type`, `quantity`, `unit_price`, `total_price`, `reference_type`, `reference_id`, `notes`, `user_id`, `created_at`, `updated_at`) VALUES ('130', '57', 'out', '2.00', '0.00', '0.00', 'App\\Models\\Order', '41', 'Order #INV-20260302-0025 - zuhri farm', '19', '2026-03-02 11:37:51', '2026-03-02 11:37:51');
INSERT INTO `stock_movements` (`id`, `material_id`, `type`, `quantity`, `unit_price`, `total_price`, `reference_type`, `reference_id`, `notes`, `user_id`, `created_at`, `updated_at`) VALUES ('131', '91', 'out', '2.00', '0.00', '0.00', 'App\\Models\\Order', '41', 'Order #INV-20260302-0025 - zuhri farm', '19', '2026-03-02 11:37:51', '2026-03-02 11:37:51');
INSERT INTO `stock_movements` (`id`, `material_id`, `type`, `quantity`, `unit_price`, `total_price`, `reference_type`, `reference_id`, `notes`, `user_id`, `created_at`, `updated_at`) VALUES ('132', '57', 'out', '15.00', '0.00', '0.00', 'App\\Models\\Order', '42', 'Order #INV-20260302-0026 - tisa cookies', '20', '2026-03-02 11:39:37', '2026-03-02 11:39:37');
INSERT INTO `stock_movements` (`id`, `material_id`, `type`, `quantity`, `unit_price`, `total_price`, `reference_type`, `reference_id`, `notes`, `user_id`, `created_at`, `updated_at`) VALUES ('133', '61', 'out', '0.85', '0.00', '0.00', 'App\\Models\\Order', '43', 'Order #INV-20260302-0027 - kopdeskel', '3', '2026-03-02 11:39:54', '2026-03-02 11:39:54');
INSERT INTO `stock_movements` (`id`, `material_id`, `type`, `quantity`, `unit_price`, `total_price`, `reference_type`, `reference_id`, `notes`, `user_id`, `created_at`, `updated_at`) VALUES ('134', '82', 'out', '0.85', '0.00', '0.00', 'App\\Models\\Order', '43', 'Order #INV-20260302-0027 - kopdeskel', '3', '2026-03-02 11:39:54', '2026-03-02 11:39:54');
INSERT INTO `stock_movements` (`id`, `material_id`, `type`, `quantity`, `unit_price`, `total_price`, `reference_type`, `reference_id`, `notes`, `user_id`, `created_at`, `updated_at`) VALUES ('135', '98', 'out', '0.85', '0.00', '0.00', 'App\\Models\\Order', '43', 'Order #INV-20260302-0027 - kopdeskel', '3', '2026-03-02 11:39:54', '2026-03-02 11:39:54');
INSERT INTO `stock_movements` (`id`, `material_id`, `type`, `quantity`, `unit_price`, `total_price`, `reference_type`, `reference_id`, `notes`, `user_id`, `created_at`, `updated_at`) VALUES ('136', '85', 'out', '2.00', '0.00', '0.00', 'App\\Models\\Order', '44', 'Order #INV-20260302-0028 - kejora 01', '19', '2026-03-02 11:41:34', '2026-03-02 11:41:34');
INSERT INTO `stock_movements` (`id`, `material_id`, `type`, `quantity`, `unit_price`, `total_price`, `reference_type`, `reference_id`, `notes`, `user_id`, `created_at`, `updated_at`) VALUES ('137', '85', 'out', '3.70', '0.00', '0.00', 'App\\Models\\Order', '44', 'Order #INV-20260302-0028 - kejora 02-03', '19', '2026-03-02 11:41:34', '2026-03-02 11:41:34');
INSERT INTO `stock_movements` (`id`, `material_id`, `type`, `quantity`, `unit_price`, `total_price`, `reference_type`, `reference_id`, `notes`, `user_id`, `created_at`, `updated_at`) VALUES ('138', '85', 'out', '1.46', '0.00', '0.00', 'App\\Models\\Order', '44', 'Order #INV-20260302-0028 - kejora 04', '19', '2026-03-02 11:41:34', '2026-03-02 11:41:34');
INSERT INTO `stock_movements` (`id`, `material_id`, `type`, `quantity`, `unit_price`, `total_price`, `reference_type`, `reference_id`, `notes`, `user_id`, `created_at`, `updated_at`) VALUES ('139', '61', 'in', '0.85', '0.00', '0.00', 'App\\Models\\Order', '43', 'Stok dikembalikan - Batal Order #INV-20260302-0027', '8', '2026-03-02 11:42:43', '2026-03-02 11:42:43');
INSERT INTO `stock_movements` (`id`, `material_id`, `type`, `quantity`, `unit_price`, `total_price`, `reference_type`, `reference_id`, `notes`, `user_id`, `created_at`, `updated_at`) VALUES ('140', '82', 'in', '0.85', '0.00', '0.00', 'App\\Models\\Order', '43', 'Stok dikembalikan - Batal Order #INV-20260302-0027', '8', '2026-03-02 11:42:43', '2026-03-02 11:42:43');
INSERT INTO `stock_movements` (`id`, `material_id`, `type`, `quantity`, `unit_price`, `total_price`, `reference_type`, `reference_id`, `notes`, `user_id`, `created_at`, `updated_at`) VALUES ('141', '98', 'in', '0.85', '0.00', '0.00', 'App\\Models\\Order', '43', 'Stok dikembalikan - Batal Order #INV-20260302-0027', '8', '2026-03-02 11:42:43', '2026-03-02 11:42:43');
INSERT INTO `stock_movements` (`id`, `material_id`, `type`, `quantity`, `unit_price`, `total_price`, `reference_type`, `reference_id`, `notes`, `user_id`, `created_at`, `updated_at`) VALUES ('142', '44', 'out', '7.00', '0.00', '0.00', 'App\\Models\\Order', '45', 'Order #INV-20260302-0029 - BI INUK FOTO', '20', '2026-03-02 11:45:32', '2026-03-02 11:45:32');
INSERT INTO `stock_movements` (`id`, `material_id`, `type`, `quantity`, `unit_price`, `total_price`, `reference_type`, `reference_id`, `notes`, `user_id`, `created_at`, `updated_at`) VALUES ('143', '61', 'out', '0.85', '0.00', '0.00', 'App\\Models\\Order', '46', 'Order #INV-20260302-0030 - kopdeskel', '3', '2026-03-02 11:46:14', '2026-03-02 11:46:14');
INSERT INTO `stock_movements` (`id`, `material_id`, `type`, `quantity`, `unit_price`, `total_price`, `reference_type`, `reference_id`, `notes`, `user_id`, `created_at`, `updated_at`) VALUES ('144', '82', 'out', '0.85', '0.00', '0.00', 'App\\Models\\Order', '46', 'Order #INV-20260302-0030 - kopdeskel', '3', '2026-03-02 11:46:14', '2026-03-02 11:46:14');
INSERT INTO `stock_movements` (`id`, `material_id`, `type`, `quantity`, `unit_price`, `total_price`, `reference_type`, `reference_id`, `notes`, `user_id`, `created_at`, `updated_at`) VALUES ('145', '98', 'out', '0.85', '0.00', '0.00', 'App\\Models\\Order', '46', 'Order #INV-20260302-0030 - kopdeskel', '3', '2026-03-02 11:46:14', '2026-03-02 11:46:14');
INSERT INTO `stock_movements` (`id`, `material_id`, `type`, `quantity`, `unit_price`, `total_price`, `reference_type`, `reference_id`, `notes`, `user_id`, `created_at`, `updated_at`) VALUES ('146', '85', 'out', '6.96', '0.00', '0.00', 'App\\Models\\Order', '47', 'Order #INV-20260302-0031 - cover gate sensor 84x138cm (1)', '23', '2026-03-02 11:47:26', '2026-03-02 11:47:26');
INSERT INTO `stock_movements` (`id`, `material_id`, `type`, `quantity`, `unit_price`, `total_price`, `reference_type`, `reference_id`, `notes`, `user_id`, `created_at`, `updated_at`) VALUES ('147', '61', 'out', '0.30', '0.00', '0.00', 'App\\Models\\Order', '47', 'Order #INV-20260302-0031 - pintu darurat exit', '23', '2026-03-02 11:47:26', '2026-03-02 11:47:26');
INSERT INTO `stock_movements` (`id`, `material_id`, `type`, `quantity`, `unit_price`, `total_price`, `reference_type`, `reference_id`, `notes`, `user_id`, `created_at`, `updated_at`) VALUES ('148', '85', 'in', '6.96', '0.00', '0.00', 'App\\Models\\Order', '47', 'Stok dikembalikan - Edit Order #INV-20260302-0031', '23', '2026-03-02 11:47:49', '2026-03-02 11:47:49');
INSERT INTO `stock_movements` (`id`, `material_id`, `type`, `quantity`, `unit_price`, `total_price`, `reference_type`, `reference_id`, `notes`, `user_id`, `created_at`, `updated_at`) VALUES ('149', '61', 'in', '0.30', '0.00', '0.00', 'App\\Models\\Order', '47', 'Stok dikembalikan - Edit Order #INV-20260302-0031', '23', '2026-03-02 11:47:49', '2026-03-02 11:47:49');
INSERT INTO `stock_movements` (`id`, `material_id`, `type`, `quantity`, `unit_price`, `total_price`, `reference_type`, `reference_id`, `notes`, `user_id`, `created_at`, `updated_at`) VALUES ('150', '61', 'out', '1.00', '0.00', '0.00', 'App\\Models\\Order', '48', 'Order #INV-20260302-0032 - hmg', '3', '2026-03-02 11:50:11', '2026-03-02 11:50:11');
INSERT INTO `stock_movements` (`id`, `material_id`, `type`, `quantity`, `unit_price`, `total_price`, `reference_type`, `reference_id`, `notes`, `user_id`, `created_at`, `updated_at`) VALUES ('151', '81', 'out', '1.00', '0.00', '0.00', 'App\\Models\\Order', '48', 'Order #INV-20260302-0032 - hmg', '3', '2026-03-02 11:50:11', '2026-03-02 11:50:11');
INSERT INTO `stock_movements` (`id`, `material_id`, `type`, `quantity`, `unit_price`, `total_price`, `reference_type`, `reference_id`, `notes`, `user_id`, `created_at`, `updated_at`) VALUES ('152', '99', 'out', '1.00', '0.00', '0.00', 'App\\Models\\Order', '48', 'Order #INV-20260302-0032 - hmg', '3', '2026-03-02 11:50:11', '2026-03-02 11:50:11');
INSERT INTO `stock_movements` (`id`, `material_id`, `type`, `quantity`, `unit_price`, `total_price`, `reference_type`, `reference_id`, `notes`, `user_id`, `created_at`, `updated_at`) VALUES ('153', '57', 'out', '5.00', '0.00', '0.00', 'App\\Models\\Order', '49', 'Order #INV-20260302-0033 - prz vanila', '19', '2026-03-02 11:51:08', '2026-03-02 11:51:08');
INSERT INTO `stock_movements` (`id`, `material_id`, `type`, `quantity`, `unit_price`, `total_price`, `reference_type`, `reference_id`, `notes`, `user_id`, `created_at`, `updated_at`) VALUES ('154', '91', 'out', '5.00', '0.00', '0.00', 'App\\Models\\Order', '49', 'Order #INV-20260302-0033 - prz vanila', '19', '2026-03-02 11:51:08', '2026-03-02 11:51:08');
INSERT INTO `stock_movements` (`id`, `material_id`, `type`, `quantity`, `unit_price`, `total_price`, `reference_type`, `reference_id`, `notes`, `user_id`, `created_at`, `updated_at`) VALUES ('155', '47', 'out', '13.00', '0.00', '0.00', 'App\\Models\\Order', '50', 'Order #INV-20260302-0034 - RADIF', '3', '2026-03-02 11:52:25', '2026-03-02 11:52:25');
INSERT INTO `stock_movements` (`id`, `material_id`, `type`, `quantity`, `unit_price`, `total_price`, `reference_type`, `reference_id`, `notes`, `user_id`, `created_at`, `updated_at`) VALUES ('156', '85', 'out', '2.00', '0.00', '0.00', 'App\\Models\\Order', '51', 'Order #INV-20260302-0035 - TEMBESU', '3', '2026-03-02 11:55:56', '2026-03-02 11:55:56');
INSERT INTO `stock_movements` (`id`, `material_id`, `type`, `quantity`, `unit_price`, `total_price`, `reference_type`, `reference_id`, `notes`, `user_id`, `created_at`, `updated_at`) VALUES ('157', '57', 'out', '4.00', '0.00', '0.00', 'App\\Models\\Order', '52', 'Order #INV-20260302-0036 - es bubur sumsum', '19', '2026-03-02 11:57:03', '2026-03-02 11:57:03');
INSERT INTO `stock_movements` (`id`, `material_id`, `type`, `quantity`, `unit_price`, `total_price`, `reference_type`, `reference_id`, `notes`, `user_id`, `created_at`, `updated_at`) VALUES ('158', '91', 'out', '4.00', '0.00', '0.00', 'App\\Models\\Order', '52', 'Order #INV-20260302-0036 - es bubur sumsum', '19', '2026-03-02 11:57:03', '2026-03-02 11:57:03');
INSERT INTO `stock_movements` (`id`, `material_id`, `type`, `quantity`, `unit_price`, `total_price`, `reference_type`, `reference_id`, `notes`, `user_id`, `created_at`, `updated_at`) VALUES ('159', '85', 'out', '4.00', '0.00', '0.00', 'App\\Models\\Order', '53', 'Order #INV-20260302-0037 - SPBU SIAGA 0302', '3', '2026-03-02 11:57:47', '2026-03-02 11:57:47');
INSERT INTO `stock_movements` (`id`, `material_id`, `type`, `quantity`, `unit_price`, `total_price`, `reference_type`, `reference_id`, `notes`, `user_id`, `created_at`, `updated_at`) VALUES ('160', '61', 'out', '6.97', '0.00', '0.00', 'App\\Models\\Order', '54', 'Order #INV-20260302-0038 - STIKER JEFRAN 1', '3', '2026-03-02 12:00:54', '2026-03-02 12:00:54');
INSERT INTO `stock_movements` (`id`, `material_id`, `type`, `quantity`, `unit_price`, `total_price`, `reference_type`, `reference_id`, `notes`, `user_id`, `created_at`, `updated_at`) VALUES ('161', '82', 'out', '6.97', '0.00', '0.00', 'App\\Models\\Order', '54', 'Order #INV-20260302-0038 - STIKER JEFRAN 1', '3', '2026-03-02 12:00:54', '2026-03-02 12:00:54');
INSERT INTO `stock_movements` (`id`, `material_id`, `type`, `quantity`, `unit_price`, `total_price`, `reference_type`, `reference_id`, `notes`, `user_id`, `created_at`, `updated_at`) VALUES ('162', '57', 'out', '5.00', '0.00', '0.00', 'App\\Models\\Order', '55', 'Order #INV-20260302-0039 - kripik n3', '19', '2026-03-02 12:01:36', '2026-03-02 12:01:36');
INSERT INTO `stock_movements` (`id`, `material_id`, `type`, `quantity`, `unit_price`, `total_price`, `reference_type`, `reference_id`, `notes`, `user_id`, `created_at`, `updated_at`) VALUES ('163', '91', 'out', '5.00', '0.00', '0.00', 'App\\Models\\Order', '55', 'Order #INV-20260302-0039 - kripik n3', '19', '2026-03-02 12:01:36', '2026-03-02 12:01:36');
INSERT INTO `stock_movements` (`id`, `material_id`, `type`, `quantity`, `unit_price`, `total_price`, `reference_type`, `reference_id`, `notes`, `user_id`, `created_at`, `updated_at`) VALUES ('164', '47', 'out', '3.00', '0.00', '0.00', 'App\\Models\\Order', '56', 'Order #INV-20260302-0040 - jourell', '3', '2026-03-02 12:03:01', '2026-03-02 12:03:01');
INSERT INTO `stock_movements` (`id`, `material_id`, `type`, `quantity`, `unit_price`, `total_price`, `reference_type`, `reference_id`, `notes`, `user_id`, `created_at`, `updated_at`) VALUES ('165', '57', 'out', '70.00', '0.00', '0.00', 'App\\Models\\Order', '57', 'Order #INV-20260302-0041 - BAGUS RAMADI ASPAL', '23', '2026-03-02 12:04:00', '2026-03-02 12:04:00');
INSERT INTO `stock_movements` (`id`, `material_id`, `type`, `quantity`, `unit_price`, `total_price`, `reference_type`, `reference_id`, `notes`, `user_id`, `created_at`, `updated_at`) VALUES ('166', '57', 'in', '70.00', '0.00', '0.00', 'App\\Models\\Order', '57', 'Stok dikembalikan - Edit Order #INV-20260302-0041', '23', '2026-03-02 12:04:29', '2026-03-02 12:04:29');
INSERT INTO `stock_movements` (`id`, `material_id`, `type`, `quantity`, `unit_price`, `total_price`, `reference_type`, `reference_id`, `notes`, `user_id`, `created_at`, `updated_at`) VALUES ('167', '85', 'out', '3.00', '0.00', '0.00', 'App\\Models\\Order', '58', 'Order #INV-20260302-0042 - kunjungan', '19', '2026-03-02 12:04:35', '2026-03-02 12:04:35');
INSERT INTO `stock_movements` (`id`, `material_id`, `type`, `quantity`, `unit_price`, `total_price`, `reference_type`, `reference_id`, `notes`, `user_id`, `created_at`, `updated_at`) VALUES ('168', '47', 'out', '22.00', '0.00', '0.00', 'App\\Models\\Order', '59', 'Order #INV-20260302-0043 - kotrek 1', '3', '2026-03-02 12:06:25', '2026-03-02 12:06:25');
INSERT INTO `stock_movements` (`id`, `material_id`, `type`, `quantity`, `unit_price`, `total_price`, `reference_type`, `reference_id`, `notes`, `user_id`, `created_at`, `updated_at`) VALUES ('169', '57', 'out', '3.00', '0.00', '0.00', 'App\\Models\\Order', '59', 'Order #INV-20260302-0043 - dua putri 0203', '3', '2026-03-02 12:06:25', '2026-03-02 12:06:25');
INSERT INTO `stock_movements` (`id`, `material_id`, `type`, `quantity`, `unit_price`, `total_price`, `reference_type`, `reference_id`, `notes`, `user_id`, `created_at`, `updated_at`) VALUES ('170', '91', 'out', '3.00', '0.00', '0.00', 'App\\Models\\Order', '59', 'Order #INV-20260302-0043 - dua putri 0203', '3', '2026-03-02 12:06:25', '2026-03-02 12:06:25');
INSERT INTO `stock_movements` (`id`, `material_id`, `type`, `quantity`, `unit_price`, `total_price`, `reference_type`, `reference_id`, `notes`, `user_id`, `created_at`, `updated_at`) VALUES ('171', '57', 'out', '10.00', '0.00', '0.00', 'App\\Models\\Order', '60', 'Order #INV-20260302-0044 - tungku ikol kue', '19', '2026-03-02 12:08:33', '2026-03-02 12:08:33');
INSERT INTO `stock_movements` (`id`, `material_id`, `type`, `quantity`, `unit_price`, `total_price`, `reference_type`, `reference_id`, `notes`, `user_id`, `created_at`, `updated_at`) VALUES ('172', '91', 'out', '10.00', '0.00', '0.00', 'App\\Models\\Order', '60', 'Order #INV-20260302-0044 - tungku ikol kue', '19', '2026-03-02 12:08:33', '2026-03-02 12:08:33');
INSERT INTO `stock_movements` (`id`, `material_id`, `type`, `quantity`, `unit_price`, `total_price`, `reference_type`, `reference_id`, `notes`, `user_id`, `created_at`, `updated_at`) VALUES ('173', '59', 'out', '19.00', '0.00', '0.00', 'App\\Models\\Order', '61', 'Order #INV-20260302-0045 - from 0203', '3', '2026-03-02 12:08:53', '2026-03-02 12:08:53');
INSERT INTO `stock_movements` (`id`, `material_id`, `type`, `quantity`, `unit_price`, `total_price`, `reference_type`, `reference_id`, `notes`, `user_id`, `created_at`, `updated_at`) VALUES ('174', '68', 'out', '19.00', '0.00', '0.00', 'App\\Models\\Order', '61', 'Order #INV-20260302-0045 - from 0203', '3', '2026-03-02 12:08:53', '2026-03-02 12:08:53');
INSERT INTO `stock_movements` (`id`, `material_id`, `type`, `quantity`, `unit_price`, `total_price`, `reference_type`, `reference_id`, `notes`, `user_id`, `created_at`, `updated_at`) VALUES ('175', '47', 'out', '1.00', '0.00', '0.00', 'App\\Models\\Order', '62', 'Order #INV-20260302-0046 - agz 0203', '3', '2026-03-02 12:10:33', '2026-03-02 12:10:33');
INSERT INTO `stock_movements` (`id`, `material_id`, `type`, `quantity`, `unit_price`, `total_price`, `reference_type`, `reference_id`, `notes`, `user_id`, `created_at`, `updated_at`) VALUES ('176', '57', 'out', '6.00', '0.00', '0.00', 'App\\Models\\Order', '63', 'Order #INV-20260302-0047 - wannagive campur', '23', '2026-03-02 12:16:44', '2026-03-02 12:16:44');
INSERT INTO `stock_movements` (`id`, `material_id`, `type`, `quantity`, `unit_price`, `total_price`, `reference_type`, `reference_id`, `notes`, `user_id`, `created_at`, `updated_at`) VALUES ('177', '47', 'out', '5.00', '0.00', '0.00', 'App\\Models\\Order', '63', 'Order #INV-20260302-0047 - wannagive campur', '23', '2026-03-02 12:16:44', '2026-03-02 12:16:44');
INSERT INTO `stock_movements` (`id`, `material_id`, `type`, `quantity`, `unit_price`, `total_price`, `reference_type`, `reference_id`, `notes`, `user_id`, `created_at`, `updated_at`) VALUES ('178', '87', 'out', '10.50', '0.00', '0.00', 'App\\Models\\Order', '64', 'Order #INV-20260302-0048 - KRAKOTA', '20', '2026-03-02 12:50:33', '2026-03-02 12:50:33');
INSERT INTO `stock_movements` (`id`, `material_id`, `type`, `quantity`, `unit_price`, `total_price`, `reference_type`, `reference_id`, `notes`, `user_id`, `created_at`, `updated_at`) VALUES ('179', '87', 'in', '10.50', '0.00', '0.00', 'App\\Models\\Order', '64', 'Stok dikembalikan - Edit Order #INV-20260302-0048', '20', '2026-03-02 12:50:47', '2026-03-02 12:50:47');
INSERT INTO `stock_movements` (`id`, `material_id`, `type`, `quantity`, `unit_price`, `total_price`, `reference_type`, `reference_id`, `notes`, `user_id`, `created_at`, `updated_at`) VALUES ('180', '54', 'out', '50.00', '0.00', '0.00', 'App\\Models\\Order', '65', 'Order #INV-20260302-0049 - xu ping ok', '20', '2026-03-02 13:00:18', '2026-03-02 13:00:18');
INSERT INTO `stock_movements` (`id`, `material_id`, `type`, `quantity`, `unit_price`, `total_price`, `reference_type`, `reference_id`, `notes`, `user_id`, `created_at`, `updated_at`) VALUES ('181', '54', 'in', '50.00', '0.00', '0.00', 'App\\Models\\Order', '65', 'Stok dikembalikan - Edit Order #INV-20260302-0049', '20', '2026-03-02 13:01:21', '2026-03-02 13:01:21');
INSERT INTO `stock_movements` (`id`, `material_id`, `type`, `quantity`, `unit_price`, `total_price`, `reference_type`, `reference_id`, `notes`, `user_id`, `created_at`, `updated_at`) VALUES ('182', '57', 'out', '1.00', '0.00', '0.00', 'App\\Models\\Order', '66', 'Order #INV-20260302-0050 - warung snack', '19', '2026-03-02 13:02:17', '2026-03-02 13:02:17');
INSERT INTO `stock_movements` (`id`, `material_id`, `type`, `quantity`, `unit_price`, `total_price`, `reference_type`, `reference_id`, `notes`, `user_id`, `created_at`, `updated_at`) VALUES ('183', '91', 'out', '1.00', '0.00', '0.00', 'App\\Models\\Order', '66', 'Order #INV-20260302-0050 - warung snack', '19', '2026-03-02 13:02:17', '2026-03-02 13:02:17');
INSERT INTO `stock_movements` (`id`, `material_id`, `type`, `quantity`, `unit_price`, `total_price`, `reference_type`, `reference_id`, `notes`, `user_id`, `created_at`, `updated_at`) VALUES ('184', '44', 'out', '2.00', '0.00', '0.00', 'App\\Models\\Order', '67', 'Order #INV-20260302-0051 - ABAH AING', '20', '2026-03-02 13:04:06', '2026-03-02 13:04:06');
INSERT INTO `stock_movements` (`id`, `material_id`, `type`, `quantity`, `unit_price`, `total_price`, `reference_type`, `reference_id`, `notes`, `user_id`, `created_at`, `updated_at`) VALUES ('185', '47', 'out', '20.00', '0.00', '0.00', 'App\\Models\\Order', '68', 'Order #INV-20260302-0052 - rizki steven', '19', '2026-03-02 13:04:47', '2026-03-02 13:04:47');
INSERT INTO `stock_movements` (`id`, `material_id`, `type`, `quantity`, `unit_price`, `total_price`, `reference_type`, `reference_id`, `notes`, `user_id`, `created_at`, `updated_at`) VALUES ('186', '47', 'out', '4.00', '0.00', '0.00', 'App\\Models\\Order', '69', 'Order #INV-20260302-0053 - idul fitri 0203', '19', '2026-03-02 13:06:21', '2026-03-02 13:06:21');
INSERT INTO `stock_movements` (`id`, `material_id`, `type`, `quantity`, `unit_price`, `total_price`, `reference_type`, `reference_id`, `notes`, `user_id`, `created_at`, `updated_at`) VALUES ('187', '85', 'out', '1.00', '0.00', '0.00', 'App\\Models\\Order', '70', 'Order #INV-20260302-0054 - AL MUKMIN', '20', '2026-03-02 13:07:38', '2026-03-02 13:07:38');
INSERT INTO `stock_movements` (`id`, `material_id`, `type`, `quantity`, `unit_price`, `total_price`, `reference_type`, `reference_id`, `notes`, `user_id`, `created_at`, `updated_at`) VALUES ('188', '59', 'out', '10.00', '0.00', '0.00', 'App\\Models\\Order', '71', 'Order #INV-20260302-0055 - Glowing sunscreen', '3', '2026-03-02 13:07:53', '2026-03-02 13:07:53');
INSERT INTO `stock_movements` (`id`, `material_id`, `type`, `quantity`, `unit_price`, `total_price`, `reference_type`, `reference_id`, `notes`, `user_id`, `created_at`, `updated_at`) VALUES ('189', '59', 'out', '3.00', '0.00', '0.00', 'App\\Models\\Order', '71', 'Order #INV-20260302-0055 - new boosting white', '3', '2026-03-02 13:07:53', '2026-03-02 13:07:53');
INSERT INTO `stock_movements` (`id`, `material_id`, `type`, `quantity`, `unit_price`, `total_price`, `reference_type`, `reference_id`, `notes`, `user_id`, `created_at`, `updated_at`) VALUES ('190', '85', 'out', '3.75', '0.00', '0.00', 'App\\Models\\Order', '72', 'Order #INV-20260302-0056 - HUT PWKI', '20', '2026-03-02 13:10:09', '2026-03-02 13:10:09');
INSERT INTO `stock_movements` (`id`, `material_id`, `type`, `quantity`, `unit_price`, `total_price`, `reference_type`, `reference_id`, `notes`, `user_id`, `created_at`, `updated_at`) VALUES ('191', '85', 'in', '3.75', '0.00', '0.00', 'App\\Models\\Order', '72', 'Stok dikembalikan - Edit Order #INV-20260302-0056', '20', '2026-03-02 13:10:20', '2026-03-02 13:10:20');
INSERT INTO `stock_movements` (`id`, `material_id`, `type`, `quantity`, `unit_price`, `total_price`, `reference_type`, `reference_id`, `notes`, `user_id`, `created_at`, `updated_at`) VALUES ('192', '57', 'out', '50.00', '0.00', '0.00', 'App\\Models\\Order', '73', 'Order #INV-20260302-0057 - mayang sari 0203', '19', '2026-03-02 13:12:35', '2026-03-02 13:12:35');
INSERT INTO `stock_movements` (`id`, `material_id`, `type`, `quantity`, `unit_price`, `total_price`, `reference_type`, `reference_id`, `notes`, `user_id`, `created_at`, `updated_at`) VALUES ('193', '91', 'out', '50.00', '0.00', '0.00', 'App\\Models\\Order', '73', 'Order #INV-20260302-0057 - mayang sari 0203', '19', '2026-03-02 13:12:35', '2026-03-02 13:12:35');
INSERT INTO `stock_movements` (`id`, `material_id`, `type`, `quantity`, `unit_price`, `total_price`, `reference_type`, `reference_id`, `notes`, `user_id`, `created_at`, `updated_at`) VALUES ('194', '59', 'out', '1.00', '0.00', '0.00', 'App\\Models\\Order', '74', 'Order #INV-20260302-0058 - kementerian', '3', '2026-03-02 13:13:07', '2026-03-02 13:13:07');
INSERT INTO `stock_movements` (`id`, `material_id`, `type`, `quantity`, `unit_price`, `total_price`, `reference_type`, `reference_id`, `notes`, `user_id`, `created_at`, `updated_at`) VALUES ('195', '68', 'out', '1.00', '0.00', '0.00', 'App\\Models\\Order', '74', 'Order #INV-20260302-0058 - kementerian', '3', '2026-03-02 13:13:07', '2026-03-02 13:13:07');
INSERT INTO `stock_movements` (`id`, `material_id`, `type`, `quantity`, `unit_price`, `total_price`, `reference_type`, `reference_id`, `notes`, `user_id`, `created_at`, `updated_at`) VALUES ('196', '91', 'out', '1.00', '0.00', '0.00', 'App\\Models\\Order', '74', 'Order #INV-20260302-0058 - kementerian', '3', '2026-03-02 13:13:07', '2026-03-02 13:13:07');
INSERT INTO `stock_movements` (`id`, `material_id`, `type`, `quantity`, `unit_price`, `total_price`, `reference_type`, `reference_id`, `notes`, `user_id`, `created_at`, `updated_at`) VALUES ('197', '47', 'out', '80.00', '0.00', '0.00', 'App\\Models\\Order', '75', 'Order #INV-20260302-0059 - restu siska 210', '23', '2026-03-02 13:17:30', '2026-03-02 13:17:30');
INSERT INTO `stock_movements` (`id`, `material_id`, `type`, `quantity`, `unit_price`, `total_price`, `reference_type`, `reference_id`, `notes`, `user_id`, `created_at`, `updated_at`) VALUES ('198', '47', 'in', '80.00', '0.00', '0.00', 'App\\Models\\Order', '75', 'Stok dikembalikan - Edit Order #INV-20260302-0059', '23', '2026-03-02 13:18:02', '2026-03-02 13:18:02');
INSERT INTO `stock_movements` (`id`, `material_id`, `type`, `quantity`, `unit_price`, `total_price`, `reference_type`, `reference_id`, `notes`, `user_id`, `created_at`, `updated_at`) VALUES ('199', '59', 'out', '2.00', '0.00', '0.00', 'App\\Models\\Order', '76', 'Order #INV-20260302-0060 - symphony stiker', '19', '2026-03-02 13:20:42', '2026-03-02 13:20:42');
INSERT INTO `stock_movements` (`id`, `material_id`, `type`, `quantity`, `unit_price`, `total_price`, `reference_type`, `reference_id`, `notes`, `user_id`, `created_at`, `updated_at`) VALUES ('200', '68', 'out', '2.00', '0.00', '0.00', 'App\\Models\\Order', '76', 'Order #INV-20260302-0060 - symphony stiker', '19', '2026-03-02 13:20:42', '2026-03-02 13:20:42');
INSERT INTO `stock_movements` (`id`, `material_id`, `type`, `quantity`, `unit_price`, `total_price`, `reference_type`, `reference_id`, `notes`, `user_id`, `created_at`, `updated_at`) VALUES ('201', '91', 'out', '2.00', '0.00', '0.00', 'App\\Models\\Order', '76', 'Order #INV-20260302-0060 - symphony stiker', '19', '2026-03-02 13:20:42', '2026-03-02 13:20:42');
INSERT INTO `stock_movements` (`id`, `material_id`, `type`, `quantity`, `unit_price`, `total_price`, `reference_type`, `reference_id`, `notes`, `user_id`, `created_at`, `updated_at`) VALUES ('202', '85', 'out', '0.80', '0.00', '0.00', 'App\\Models\\Order', '77', 'Order #INV-20260302-0061 - STOP A- STOP B', '20', '2026-03-02 13:24:06', '2026-03-02 13:24:06');
INSERT INTO `stock_movements` (`id`, `material_id`, `type`, `quantity`, `unit_price`, `total_price`, `reference_type`, `reference_id`, `notes`, `user_id`, `created_at`, `updated_at`) VALUES ('203', '85', 'in', '0.80', '0.00', '0.00', 'App\\Models\\Order', '77', 'Stok dikembalikan - Edit Order #INV-20260302-0061', '20', '2026-03-02 13:24:23', '2026-03-02 13:24:23');
INSERT INTO `stock_movements` (`id`, `material_id`, `type`, `quantity`, `unit_price`, `total_price`, `reference_type`, `reference_id`, `notes`, `user_id`, `created_at`, `updated_at`) VALUES ('204', '50', 'out', '5.00', '0.00', '0.00', 'App\\Models\\Order', '78', 'Order #INV-20260302-0062 - SI MANIS 310', '23', '2026-03-02 13:25:56', '2026-03-02 13:25:56');
INSERT INTO `stock_movements` (`id`, `material_id`, `type`, `quantity`, `unit_price`, `total_price`, `reference_type`, `reference_id`, `notes`, `user_id`, `created_at`, `updated_at`) VALUES ('205', '57', 'out', '6.00', '0.00', '0.00', 'App\\Models\\Order', '78', 'Order #INV-20260302-0062 - si manis hijau new', '23', '2026-03-02 13:25:56', '2026-03-02 13:25:56');
INSERT INTO `stock_movements` (`id`, `material_id`, `type`, `quantity`, `unit_price`, `total_price`, `reference_type`, `reference_id`, `notes`, `user_id`, `created_at`, `updated_at`) VALUES ('206', '57', 'out', '6.00', '0.00', '0.00', 'App\\Models\\Order', '79', 'Order #INV-20260302-0063 - ngabubu thrift (@3 lembar)', '19', '2026-03-02 13:30:08', '2026-03-02 13:30:08');
INSERT INTO `stock_movements` (`id`, `material_id`, `type`, `quantity`, `unit_price`, `total_price`, `reference_type`, `reference_id`, `notes`, `user_id`, `created_at`, `updated_at`) VALUES ('207', '91', 'out', '6.00', '0.00', '0.00', 'App\\Models\\Order', '79', 'Order #INV-20260302-0063 - ngabubu thrift', '19', '2026-03-02 13:30:08', '2026-03-02 13:30:08');
INSERT INTO `stock_movements` (`id`, `material_id`, `type`, `quantity`, `unit_price`, `total_price`, `reference_type`, `reference_id`, `notes`, `user_id`, `created_at`, `updated_at`) VALUES ('208', '61', 'out', '1.48', '0.00', '0.00', 'App\\Models\\Order', '80', 'Order #INV-20260302-0064 - dilarang 1', '3', '2026-03-02 13:31:21', '2026-03-02 13:31:21');
INSERT INTO `stock_movements` (`id`, `material_id`, `type`, `quantity`, `unit_price`, `total_price`, `reference_type`, `reference_id`, `notes`, `user_id`, `created_at`, `updated_at`) VALUES ('209', '81', 'out', '1.48', '0.00', '0.00', 'App\\Models\\Order', '80', 'Order #INV-20260302-0064 - dilarang 1', '3', '2026-03-02 13:31:21', '2026-03-02 13:31:21');
INSERT INTO `stock_movements` (`id`, `material_id`, `type`, `quantity`, `unit_price`, `total_price`, `reference_type`, `reference_id`, `notes`, `user_id`, `created_at`, `updated_at`) VALUES ('210', '61', 'out', '1.01', '0.00', '0.00', 'App\\Models\\Order', '80', 'Order #INV-20260302-0064 - spbu 0203', '3', '2026-03-02 13:31:21', '2026-03-02 13:31:21');
INSERT INTO `stock_movements` (`id`, `material_id`, `type`, `quantity`, `unit_price`, `total_price`, `reference_type`, `reference_id`, `notes`, `user_id`, `created_at`, `updated_at`) VALUES ('211', '81', 'out', '1.01', '0.00', '0.00', 'App\\Models\\Order', '80', 'Order #INV-20260302-0064 - spbu 0203', '3', '2026-03-02 13:31:21', '2026-03-02 13:31:21');
INSERT INTO `stock_movements` (`id`, `material_id`, `type`, `quantity`, `unit_price`, `total_price`, `reference_type`, `reference_id`, `notes`, `user_id`, `created_at`, `updated_at`) VALUES ('212', '59', 'out', '5.00', '0.00', '0.00', 'App\\Models\\Order', '81', 'Order #INV-20260302-0065 - bybels', '20', '2026-03-02 13:39:18', '2026-03-02 13:39:18');
INSERT INTO `stock_movements` (`id`, `material_id`, `type`, `quantity`, `unit_price`, `total_price`, `reference_type`, `reference_id`, `notes`, `user_id`, `created_at`, `updated_at`) VALUES ('213', '91', 'out', '5.00', '0.00', '0.00', 'App\\Models\\Order', '81', 'Order #INV-20260302-0065 - bybels', '20', '2026-03-02 13:39:18', '2026-03-02 13:39:18');
INSERT INTO `stock_movements` (`id`, `material_id`, `type`, `quantity`, `unit_price`, `total_price`, `reference_type`, `reference_id`, `notes`, `user_id`, `created_at`, `updated_at`) VALUES ('214', '57', 'out', '8.00', '0.00', '0.00', 'App\\Models\\Order', '82', 'Order #INV-20260302-0066 - wanga 0203', '19', '2026-03-02 13:41:20', '2026-03-02 13:41:20');
INSERT INTO `stock_movements` (`id`, `material_id`, `type`, `quantity`, `unit_price`, `total_price`, `reference_type`, `reference_id`, `notes`, `user_id`, `created_at`, `updated_at`) VALUES ('215', '57', 'in', '8.00', '0.00', '0.00', 'App\\Models\\Order', '82', 'Stok dikembalikan - Edit Order #INV-20260302-0066', '19', '2026-03-02 13:42:43', '2026-03-02 13:42:43');
INSERT INTO `stock_movements` (`id`, `material_id`, `type`, `quantity`, `unit_price`, `total_price`, `reference_type`, `reference_id`, `notes`, `user_id`, `created_at`, `updated_at`) VALUES ('216', '57', 'out', '8.00', '0.00', '0.00', 'App\\Models\\Order', '82', 'Order #INV-20260302-0066 - wanga 0203', '19', '2026-03-02 13:42:43', '2026-03-02 13:42:43');
INSERT INTO `stock_movements` (`id`, `material_id`, `type`, `quantity`, `unit_price`, `total_price`, `reference_type`, `reference_id`, `notes`, `user_id`, `created_at`, `updated_at`) VALUES ('217', '91', 'out', '8.00', '0.00', '0.00', 'App\\Models\\Order', '82', 'Order #INV-20260302-0066 - wanga 0203', '19', '2026-03-02 13:42:43', '2026-03-02 13:42:43');
INSERT INTO `stock_movements` (`id`, `material_id`, `type`, `quantity`, `unit_price`, `total_price`, `reference_type`, `reference_id`, `notes`, `user_id`, `created_at`, `updated_at`) VALUES ('218', '47', 'out', '50.00', '0.00', '0.00', 'App\\Models\\Order', '83', 'Order #INV-20260302-0067 - bead sol', '20', '2026-03-02 13:43:58', '2026-03-02 13:43:58');
INSERT INTO `stock_movements` (`id`, `material_id`, `type`, `quantity`, `unit_price`, `total_price`, `reference_type`, `reference_id`, `notes`, `user_id`, `created_at`, `updated_at`) VALUES ('219', '85', 'in', '2.00', '0.00', '0.00', 'App\\Models\\Order', '44', 'Stok dikembalikan - Edit Order #INV-20260302-0028', '19', '2026-03-02 13:48:30', '2026-03-02 13:48:30');
INSERT INTO `stock_movements` (`id`, `material_id`, `type`, `quantity`, `unit_price`, `total_price`, `reference_type`, `reference_id`, `notes`, `user_id`, `created_at`, `updated_at`) VALUES ('220', '85', 'in', '3.70', '0.00', '0.00', 'App\\Models\\Order', '44', 'Stok dikembalikan - Edit Order #INV-20260302-0028', '19', '2026-03-02 13:48:30', '2026-03-02 13:48:30');
INSERT INTO `stock_movements` (`id`, `material_id`, `type`, `quantity`, `unit_price`, `total_price`, `reference_type`, `reference_id`, `notes`, `user_id`, `created_at`, `updated_at`) VALUES ('221', '85', 'in', '1.46', '0.00', '0.00', 'App\\Models\\Order', '44', 'Stok dikembalikan - Edit Order #INV-20260302-0028', '19', '2026-03-02 13:48:30', '2026-03-02 13:48:30');
INSERT INTO `stock_movements` (`id`, `material_id`, `type`, `quantity`, `unit_price`, `total_price`, `reference_type`, `reference_id`, `notes`, `user_id`, `created_at`, `updated_at`) VALUES ('222', '46', 'out', '42.00', '0.00', '0.00', 'App\\Models\\Order', '84', 'Order #INV-20260302-0068 - launa cendikia', '19', '2026-03-02 13:49:10', '2026-03-02 13:49:10');
INSERT INTO `stock_movements` (`id`, `material_id`, `type`, `quantity`, `unit_price`, `total_price`, `reference_type`, `reference_id`, `notes`, `user_id`, `created_at`, `updated_at`) VALUES ('223', '90', 'out', '10.00', '0.00', '0.00', 'App\\Models\\Order', '85', 'Order #INV-20260302-0069 - tn chandra', '3', '2026-03-02 13:51:59', '2026-03-02 13:51:59');
INSERT INTO `stock_movements` (`id`, `material_id`, `type`, `quantity`, `unit_price`, `total_price`, `reference_type`, `reference_id`, `notes`, `user_id`, `created_at`, `updated_at`) VALUES ('224', '61', 'in', '0.60', '0.00', '0.00', 'App\\Models\\Order', '32', 'Stok dikembalikan - Edit Order #INV-20260302-0016', '3', '2026-03-02 13:52:58', '2026-03-02 13:52:58');
INSERT INTO `stock_movements` (`id`, `material_id`, `type`, `quantity`, `unit_price`, `total_price`, `reference_type`, `reference_id`, `notes`, `user_id`, `created_at`, `updated_at`) VALUES ('225', '57', 'out', '2.00', '0.00', '0.00', 'App\\Models\\Order', '86', 'Order #INV-20260302-0070 - kychii', '19', '2026-03-02 13:55:15', '2026-03-02 13:55:15');
INSERT INTO `stock_movements` (`id`, `material_id`, `type`, `quantity`, `unit_price`, `total_price`, `reference_type`, `reference_id`, `notes`, `user_id`, `created_at`, `updated_at`) VALUES ('226', '91', 'out', '2.00', '0.00', '0.00', 'App\\Models\\Order', '86', 'Order #INV-20260302-0070 - kychii', '19', '2026-03-02 13:55:15', '2026-03-02 13:55:15');
INSERT INTO `stock_movements` (`id`, `material_id`, `type`, `quantity`, `unit_price`, `total_price`, `reference_type`, `reference_id`, `notes`, `user_id`, `created_at`, `updated_at`) VALUES ('227', '50', 'out', '11.00', '0.00', '0.00', 'App\\Models\\Order', '87', 'Order #INV-20260302-0071 - tag sale 1', '3', '2026-03-02 13:58:19', '2026-03-02 13:58:19');
INSERT INTO `stock_movements` (`id`, `material_id`, `type`, `quantity`, `unit_price`, `total_price`, `reference_type`, `reference_id`, `notes`, `user_id`, `created_at`, `updated_at`) VALUES ('228', '57', 'out', '3.00', '0.00', '0.00', 'App\\Models\\Order', '88', 'Order #INV-20260302-0072 - parfum abu', '19', '2026-03-02 14:03:17', '2026-03-02 14:03:17');
INSERT INTO `stock_movements` (`id`, `material_id`, `type`, `quantity`, `unit_price`, `total_price`, `reference_type`, `reference_id`, `notes`, `user_id`, `created_at`, `updated_at`) VALUES ('229', '91', 'out', '3.00', '0.00', '0.00', 'App\\Models\\Order', '88', 'Order #INV-20260302-0072 - parfum abu', '19', '2026-03-02 14:03:17', '2026-03-02 14:03:17');
INSERT INTO `stock_movements` (`id`, `material_id`, `type`, `quantity`, `unit_price`, `total_price`, `reference_type`, `reference_id`, `notes`, `user_id`, `created_at`, `updated_at`) VALUES ('230', '68', 'out', '3.00', '0.00', '0.00', 'App\\Models\\Order', '88', 'Order #INV-20260302-0072 - parfum abu', '19', '2026-03-02 14:03:17', '2026-03-02 14:03:17');
INSERT INTO `stock_movements` (`id`, `material_id`, `type`, `quantity`, `unit_price`, `total_price`, `reference_type`, `reference_id`, `notes`, `user_id`, `created_at`, `updated_at`) VALUES ('231', '48', 'out', '1.00', '0.00', '0.00', 'App\\Models\\Order', '89', 'Order #INV-20260302-0073 - Undangan Hoki 6', '23', '2026-03-02 14:04:47', '2026-03-02 14:04:47');
INSERT INTO `stock_movements` (`id`, `material_id`, `type`, `quantity`, `unit_price`, `total_price`, `reference_type`, `reference_id`, `notes`, `user_id`, `created_at`, `updated_at`) VALUES ('232', '86', 'in', '25.00', '0.00', '0.00', 'App\\Models\\Order', '40', 'Stok dikembalikan - Batal Order #INV-20260302-0024', '16', '2026-03-02 14:08:24', '2026-03-02 14:08:24');
INSERT INTO `stock_movements` (`id`, `material_id`, `type`, `quantity`, `unit_price`, `total_price`, `reference_type`, `reference_id`, `notes`, `user_id`, `created_at`, `updated_at`) VALUES ('233', '85', 'out', '16.00', '0.00', '0.00', 'App\\Models\\Order', '90', 'Order #INV-20260302-0074 - ngabubu 01-02', '19', '2026-03-02 14:10:00', '2026-03-02 14:10:00');
INSERT INTO `stock_movements` (`id`, `material_id`, `type`, `quantity`, `unit_price`, `total_price`, `reference_type`, `reference_id`, `notes`, `user_id`, `created_at`, `updated_at`) VALUES ('234', '85', 'out', '4.50', '0.00', '0.00', 'App\\Models\\Order', '90', 'Order #INV-20260302-0074 - ngabubu 03', '19', '2026-03-02 14:10:00', '2026-03-02 14:10:00');
INSERT INTO `stock_movements` (`id`, `material_id`, `type`, `quantity`, `unit_price`, `total_price`, `reference_type`, `reference_id`, `notes`, `user_id`, `created_at`, `updated_at`) VALUES ('235', '45', 'out', '5.00', '0.00', '0.00', 'App\\Models\\Order', '91', 'Order #INV-20260302-0075 - lamondo', '20', '2026-03-02 14:10:26', '2026-03-02 14:10:26');
INSERT INTO `stock_movements` (`id`, `material_id`, `type`, `quantity`, `unit_price`, `total_price`, `reference_type`, `reference_id`, `notes`, `user_id`, `created_at`, `updated_at`) VALUES ('236', '47', 'out', '1.00', '0.00', '0.00', 'App\\Models\\Order', '92', 'Order #INV-20260302-0076 - kotak build', '19', '2026-03-02 14:12:02', '2026-03-02 14:12:02');
INSERT INTO `stock_movements` (`id`, `material_id`, `type`, `quantity`, `unit_price`, `total_price`, `reference_type`, `reference_id`, `notes`, `user_id`, `created_at`, `updated_at`) VALUES ('237', '85', 'out', '1.00', '0.00', '0.00', 'App\\Models\\Order', '93', 'Order #INV-20260302-0077 - bazar jilbab', '19', '2026-03-02 14:15:48', '2026-03-02 14:15:48');
INSERT INTO `stock_movements` (`id`, `material_id`, `type`, `quantity`, `unit_price`, `total_price`, `reference_type`, `reference_id`, `notes`, `user_id`, `created_at`, `updated_at`) VALUES ('238', '57', 'out', '10.00', '0.00', '0.00', 'App\\Models\\Order', '94', 'Order #INV-20260302-0078 - faris barokah', '20', '2026-03-02 14:16:09', '2026-03-02 14:16:09');
INSERT INTO `stock_movements` (`id`, `material_id`, `type`, `quantity`, `unit_price`, `total_price`, `reference_type`, `reference_id`, `notes`, `user_id`, `created_at`, `updated_at`) VALUES ('239', '59', 'out', '100.00', '0.00', '0.00', 'App\\Models\\Order', '95', 'Order #INV-20260302-0079 - royal queen 2026', '19', '2026-03-02 14:20:43', '2026-03-02 14:20:43');
INSERT INTO `stock_movements` (`id`, `material_id`, `type`, `quantity`, `unit_price`, `total_price`, `reference_type`, `reference_id`, `notes`, `user_id`, `created_at`, `updated_at`) VALUES ('240', '91', 'out', '100.00', '0.00', '0.00', 'App\\Models\\Order', '95', 'Order #INV-20260302-0079 - royal queen 2026', '19', '2026-03-02 14:20:43', '2026-03-02 14:20:43');
INSERT INTO `stock_movements` (`id`, `material_id`, `type`, `quantity`, `unit_price`, `total_price`, `reference_type`, `reference_id`, `notes`, `user_id`, `created_at`, `updated_at`) VALUES ('241', '48', 'in', '1.00', '0.00', '0.00', 'App\\Models\\Order', '89', 'Stok dikembalikan - Edit Order #INV-20260302-0073', '23', '2026-03-02 14:23:23', '2026-03-02 14:23:23');
INSERT INTO `stock_movements` (`id`, `material_id`, `type`, `quantity`, `unit_price`, `total_price`, `reference_type`, `reference_id`, `notes`, `user_id`, `created_at`, `updated_at`) VALUES ('242', '57', 'out', '2.00', '0.00', '0.00', 'App\\Models\\Order', '96', 'Order #INV-20260302-0080 - kitchen rrr', '3', '2026-03-02 14:23:45', '2026-03-02 14:23:45');
INSERT INTO `stock_movements` (`id`, `material_id`, `type`, `quantity`, `unit_price`, `total_price`, `reference_type`, `reference_id`, `notes`, `user_id`, `created_at`, `updated_at`) VALUES ('243', '91', 'out', '2.00', '0.00', '0.00', 'App\\Models\\Order', '96', 'Order #INV-20260302-0080 - kitchen rrr', '3', '2026-03-02 14:23:45', '2026-03-02 14:23:45');
INSERT INTO `stock_movements` (`id`, `material_id`, `type`, `quantity`, `unit_price`, `total_price`, `reference_type`, `reference_id`, `notes`, `user_id`, `created_at`, `updated_at`) VALUES ('244', '57', 'out', '10.00', '0.00', '0.00', 'App\\Models\\Order', '97', 'Order #INV-20260302-0081 - akifa cakee', '20', '2026-03-02 14:32:49', '2026-03-02 14:32:49');
INSERT INTO `stock_movements` (`id`, `material_id`, `type`, `quantity`, `unit_price`, `total_price`, `reference_type`, `reference_id`, `notes`, `user_id`, `created_at`, `updated_at`) VALUES ('245', '91', 'out', '10.00', '0.00', '0.00', 'App\\Models\\Order', '97', 'Order #INV-20260302-0081 - akifa cakee', '20', '2026-03-02 14:32:49', '2026-03-02 14:32:49');
INSERT INTO `stock_movements` (`id`, `material_id`, `type`, `quantity`, `unit_price`, `total_price`, `reference_type`, `reference_id`, `notes`, `user_id`, `created_at`, `updated_at`) VALUES ('246', '48', 'out', '19.00', '0.00', '0.00', 'App\\Models\\Order', '98', 'Order #INV-20260302-0082 - briggs', '3', '2026-03-02 14:34:17', '2026-03-02 14:34:17');
INSERT INTO `stock_movements` (`id`, `material_id`, `type`, `quantity`, `unit_price`, `total_price`, `reference_type`, `reference_id`, `notes`, `user_id`, `created_at`, `updated_at`) VALUES ('247', '47', 'out', '73.00', '0.00', '0.00', 'App\\Models\\Order', '99', 'Order #INV-20260302-0083 - weton 1= 7, won 2 =13, weton 3=53', '20', '2026-03-02 14:35:56', '2026-03-02 14:35:56');
INSERT INTO `stock_movements` (`id`, `material_id`, `type`, `quantity`, `unit_price`, `total_price`, `reference_type`, `reference_id`, `notes`, `user_id`, `created_at`, `updated_at`) VALUES ('248', '47', 'in', '73.00', '0.00', '0.00', 'App\\Models\\Order', '99', 'Stok dikembalikan - Edit Order #INV-20260302-0083', '20', '2026-03-02 14:36:15', '2026-03-02 14:36:15');
INSERT INTO `stock_movements` (`id`, `material_id`, `type`, `quantity`, `unit_price`, `total_price`, `reference_type`, `reference_id`, `notes`, `user_id`, `created_at`, `updated_at`) VALUES ('249', '44', 'out', '86.00', '0.00', '0.00', 'App\\Models\\Order', '100', 'Order #INV-20260302-0084 - negeri cinta', '3', '2026-03-02 14:43:02', '2026-03-02 14:43:02');
INSERT INTO `stock_movements` (`id`, `material_id`, `type`, `quantity`, `unit_price`, `total_price`, `reference_type`, `reference_id`, `notes`, `user_id`, `created_at`, `updated_at`) VALUES ('250', '44', 'in', '86.00', '0.00', '0.00', 'App\\Models\\Order', '100', 'Stok dikembalikan - Edit Order #INV-20260302-0084', '3', '2026-03-02 14:43:34', '2026-03-02 14:43:34');
INSERT INTO `stock_movements` (`id`, `material_id`, `type`, `quantity`, `unit_price`, `total_price`, `reference_type`, `reference_id`, `notes`, `user_id`, `created_at`, `updated_at`) VALUES ('251', '44', 'out', '86.00', '0.00', '0.00', 'App\\Models\\Order', '100', 'Order #INV-20260302-0084 - negeri cinta', '3', '2026-03-02 14:43:34', '2026-03-02 14:43:34');
INSERT INTO `stock_movements` (`id`, `material_id`, `type`, `quantity`, `unit_price`, `total_price`, `reference_type`, `reference_id`, `notes`, `user_id`, `created_at`, `updated_at`) VALUES ('252', '59', 'in', '100.00', '0.00', '0.00', 'App\\Models\\Order', '95', 'Stok dikembalikan - Edit Order #INV-20260302-0079', '19', '2026-03-02 14:43:43', '2026-03-02 14:43:43');
INSERT INTO `stock_movements` (`id`, `material_id`, `type`, `quantity`, `unit_price`, `total_price`, `reference_type`, `reference_id`, `notes`, `user_id`, `created_at`, `updated_at`) VALUES ('253', '91', 'in', '100.00', '0.00', '0.00', 'App\\Models\\Order', '95', 'Stok dikembalikan - Edit Order #INV-20260302-0079', '19', '2026-03-02 14:43:43', '2026-03-02 14:43:43');
INSERT INTO `stock_movements` (`id`, `material_id`, `type`, `quantity`, `unit_price`, `total_price`, `reference_type`, `reference_id`, `notes`, `user_id`, `created_at`, `updated_at`) VALUES ('254', '44', 'in', '86.00', '0.00', '0.00', 'App\\Models\\Order', '100', 'Stok dikembalikan - Edit Order #INV-20260302-0084', '3', '2026-03-02 14:44:41', '2026-03-02 14:44:41');
INSERT INTO `stock_movements` (`id`, `material_id`, `type`, `quantity`, `unit_price`, `total_price`, `reference_type`, `reference_id`, `notes`, `user_id`, `created_at`, `updated_at`) VALUES ('255', '44', 'out', '86.00', '0.00', '0.00', 'App\\Models\\Order', '100', 'Order #INV-20260302-0084 - negeri cinta', '3', '2026-03-02 14:44:41', '2026-03-02 14:44:41');
INSERT INTO `stock_movements` (`id`, `material_id`, `type`, `quantity`, `unit_price`, `total_price`, `reference_type`, `reference_id`, `notes`, `user_id`, `created_at`, `updated_at`) VALUES ('256', '61', 'out', '0.80', '0.00', '0.00', 'App\\Models\\Order', '101', 'Order #INV-20260302-0085 - TDH FOOT', '20', '2026-03-02 14:53:13', '2026-03-02 14:53:13');
INSERT INTO `stock_movements` (`id`, `material_id`, `type`, `quantity`, `unit_price`, `total_price`, `reference_type`, `reference_id`, `notes`, `user_id`, `created_at`, `updated_at`) VALUES ('257', '61', 'out', '0.48', '0.00', '0.00', 'App\\Models\\Order', '101', 'Order #INV-20260302-0085 - HOUSE FOOT', '20', '2026-03-02 14:53:13', '2026-03-02 14:53:13');
INSERT INTO `stock_movements` (`id`, `material_id`, `type`, `quantity`, `unit_price`, `total_price`, `reference_type`, `reference_id`, `notes`, `user_id`, `created_at`, `updated_at`) VALUES ('258', '82', 'out', '0.80', '0.00', '0.00', 'App\\Models\\Order', '101', 'Order #INV-20260302-0085 - TDH FOOT', '20', '2026-03-02 14:53:13', '2026-03-02 14:53:13');
INSERT INTO `stock_movements` (`id`, `material_id`, `type`, `quantity`, `unit_price`, `total_price`, `reference_type`, `reference_id`, `notes`, `user_id`, `created_at`, `updated_at`) VALUES ('259', '82', 'out', '0.48', '0.00', '0.00', 'App\\Models\\Order', '101', 'Order #INV-20260302-0085 - HOUSEFOOT', '20', '2026-03-02 14:53:13', '2026-03-02 14:53:13');
INSERT INTO `stock_movements` (`id`, `material_id`, `type`, `quantity`, `unit_price`, `total_price`, `reference_type`, `reference_id`, `notes`, `user_id`, `created_at`, `updated_at`) VALUES ('260', '99', 'out', '1.28', '0.00', '0.00', 'App\\Models\\Order', '101', 'Order #INV-20260302-0085 - POTONGIN SEMUA', '20', '2026-03-02 14:53:13', '2026-03-02 14:53:13');
INSERT INTO `stock_movements` (`id`, `material_id`, `type`, `quantity`, `unit_price`, `total_price`, `reference_type`, `reference_id`, `notes`, `user_id`, `created_at`, `updated_at`) VALUES ('261', '57', 'out', '30.00', '0.00', '0.00', 'App\\Models\\Order', '102', 'Order #INV-20260302-0086 - boy fried 0203', '19', '2026-03-02 14:53:57', '2026-03-02 14:53:57');
INSERT INTO `stock_movements` (`id`, `material_id`, `type`, `quantity`, `unit_price`, `total_price`, `reference_type`, `reference_id`, `notes`, `user_id`, `created_at`, `updated_at`) VALUES ('262', '91', 'out', '30.00', '0.00', '0.00', 'App\\Models\\Order', '102', 'Order #INV-20260302-0086 - boy fried 0203', '19', '2026-03-02 14:53:57', '2026-03-02 14:53:57');
INSERT INTO `stock_movements` (`id`, `material_id`, `type`, `quantity`, `unit_price`, `total_price`, `reference_type`, `reference_id`, `notes`, `user_id`, `created_at`, `updated_at`) VALUES ('263', '61', 'in', '0.80', '0.00', '0.00', 'App\\Models\\Order', '101', 'Stok dikembalikan - Edit Order #INV-20260302-0085', '20', '2026-03-02 14:55:37', '2026-03-02 14:55:37');
INSERT INTO `stock_movements` (`id`, `material_id`, `type`, `quantity`, `unit_price`, `total_price`, `reference_type`, `reference_id`, `notes`, `user_id`, `created_at`, `updated_at`) VALUES ('264', '61', 'in', '0.48', '0.00', '0.00', 'App\\Models\\Order', '101', 'Stok dikembalikan - Edit Order #INV-20260302-0085', '20', '2026-03-02 14:55:37', '2026-03-02 14:55:37');
INSERT INTO `stock_movements` (`id`, `material_id`, `type`, `quantity`, `unit_price`, `total_price`, `reference_type`, `reference_id`, `notes`, `user_id`, `created_at`, `updated_at`) VALUES ('265', '82', 'in', '0.80', '0.00', '0.00', 'App\\Models\\Order', '101', 'Stok dikembalikan - Edit Order #INV-20260302-0085', '20', '2026-03-02 14:55:37', '2026-03-02 14:55:37');
INSERT INTO `stock_movements` (`id`, `material_id`, `type`, `quantity`, `unit_price`, `total_price`, `reference_type`, `reference_id`, `notes`, `user_id`, `created_at`, `updated_at`) VALUES ('266', '82', 'in', '0.48', '0.00', '0.00', 'App\\Models\\Order', '101', 'Stok dikembalikan - Edit Order #INV-20260302-0085', '20', '2026-03-02 14:55:37', '2026-03-02 14:55:37');
INSERT INTO `stock_movements` (`id`, `material_id`, `type`, `quantity`, `unit_price`, `total_price`, `reference_type`, `reference_id`, `notes`, `user_id`, `created_at`, `updated_at`) VALUES ('267', '99', 'in', '1.28', '0.00', '0.00', 'App\\Models\\Order', '101', 'Stok dikembalikan - Edit Order #INV-20260302-0085', '20', '2026-03-02 14:55:37', '2026-03-02 14:55:37');
INSERT INTO `stock_movements` (`id`, `material_id`, `type`, `quantity`, `unit_price`, `total_price`, `reference_type`, `reference_id`, `notes`, `user_id`, `created_at`, `updated_at`) VALUES ('268', '82', 'out', '1.28', '0.00', '0.00', 'App\\Models\\Order', '101', 'Order #INV-20260302-0085 - TDH FOOT', '20', '2026-03-02 14:55:37', '2026-03-02 14:55:37');
INSERT INTO `stock_movements` (`id`, `material_id`, `type`, `quantity`, `unit_price`, `total_price`, `reference_type`, `reference_id`, `notes`, `user_id`, `created_at`, `updated_at`) VALUES ('269', '82', 'in', '1.28', '0.00', '0.00', 'App\\Models\\Order', '101', 'Stok dikembalikan - Edit Order #INV-20260302-0085', '20', '2026-03-02 14:56:32', '2026-03-02 14:56:32');
INSERT INTO `stock_movements` (`id`, `material_id`, `type`, `quantity`, `unit_price`, `total_price`, `reference_type`, `reference_id`, `notes`, `user_id`, `created_at`, `updated_at`) VALUES ('270', '49', 'out', '135.00', '0.00', '0.00', 'App\\Models\\Order', '89', 'Order #INV-20260302-0073 - Undangan Hoki 6', '23', '2026-03-02 14:58:13', '2026-03-02 14:58:13');
INSERT INTO `stock_movements` (`id`, `material_id`, `type`, `quantity`, `unit_price`, `total_price`, `reference_type`, `reference_id`, `notes`, `user_id`, `created_at`, `updated_at`) VALUES ('271', '47', 'out', '9.00', '0.00', '0.00', 'App\\Models\\Order', '103', 'Order #INV-20260302-0087 - KUPON ZAKAT', '20', '2026-03-02 15:02:24', '2026-03-02 15:02:24');
INSERT INTO `stock_movements` (`id`, `material_id`, `type`, `quantity`, `unit_price`, `total_price`, `reference_type`, `reference_id`, `notes`, `user_id`, `created_at`, `updated_at`) VALUES ('272', '49', 'in', '720.00', '888.00', '639360.00', NULL, NULL, NULL, '8', '2026-03-02 15:12:40', '2026-03-02 15:12:40');
INSERT INTO `stock_movements` (`id`, `material_id`, `type`, `quantity`, `unit_price`, `total_price`, `reference_type`, `reference_id`, `notes`, `user_id`, `created_at`, `updated_at`) VALUES ('273', '57', 'out', '2.00', '0.00', '0.00', 'App\\Models\\Order', '104', 'Order #INV-20260302-0088 - cik ly', '19', '2026-03-02 15:49:40', '2026-03-02 15:49:40');
INSERT INTO `stock_movements` (`id`, `material_id`, `type`, `quantity`, `unit_price`, `total_price`, `reference_type`, `reference_id`, `notes`, `user_id`, `created_at`, `updated_at`) VALUES ('274', '68', 'out', '2.00', '0.00', '0.00', 'App\\Models\\Order', '104', 'Order #INV-20260302-0088 - cik ly', '19', '2026-03-02 15:49:40', '2026-03-02 15:49:40');
INSERT INTO `stock_movements` (`id`, `material_id`, `type`, `quantity`, `unit_price`, `total_price`, `reference_type`, `reference_id`, `notes`, `user_id`, `created_at`, `updated_at`) VALUES ('275', '103', 'in', '10000000.00', '1.00', '10000000.00', NULL, NULL, 'ONLINE', '8', '2026-03-02 15:52:47', '2026-03-02 15:52:47');
INSERT INTO `stock_movements` (`id`, `material_id`, `type`, `quantity`, `unit_price`, `total_price`, `reference_type`, `reference_id`, `notes`, `user_id`, `created_at`, `updated_at`) VALUES ('276', '59', 'out', '3.00', '0.00', '0.00', 'App\\Models\\Order', '105', 'Order #INV-20260302-0089 - DF PARFUME', '20', '2026-03-02 15:54:09', '2026-03-02 15:54:09');
INSERT INTO `stock_movements` (`id`, `material_id`, `type`, `quantity`, `unit_price`, `total_price`, `reference_type`, `reference_id`, `notes`, `user_id`, `created_at`, `updated_at`) VALUES ('277', '68', 'out', '3.00', '0.00', '0.00', 'App\\Models\\Order', '105', 'Order #INV-20260302-0089 - DF PARFUME', '20', '2026-03-02 15:54:09', '2026-03-02 15:54:09');
INSERT INTO `stock_movements` (`id`, `material_id`, `type`, `quantity`, `unit_price`, `total_price`, `reference_type`, `reference_id`, `notes`, `user_id`, `created_at`, `updated_at`) VALUES ('278', '91', 'out', '3.00', '0.00', '0.00', 'App\\Models\\Order', '105', 'Order #INV-20260302-0089 - DF PARFUME', '20', '2026-03-02 15:54:09', '2026-03-02 15:54:09');
INSERT INTO `stock_movements` (`id`, `material_id`, `type`, `quantity`, `unit_price`, `total_price`, `reference_type`, `reference_id`, `notes`, `user_id`, `created_at`, `updated_at`) VALUES ('279', '59', 'out', '9.00', '0.00', '0.00', 'App\\Models\\Order', '106', 'Order #INV-20260302-0090 - zainal stiker', '19', '2026-03-02 15:58:46', '2026-03-02 15:58:46');
INSERT INTO `stock_movements` (`id`, `material_id`, `type`, `quantity`, `unit_price`, `total_price`, `reference_type`, `reference_id`, `notes`, `user_id`, `created_at`, `updated_at`) VALUES ('280', '91', 'out', '9.00', '0.00', '0.00', 'App\\Models\\Order', '106', 'Order #INV-20260302-0090 - zainal stiker', '19', '2026-03-02 15:58:46', '2026-03-02 15:58:46');
INSERT INTO `stock_movements` (`id`, `material_id`, `type`, `quantity`, `unit_price`, `total_price`, `reference_type`, `reference_id`, `notes`, `user_id`, `created_at`, `updated_at`) VALUES ('281', '61', 'out', '0.24', '0.00', '0.00', 'App\\Models\\Order', '107', 'Order #INV-20260302-0091 - stop bullying', '3', '2026-03-02 15:59:33', '2026-03-02 15:59:33');
INSERT INTO `stock_movements` (`id`, `material_id`, `type`, `quantity`, `unit_price`, `total_price`, `reference_type`, `reference_id`, `notes`, `user_id`, `created_at`, `updated_at`) VALUES ('282', '50', 'out', '28.00', '0.00', '0.00', 'App\\Models\\Order', '108', 'Order #INV-20260302-0092 - shalinan', '19', '2026-03-02 16:01:50', '2026-03-02 16:01:50');
INSERT INTO `stock_movements` (`id`, `material_id`, `type`, `quantity`, `unit_price`, `total_price`, `reference_type`, `reference_id`, `notes`, `user_id`, `created_at`, `updated_at`) VALUES ('283', '44', 'out', '2.00', '0.00', '0.00', 'App\\Models\\Order', '109', 'Order #INV-20260302-0093 - voucher 1', '3', '2026-03-02 16:28:50', '2026-03-02 16:28:50');
INSERT INTO `stock_movements` (`id`, `material_id`, `type`, `quantity`, `unit_price`, `total_price`, `reference_type`, `reference_id`, `notes`, `user_id`, `created_at`, `updated_at`) VALUES ('284', '44', 'out', '20.00', '0.00', '0.00', 'App\\Models\\Order', '109', 'Order #INV-20260302-0093 - special 0203', '3', '2026-03-02 16:28:50', '2026-03-02 16:28:50');
INSERT INTO `stock_movements` (`id`, `material_id`, `type`, `quantity`, `unit_price`, `total_price`, `reference_type`, `reference_id`, `notes`, `user_id`, `created_at`, `updated_at`) VALUES ('285', '68', 'in', '9000.00', '150.00', '1350000.00', NULL, NULL, 'ONLINE', '8', '2026-03-02 16:29:25', '2026-03-02 16:29:25');
INSERT INTO `stock_movements` (`id`, `material_id`, `type`, `quantity`, `unit_price`, `total_price`, `reference_type`, `reference_id`, `notes`, `user_id`, `created_at`, `updated_at`) VALUES ('286', '47', 'out', '81.00', '0.00', '0.00', 'App\\Models\\Order', '110', 'Order #INV-20260302-0094 - yasin musni', '3', '2026-03-02 16:32:54', '2026-03-02 16:32:54');
INSERT INTO `stock_movements` (`id`, `material_id`, `type`, `quantity`, `unit_price`, `total_price`, `reference_type`, `reference_id`, `notes`, `user_id`, `created_at`, `updated_at`) VALUES ('287', '67', 'out', '81.00', '0.00', '0.00', 'App\\Models\\Order', '110', 'Order #INV-20260302-0094 - yasin musni', '3', '2026-03-02 16:32:54', '2026-03-02 16:32:54');
INSERT INTO `stock_movements` (`id`, `material_id`, `type`, `quantity`, `unit_price`, `total_price`, `reference_type`, `reference_id`, `notes`, `user_id`, `created_at`, `updated_at`) VALUES ('288', '103', 'out', '2.00', '0.00', '0.00', 'App\\Models\\Order', '111', 'Order #INV-20260302-0095 - wanga prz item', '19', '2026-03-02 16:35:03', '2026-03-02 16:35:03');
INSERT INTO `stock_movements` (`id`, `material_id`, `type`, `quantity`, `unit_price`, `total_price`, `reference_type`, `reference_id`, `notes`, `user_id`, `created_at`, `updated_at`) VALUES ('289', '61', 'out', '1.80', '0.00', '0.00', 'App\\Models\\Order', '112', 'Order #INV-20260302-0096 - stiker', '23', '2026-03-02 16:35:21', '2026-03-02 16:35:21');
INSERT INTO `stock_movements` (`id`, `material_id`, `type`, `quantity`, `unit_price`, `total_price`, `reference_type`, `reference_id`, `notes`, `user_id`, `created_at`, `updated_at`) VALUES ('290', '61', 'in', '1.80', '0.00', '0.00', 'App\\Models\\Order', '112', 'Stok dikembalikan - Edit Order #INV-20260302-0096', '23', '2026-03-02 16:35:41', '2026-03-02 16:35:41');
INSERT INTO `stock_movements` (`id`, `material_id`, `type`, `quantity`, `unit_price`, `total_price`, `reference_type`, `reference_id`, `notes`, `user_id`, `created_at`, `updated_at`) VALUES ('291', '49', 'out', '2.00', '0.00', '0.00', 'App\\Models\\Order', '113', 'Order #INV-20260302-0097 - hamperscake', '20', '2026-03-02 16:37:56', '2026-03-02 16:37:56');
INSERT INTO `stock_movements` (`id`, `material_id`, `type`, `quantity`, `unit_price`, `total_price`, `reference_type`, `reference_id`, `notes`, `user_id`, `created_at`, `updated_at`) VALUES ('292', '68', 'out', '2.00', '0.00', '0.00', 'App\\Models\\Order', '113', 'Order #INV-20260302-0097 - hamperscake', '20', '2026-03-02 16:37:56', '2026-03-02 16:37:56');
INSERT INTO `stock_movements` (`id`, `material_id`, `type`, `quantity`, `unit_price`, `total_price`, `reference_type`, `reference_id`, `notes`, `user_id`, `created_at`, `updated_at`) VALUES ('293', '85', 'out', '5.90', '0.00', '0.00', 'App\\Models\\Order', '114', 'Order #INV-20260302-0098 - folder visual motif', '23', '2026-03-02 16:40:32', '2026-03-02 16:40:32');
INSERT INTO `stock_movements` (`id`, `material_id`, `type`, `quantity`, `unit_price`, `total_price`, `reference_type`, `reference_id`, `notes`, `user_id`, `created_at`, `updated_at`) VALUES ('294', '85', 'out', '2.36', '0.00', '0.00', 'App\\Models\\Order', '114', 'Order #INV-20260302-0098 - folder visual motif', '23', '2026-03-02 16:40:32', '2026-03-02 16:40:32');
INSERT INTO `stock_movements` (`id`, `material_id`, `type`, `quantity`, `unit_price`, `total_price`, `reference_type`, `reference_id`, `notes`, `user_id`, `created_at`, `updated_at`) VALUES ('295', '85', 'out', '2.08', '0.00', '0.00', 'App\\Models\\Order', '114', 'Order #INV-20260302-0098 - folder visual motif', '23', '2026-03-02 16:40:32', '2026-03-02 16:40:32');
INSERT INTO `stock_movements` (`id`, `material_id`, `type`, `quantity`, `unit_price`, `total_price`, `reference_type`, `reference_id`, `notes`, `user_id`, `created_at`, `updated_at`) VALUES ('296', '85', 'out', '4.16', '0.00', '0.00', 'App\\Models\\Order', '114', 'Order #INV-20260302-0098 - folder visual motif', '23', '2026-03-02 16:40:32', '2026-03-02 16:40:32');
INSERT INTO `stock_movements` (`id`, `material_id`, `type`, `quantity`, `unit_price`, `total_price`, `reference_type`, `reference_id`, `notes`, `user_id`, `created_at`, `updated_at`) VALUES ('297', '85', 'out', '5.76', '0.00', '0.00', 'App\\Models\\Order', '114', 'Order #INV-20260302-0098 - folder visual motif', '23', '2026-03-02 16:40:32', '2026-03-02 16:40:32');
INSERT INTO `stock_movements` (`id`, `material_id`, `type`, `quantity`, `unit_price`, `total_price`, `reference_type`, `reference_id`, `notes`, `user_id`, `created_at`, `updated_at`) VALUES ('298', '85', 'out', '2.75', '0.00', '0.00', 'App\\Models\\Order', '114', 'Order #INV-20260302-0098 - folder visual motif', '23', '2026-03-02 16:40:32', '2026-03-02 16:40:32');
INSERT INTO `stock_movements` (`id`, `material_id`, `type`, `quantity`, `unit_price`, `total_price`, `reference_type`, `reference_id`, `notes`, `user_id`, `created_at`, `updated_at`) VALUES ('299', '59', 'out', '3.00', '0.00', '0.00', 'App\\Models\\Order', '115', 'Order #INV-20260302-0099 - MINI ONE 1', '3', '2026-03-02 16:43:56', '2026-03-02 16:43:56');
INSERT INTO `stock_movements` (`id`, `material_id`, `type`, `quantity`, `unit_price`, `total_price`, `reference_type`, `reference_id`, `notes`, `user_id`, `created_at`, `updated_at`) VALUES ('300', '91', 'out', '3.00', '0.00', '0.00', 'App\\Models\\Order', '115', 'Order #INV-20260302-0099 - MINI ONE 1', '3', '2026-03-02 16:43:56', '2026-03-02 16:43:56');
INSERT INTO `stock_movements` (`id`, `material_id`, `type`, `quantity`, `unit_price`, `total_price`, `reference_type`, `reference_id`, `notes`, `user_id`, `created_at`, `updated_at`) VALUES ('301', '61', 'out', '2.00', '0.00', '0.00', 'App\\Models\\Order', '116', 'Order #INV-20260302-0100 - M2REPAIR', '20', '2026-03-02 16:51:14', '2026-03-02 16:51:14');
INSERT INTO `stock_movements` (`id`, `material_id`, `type`, `quantity`, `unit_price`, `total_price`, `reference_type`, `reference_id`, `notes`, `user_id`, `created_at`, `updated_at`) VALUES ('302', '82', 'out', '2.00', '0.00', '0.00', 'App\\Models\\Order', '116', 'Order #INV-20260302-0100 - M2REPAIR', '20', '2026-03-02 16:51:14', '2026-03-02 16:51:14');
INSERT INTO `stock_movements` (`id`, `material_id`, `type`, `quantity`, `unit_price`, `total_price`, `reference_type`, `reference_id`, `notes`, `user_id`, `created_at`, `updated_at`) VALUES ('303', '61', 'in', '2.00', '0.00', '0.00', 'App\\Models\\Order', '116', 'Stok dikembalikan - Edit Order #INV-20260302-0100', '20', '2026-03-02 16:51:45', '2026-03-02 16:51:45');
INSERT INTO `stock_movements` (`id`, `material_id`, `type`, `quantity`, `unit_price`, `total_price`, `reference_type`, `reference_id`, `notes`, `user_id`, `created_at`, `updated_at`) VALUES ('304', '82', 'in', '2.00', '0.00', '0.00', 'App\\Models\\Order', '116', 'Stok dikembalikan - Edit Order #INV-20260302-0100', '20', '2026-03-02 16:51:45', '2026-03-02 16:51:45');
INSERT INTO `stock_movements` (`id`, `material_id`, `type`, `quantity`, `unit_price`, `total_price`, `reference_type`, `reference_id`, `notes`, `user_id`, `created_at`, `updated_at`) VALUES ('305', '61', 'out', '5.04', '0.00', '0.00', 'App\\Models\\Order', '117', 'Order #INV-20260302-0101 - HASIL BUMI', '20', '2026-03-02 16:56:05', '2026-03-02 16:56:05');
INSERT INTO `stock_movements` (`id`, `material_id`, `type`, `quantity`, `unit_price`, `total_price`, `reference_type`, `reference_id`, `notes`, `user_id`, `created_at`, `updated_at`) VALUES ('306', '82', 'out', '5.04', '0.00', '0.00', 'App\\Models\\Order', '117', 'Order #INV-20260302-0101 - HASIL BUMI', '20', '2026-03-02 16:56:05', '2026-03-02 16:56:05');
INSERT INTO `stock_movements` (`id`, `material_id`, `type`, `quantity`, `unit_price`, `total_price`, `reference_type`, `reference_id`, `notes`, `user_id`, `created_at`, `updated_at`) VALUES ('307', '61', 'in', '5.04', '0.00', '0.00', 'App\\Models\\Order', '117', 'Stok dikembalikan - Edit Order #INV-20260302-0101', '20', '2026-03-02 16:56:53', '2026-03-02 16:56:53');
INSERT INTO `stock_movements` (`id`, `material_id`, `type`, `quantity`, `unit_price`, `total_price`, `reference_type`, `reference_id`, `notes`, `user_id`, `created_at`, `updated_at`) VALUES ('308', '82', 'in', '5.04', '0.00', '0.00', 'App\\Models\\Order', '117', 'Stok dikembalikan - Edit Order #INV-20260302-0101', '20', '2026-03-02 16:56:53', '2026-03-02 16:56:53');
INSERT INTO `stock_movements` (`id`, `material_id`, `type`, `quantity`, `unit_price`, `total_price`, `reference_type`, `reference_id`, `notes`, `user_id`, `created_at`, `updated_at`) VALUES ('309', '61', 'out', '0.88', '0.00', '0.00', 'App\\Models\\Order', '118', 'Order #INV-20260302-0102 - LPG  SALIM', '20', '2026-03-02 16:59:33', '2026-03-02 16:59:33');
INSERT INTO `stock_movements` (`id`, `material_id`, `type`, `quantity`, `unit_price`, `total_price`, `reference_type`, `reference_id`, `notes`, `user_id`, `created_at`, `updated_at`) VALUES ('310', '82', 'out', '0.88', '0.00', '0.00', 'App\\Models\\Order', '118', 'Order #INV-20260302-0102 - LPG  SALIM', '20', '2026-03-02 16:59:33', '2026-03-02 16:59:33');
INSERT INTO `stock_movements` (`id`, `material_id`, `type`, `quantity`, `unit_price`, `total_price`, `reference_type`, `reference_id`, `notes`, `user_id`, `created_at`, `updated_at`) VALUES ('311', '85', 'out', '0.55', '0.00', '0.00', 'App\\Models\\Order', '119', 'Order #INV-20260302-0103 - 7 KEBIASAAN', '3', '2026-03-02 17:02:10', '2026-03-02 17:02:10');
INSERT INTO `stock_movements` (`id`, `material_id`, `type`, `quantity`, `unit_price`, `total_price`, `reference_type`, `reference_id`, `notes`, `user_id`, `created_at`, `updated_at`) VALUES ('312', '61', 'out', '1.70', '0.00', '0.00', 'App\\Models\\Order', '120', 'Order #INV-20260302-0104 - SUMBER NIAGA', '20', '2026-03-02 17:02:10', '2026-03-02 17:02:10');
INSERT INTO `stock_movements` (`id`, `material_id`, `type`, `quantity`, `unit_price`, `total_price`, `reference_type`, `reference_id`, `notes`, `user_id`, `created_at`, `updated_at`) VALUES ('313', '82', 'out', '1.70', '0.00', '0.00', 'App\\Models\\Order', '120', 'Order #INV-20260302-0104 - SUMBER NIAGA', '20', '2026-03-02 17:02:10', '2026-03-02 17:02:10');
INSERT INTO `stock_movements` (`id`, `material_id`, `type`, `quantity`, `unit_price`, `total_price`, `reference_type`, `reference_id`, `notes`, `user_id`, `created_at`, `updated_at`) VALUES ('314', '61', 'out', '1.72', '0.00', '0.00', 'App\\Models\\Order', '121', 'Order #INV-20260302-0105 - ELPIGI SALIM', '20', '2026-03-02 17:04:27', '2026-03-02 17:04:27');
INSERT INTO `stock_movements` (`id`, `material_id`, `type`, `quantity`, `unit_price`, `total_price`, `reference_type`, `reference_id`, `notes`, `user_id`, `created_at`, `updated_at`) VALUES ('315', '82', 'out', '1.72', '0.00', '0.00', 'App\\Models\\Order', '121', 'Order #INV-20260302-0105 - ELPIGI SALIM', '20', '2026-03-02 17:04:27', '2026-03-02 17:04:27');
INSERT INTO `stock_movements` (`id`, `material_id`, `type`, `quantity`, `unit_price`, `total_price`, `reference_type`, `reference_id`, `notes`, `user_id`, `created_at`, `updated_at`) VALUES ('316', '85', 'in', '0.55', '0.00', '0.00', 'App\\Models\\Order', '119', 'Stok dikembalikan - Edit Order #INV-20260302-0103', '3', '2026-03-02 17:04:33', '2026-03-02 17:04:33');
INSERT INTO `stock_movements` (`id`, `material_id`, `type`, `quantity`, `unit_price`, `total_price`, `reference_type`, `reference_id`, `notes`, `user_id`, `created_at`, `updated_at`) VALUES ('317', '85', 'out', '0.55', '0.00', '0.00', 'App\\Models\\Order', '119', 'Order #INV-20260302-0103 - 7 KEBIASAAN', '3', '2026-03-02 17:04:33', '2026-03-02 17:04:33');
INSERT INTO `stock_movements` (`id`, `material_id`, `type`, `quantity`, `unit_price`, `total_price`, `reference_type`, `reference_id`, `notes`, `user_id`, `created_at`, `updated_at`) VALUES ('318', '57', 'out', '21.00', '0.00', '0.00', 'App\\Models\\Order', '122', 'Order #INV-20260302-0106 - sogon', '20', '2026-03-02 17:11:01', '2026-03-02 17:11:01');
INSERT INTO `stock_movements` (`id`, `material_id`, `type`, `quantity`, `unit_price`, `total_price`, `reference_type`, `reference_id`, `notes`, `user_id`, `created_at`, `updated_at`) VALUES ('319', '57', 'in', '21.00', '0.00', '0.00', 'App\\Models\\Order', '122', 'Stok dikembalikan - Edit Order #INV-20260302-0106', '20', '2026-03-02 17:11:39', '2026-03-02 17:11:39');

-- Table: suppliers
CREATE TABLE `suppliers` (
  `id` bigint(20) unsigned NOT NULL AUTO_INCREMENT,
  `name` varchar(255) NOT NULL,
  `phone` varchar(255) DEFAULT NULL,
  `address` varchar(255) DEFAULT NULL,
  `notes` text DEFAULT NULL,
  `is_active` tinyint(1) NOT NULL DEFAULT 1,
  `created_at` timestamp NULL DEFAULT NULL,
  `updated_at` timestamp NULL DEFAULT NULL,
  PRIMARY KEY (`id`)
) ENGINE=InnoDB AUTO_INCREMENT=12 DEFAULT CHARSET=utf8mb4 COLLATE=utf8mb4_unicode_ci;

INSERT INTO `suppliers` (`id`, `name`, `phone`, `address`, `notes`, `is_active`, `created_at`, `updated_at`) VALUES ('6', 'INDAH SARI ABADI', '123654789', 'JL. TENGKU UMAR, KEDATON. BANDAR LAMPUNG', NULL, '1', '2026-02-13 06:25:31', '2026-02-13 06:25:31');
INSERT INTO `suppliers` (`id`, `name`, `phone`, `address`, `notes`, `is_active`, `created_at`, `updated_at`) VALUES ('7', 'VISI MEDIA', NULL, 'BANDAR LAMPUNG', NULL, '1', '2026-02-28 16:34:15', '2026-02-28 16:34:15');
INSERT INTO `suppliers` (`id`, `name`, `phone`, `address`, `notes`, `is_active`, `created_at`, `updated_at`) VALUES ('8', 'PRINTMATE', NULL, 'BANDAR LAMPUNG', NULL, '1', '2026-03-01 07:06:32', '2026-03-01 07:06:32');
INSERT INTO `suppliers` (`id`, `name`, `phone`, `address`, `notes`, `is_active`, `created_at`, `updated_at`) VALUES ('9', 'IQBAL SUPLAYER', NULL, 'BAANDAR LAMPUNG', NULL, '1', '2026-03-01 07:07:50', '2026-03-01 07:07:50');
INSERT INTO `suppliers` (`id`, `name`, `phone`, `address`, `notes`, `is_active`, `created_at`, `updated_at`) VALUES ('10', 'RWC SUPLAYER TINTA', NULL, 'BANDAR LAMPUNG', NULL, '1', '2026-03-01 07:08:25', '2026-03-01 07:08:25');
INSERT INTO `suppliers` (`id`, `name`, `phone`, `address`, `notes`, `is_active`, `created_at`, `updated_at`) VALUES ('11', 'TOKO KERTAS SEJATI', NULL, 'BANDAR LAMPUNG', NULL, '1', '2026-03-01 07:09:09', '2026-03-01 07:09:09');

-- Table: units
CREATE TABLE `units` (
  `id` bigint(20) unsigned NOT NULL AUTO_INCREMENT,
  `name` varchar(100) NOT NULL,
  `symbol` varchar(20) NOT NULL,
  `is_active` tinyint(1) NOT NULL DEFAULT 1,
  `created_at` timestamp NULL DEFAULT NULL,
  `updated_at` timestamp NULL DEFAULT NULL,
  PRIMARY KEY (`id`)
) ENGINE=InnoDB AUTO_INCREMENT=8 DEFAULT CHARSET=utf8mb4 COLLATE=utf8mb4_unicode_ci;

INSERT INTO `units` (`id`, `name`, `symbol`, `is_active`, `created_at`, `updated_at`) VALUES ('1', 'm²', 'm2', '1', '2026-02-09 13:27:05', '2026-02-09 13:27:05');
INSERT INTO `units` (`id`, `name`, `symbol`, `is_active`, `created_at`, `updated_at`) VALUES ('2', 'pcs', 'pcs', '1', '2026-02-09 13:27:05', '2026-02-09 13:27:05');
INSERT INTO `units` (`id`, `name`, `symbol`, `is_active`, `created_at`, `updated_at`) VALUES ('3', 'lembar', 'lbr', '1', '2026-02-09 13:27:05', '2026-02-09 13:27:05');
INSERT INTO `units` (`id`, `name`, `symbol`, `is_active`, `created_at`, `updated_at`) VALUES ('4', 'meter', 'm', '1', '2026-02-09 13:27:05', '2026-02-09 13:27:05');
INSERT INTO `units` (`id`, `name`, `symbol`, `is_active`, `created_at`, `updated_at`) VALUES ('5', 'roll', 'roll', '1', '2026-02-09 13:27:05', '2026-02-09 13:27:05');
INSERT INTO `units` (`id`, `name`, `symbol`, `is_active`, `created_at`, `updated_at`) VALUES ('6', 'pak', 'pak', '1', '2026-02-09 13:27:05', '2026-02-09 13:27:05');
INSERT INTO `units` (`id`, `name`, `symbol`, `is_active`, `created_at`, `updated_at`) VALUES ('7', 'kg', 'kg', '1', '2026-02-27 13:51:38', '2026-02-27 13:51:38');

