CREATE TABLE `orders` (
  `id` bigint(20) unsigned NOT NULL AUTO_INCREMENT,
  `invoice_number` varchar(255) NOT NULL,
  `customer_id` bigint(20) unsigned DEFAULT NULL,
  `customer_name` varchar(255) NOT NULL,
  `customer_phone` varchar(255) DEFAULT NULL,
  `notes` text DEFAULT NULL,
  `total_price` decimal(15,2) NOT NULL,
  `paid_amount` decimal(15,2) NOT NULL DEFAULT 0.00,
  `change_amount` decimal(15,2) NOT NULL DEFAULT 0.00,
  `payment_status` enum('unpaid','partial','paid') DEFAULT 'unpaid',
  `is_credit` tinyint(1) NOT NULL DEFAULT 0,
  `paid_at` timestamp NULL DEFAULT NULL,
  `production_status` enum('pending','proses_cetak','finishing','selesai') NOT NULL DEFAULT 'pending',
  `pickup_status` enum('not_picked_up','picked_up') NOT NULL DEFAULT 'not_picked_up',
  `picked_up_at` timestamp NULL DEFAULT NULL,
  `started_at` timestamp NULL DEFAULT NULL,
  `finished_at` timestamp NULL DEFAULT NULL,
  `designer_id` bigint(20) unsigned NOT NULL,
  `cashier_id` bigint(20) unsigned DEFAULT NULL,
  `operator_id` bigint(20) unsigned DEFAULT NULL,
  `spk_printed` tinyint(1) NOT NULL DEFAULT 0,
  `spk_printed_at` timestamp NULL DEFAULT NULL,
  `is_cancelled` tinyint(1) NOT NULL DEFAULT 0,
  `cancelled_at` timestamp NULL DEFAULT NULL,
  `created_at` timestamp NULL DEFAULT NULL,
  `updated_at` timestamp NULL DEFAULT NULL,
  `cancelled_by` bigint(20) unsigned DEFAULT NULL,
  `cancel_reason` text DEFAULT NULL,
  PRIMARY KEY (`id`),
  UNIQUE KEY `orders_invoice_number_unique` (`invoice_number`),
  KEY `orders_designer_id_foreign` (`designer_id`),
  KEY `orders_cashier_id_foreign` (`cashier_id`),
  KEY `orders_operator_id_foreign` (`operator_id`),
  KEY `orders_payment_status_index` (`payment_status`),
  KEY `orders_production_status_index` (`production_status`),
  KEY `orders_created_at_index` (`created_at`),
  KEY `orders_customer_id_foreign` (`customer_id`),
  KEY `orders_pickup_status_index` (`pickup_status`),
  KEY `orders_cancelled_by_foreign` (`cancelled_by`),
  KEY `orders_is_cancelled_index` (`is_cancelled`),
  CONSTRAINT `orders_cancelled_by_foreign` FOREIGN KEY (`cancelled_by`) REFERENCES `users` (`id`) ON DELETE SET NULL,
  CONSTRAINT `orders_cashier_id_foreign` FOREIGN KEY (`cashier_id`) REFERENCES `users` (`id`) ON DELETE SET NULL,
  CONSTRAINT `orders_customer_id_foreign` FOREIGN KEY (`customer_id`) REFERENCES `customers` (`id`) ON DELETE SET NULL,
  CONSTRAINT `orders_designer_id_foreign` FOREIGN KEY (`designer_id`) REFERENCES `users` (`id`) ON DELETE CASCADE,
  CONSTRAINT `orders_operator_id_foreign` FOREIGN KEY (`operator_id`) REFERENCES `users` (`id`) ON DELETE SET NULL
) ENGINE=InnoDB AUTO_INCREMENT=247 DEFAULT CHARSET=utf8mb4 COLLATE=utf8mb4_unicode_ci;

INSERT INTO `orders` (`id`, `invoice_number`, `customer_id`, `customer_name`, `customer_phone`, `notes`, `total_price`, `paid_amount`, `change_amount`, `payment_status`, `is_credit`, `paid_at`, `production_status`, `pickup_status`, `picked_up_at`, `started_at`, `finished_at`, `designer_id`, `cashier_id`, `operator_id`, `spk_printed`, `spk_printed_at`, `is_cancelled`, `cancelled_at`, `created_at`, `updated_at`, `cancelled_by`, `cancel_reason`) VALUES ('17', 'INV-20260302-0001', '4', 'RIZFAL', '+62 857-6807-2505', '@10 GLOSY', '242000.00', '0.00', '0.00', 'paid', '1', '2026-03-03 15:14:14', 'selesai', 'not_picked_up', NULL, '2026-03-02 11:29:46', '2026-03-02 14:52:48', '20', '16', '17', '1', '2026-03-02 10:09:29', '0', NULL, '2026-03-02 10:08:57', '2026-03-03 15:14:14', NULL, NULL);
INSERT INTO `orders` (`id`, `invoice_number`, `customer_id`, `customer_name`, `customer_phone`, `notes`, `total_price`, `paid_amount`, `change_amount`, `payment_status`, `is_credit`, `paid_at`, `production_status`, `pickup_status`, `picked_up_at`, `started_at`, `finished_at`, `designer_id`, `cashier_id`, `operator_id`, `spk_printed`, `spk_printed_at`, `is_cancelled`, `cancelled_at`, `created_at`, `updated_at`, `cancelled_by`, `cancel_reason`) VALUES ('18', 'INV-20260302-0002', '3', 'Livina', '085768038613', NULL, '155400.00', '0.00', '0.00', 'unpaid', '1', NULL, 'selesai', 'not_picked_up', NULL, '2026-03-02 11:30:43', '2026-03-02 12:35:53', '3', NULL, '17', '1', '2026-03-02 10:13:31', '0', NULL, '2026-03-02 10:10:46', '2026-03-02 12:35:53', NULL, NULL);
INSERT INTO `orders` (`id`, `invoice_number`, `customer_id`, `customer_name`, `customer_phone`, `notes`, `total_price`, `paid_amount`, `change_amount`, `payment_status`, `is_credit`, `paid_at`, `production_status`, `pickup_status`, `picked_up_at`, `started_at`, `finished_at`, `designer_id`, `cashier_id`, `operator_id`, `spk_printed`, `spk_printed_at`, `is_cancelled`, `cancelled_at`, `created_at`, `updated_at`, `cancelled_by`, `cancel_reason`) VALUES ('19', 'INV-20260302-0003', '5', 'NERO', '082372153196', 'cetak 2 rangkap', '48000.00', '48000.00', '0.00', 'paid', '1', '2026-03-02 13:37:10', 'selesai', 'picked_up', '2026-03-02 13:47:33', '2026-03-02 11:39:45', '2026-03-02 12:04:34', '19', '16', '17', '1', '2026-03-02 10:29:38', '0', NULL, '2026-03-02 10:18:14', '2026-03-02 13:47:33', NULL, NULL);
INSERT INTO `orders` (`id`, `invoice_number`, `customer_id`, `customer_name`, `customer_phone`, `notes`, `total_price`, `paid_amount`, `change_amount`, `payment_status`, `is_credit`, `paid_at`, `production_status`, `pickup_status`, `picked_up_at`, `started_at`, `finished_at`, `designer_id`, `cashier_id`, `operator_id`, `spk_printed`, `spk_printed_at`, `is_cancelled`, `cancelled_at`, `created_at`, `updated_at`, `cancelled_by`, `cancel_reason`) VALUES ('20', 'INV-20260302-0004', '6', 'PAK WIN', '081273680404', 'DITUNGGU', '20000.00', '50000.00', '30000.00', 'paid', '1', '2026-03-02 11:14:54', 'selesai', 'picked_up', '2026-03-02 15:39:05', '2026-03-02 11:39:52', '2026-03-02 14:52:51', '20', '16', '17', '1', '2026-03-02 10:20:38', '0', NULL, '2026-03-02 10:20:34', '2026-03-02 15:39:05', NULL, NULL);
INSERT INTO `orders` (`id`, `invoice_number`, `customer_id`, `customer_name`, `customer_phone`, `notes`, `total_price`, `paid_amount`, `change_amount`, `payment_status`, `is_credit`, `paid_at`, `production_status`, `pickup_status`, `picked_up_at`, `started_at`, `finished_at`, `designer_id`, `cashier_id`, `operator_id`, `spk_printed`, `spk_printed_at`, `is_cancelled`, `cancelled_at`, `created_at`, `updated_at`, `cancelled_by`, `cancel_reason`) VALUES ('21', 'INV-20260302-0005', '7', 'Soleh Assalam', '081351415060', NULL, '630000.00', '630000.00', '0.00', 'paid', '1', '2026-03-02 16:35:22', 'selesai', 'not_picked_up', NULL, '2026-03-02 13:36:05', '2026-03-02 14:12:48', '3', '16', '22', '1', '2026-03-02 10:32:35', '0', NULL, '2026-03-02 10:32:24', '2026-03-02 16:35:22', NULL, NULL);
INSERT INTO `orders` (`id`, `invoice_number`, `customer_id`, `customer_name`, `customer_phone`, `notes`, `total_price`, `paid_amount`, `change_amount`, `payment_status`, `is_credit`, `paid_at`, `production_status`, `pickup_status`, `picked_up_at`, `started_at`, `finished_at`, `designer_id`, `cashier_id`, `operator_id`, `spk_printed`, `spk_printed_at`, `is_cancelled`, `cancelled_at`, `created_at`, `updated_at`, `cancelled_by`, `cancel_reason`) VALUES ('22', 'INV-20260302-0006', '8', 'HERY RW', '082282332185', NULL, '26400.00', '0.00', '0.00', 'paid', '1', '2026-03-02 15:10:22', 'selesai', 'picked_up', '2026-03-02 15:38:57', '2026-03-02 11:31:20', '2026-03-02 12:00:14', '20', '16', '17', '1', '2026-03-02 10:34:16', '0', NULL, '2026-03-02 10:34:05', '2026-03-02 15:38:57', NULL, NULL);
INSERT INTO `orders` (`id`, `invoice_number`, `customer_id`, `customer_name`, `customer_phone`, `notes`, `total_price`, `paid_amount`, `change_amount`, `payment_status`, `is_credit`, `paid_at`, `production_status`, `pickup_status`, `picked_up_at`, `started_at`, `finished_at`, `designer_id`, `cashier_id`, `operator_id`, `spk_printed`, `spk_printed_at`, `is_cancelled`, `cancelled_at`, `created_at`, `updated_at`, `cancelled_by`, `cancel_reason`) VALUES ('23', 'INV-20260302-0007', '9', 'ARTHA MEDIA', '082280075655', NULL, '19800.00', '19800.00', '0.00', 'paid', '1', '2026-03-02 11:16:50', 'selesai', 'picked_up', '2026-03-02 12:05:15', '2026-03-02 11:31:30', '2026-03-02 12:00:45', '19', '16', '17', '1', '2026-03-02 10:35:34', '0', NULL, '2026-03-02 10:35:30', '2026-03-02 12:05:15', NULL, NULL);
INSERT INTO `orders` (`id`, `invoice_number`, `customer_id`, `customer_name`, `customer_phone`, `notes`, `total_price`, `paid_amount`, `change_amount`, `payment_status`, `is_credit`, `paid_at`, `production_status`, `pickup_status`, `picked_up_at`, `started_at`, `finished_at`, `designer_id`, `cashier_id`, `operator_id`, `spk_printed`, `spk_printed_at`, `is_cancelled`, `cancelled_at`, `created_at`, `updated_at`, `cancelled_by`, `cancel_reason`) VALUES ('24', 'INV-20260302-0008', '10', 'Asrofi', '082181926820', NULL, '3300.00', '10000.00', '6700.00', 'paid', '1', '2026-03-03 15:09:42', 'selesai', 'not_picked_up', NULL, '2026-03-02 11:31:47', '2026-03-02 12:01:14', '3', '16', '17', '1', '2026-03-02 10:37:54', '0', NULL, '2026-03-02 10:37:42', '2026-03-03 15:09:42', NULL, NULL);
INSERT INTO `orders` (`id`, `invoice_number`, `customer_id`, `customer_name`, `customer_phone`, `notes`, `total_price`, `paid_amount`, `change_amount`, `payment_status`, `is_credit`, `paid_at`, `production_status`, `pickup_status`, `picked_up_at`, `started_at`, `finished_at`, `designer_id`, `cashier_id`, `operator_id`, `spk_printed`, `spk_printed_at`, `is_cancelled`, `cancelled_at`, `created_at`, `updated_at`, `cancelled_by`, `cancel_reason`) VALUES ('25', 'INV-20260302-0009', '8', 'HERY RW', '082282332185', NULL, '97500.00', '0.00', '0.00', 'paid', '1', '2026-03-02 15:10:22', 'selesai', 'picked_up', '2026-03-02 15:38:11', '2026-03-02 11:51:21', '2026-03-02 14:52:54', '20', '16', '17', '1', '2026-03-02 10:46:36', '0', NULL, '2026-03-02 10:45:54', '2026-03-02 15:38:11', NULL, NULL);
INSERT INTO `orders` (`id`, `invoice_number`, `customer_id`, `customer_name`, `customer_phone`, `notes`, `total_price`, `paid_amount`, `change_amount`, `payment_status`, `is_credit`, `paid_at`, `production_status`, `pickup_status`, `picked_up_at`, `started_at`, `finished_at`, `designer_id`, `cashier_id`, `operator_id`, `spk_printed`, `spk_printed_at`, `is_cancelled`, `cancelled_at`, `created_at`, `updated_at`, `cancelled_by`, `cancel_reason`) VALUES ('26', 'INV-20260302-0010', '11', 'Ali Mur', '082269180913', NULL, '310000.00', '310000.00', '0.00', 'paid', '1', '2026-03-03 16:34:14', 'selesai', 'picked_up', '2026-03-02 15:38:17', '2026-03-02 11:32:39', '2026-03-02 12:36:45', '3', '16', '17', '1', '2026-03-02 10:51:34', '0', NULL, '2026-03-02 10:51:22', '2026-03-03 16:34:14', NULL, NULL);
INSERT INTO `orders` (`id`, `invoice_number`, `customer_id`, `customer_name`, `customer_phone`, `notes`, `total_price`, `paid_amount`, `change_amount`, `payment_status`, `is_credit`, `paid_at`, `production_status`, `pickup_status`, `picked_up_at`, `started_at`, `finished_at`, `designer_id`, `cashier_id`, `operator_id`, `spk_printed`, `spk_printed_at`, `is_cancelled`, `cancelled_at`, `created_at`, `updated_at`, `cancelled_by`, `cancel_reason`) VALUES ('27', 'INV-20260302-0011', '12', 'RICKI', '+62 822-7952-1164', NULL, '24300.00', '0.00', '0.00', 'paid', '1', '2026-03-02 14:01:48', 'selesai', 'picked_up', '2026-03-02 15:38:28', '2026-03-02 11:32:18', '2026-03-02 12:36:37', '20', '16', '17', '1', '2026-03-02 10:56:42', '0', NULL, '2026-03-02 10:56:30', '2026-03-02 15:38:28', NULL, NULL);
INSERT INTO `orders` (`id`, `invoice_number`, `customer_id`, `customer_name`, `customer_phone`, `notes`, `total_price`, `paid_amount`, `change_amount`, `payment_status`, `is_credit`, `paid_at`, `production_status`, `pickup_status`, `picked_up_at`, `started_at`, `finished_at`, `designer_id`, `cashier_id`, `operator_id`, `spk_printed`, `spk_printed_at`, `is_cancelled`, `cancelled_at`, `created_at`, `updated_at`, `cancelled_by`, `cancel_reason`) VALUES ('28', 'INV-20260302-0012', '13', 'ALI MUDI ARIF', '085711114443', 'FILE : enyong lure MUDIN, PAGE  1 : 7 LBR, PAGE 2 : 33 LBR', '193000.00', '193000.00', '0.00', 'paid', '1', '2026-03-03 16:31:46', 'selesai', 'picked_up', '2026-03-02 16:45:07', '2026-03-02 12:17:04', '2026-03-02 14:20:53', '23', '16', '17', '1', '2026-03-02 11:07:24', '0', NULL, '2026-03-02 11:07:09', '2026-03-03 16:31:46', NULL, NULL);
INSERT INTO `orders` (`id`, `invoice_number`, `customer_id`, `customer_name`, `customer_phone`, `notes`, `total_price`, `paid_amount`, `change_amount`, `payment_status`, `is_credit`, `paid_at`, `production_status`, `pickup_status`, `picked_up_at`, `started_at`, `finished_at`, `designer_id`, `cashier_id`, `operator_id`, `spk_printed`, `spk_printed_at`, `is_cancelled`, `cancelled_at`, `created_at`, `updated_at`, `cancelled_by`, `cancel_reason`) VALUES ('29', 'INV-20260302-0013', '12', 'RICKI', '+62 822-7952-1164', NULL, '3200.00', '0.00', '0.00', 'paid', '1', '2026-03-02 14:01:48', 'selesai', 'picked_up', '2026-03-02 15:38:34', '2026-03-02 11:33:02', '2026-03-02 12:36:50', '20', '16', '17', '1', '2026-03-02 11:07:52', '0', NULL, '2026-03-02 11:07:41', '2026-03-02 15:38:34', NULL, NULL);
INSERT INTO `orders` (`id`, `invoice_number`, `customer_id`, `customer_name`, `customer_phone`, `notes`, `total_price`, `paid_amount`, `change_amount`, `payment_status`, `is_credit`, `paid_at`, `production_status`, `pickup_status`, `picked_up_at`, `started_at`, `finished_at`, `designer_id`, `cashier_id`, `operator_id`, `spk_printed`, `spk_printed_at`, `is_cancelled`, `cancelled_at`, `created_at`, `updated_at`, `cancelled_by`, `cancel_reason`) VALUES ('30', 'INV-20260302-0014', '14', 'UBAY', '081271414966', NULL, '78000.00', '100000.00', '22000.00', 'paid', '1', '2026-03-02 14:15:33', 'selesai', 'picked_up', '2026-03-02 15:38:42', '2026-03-02 11:54:11', '2026-03-02 12:37:11', '19', '16', '17', '1', '2026-03-02 11:09:40', '0', NULL, '2026-03-02 11:09:09', '2026-03-02 15:38:42', NULL, NULL);
INSERT INTO `orders` (`id`, `invoice_number`, `customer_id`, `customer_name`, `customer_phone`, `notes`, `total_price`, `paid_amount`, `change_amount`, `payment_status`, `is_credit`, `paid_at`, `production_status`, `pickup_status`, `picked_up_at`, `started_at`, `finished_at`, `designer_id`, `cashier_id`, `operator_id`, `spk_printed`, `spk_printed_at`, `is_cancelled`, `cancelled_at`, `created_at`, `updated_at`, `cancelled_by`, `cancel_reason`) VALUES ('31', 'INV-20260302-0015', '16', 'DEGRIS / GUYUB', '082282644675', NULL, '10400.00', '0.00', '0.00', 'paid', '1', '2026-03-03 10:29:43', 'selesai', 'not_picked_up', NULL, '2026-03-02 11:55:27', '2026-03-02 12:37:16', '20', '16', '17', '1', '2026-03-02 11:14:55', '0', NULL, '2026-03-02 11:14:44', '2026-03-03 10:29:43', NULL, NULL);
INSERT INTO `orders` (`id`, `invoice_number`, `customer_id`, `customer_name`, `customer_phone`, `notes`, `total_price`, `paid_amount`, `change_amount`, `payment_status`, `is_credit`, `paid_at`, `production_status`, `pickup_status`, `picked_up_at`, `started_at`, `finished_at`, `designer_id`, `cashier_id`, `operator_id`, `spk_printed`, `spk_printed_at`, `is_cancelled`, `cancelled_at`, `created_at`, `updated_at`, `cancelled_by`, `cancel_reason`) VALUES ('32', 'INV-20260302-0016', '15', 'Amazon', '085764093747', NULL, '42000.00', '0.00', '0.00', 'paid', '1', '2026-03-02 16:29:00', 'selesai', 'picked_up', '2026-03-02 16:39:31', '2026-03-02 11:30:21', '2026-03-02 11:48:44', '3', '16', '6', '1', '2026-03-02 11:15:34', '0', NULL, '2026-03-02 11:15:31', '2026-03-02 16:39:31', NULL, NULL);
INSERT INTO `orders` (`id`, `invoice_number`, `customer_id`, `customer_name`, `customer_phone`, `notes`, `total_price`, `paid_amount`, `change_amount`, `payment_status`, `is_credit`, `paid_at`, `production_status`, `pickup_status`, `picked_up_at`, `started_at`, `finished_at`, `designer_id`, `cashier_id`, `operator_id`, `spk_printed`, `spk_printed_at`, `is_cancelled`, `cancelled_at`, `created_at`, `updated_at`, `cancelled_by`, `cancel_reason`) VALUES ('33', 'INV-20260302-0017', '17', 'Wisesa Art', '08117996060', NULL, '41700.00', '0.00', '0.00', 'paid', '1', '2026-03-02 11:45:34', 'selesai', 'picked_up', '2026-03-02 15:37:59', '2026-03-02 11:34:23', '2026-03-02 12:37:01', '3', '16', '17', '1', '2026-03-02 11:19:08', '0', NULL, '2026-03-02 11:19:01', '2026-03-02 15:37:59', NULL, NULL);
INSERT INTO `orders` (`id`, `invoice_number`, `customer_id`, `customer_name`, `customer_phone`, `notes`, `total_price`, `paid_amount`, `change_amount`, `payment_status`, `is_credit`, `paid_at`, `production_status`, `pickup_status`, `picked_up_at`, `started_at`, `finished_at`, `designer_id`, `cashier_id`, `operator_id`, `spk_printed`, `spk_printed_at`, `is_cancelled`, `cancelled_at`, `created_at`, `updated_at`, `cancelled_by`, `cancel_reason`) VALUES ('34', 'INV-20260302-0018', '17', 'Wisesa Art', '08117996060', NULL, '1800.00', '0.00', '0.00', 'paid', '1', '2026-03-02 11:45:34', 'selesai', 'picked_up', '2026-03-02 15:37:52', '2026-03-02 11:55:44', '2026-03-02 12:37:22', '3', '16', '17', '1', '2026-03-02 11:23:10', '0', NULL, '2026-03-02 11:22:59', '2026-03-02 15:37:52', NULL, NULL);
INSERT INTO `orders` (`id`, `invoice_number`, `customer_id`, `customer_name`, `customer_phone`, `notes`, `total_price`, `paid_amount`, `change_amount`, `payment_status`, `is_credit`, `paid_at`, `production_status`, `pickup_status`, `picked_up_at`, `started_at`, `finished_at`, `designer_id`, `cashier_id`, `operator_id`, `spk_printed`, `spk_printed_at`, `is_cancelled`, `cancelled_at`, `created_at`, `updated_at`, `cancelled_by`, `cancel_reason`) VALUES ('35', 'INV-20260302-0019', '18', 'WIWAL  WAHYU', '62 857-8827-0149', NULL, '240000.00', '240000.00', '0.00', 'paid', '1', '2026-03-03 09:51:20', 'selesai', 'not_picked_up', NULL, '2026-03-02 16:06:06', '2026-03-03 10:27:41', '20', '5', '22', '1', '2026-03-02 11:23:16', '0', NULL, '2026-03-02 11:23:12', '2026-03-03 10:27:41', NULL, NULL);
INSERT INTO `orders` (`id`, `invoice_number`, `customer_id`, `customer_name`, `customer_phone`, `notes`, `total_price`, `paid_amount`, `change_amount`, `payment_status`, `is_credit`, `paid_at`, `production_status`, `pickup_status`, `picked_up_at`, `started_at`, `finished_at`, `designer_id`, `cashier_id`, `operator_id`, `spk_printed`, `spk_printed_at`, `is_cancelled`, `cancelled_at`, `created_at`, `updated_at`, `cancelled_by`, `cancel_reason`) VALUES ('36', 'INV-20260302-0020', '9', 'ARTHA MEDIA', '082280075655', NULL, '5400.00', '5400.00', '0.00', 'paid', '1', '2026-03-02 11:28:18', 'selesai', 'picked_up', '2026-03-02 15:37:43', '2026-03-02 11:34:36', '2026-03-02 12:04:26', '19', '16', '17', '1', '2026-03-02 11:24:35', '0', NULL, '2026-03-02 11:24:31', '2026-03-02 15:37:43', NULL, NULL);
INSERT INTO `orders` (`id`, `invoice_number`, `customer_id`, `customer_name`, `customer_phone`, `notes`, `total_price`, `paid_amount`, `change_amount`, `payment_status`, `is_credit`, `paid_at`, `production_status`, `pickup_status`, `picked_up_at`, `started_at`, `finished_at`, `designer_id`, `cashier_id`, `operator_id`, `spk_printed`, `spk_printed_at`, `is_cancelled`, `cancelled_at`, `created_at`, `updated_at`, `cancelled_by`, `cancel_reason`) VALUES ('37', 'INV-20260302-0021', '19', 'Fajar ERKA', '087881734166', NULL, '16100.00', '0.00', '0.00', 'unpaid', '1', NULL, 'selesai', 'not_picked_up', NULL, '2026-03-02 11:39:35', '2026-03-02 12:37:06', '3', NULL, '17', '1', '2026-03-02 11:26:05', '0', NULL, '2026-03-02 11:26:02', '2026-03-02 12:37:06', NULL, NULL);
INSERT INTO `orders` (`id`, `invoice_number`, `customer_id`, `customer_name`, `customer_phone`, `notes`, `total_price`, `paid_amount`, `change_amount`, `payment_status`, `is_credit`, `paid_at`, `production_status`, `pickup_status`, `picked_up_at`, `started_at`, `finished_at`, `designer_id`, `cashier_id`, `operator_id`, `spk_printed`, `spk_printed_at`, `is_cancelled`, `cancelled_at`, `created_at`, `updated_at`, `cancelled_by`, `cancel_reason`) VALUES ('38', 'INV-20260302-0022', '16', 'DEGRIS / GUYUB', '082282644675', NULL, '45000.00', '0.00', '0.00', 'paid', '1', '2026-03-03 10:29:43', 'selesai', 'not_picked_up', NULL, '2026-03-02 14:23:52', '2026-03-02 14:52:53', '20', '16', '22', '1', '2026-03-02 11:27:20', '0', NULL, '2026-03-02 11:27:14', '2026-03-03 10:29:43', NULL, NULL);
INSERT INTO `orders` (`id`, `invoice_number`, `customer_id`, `customer_name`, `customer_phone`, `notes`, `total_price`, `paid_amount`, `change_amount`, `payment_status`, `is_credit`, `paid_at`, `production_status`, `pickup_status`, `picked_up_at`, `started_at`, `finished_at`, `designer_id`, `cashier_id`, `operator_id`, `spk_printed`, `spk_printed_at`, `is_cancelled`, `cancelled_at`, `created_at`, `updated_at`, `cancelled_by`, `cancel_reason`) VALUES ('39', 'INV-20260302-0023', '20', 'RIAS PRINTING', '082281106682', NULL, '5000.00', '0.00', '0.00', 'paid', '1', '2026-03-03 16:42:50', 'selesai', 'not_picked_up', NULL, '2026-03-02 12:14:45', '2026-03-02 14:52:57', '19', '5', '17', '1', '2026-03-02 11:32:12', '0', NULL, '2026-03-02 11:32:07', '2026-03-03 16:42:50', NULL, NULL);
INSERT INTO `orders` (`id`, `invoice_number`, `customer_id`, `customer_name`, `customer_phone`, `notes`, `total_price`, `paid_amount`, `change_amount`, `payment_status`, `is_credit`, `paid_at`, `production_status`, `pickup_status`, `picked_up_at`, `started_at`, `finished_at`, `designer_id`, `cashier_id`, `operator_id`, `spk_printed`, `spk_printed_at`, `is_cancelled`, `cancelled_at`, `created_at`, `updated_at`, `cancelled_by`, `cancel_reason`) VALUES ('40', 'INV-20260302-0024', '21', 'Bintang One', '089693339490', NULL, '0.00', '0.00', '0.00', 'unpaid', '1', NULL, 'pending', 'not_picked_up', NULL, NULL, NULL, '3', NULL, NULL, '1', '2026-03-02 11:32:34', '1', '2026-03-02 14:08:24', '2026-03-02 11:32:25', '2026-03-02 14:08:24', '16', 'konsumen cancel cetakan');
INSERT INTO `orders` (`id`, `invoice_number`, `customer_id`, `customer_name`, `customer_phone`, `notes`, `total_price`, `paid_amount`, `change_amount`, `payment_status`, `is_credit`, `paid_at`, `production_status`, `pickup_status`, `picked_up_at`, `started_at`, `finished_at`, `designer_id`, `cashier_id`, `operator_id`, `spk_printed`, `spk_printed_at`, `is_cancelled`, `cancelled_at`, `created_at`, `updated_at`, `cancelled_by`, `cancel_reason`) VALUES ('41', 'INV-20260302-0025', '23', 'FAMILY ONLINE', '085267442018', NULL, '10000.00', '10000.00', '0.00', 'paid', '1', '2026-03-02 14:36:35', 'selesai', 'picked_up', '2026-03-02 15:37:35', '2026-03-02 12:14:56', '2026-03-02 14:53:00', '19', '16', '17', '1', '2026-03-02 11:37:53', '0', NULL, '2026-03-02 11:37:51', '2026-03-02 15:37:35', NULL, NULL);
INSERT INTO `orders` (`id`, `invoice_number`, `customer_id`, `customer_name`, `customer_phone`, `notes`, `total_price`, `paid_amount`, `change_amount`, `payment_status`, `is_credit`, `paid_at`, `production_status`, `pickup_status`, `picked_up_at`, `started_at`, `finished_at`, `designer_id`, `cashier_id`, `operator_id`, `spk_printed`, `spk_printed_at`, `is_cancelled`, `cancelled_at`, `created_at`, `updated_at`, `cancelled_by`, `cancel_reason`) VALUES ('42', 'INV-20260302-0026', '24', 'HIJAU ART', '082374810600', NULL, '49500.00', '0.00', '0.00', 'paid', '1', '2026-03-02 14:33:00', 'selesai', 'picked_up', '2026-03-02 15:37:17', '2026-03-02 12:15:14', '2026-03-02 12:38:00', '20', '16', '17', '1', '2026-03-02 11:39:41', '0', NULL, '2026-03-02 11:39:37', '2026-03-02 15:37:17', NULL, NULL);
INSERT INTO `orders` (`id`, `invoice_number`, `customer_id`, `customer_name`, `customer_phone`, `notes`, `total_price`, `paid_amount`, `change_amount`, `payment_status`, `is_credit`, `paid_at`, `production_status`, `pickup_status`, `picked_up_at`, `started_at`, `finished_at`, `designer_id`, `cashier_id`, `operator_id`, `spk_printed`, `spk_printed_at`, `is_cancelled`, `cancelled_at`, `created_at`, `updated_at`, `cancelled_by`, `cancel_reason`) VALUES ('43', 'INV-20260302-0027', '22', 'Ernest', '082174754249', NULL, '0.00', '0.00', '0.00', 'unpaid', '1', NULL, 'pending', 'not_picked_up', NULL, NULL, NULL, '3', NULL, NULL, '1', '2026-03-02 11:39:57', '1', '2026-03-02 11:42:43', '2026-03-02 11:39:54', '2026-03-02 11:42:43', '8', 'mau ganti nama');
INSERT INTO `orders` (`id`, `invoice_number`, `customer_id`, `customer_name`, `customer_phone`, `notes`, `total_price`, `paid_amount`, `change_amount`, `payment_status`, `is_credit`, `paid_at`, `production_status`, `pickup_status`, `picked_up_at`, `started_at`, `finished_at`, `designer_id`, `cashier_id`, `operator_id`, `spk_printed`, `spk_printed_at`, `is_cancelled`, `cancelled_at`, `created_at`, `updated_at`, `cancelled_by`, `cancel_reason`) VALUES ('44', 'INV-20260302-0028', '15', 'Amazon', '085764093747', NULL, '101400.00', '0.00', '0.00', 'paid', '1', '2026-03-02 16:29:00', 'selesai', 'picked_up', '2026-03-02 15:32:37', '2026-03-02 11:58:12', '2026-03-02 12:00:08', '19', '16', '22', '1', '2026-03-03 16:46:46', '0', NULL, '2026-03-02 11:41:34', '2026-03-03 16:46:46', NULL, NULL);
INSERT INTO `orders` (`id`, `invoice_number`, `customer_id`, `customer_name`, `customer_phone`, `notes`, `total_price`, `paid_amount`, `change_amount`, `payment_status`, `is_credit`, `paid_at`, `production_status`, `pickup_status`, `picked_up_at`, `started_at`, `finished_at`, `designer_id`, `cashier_id`, `operator_id`, `spk_printed`, `spk_printed_at`, `is_cancelled`, `cancelled_at`, `created_at`, `updated_at`, `cancelled_by`, `cancel_reason`) VALUES ('45', 'INV-20260302-0029', '24', 'HIJAU ART', '082374810600', NULL, '15400.00', '0.00', '0.00', 'paid', '1', '2026-03-02 14:33:00', 'selesai', 'picked_up', '2026-03-02 15:37:10', '2026-03-02 12:02:08', '2026-03-02 12:04:39', '20', '16', '17', '1', '2026-03-02 11:45:38', '0', NULL, '2026-03-02 11:45:32', '2026-03-02 15:37:10', NULL, NULL);
INSERT INTO `orders` (`id`, `invoice_number`, `customer_id`, `customer_name`, `customer_phone`, `notes`, `total_price`, `paid_amount`, `change_amount`, `payment_status`, `is_credit`, `paid_at`, `production_status`, `pickup_status`, `picked_up_at`, `started_at`, `finished_at`, `designer_id`, `cashier_id`, `operator_id`, `spk_printed`, `spk_printed_at`, `is_cancelled`, `cancelled_at`, `created_at`, `updated_at`, `cancelled_by`, `cancel_reason`) VALUES ('46', 'INV-20260302-0030', '28', 'Reklame Katon', '081369542960', NULL, '90000.00', '90000.00', '0.00', 'paid', '1', '2026-03-02 16:24:32', 'selesai', 'picked_up', '2026-03-02 16:39:23', '2026-03-02 13:29:23', '2026-03-02 14:04:38', '3', '16', '6', '1', '2026-03-02 11:46:17', '0', NULL, '2026-03-02 11:46:14', '2026-03-02 16:39:23', NULL, NULL);
INSERT INTO `orders` (`id`, `invoice_number`, `customer_id`, `customer_name`, `customer_phone`, `notes`, `total_price`, `paid_amount`, `change_amount`, `payment_status`, `is_credit`, `paid_at`, `production_status`, `pickup_status`, `picked_up_at`, `started_at`, `finished_at`, `designer_id`, `cashier_id`, `operator_id`, `spk_printed`, `spk_printed_at`, `is_cancelled`, `cancelled_at`, `created_at`, `updated_at`, `cancelled_by`, `cancel_reason`) VALUES ('47', 'INV-20260302-0031', '25', 'VISUAL LAMPUNG', '085126649200', NULL, '129900.00', '0.00', '0.00', 'unpaid', '1', NULL, 'selesai', 'picked_up', '2026-03-02 16:39:46', '2026-03-02 14:24:48', '2026-03-02 15:03:44', '23', NULL, '22', '1', '2026-03-02 11:48:54', '0', NULL, '2026-03-02 11:47:26', '2026-03-02 16:39:46', NULL, NULL);
INSERT INTO `orders` (`id`, `invoice_number`, `customer_id`, `customer_name`, `customer_phone`, `notes`, `total_price`, `paid_amount`, `change_amount`, `payment_status`, `is_credit`, `paid_at`, `production_status`, `pickup_status`, `picked_up_at`, `started_at`, `finished_at`, `designer_id`, `cashier_id`, `operator_id`, `spk_printed`, `spk_printed_at`, `is_cancelled`, `cancelled_at`, `created_at`, `updated_at`, `cancelled_by`, `cancel_reason`) VALUES ('48', 'INV-20260302-0032', '22', 'Ernest', '082174754249', NULL, '90000.00', '0.00', '0.00', 'unpaid', '1', NULL, 'selesai', 'not_picked_up', NULL, '2026-03-02 13:38:38', '2026-03-02 14:53:14', '3', NULL, '6', '1', '2026-03-02 11:50:16', '0', NULL, '2026-03-02 11:50:11', '2026-03-02 14:53:14', NULL, NULL);
INSERT INTO `orders` (`id`, `invoice_number`, `customer_id`, `customer_name`, `customer_phone`, `notes`, `total_price`, `paid_amount`, `change_amount`, `payment_status`, `is_credit`, `paid_at`, `production_status`, `pickup_status`, `picked_up_at`, `started_at`, `finished_at`, `designer_id`, `cashier_id`, `operator_id`, `spk_printed`, `spk_printed_at`, `is_cancelled`, `cancelled_at`, `created_at`, `updated_at`, `cancelled_by`, `cancel_reason`) VALUES ('49', 'INV-20260302-0033', '32', 'WANGA', '081279233924', NULL, '25000.00', '0.00', '0.00', 'paid', '1', '2026-03-03 15:09:09', 'selesai', 'not_picked_up', NULL, '2026-03-02 12:16:13', '2026-03-02 14:53:04', '19', '16', '17', '1', '2026-03-02 11:51:29', '0', NULL, '2026-03-02 11:51:08', '2026-03-03 15:09:09', NULL, NULL);
INSERT INTO `orders` (`id`, `invoice_number`, `customer_id`, `customer_name`, `customer_phone`, `notes`, `total_price`, `paid_amount`, `change_amount`, `payment_status`, `is_credit`, `paid_at`, `production_status`, `pickup_status`, `picked_up_at`, `started_at`, `finished_at`, `designer_id`, `cashier_id`, `operator_id`, `spk_printed`, `spk_printed_at`, `is_cancelled`, `cancelled_at`, `created_at`, `updated_at`, `cancelled_by`, `cancel_reason`) VALUES ('50', 'INV-20260302-0034', '33', 'Adi jogja', '081377576651', NULL, '33800.00', '100000.00', '66200.00', 'paid', '1', '2026-03-02 14:16:44', 'selesai', 'picked_up', '2026-03-02 15:36:59', '2026-03-02 12:16:36', '2026-03-02 12:38:12', '3', '16', '17', '1', '2026-03-02 11:52:29', '0', NULL, '2026-03-02 11:52:25', '2026-03-02 15:36:59', NULL, NULL);
INSERT INTO `orders` (`id`, `invoice_number`, `customer_id`, `customer_name`, `customer_phone`, `notes`, `total_price`, `paid_amount`, `change_amount`, `payment_status`, `is_credit`, `paid_at`, `production_status`, `pickup_status`, `picked_up_at`, `started_at`, `finished_at`, `designer_id`, `cashier_id`, `operator_id`, `spk_printed`, `spk_printed_at`, `is_cancelled`, `cancelled_at`, `created_at`, `updated_at`, `cancelled_by`, `cancel_reason`) VALUES ('51', 'INV-20260302-0035', '34', 'Liuberty', '082281221806', NULL, '30000.00', '0.00', '0.00', 'unpaid', '1', NULL, 'selesai', 'not_picked_up', NULL, '2026-03-02 14:24:35', '2026-03-02 14:55:10', '3', NULL, '22', '1', '2026-03-02 11:55:58', '0', NULL, '2026-03-02 11:55:56', '2026-03-02 14:55:10', NULL, NULL);
INSERT INTO `orders` (`id`, `invoice_number`, `customer_id`, `customer_name`, `customer_phone`, `notes`, `total_price`, `paid_amount`, `change_amount`, `payment_status`, `is_credit`, `paid_at`, `production_status`, `pickup_status`, `picked_up_at`, `started_at`, `finished_at`, `designer_id`, `cashier_id`, `operator_id`, `spk_printed`, `spk_printed_at`, `is_cancelled`, `cancelled_at`, `created_at`, `updated_at`, `cancelled_by`, `cancel_reason`) VALUES ('52', 'INV-20260302-0036', '35', 'Mas Soleh', '083846921469', NULL, '20000.00', '0.00', '0.00', 'unpaid', '1', NULL, 'selesai', 'not_picked_up', NULL, '2026-03-02 12:16:45', '2026-03-02 14:53:07', '19', NULL, '17', '1', '2026-03-02 11:57:05', '0', NULL, '2026-03-02 11:57:03', '2026-03-02 14:53:07', NULL, NULL);
INSERT INTO `orders` (`id`, `invoice_number`, `customer_id`, `customer_name`, `customer_phone`, `notes`, `total_price`, `paid_amount`, `change_amount`, `payment_status`, `is_credit`, `paid_at`, `production_status`, `pickup_status`, `picked_up_at`, `started_at`, `finished_at`, `designer_id`, `cashier_id`, `operator_id`, `spk_printed`, `spk_printed_at`, `is_cancelled`, `cancelled_at`, `created_at`, `updated_at`, `cancelled_by`, `cancel_reason`) VALUES ('53', 'INV-20260302-0037', '34', 'Liuberty', '082281221806', NULL, '60000.00', '0.00', '0.00', 'unpaid', '1', NULL, 'selesai', 'not_picked_up', NULL, '2026-03-02 14:36:31', '2026-03-02 15:43:19', '3', NULL, '22', '1', '2026-03-02 11:57:49', '0', NULL, '2026-03-02 11:57:47', '2026-03-02 15:43:19', NULL, NULL);
INSERT INTO `orders` (`id`, `invoice_number`, `customer_id`, `customer_name`, `customer_phone`, `notes`, `total_price`, `paid_amount`, `change_amount`, `payment_status`, `is_credit`, `paid_at`, `production_status`, `pickup_status`, `picked_up_at`, `started_at`, `finished_at`, `designer_id`, `cashier_id`, `operator_id`, `spk_printed`, `spk_printed_at`, `is_cancelled`, `cancelled_at`, `created_at`, `updated_at`, `cancelled_by`, `cancel_reason`) VALUES ('54', 'INV-20260302-0038', '36', 'Jefran', '081228456808', NULL, '592450.00', '0.00', '0.00', 'unpaid', '1', NULL, 'selesai', 'not_picked_up', NULL, '2026-03-03 13:17:25', '2026-03-03 16:04:53', '3', NULL, '6', '1', '2026-03-02 12:00:57', '0', NULL, '2026-03-02 12:00:54', '2026-03-03 16:04:53', NULL, NULL);
INSERT INTO `orders` (`id`, `invoice_number`, `customer_id`, `customer_name`, `customer_phone`, `notes`, `total_price`, `paid_amount`, `change_amount`, `payment_status`, `is_credit`, `paid_at`, `production_status`, `pickup_status`, `picked_up_at`, `started_at`, `finished_at`, `designer_id`, `cashier_id`, `operator_id`, `spk_printed`, `spk_printed_at`, `is_cancelled`, `cancelled_at`, `created_at`, `updated_at`, `cancelled_by`, `cancel_reason`) VALUES ('55', 'INV-20260302-0039', '37', 'Septa N3', '087799642394', NULL, '25000.00', '25000.00', '0.00', 'paid', '1', '2026-03-02 15:05:31', 'selesai', 'not_picked_up', NULL, '2026-03-02 13:29:42', '2026-03-02 13:35:54', '19', '16', '17', '1', '2026-03-02 12:01:38', '0', NULL, '2026-03-02 12:01:36', '2026-03-02 15:05:31', NULL, NULL);
INSERT INTO `orders` (`id`, `invoice_number`, `customer_id`, `customer_name`, `customer_phone`, `notes`, `total_price`, `paid_amount`, `change_amount`, `payment_status`, `is_credit`, `paid_at`, `production_status`, `pickup_status`, `picked_up_at`, `started_at`, `finished_at`, `designer_id`, `cashier_id`, `operator_id`, `spk_printed`, `spk_printed_at`, `is_cancelled`, `cancelled_at`, `created_at`, `updated_at`, `cancelled_by`, `cancel_reason`) VALUES ('56', 'INV-20260302-0040', '39', 'Faiz Cetak Cetik', '08974134859', NULL, '7800.00', '50000.00', '42200.00', 'paid', '1', '2026-03-02 13:35:23', 'selesai', 'picked_up', '2026-03-02 15:36:48', '2026-03-02 12:26:46', '2026-03-02 12:38:39', '3', '16', '17', '1', '2026-03-02 12:03:03', '0', NULL, '2026-03-02 12:03:01', '2026-03-02 15:36:48', NULL, NULL);
INSERT INTO `orders` (`id`, `invoice_number`, `customer_id`, `customer_name`, `customer_phone`, `notes`, `total_price`, `paid_amount`, `change_amount`, `payment_status`, `is_credit`, `paid_at`, `production_status`, `pickup_status`, `picked_up_at`, `started_at`, `finished_at`, `designer_id`, `cashier_id`, `operator_id`, `spk_printed`, `spk_printed_at`, `is_cancelled`, `cancelled_at`, `created_at`, `updated_at`, `cancelled_by`, `cancel_reason`) VALUES ('57', 'INV-20260302-0041', '38', 'BAGUS RAMADI', '085161320851', NULL, '217000.00', '217000.00', '0.00', 'paid', '1', '2026-03-02 17:05:28', 'selesai', 'not_picked_up', NULL, '2026-03-02 12:24:19', '2026-03-02 16:09:26', '23', '16', '17', '1', '2026-03-02 12:05:20', '0', NULL, '2026-03-02 12:04:00', '2026-03-02 17:05:28', NULL, NULL);
INSERT INTO `orders` (`id`, `invoice_number`, `customer_id`, `customer_name`, `customer_phone`, `notes`, `total_price`, `paid_amount`, `change_amount`, `payment_status`, `is_credit`, `paid_at`, `production_status`, `pickup_status`, `picked_up_at`, `started_at`, `finished_at`, `designer_id`, `cashier_id`, `operator_id`, `spk_printed`, `spk_printed_at`, `is_cancelled`, `cancelled_at`, `created_at`, `updated_at`, `cancelled_by`, `cancel_reason`) VALUES ('58', 'INV-20260302-0042', '40', 'Mulyadi', '081369513500', NULL, '45000.00', '50000.00', '5000.00', 'paid', '1', '2026-03-03 13:58:43', 'selesai', 'not_picked_up', NULL, '2026-03-02 14:38:38', '2026-03-02 14:55:35', '19', '16', '22', '1', '2026-03-02 12:04:37', '0', NULL, '2026-03-02 12:04:35', '2026-03-03 13:58:43', NULL, NULL);
INSERT INTO `orders` (`id`, `invoice_number`, `customer_id`, `customer_name`, `customer_phone`, `notes`, `total_price`, `paid_amount`, `change_amount`, `payment_status`, `is_credit`, `paid_at`, `production_status`, `pickup_status`, `picked_up_at`, `started_at`, `finished_at`, `designer_id`, `cashier_id`, `operator_id`, `spk_printed`, `spk_printed_at`, `is_cancelled`, `cancelled_at`, `created_at`, `updated_at`, `cancelled_by`, `cancel_reason`) VALUES ('59', 'INV-20260302-0043', '41', 'Firana Jaya', '081379808035', NULL, '74600.00', '100000.00', '25400.00', 'paid', '1', '2026-03-02 16:14:42', 'selesai', 'not_picked_up', NULL, '2026-03-02 15:55:10', '2026-03-02 15:55:34', '3', '16', '17', '1', '2026-03-02 12:06:27', '0', NULL, '2026-03-02 12:06:25', '2026-03-02 16:14:42', NULL, NULL);
INSERT INTO `orders` (`id`, `invoice_number`, `customer_id`, `customer_name`, `customer_phone`, `notes`, `total_price`, `paid_amount`, `change_amount`, `payment_status`, `is_credit`, `paid_at`, `production_status`, `pickup_status`, `picked_up_at`, `started_at`, `finished_at`, `designer_id`, `cashier_id`, `operator_id`, `spk_printed`, `spk_printed_at`, `is_cancelled`, `cancelled_at`, `created_at`, `updated_at`, `cancelled_by`, `cancel_reason`) VALUES ('60', 'INV-20260302-0044', '42', 'Tungku Ikol', '081379803660', NULL, '50000.00', '50000.00', '0.00', 'paid', '1', '2026-03-02 16:37:50', 'selesai', 'not_picked_up', NULL, '2026-03-02 13:31:50', '2026-03-02 14:53:11', '19', '16', '17', '1', '2026-03-02 12:08:36', '0', NULL, '2026-03-02 12:08:33', '2026-03-02 16:37:50', NULL, NULL);
INSERT INTO `orders` (`id`, `invoice_number`, `customer_id`, `customer_name`, `customer_phone`, `notes`, `total_price`, `paid_amount`, `change_amount`, `payment_status`, `is_credit`, `paid_at`, `production_status`, `pickup_status`, `picked_up_at`, `started_at`, `finished_at`, `designer_id`, `cashier_id`, `operator_id`, `spk_printed`, `spk_printed_at`, `is_cancelled`, `cancelled_at`, `created_at`, `updated_at`, `cancelled_by`, `cancel_reason`) VALUES ('61', 'INV-20260302-0045', '43', 'Something CO', '088274207004', NULL, '182400.00', '0.00', '0.00', 'unpaid', '1', NULL, 'selesai', 'not_picked_up', NULL, '2026-03-02 12:24:43', '2026-03-02 15:57:50', '3', NULL, '17', '1', '2026-03-02 12:08:56', '0', NULL, '2026-03-02 12:08:53', '2026-03-02 15:57:50', NULL, NULL);
INSERT INTO `orders` (`id`, `invoice_number`, `customer_id`, `customer_name`, `customer_phone`, `notes`, `total_price`, `paid_amount`, `change_amount`, `payment_status`, `is_credit`, `paid_at`, `production_status`, `pickup_status`, `picked_up_at`, `started_at`, `finished_at`, `designer_id`, `cashier_id`, `operator_id`, `spk_printed`, `spk_printed_at`, `is_cancelled`, `cancelled_at`, `created_at`, `updated_at`, `cancelled_by`, `cancel_reason`) VALUES ('62', 'INV-20260302-0046', '44', 'Fikri', '087818892684', NULL, '2600.00', '0.00', '0.00', 'paid', '1', '2026-03-03 13:28:19', 'selesai', 'not_picked_up', NULL, '2026-03-02 12:26:50', '2026-03-02 12:38:44', '3', '16', '17', '1', '2026-03-02 12:10:35', '0', NULL, '2026-03-02 12:10:33', '2026-03-03 13:28:19', NULL, NULL);
INSERT INTO `orders` (`id`, `invoice_number`, `customer_id`, `customer_name`, `customer_phone`, `notes`, `total_price`, `paid_amount`, `change_amount`, `payment_status`, `is_credit`, `paid_at`, `production_status`, `pickup_status`, `picked_up_at`, `started_at`, `finished_at`, `designer_id`, `cashier_id`, `operator_id`, `spk_printed`, `spk_printed_at`, `is_cancelled`, `cancelled_at`, `created_at`, `updated_at`, `cancelled_by`, `cancel_reason`) VALUES ('63', 'INV-20260302-0047', '45', 'WANNAGIVE', '0882002393632', NULL, '32800.00', '32800.00', '0.00', 'paid', '1', '2026-03-02 14:43:16', 'selesai', 'picked_up', '2026-03-02 14:55:29', '2026-03-02 13:10:12', '2026-03-02 14:21:09', '23', '16', '17', '1', '2026-03-02 12:36:17', '0', NULL, '2026-03-02 12:16:44', '2026-03-02 14:55:29', NULL, NULL);
INSERT INTO `orders` (`id`, `invoice_number`, `customer_id`, `customer_name`, `customer_phone`, `notes`, `total_price`, `paid_amount`, `change_amount`, `payment_status`, `is_credit`, `paid_at`, `production_status`, `pickup_status`, `picked_up_at`, `started_at`, `finished_at`, `designer_id`, `cashier_id`, `operator_id`, `spk_printed`, `spk_printed_at`, `is_cancelled`, `cancelled_at`, `created_at`, `updated_at`, `cancelled_by`, `cancel_reason`) VALUES ('64', 'INV-20260302-0048', '31', 'PANCA KALIANDA', '085379144966', NULL, '315000.00', '315000.00', '0.00', 'paid', '1', '2026-03-03 14:35:58', 'selesai', 'not_picked_up', NULL, '2026-03-02 17:03:02', '2026-03-03 10:27:28', '20', '16', '22', '1', '2026-03-02 12:50:51', '0', NULL, '2026-03-02 12:50:33', '2026-03-03 14:35:58', NULL, NULL);
INSERT INTO `orders` (`id`, `invoice_number`, `customer_id`, `customer_name`, `customer_phone`, `notes`, `total_price`, `paid_amount`, `change_amount`, `payment_status`, `is_credit`, `paid_at`, `production_status`, `pickup_status`, `picked_up_at`, `started_at`, `finished_at`, `designer_id`, `cashier_id`, `operator_id`, `spk_printed`, `spk_printed_at`, `is_cancelled`, `cancelled_at`, `created_at`, `updated_at`, `cancelled_by`, `cancel_reason`) VALUES ('65', 'INV-20260302-0049', '46', 'FITRAH', '08978993777', NULL, '140000.00', '140000.00', '0.00', 'paid', '1', '2026-03-02 13:09:49', 'selesai', 'not_picked_up', NULL, '2026-03-02 13:10:23', '2026-03-02 14:10:43', '20', '5', '17', '1', '2026-03-02 13:00:28', '0', NULL, '2026-03-02 13:00:18', '2026-03-02 14:10:43', NULL, NULL);
INSERT INTO `orders` (`id`, `invoice_number`, `customer_id`, `customer_name`, `customer_phone`, `notes`, `total_price`, `paid_amount`, `change_amount`, `payment_status`, `is_credit`, `paid_at`, `production_status`, `pickup_status`, `picked_up_at`, `started_at`, `finished_at`, `designer_id`, `cashier_id`, `operator_id`, `spk_printed`, `spk_printed_at`, `is_cancelled`, `cancelled_at`, `created_at`, `updated_at`, `cancelled_by`, `cancel_reason`) VALUES ('66', 'INV-20260302-0050', '47', 'Rudi Linda', '081274582482', NULL, '5000.00', '0.00', '0.00', 'unpaid', '1', NULL, 'pending', 'not_picked_up', NULL, NULL, NULL, '19', NULL, NULL, '1', '2026-03-02 13:02:20', '0', NULL, '2026-03-02 13:02:17', '2026-03-02 13:02:20', NULL, NULL);
INSERT INTO `orders` (`id`, `invoice_number`, `customer_id`, `customer_name`, `customer_phone`, `notes`, `total_price`, `paid_amount`, `change_amount`, `payment_status`, `is_credit`, `paid_at`, `production_status`, `pickup_status`, `picked_up_at`, `started_at`, `finished_at`, `designer_id`, `cashier_id`, `operator_id`, `spk_printed`, `spk_printed_at`, `is_cancelled`, `cancelled_at`, `created_at`, `updated_at`, `cancelled_by`, `cancel_reason`) VALUES ('67', 'INV-20260302-0051', '48', 'PAK RANA', '0895640319652', NULL, '4400.00', '5000.00', '600.00', 'paid', '1', '2026-03-02 13:31:01', 'selesai', 'not_picked_up', NULL, '2026-03-02 14:14:31', '2026-03-02 14:21:58', '20', '16', '17', '1', '2026-03-02 13:04:10', '0', NULL, '2026-03-02 13:04:06', '2026-03-02 14:21:58', NULL, NULL);
INSERT INTO `orders` (`id`, `invoice_number`, `customer_id`, `customer_name`, `customer_phone`, `notes`, `total_price`, `paid_amount`, `change_amount`, `payment_status`, `is_credit`, `paid_at`, `production_status`, `pickup_status`, `picked_up_at`, `started_at`, `finished_at`, `designer_id`, `cashier_id`, `operator_id`, `spk_printed`, `spk_printed_at`, `is_cancelled`, `cancelled_at`, `created_at`, `updated_at`, `cancelled_by`, `cancel_reason`) VALUES ('68', 'INV-20260302-0052', '49', 'Imam Qomarudin', '082373411012', NULL, '52000.00', '52000.00', '0.00', 'paid', '1', '2026-03-02 15:05:00', 'selesai', 'picked_up', '2026-03-02 15:36:25', '2026-03-02 13:10:31', '2026-03-02 14:21:13', '19', '16', '17', '1', '2026-03-02 13:04:50', '0', NULL, '2026-03-02 13:04:47', '2026-03-02 15:36:25', NULL, NULL);
INSERT INTO `orders` (`id`, `invoice_number`, `customer_id`, `customer_name`, `customer_phone`, `notes`, `total_price`, `paid_amount`, `change_amount`, `payment_status`, `is_credit`, `paid_at`, `production_status`, `pickup_status`, `picked_up_at`, `started_at`, `finished_at`, `designer_id`, `cashier_id`, `operator_id`, `spk_printed`, `spk_printed_at`, `is_cancelled`, `cancelled_at`, `created_at`, `updated_at`, `cancelled_by`, `cancel_reason`) VALUES ('69', 'INV-20260302-0053', '50', 'Ivana', '089601024724', NULL, '10400.00', '50000.00', '39600.00', 'paid', '1', '2026-03-02 16:15:49', 'selesai', 'not_picked_up', NULL, '2026-03-02 14:14:36', '2026-03-02 14:22:01', '19', '16', '17', '1', '2026-03-02 13:06:23', '0', NULL, '2026-03-02 13:06:21', '2026-03-02 16:15:49', NULL, NULL);
INSERT INTO `orders` (`id`, `invoice_number`, `customer_id`, `customer_name`, `customer_phone`, `notes`, `total_price`, `paid_amount`, `change_amount`, `payment_status`, `is_credit`, `paid_at`, `production_status`, `pickup_status`, `picked_up_at`, `started_at`, `finished_at`, `designer_id`, `cashier_id`, `operator_id`, `spk_printed`, `spk_printed_at`, `is_cancelled`, `cancelled_at`, `created_at`, `updated_at`, `cancelled_by`, `cancel_reason`) VALUES ('70', 'INV-20260302-0054', '52', 'DPRIMACOM', '085892781956', NULL, '15000.00', '0.00', '0.00', 'paid', '1', '2026-03-03 15:12:05', 'selesai', 'not_picked_up', NULL, '2026-03-02 15:18:44', '2026-03-02 15:47:21', '20', '16', '22', '1', '2026-03-02 13:07:57', '0', NULL, '2026-03-02 13:07:38', '2026-03-03 15:12:05', NULL, NULL);
INSERT INTO `orders` (`id`, `invoice_number`, `customer_id`, `customer_name`, `customer_phone`, `notes`, `total_price`, `paid_amount`, `change_amount`, `payment_status`, `is_credit`, `paid_at`, `production_status`, `pickup_status`, `picked_up_at`, `started_at`, `finished_at`, `designer_id`, `cashier_id`, `operator_id`, `spk_printed`, `spk_printed_at`, `is_cancelled`, `cancelled_at`, `created_at`, `updated_at`, `cancelled_by`, `cancel_reason`) VALUES ('71', 'INV-20260302-0055', '51', 'Fadil ERKA', '082374883069', NULL, '105300.00', '0.00', '0.00', 'unpaid', '1', NULL, 'selesai', 'not_picked_up', NULL, '2026-03-02 14:01:21', '2026-03-02 14:25:28', '3', NULL, '17', '1', '2026-03-02 13:07:57', '0', NULL, '2026-03-02 13:07:53', '2026-03-02 14:25:28', NULL, NULL);
INSERT INTO `orders` (`id`, `invoice_number`, `customer_id`, `customer_name`, `customer_phone`, `notes`, `total_price`, `paid_amount`, `change_amount`, `payment_status`, `is_credit`, `paid_at`, `production_status`, `pickup_status`, `picked_up_at`, `started_at`, `finished_at`, `designer_id`, `cashier_id`, `operator_id`, `spk_printed`, `spk_printed_at`, `is_cancelled`, `cancelled_at`, `created_at`, `updated_at`, `cancelled_by`, `cancel_reason`) VALUES ('72', 'INV-20260302-0056', '52', 'DPRIMACOM', '085892781956', NULL, '56250.00', '0.00', '0.00', 'paid', '1', '2026-03-03 15:12:05', 'selesai', 'not_picked_up', NULL, '2026-03-02 15:19:32', '2026-03-02 15:47:55', '20', '16', '22', '1', '2026-03-02 13:10:26', '0', NULL, '2026-03-02 13:10:09', '2026-03-03 15:12:05', NULL, NULL);
INSERT INTO `orders` (`id`, `invoice_number`, `customer_id`, `customer_name`, `customer_phone`, `notes`, `total_price`, `paid_amount`, `change_amount`, `payment_status`, `is_credit`, `paid_at`, `production_status`, `pickup_status`, `picked_up_at`, `started_at`, `finished_at`, `designer_id`, `cashier_id`, `operator_id`, `spk_printed`, `spk_printed_at`, `is_cancelled`, `cancelled_at`, `created_at`, `updated_at`, `cancelled_by`, `cancel_reason`) VALUES ('73', 'INV-20260302-0057', '53', 'Septa', '082183506659', NULL, '250000.00', '0.00', '0.00', 'paid', '1', '2026-03-03 13:20:47', 'selesai', 'not_picked_up', NULL, '2026-03-02 15:14:13', '2026-03-02 15:17:32', '19', '16', '17', '1', '2026-03-02 13:12:40', '0', NULL, '2026-03-02 13:12:35', '2026-03-03 13:20:47', NULL, NULL);
INSERT INTO `orders` (`id`, `invoice_number`, `customer_id`, `customer_name`, `customer_phone`, `notes`, `total_price`, `paid_amount`, `change_amount`, `payment_status`, `is_credit`, `paid_at`, `production_status`, `pickup_status`, `picked_up_at`, `started_at`, `finished_at`, `designer_id`, `cashier_id`, `operator_id`, `spk_printed`, `spk_printed_at`, `is_cancelled`, `cancelled_at`, `created_at`, `updated_at`, `cancelled_by`, `cancel_reason`) VALUES ('74', 'INV-20260302-0058', '54', 'Riga Wafi', '085155251223', NULL, '12100.00', '20000.00', '7900.00', 'paid', '1', '2026-03-02 15:23:51', 'pending', 'not_picked_up', NULL, NULL, NULL, '3', '16', NULL, '1', '2026-03-02 13:13:10', '0', NULL, '2026-03-02 13:13:07', '2026-03-02 15:23:51', NULL, NULL);
INSERT INTO `orders` (`id`, `invoice_number`, `customer_id`, `customer_name`, `customer_phone`, `notes`, `total_price`, `paid_amount`, `change_amount`, `payment_status`, `is_credit`, `paid_at`, `production_status`, `pickup_status`, `picked_up_at`, `started_at`, `finished_at`, `designer_id`, `cashier_id`, `operator_id`, `spk_printed`, `spk_printed_at`, `is_cancelled`, `cancelled_at`, `created_at`, `updated_at`, `cancelled_by`, `cancel_reason`) VALUES ('75', 'INV-20260302-0059', '55', 'SISKA RESTU', '089523213472', NULL, '192000.00', '0.00', '0.00', 'unpaid', '1', NULL, 'selesai', 'not_picked_up', NULL, '2026-03-02 14:14:48', '2026-03-03 10:37:01', '23', NULL, '17', '1', '2026-03-02 13:18:04', '0', NULL, '2026-03-02 13:17:30', '2026-03-03 10:37:01', NULL, NULL);
INSERT INTO `orders` (`id`, `invoice_number`, `customer_id`, `customer_name`, `customer_phone`, `notes`, `total_price`, `paid_amount`, `change_amount`, `payment_status`, `is_credit`, `paid_at`, `production_status`, `pickup_status`, `picked_up_at`, `started_at`, `finished_at`, `designer_id`, `cashier_id`, `operator_id`, `spk_printed`, `spk_printed_at`, `is_cancelled`, `cancelled_at`, `created_at`, `updated_at`, `cancelled_by`, `cancel_reason`) VALUES ('76', 'INV-20260302-0060', '57', 'Agung Rk', '085731559701', NULL, '24200.00', '0.00', '0.00', 'unpaid', '1', NULL, 'proses_cetak', 'not_picked_up', NULL, '2026-03-03 14:05:03', NULL, '19', NULL, '17', '1', '2026-03-02 13:20:44', '0', NULL, '2026-03-02 13:20:42', '2026-03-03 14:05:03', NULL, NULL);
INSERT INTO `orders` (`id`, `invoice_number`, `customer_id`, `customer_name`, `customer_phone`, `notes`, `total_price`, `paid_amount`, `change_amount`, `payment_status`, `is_credit`, `paid_at`, `production_status`, `pickup_status`, `picked_up_at`, `started_at`, `finished_at`, `designer_id`, `cashier_id`, `operator_id`, `spk_printed`, `spk_printed_at`, `is_cancelled`, `cancelled_at`, `created_at`, `updated_at`, `cancelled_by`, `cancel_reason`) VALUES ('77', 'INV-20260302-0061', '52', 'DPRIMACOM', '085892781956', NULL, '30000.00', '0.00', '0.00', 'paid', '1', '2026-03-03 15:12:05', 'selesai', 'not_picked_up', NULL, '2026-03-02 15:19:04', '2026-03-02 15:47:37', '20', '16', '22', '1', '2026-03-02 13:24:29', '0', NULL, '2026-03-02 13:24:06', '2026-03-03 15:12:05', NULL, NULL);
INSERT INTO `orders` (`id`, `invoice_number`, `customer_id`, `customer_name`, `customer_phone`, `notes`, `total_price`, `paid_amount`, `change_amount`, `payment_status`, `is_credit`, `paid_at`, `production_status`, `pickup_status`, `picked_up_at`, `started_at`, `finished_at`, `designer_id`, `cashier_id`, `operator_id`, `spk_printed`, `spk_printed_at`, `is_cancelled`, `cancelled_at`, `created_at`, `updated_at`, `cancelled_by`, `cancel_reason`) VALUES ('78', 'INV-20260302-0062', '56', 'SI MANIS', '085121317056', NULL, '36300.00', '36300.00', '0.00', 'paid', '1', '2026-03-02 17:05:56', 'selesai', 'not_picked_up', NULL, '2026-03-02 14:00:37', '2026-03-02 14:10:59', '23', '16', '17', '1', '2026-03-02 13:26:00', '0', NULL, '2026-03-02 13:25:56', '2026-03-02 17:05:56', NULL, NULL);
INSERT INTO `orders` (`id`, `invoice_number`, `customer_id`, `customer_name`, `customer_phone`, `notes`, `total_price`, `paid_amount`, `change_amount`, `payment_status`, `is_credit`, `paid_at`, `production_status`, `pickup_status`, `picked_up_at`, `started_at`, `finished_at`, `designer_id`, `cashier_id`, `operator_id`, `spk_printed`, `spk_printed_at`, `is_cancelled`, `cancelled_at`, `created_at`, `updated_at`, `cancelled_by`, `cancel_reason`) VALUES ('79', 'INV-20260302-0063', '59', 'Firman', '089524287106', NULL, '30000.00', '0.00', '0.00', 'paid', '1', '2026-03-03 11:58:41', 'selesai', 'not_picked_up', NULL, '2026-03-02 15:50:06', '2026-03-02 15:50:25', '19', '16', '17', '1', '2026-03-02 13:30:11', '0', NULL, '2026-03-02 13:30:08', '2026-03-03 11:58:41', NULL, NULL);
INSERT INTO `orders` (`id`, `invoice_number`, `customer_id`, `customer_name`, `customer_phone`, `notes`, `total_price`, `paid_amount`, `change_amount`, `payment_status`, `is_credit`, `paid_at`, `production_status`, `pickup_status`, `picked_up_at`, `started_at`, `finished_at`, `designer_id`, `cashier_id`, `operator_id`, `spk_printed`, `spk_printed_at`, `is_cancelled`, `cancelled_at`, `created_at`, `updated_at`, `cancelled_by`, `cancel_reason`) VALUES ('80', 'INV-20260302-0064', '53', 'Septa', '082183506659', NULL, '211650.00', '0.00', '0.00', 'paid', '1', '2026-03-03 13:20:47', 'selesai', 'not_picked_up', NULL, '2026-03-02 16:13:08', '2026-03-03 09:24:54', '3', '16', '6', '1', '2026-03-02 13:31:26', '0', NULL, '2026-03-02 13:31:21', '2026-03-03 13:20:47', NULL, NULL);
INSERT INTO `orders` (`id`, `invoice_number`, `customer_id`, `customer_name`, `customer_phone`, `notes`, `total_price`, `paid_amount`, `change_amount`, `payment_status`, `is_credit`, `paid_at`, `production_status`, `pickup_status`, `picked_up_at`, `started_at`, `finished_at`, `designer_id`, `cashier_id`, `operator_id`, `spk_printed`, `spk_printed_at`, `is_cancelled`, `cancelled_at`, `created_at`, `updated_at`, `cancelled_by`, `cancel_reason`) VALUES ('81', 'INV-20260302-0065', '60', 'BELLA MUSTIKA', '62 821-8222-4422', NULL, '53000.00', '53000.00', '0.00', 'paid', '1', '2026-03-03 15:43:30', 'selesai', 'not_picked_up', NULL, '2026-03-02 15:07:47', '2026-03-02 15:07:56', '20', '16', '17', '1', '2026-03-02 13:39:21', '0', NULL, '2026-03-02 13:39:18', '2026-03-03 15:43:30', NULL, NULL);
INSERT INTO `orders` (`id`, `invoice_number`, `customer_id`, `customer_name`, `customer_phone`, `notes`, `total_price`, `paid_amount`, `change_amount`, `payment_status`, `is_credit`, `paid_at`, `production_status`, `pickup_status`, `picked_up_at`, `started_at`, `finished_at`, `designer_id`, `cashier_id`, `operator_id`, `spk_printed`, `spk_printed_at`, `is_cancelled`, `cancelled_at`, `created_at`, `updated_at`, `cancelled_by`, `cancel_reason`) VALUES ('82', 'INV-20260302-0066', '32', 'WANGA', '081279233924', NULL, '40000.00', '0.00', '0.00', 'paid', '1', '2026-03-03 15:09:09', 'selesai', 'not_picked_up', NULL, '2026-03-02 15:53:32', '2026-03-02 15:53:42', '19', '16', '17', '1', '2026-03-02 13:42:47', '0', NULL, '2026-03-02 13:41:20', '2026-03-03 15:09:09', NULL, NULL);
INSERT INTO `orders` (`id`, `invoice_number`, `customer_id`, `customer_name`, `customer_phone`, `notes`, `total_price`, `paid_amount`, `change_amount`, `payment_status`, `is_credit`, `paid_at`, `production_status`, `pickup_status`, `picked_up_at`, `started_at`, `finished_at`, `designer_id`, `cashier_id`, `operator_id`, `spk_printed`, `spk_printed_at`, `is_cancelled`, `cancelled_at`, `created_at`, `updated_at`, `cancelled_by`, `cancel_reason`) VALUES ('83', 'INV-20260302-0067', '61', 'AZKA', '08980998910', NULL, '120000.00', '0.00', '0.00', 'unpaid', '1', NULL, 'selesai', 'not_picked_up', NULL, '2026-03-02 14:14:54', '2026-03-02 14:22:10', '20', NULL, '17', '1', '2026-03-02 13:44:04', '0', NULL, '2026-03-02 13:43:58', '2026-03-02 14:22:10', NULL, NULL);
INSERT INTO `orders` (`id`, `invoice_number`, `customer_id`, `customer_name`, `customer_phone`, `notes`, `total_price`, `paid_amount`, `change_amount`, `payment_status`, `is_credit`, `paid_at`, `production_status`, `pickup_status`, `picked_up_at`, `started_at`, `finished_at`, `designer_id`, `cashier_id`, `operator_id`, `spk_printed`, `spk_printed_at`, `is_cancelled`, `cancelled_at`, `created_at`, `updated_at`, `cancelled_by`, `cancel_reason`) VALUES ('84', 'INV-20260302-0068', '63', 'Roni', '089692479247', NULL, '147000.00', '147000.00', '0.00', 'paid', '1', '2026-03-02 17:04:31', 'selesai', 'not_picked_up', NULL, '2026-03-02 14:14:58', '2026-03-02 14:22:13', '19', '16', '17', '1', '2026-03-02 13:49:18', '0', NULL, '2026-03-02 13:49:10', '2026-03-02 17:04:31', NULL, NULL);
INSERT INTO `orders` (`id`, `invoice_number`, `customer_id`, `customer_name`, `customer_phone`, `notes`, `total_price`, `paid_amount`, `change_amount`, `payment_status`, `is_credit`, `paid_at`, `production_status`, `pickup_status`, `picked_up_at`, `started_at`, `finished_at`, `designer_id`, `cashier_id`, `operator_id`, `spk_printed`, `spk_printed_at`, `is_cancelled`, `cancelled_at`, `created_at`, `updated_at`, `cancelled_by`, `cancel_reason`) VALUES ('85', 'INV-20260302-0069', '65', 'Mitra Mas', '085100528288', NULL, '18000.00', '20000.00', '2000.00', 'paid', '1', '2026-03-02 14:00:16', 'selesai', 'picked_up', '2026-03-02 15:36:02', '2026-03-02 14:15:01', '2026-03-02 14:22:17', '3', '16', '17', '1', '2026-03-03 16:46:35', '0', NULL, '2026-03-02 13:51:59', '2026-03-03 16:46:35', NULL, NULL);
INSERT INTO `orders` (`id`, `invoice_number`, `customer_id`, `customer_name`, `customer_phone`, `notes`, `total_price`, `paid_amount`, `change_amount`, `payment_status`, `is_credit`, `paid_at`, `production_status`, `pickup_status`, `picked_up_at`, `started_at`, `finished_at`, `designer_id`, `cashier_id`, `operator_id`, `spk_printed`, `spk_printed_at`, `is_cancelled`, `cancelled_at`, `created_at`, `updated_at`, `cancelled_by`, `cancel_reason`) VALUES ('86', 'INV-20260302-0070', '62', 'Chia', '085771943102', NULL, '10000.00', '10000.00', '0.00', 'paid', '1', '2026-03-02 16:18:21', 'selesai', 'not_picked_up', NULL, '2026-03-02 15:51:07', '2026-03-02 15:51:20', '19', '16', '17', '1', '2026-03-02 13:55:17', '0', NULL, '2026-03-02 13:55:15', '2026-03-02 16:18:21', NULL, NULL);
INSERT INTO `orders` (`id`, `invoice_number`, `customer_id`, `customer_name`, `customer_phone`, `notes`, `total_price`, `paid_amount`, `change_amount`, `payment_status`, `is_credit`, `paid_at`, `production_status`, `pickup_status`, `picked_up_at`, `started_at`, `finished_at`, `designer_id`, `cashier_id`, `operator_id`, `spk_printed`, `spk_printed_at`, `is_cancelled`, `cancelled_at`, `created_at`, `updated_at`, `cancelled_by`, `cancel_reason`) VALUES ('87', 'INV-20260302-0071', '43', 'Something CO', '088274207004', NULL, '36300.00', '0.00', '0.00', 'unpaid', '1', NULL, 'selesai', 'not_picked_up', NULL, '2026-03-02 14:15:07', '2026-03-02 14:22:20', '3', NULL, '17', '1', '2026-03-02 13:58:22', '0', NULL, '2026-03-02 13:58:19', '2026-03-02 14:22:20', NULL, NULL);
INSERT INTO `orders` (`id`, `invoice_number`, `customer_id`, `customer_name`, `customer_phone`, `notes`, `total_price`, `paid_amount`, `change_amount`, `payment_status`, `is_credit`, `paid_at`, `production_status`, `pickup_status`, `picked_up_at`, `started_at`, `finished_at`, `designer_id`, `cashier_id`, `operator_id`, `spk_printed`, `spk_printed_at`, `is_cancelled`, `cancelled_at`, `created_at`, `updated_at`, `cancelled_by`, `cancel_reason`) VALUES ('88', 'INV-20260302-0072', '64', 'Abu Maryam', '0895620635171', NULL, '21900.00', '21900.00', '0.00', 'paid', '1', '2026-03-02 16:23:02', 'selesai', 'picked_up', '2026-03-02 15:54:24', '2026-03-02 15:48:44', '2026-03-02 15:49:05', '19', '16', '17', '1', '2026-03-02 14:03:19', '0', NULL, '2026-03-02 14:03:17', '2026-03-02 16:23:02', NULL, NULL);
INSERT INTO `orders` (`id`, `invoice_number`, `customer_id`, `customer_name`, `customer_phone`, `notes`, `total_price`, `paid_amount`, `change_amount`, `payment_status`, `is_credit`, `paid_at`, `production_status`, `pickup_status`, `picked_up_at`, `started_at`, `finished_at`, `designer_id`, `cashier_id`, `operator_id`, `spk_printed`, `spk_printed_at`, `is_cancelled`, `cancelled_at`, `created_at`, `updated_at`, `cancelled_by`, `cancel_reason`) VALUES ('89', 'INV-20260302-0073', '66', 'RB GRAFIKA', '082184483004', NULL, '526500.00', '526500.00', '0.00', 'paid', '1', '2026-03-03 16:34:35', 'selesai', 'not_picked_up', NULL, '2026-03-02 15:00:58', '2026-03-03 10:37:06', '23', '16', '17', '1', '2026-03-02 14:04:49', '0', NULL, '2026-03-02 14:04:47', '2026-03-03 16:34:35', NULL, NULL);
INSERT INTO `orders` (`id`, `invoice_number`, `customer_id`, `customer_name`, `customer_phone`, `notes`, `total_price`, `paid_amount`, `change_amount`, `payment_status`, `is_credit`, `paid_at`, `production_status`, `pickup_status`, `picked_up_at`, `started_at`, `finished_at`, `designer_id`, `cashier_id`, `operator_id`, `spk_printed`, `spk_printed_at`, `is_cancelled`, `cancelled_at`, `created_at`, `updated_at`, `cancelled_by`, `cancel_reason`) VALUES ('90', 'INV-20260302-0074', '59', 'Firman', '089524287106', NULL, '307500.00', '0.00', '0.00', 'paid', '1', '2026-03-03 11:58:41', 'selesai', 'picked_up', '2026-03-02 16:40:09', '2026-03-02 15:45:06', '2026-03-02 16:18:58', '19', '16', '22', '1', '2026-03-02 14:10:12', '0', NULL, '2026-03-02 14:10:00', '2026-03-03 11:58:41', NULL, NULL);
INSERT INTO `orders` (`id`, `invoice_number`, `customer_id`, `customer_name`, `customer_phone`, `notes`, `total_price`, `paid_amount`, `change_amount`, `payment_status`, `is_credit`, `paid_at`, `production_status`, `pickup_status`, `picked_up_at`, `started_at`, `finished_at`, `designer_id`, `cashier_id`, `operator_id`, `spk_printed`, `spk_printed_at`, `is_cancelled`, `cancelled_at`, `created_at`, `updated_at`, `cancelled_by`, `cancel_reason`) VALUES ('91', 'INV-20260302-0075', '68', 'BOCUP', '088267076005', NULL, '17500.00', '17500.00', '0.00', 'paid', '1', '2026-03-02 16:04:34', 'selesai', 'picked_up', '2026-03-02 16:37:06', '2026-03-02 15:01:04', '2026-03-02 15:03:10', '20', '5', '17', '1', '2026-03-02 14:10:33', '0', NULL, '2026-03-02 14:10:26', '2026-03-02 16:37:06', NULL, NULL);
INSERT INTO `orders` (`id`, `invoice_number`, `customer_id`, `customer_name`, `customer_phone`, `notes`, `total_price`, `paid_amount`, `change_amount`, `payment_status`, `is_credit`, `paid_at`, `production_status`, `pickup_status`, `picked_up_at`, `started_at`, `finished_at`, `designer_id`, `cashier_id`, `operator_id`, `spk_printed`, `spk_printed_at`, `is_cancelled`, `cancelled_at`, `created_at`, `updated_at`, `cancelled_by`, `cancel_reason`) VALUES ('92', 'INV-20260302-0076', '67', 'Yogi Grafika', '082182136011', NULL, '2600.00', '3997.00', '1397.00', 'paid', '1', '2026-03-02 14:35:00', 'selesai', 'picked_up', '2026-03-02 15:35:40', '2026-03-02 14:15:30', '2026-03-02 14:22:24', '19', '16', '17', '1', '2026-03-02 14:12:05', '0', NULL, '2026-03-02 14:12:02', '2026-03-02 15:35:40', NULL, NULL);
INSERT INTO `orders` (`id`, `invoice_number`, `customer_id`, `customer_name`, `customer_phone`, `notes`, `total_price`, `paid_amount`, `change_amount`, `payment_status`, `is_credit`, `paid_at`, `production_status`, `pickup_status`, `picked_up_at`, `started_at`, `finished_at`, `designer_id`, `cashier_id`, `operator_id`, `spk_printed`, `spk_printed_at`, `is_cancelled`, `cancelled_at`, `created_at`, `updated_at`, `cancelled_by`, `cancel_reason`) VALUES ('93', 'INV-20260302-0077', '14', 'UBAY', '081271414966', NULL, '15000.00', '0.00', '0.00', 'unpaid', '1', NULL, 'selesai', 'not_picked_up', NULL, '2026-03-03 10:07:14', '2026-03-03 10:44:01', '19', NULL, '22', '1', '2026-03-02 14:15:54', '0', NULL, '2026-03-02 14:15:48', '2026-03-03 10:44:01', NULL, NULL);
INSERT INTO `orders` (`id`, `invoice_number`, `customer_id`, `customer_name`, `customer_phone`, `notes`, `total_price`, `paid_amount`, `change_amount`, `payment_status`, `is_credit`, `paid_at`, `production_status`, `pickup_status`, `picked_up_at`, `started_at`, `finished_at`, `designer_id`, `cashier_id`, `operator_id`, `spk_printed`, `spk_printed_at`, `is_cancelled`, `cancelled_at`, `created_at`, `updated_at`, `cancelled_by`, `cancel_reason`) VALUES ('94', 'INV-20260302-0078', '69', 'PUJI', 'puji 0895804690101', NULL, '33000.00', '0.00', '0.00', 'paid', '1', '2026-03-03 10:24:24', 'selesai', 'not_picked_up', NULL, '2026-03-02 15:01:10', '2026-03-02 15:03:13', '20', '16', '17', '1', '2026-03-02 14:16:13', '0', NULL, '2026-03-02 14:16:09', '2026-03-03 10:24:24', NULL, NULL);
INSERT INTO `orders` (`id`, `invoice_number`, `customer_id`, `customer_name`, `customer_phone`, `notes`, `total_price`, `paid_amount`, `change_amount`, `payment_status`, `is_credit`, `paid_at`, `production_status`, `pickup_status`, `picked_up_at`, `started_at`, `finished_at`, `designer_id`, `cashier_id`, `operator_id`, `spk_printed`, `spk_printed_at`, `is_cancelled`, `cancelled_at`, `created_at`, `updated_at`, `cancelled_by`, `cancel_reason`) VALUES ('95', 'INV-20260302-0079', '70', 'Rohimin Al Ansor', '082125890318', NULL, '1040000.00', '1040000.00', '0.00', 'paid', '1', '2026-03-02 15:04:24', 'selesai', 'not_picked_up', NULL, '2026-03-03 12:00:23', '2026-03-03 12:01:19', '19', '16', '17', '1', '2026-03-02 14:20:51', '0', NULL, '2026-03-02 14:20:43', '2026-03-03 12:01:19', NULL, NULL);
INSERT INTO `orders` (`id`, `invoice_number`, `customer_id`, `customer_name`, `customer_phone`, `notes`, `total_price`, `paid_amount`, `change_amount`, `payment_status`, `is_credit`, `paid_at`, `production_status`, `pickup_status`, `picked_up_at`, `started_at`, `finished_at`, `designer_id`, `cashier_id`, `operator_id`, `spk_printed`, `spk_printed_at`, `is_cancelled`, `cancelled_at`, `created_at`, `updated_at`, `cancelled_by`, `cancel_reason`) VALUES ('96', 'INV-20260302-0080', '20', 'RIAS PRINTING', '082281106682', NULL, '11600.00', '0.00', '0.00', 'paid', '1', '2026-03-03 16:42:50', 'selesai', 'not_picked_up', NULL, '2026-03-02 15:09:07', '2026-03-02 15:09:20', '3', '5', '17', '1', '2026-03-02 14:23:48', '0', NULL, '2026-03-02 14:23:45', '2026-03-03 16:42:50', NULL, NULL);
INSERT INTO `orders` (`id`, `invoice_number`, `customer_id`, `customer_name`, `customer_phone`, `notes`, `total_price`, `paid_amount`, `change_amount`, `payment_status`, `is_credit`, `paid_at`, `production_status`, `pickup_status`, `picked_up_at`, `started_at`, `finished_at`, `designer_id`, `cashier_id`, `operator_id`, `spk_printed`, `spk_printed_at`, `is_cancelled`, `cancelled_at`, `created_at`, `updated_at`, `cancelled_by`, `cancel_reason`) VALUES ('97', 'INV-20260302-0081', '69', 'PUJI', 'puji 0895804690101', NULL, '50000.00', '0.00', '0.00', 'paid', '1', '2026-03-03 10:24:24', 'selesai', 'not_picked_up', NULL, '2026-03-03 10:16:35', '2026-03-03 10:16:41', '20', '16', '17', '1', '2026-03-02 14:32:52', '0', NULL, '2026-03-02 14:32:49', '2026-03-03 10:24:24', NULL, NULL);
INSERT INTO `orders` (`id`, `invoice_number`, `customer_id`, `customer_name`, `customer_phone`, `notes`, `total_price`, `paid_amount`, `change_amount`, `payment_status`, `is_credit`, `paid_at`, `production_status`, `pickup_status`, `picked_up_at`, `started_at`, `finished_at`, `designer_id`, `cashier_id`, `operator_id`, `spk_printed`, `spk_printed_at`, `is_cancelled`, `cancelled_at`, `created_at`, `updated_at`, `cancelled_by`, `cancel_reason`) VALUES ('98', 'INV-20260302-0082', '72', 'Dodi Wahyudi', '082279033013', NULL, '51300.00', '0.00', '0.00', 'unpaid', '1', NULL, 'selesai', 'not_picked_up', NULL, '2026-03-02 15:01:31', '2026-03-02 16:47:58', '3', NULL, '17', '1', '2026-03-02 14:34:20', '0', NULL, '2026-03-02 14:34:17', '2026-03-02 16:47:58', NULL, NULL);
INSERT INTO `orders` (`id`, `invoice_number`, `customer_id`, `customer_name`, `customer_phone`, `notes`, `total_price`, `paid_amount`, `change_amount`, `payment_status`, `is_credit`, `paid_at`, `production_status`, `pickup_status`, `picked_up_at`, `started_at`, `finished_at`, `designer_id`, `cashier_id`, `operator_id`, `spk_printed`, `spk_printed_at`, `is_cancelled`, `cancelled_at`, `created_at`, `updated_at`, `cancelled_by`, `cancel_reason`) VALUES ('99', 'INV-20260302-0083', '69', 'PUJI', 'puji 0895804690101', NULL, '175200.00', '0.00', '0.00', 'paid', '1', '2026-03-03 10:24:24', 'selesai', 'not_picked_up', NULL, '2026-03-02 15:01:35', '2026-03-02 16:27:46', '20', '16', '17', '1', '2026-03-02 14:36:26', '0', NULL, '2026-03-02 14:35:56', '2026-03-03 10:24:24', NULL, NULL);
INSERT INTO `orders` (`id`, `invoice_number`, `customer_id`, `customer_name`, `customer_phone`, `notes`, `total_price`, `paid_amount`, `change_amount`, `payment_status`, `is_credit`, `paid_at`, `production_status`, `pickup_status`, `picked_up_at`, `started_at`, `finished_at`, `designer_id`, `cashier_id`, `operator_id`, `spk_printed`, `spk_printed_at`, `is_cancelled`, `cancelled_at`, `created_at`, `updated_at`, `cancelled_by`, `cancel_reason`) VALUES ('100', 'INV-20260302-0084', '73', 'Lentera', '081279552579', NULL, '189200.00', '189200.00', '0.00', 'paid', '1', '2026-03-03 13:06:08', 'selesai', 'not_picked_up', NULL, '2026-03-02 15:01:40', '2026-03-02 16:16:43', '3', '16', '17', '1', '2026-03-02 14:43:42', '0', NULL, '2026-03-02 14:43:02', '2026-03-03 13:06:08', NULL, NULL);
INSERT INTO `orders` (`id`, `invoice_number`, `customer_id`, `customer_name`, `customer_phone`, `notes`, `total_price`, `paid_amount`, `change_amount`, `payment_status`, `is_credit`, `paid_at`, `production_status`, `pickup_status`, `picked_up_at`, `started_at`, `finished_at`, `designer_id`, `cashier_id`, `operator_id`, `spk_printed`, `spk_printed_at`, `is_cancelled`, `cancelled_at`, `created_at`, `updated_at`, `cancelled_by`, `cancel_reason`) VALUES ('101', 'INV-20260302-0085', '74', 'AFRIZAL CUST', '082280880662', NULL, '172000.00', '0.00', '0.00', 'unpaid', '1', NULL, 'pending', 'not_picked_up', NULL, NULL, NULL, '20', NULL, NULL, '1', '2026-03-02 14:53:30', '0', NULL, '2026-03-02 14:53:13', '2026-03-03 13:17:02', NULL, NULL);
INSERT INTO `orders` (`id`, `invoice_number`, `customer_id`, `customer_name`, `customer_phone`, `notes`, `total_price`, `paid_amount`, `change_amount`, `payment_status`, `is_credit`, `paid_at`, `production_status`, `pickup_status`, `picked_up_at`, `started_at`, `finished_at`, `designer_id`, `cashier_id`, `operator_id`, `spk_printed`, `spk_printed_at`, `is_cancelled`, `cancelled_at`, `created_at`, `updated_at`, `cancelled_by`, `cancel_reason`) VALUES ('102', 'INV-20260302-0086', '71', 'Gemilang Petir', '088286474838', NULL, '150000.00', '0.00', '0.00', 'unpaid', '1', NULL, 'selesai', 'not_picked_up', NULL, '2026-03-03 11:34:26', '2026-03-03 11:34:49', '19', NULL, '17', '1', '2026-03-02 14:54:00', '0', NULL, '2026-03-02 14:53:57', '2026-03-03 11:34:49', NULL, NULL);
INSERT INTO `orders` (`id`, `invoice_number`, `customer_id`, `customer_name`, `customer_phone`, `notes`, `total_price`, `paid_amount`, `change_amount`, `payment_status`, `is_credit`, `paid_at`, `production_status`, `pickup_status`, `picked_up_at`, `started_at`, `finished_at`, `designer_id`, `cashier_id`, `operator_id`, `spk_printed`, `spk_printed_at`, `is_cancelled`, `cancelled_at`, `created_at`, `updated_at`, `cancelled_by`, `cancel_reason`) VALUES ('103', 'INV-20260302-0087', '75', 'PINOCHIO', '08976184880', NULL, '23400.00', '23400.00', '0.00', 'paid', '1', '2026-03-02 16:46:46', 'selesai', 'not_picked_up', NULL, '2026-03-02 16:15:16', '2026-03-02 16:16:47', '20', '16', '17', '1', '2026-03-02 15:02:29', '0', NULL, '2026-03-02 15:02:24', '2026-03-02 16:46:46', NULL, NULL);
INSERT INTO `orders` (`id`, `invoice_number`, `customer_id`, `customer_name`, `customer_phone`, `notes`, `total_price`, `paid_amount`, `change_amount`, `payment_status`, `is_credit`, `paid_at`, `production_status`, `pickup_status`, `picked_up_at`, `started_at`, `finished_at`, `designer_id`, `cashier_id`, `operator_id`, `spk_printed`, `spk_printed_at`, `is_cancelled`, `cancelled_at`, `created_at`, `updated_at`, `cancelled_by`, `cancel_reason`) VALUES ('104', 'INV-20260302-0088', '76', 'Ita Pelangi', '081957071787', NULL, '9600.00', '0.00', '0.00', 'unpaid', '1', NULL, 'selesai', 'not_picked_up', NULL, '2026-03-02 16:15:25', '2026-03-03 09:42:27', '19', NULL, '17', '1', '2026-03-02 15:49:43', '0', NULL, '2026-03-02 15:49:40', '2026-03-03 09:42:27', NULL, NULL);
INSERT INTO `orders` (`id`, `invoice_number`, `customer_id`, `customer_name`, `customer_phone`, `notes`, `total_price`, `paid_amount`, `change_amount`, `payment_status`, `is_credit`, `paid_at`, `production_status`, `pickup_status`, `picked_up_at`, `started_at`, `finished_at`, `designer_id`, `cashier_id`, `operator_id`, `spk_printed`, `spk_printed_at`, `is_cancelled`, `cancelled_at`, `created_at`, `updated_at`, `cancelled_by`, `cancel_reason`) VALUES ('105', 'INV-20260302-0089', '78', 'TUNAS JAYA', '082181955510', NULL, '36300.00', '50000.00', '13700.00', 'paid', '1', '2026-03-03 13:44:45', 'selesai', 'not_picked_up', NULL, '2026-03-03 09:45:16', '2026-03-03 13:10:02', '20', '16', '17', '1', '2026-03-02 15:54:13', '0', NULL, '2026-03-02 15:54:09', '2026-03-03 13:44:45', NULL, NULL);
INSERT INTO `orders` (`id`, `invoice_number`, `customer_id`, `customer_name`, `customer_phone`, `notes`, `total_price`, `paid_amount`, `change_amount`, `payment_status`, `is_credit`, `paid_at`, `production_status`, `pickup_status`, `picked_up_at`, `started_at`, `finished_at`, `designer_id`, `cashier_id`, `operator_id`, `spk_printed`, `spk_printed_at`, `is_cancelled`, `cancelled_at`, `created_at`, `updated_at`, `cancelled_by`, `cancel_reason`) VALUES ('106', 'INV-20260302-0090', '76', 'Ita Pelangi', '081957071787', NULL, '95400.00', '0.00', '0.00', 'unpaid', '1', NULL, 'proses_cetak', 'not_picked_up', NULL, '2026-03-03 09:30:15', NULL, '19', NULL, '17', '1', '2026-03-02 15:58:55', '0', NULL, '2026-03-02 15:58:46', '2026-03-03 09:30:15', NULL, NULL);
INSERT INTO `orders` (`id`, `invoice_number`, `customer_id`, `customer_name`, `customer_phone`, `notes`, `total_price`, `paid_amount`, `change_amount`, `payment_status`, `is_credit`, `paid_at`, `production_status`, `pickup_status`, `picked_up_at`, `started_at`, `finished_at`, `designer_id`, `cashier_id`, `operator_id`, `spk_printed`, `spk_printed_at`, `is_cancelled`, `cancelled_at`, `created_at`, `updated_at`, `cancelled_by`, `cancel_reason`) VALUES ('107', 'INV-20260302-0091', '3', 'Livina', '085768038613', NULL, '70000.00', '0.00', '0.00', 'unpaid', '1', NULL, 'selesai', 'not_picked_up', NULL, '2026-03-03 14:47:54', '2026-03-03 16:08:56', '3', NULL, '6', '1', '2026-03-02 15:59:36', '0', NULL, '2026-03-02 15:59:33', '2026-03-03 16:08:56', NULL, NULL);
INSERT INTO `orders` (`id`, `invoice_number`, `customer_id`, `customer_name`, `customer_phone`, `notes`, `total_price`, `paid_amount`, `change_amount`, `payment_status`, `is_credit`, `paid_at`, `production_status`, `pickup_status`, `picked_up_at`, `started_at`, `finished_at`, `designer_id`, `cashier_id`, `operator_id`, `spk_printed`, `spk_printed_at`, `is_cancelled`, `cancelled_at`, `created_at`, `updated_at`, `cancelled_by`, `cancel_reason`) VALUES ('108', 'INV-20260302-0092', '79', 'Hanim', '085273583358', NULL, '109200.00', '109200.00', '0.00', 'paid', '1', '2026-03-02 16:02:14', 'selesai', 'not_picked_up', NULL, '2026-03-02 16:15:37', '2026-03-02 16:16:54', '19', '16', '17', '1', '2026-03-02 16:01:55', '0', NULL, '2026-03-02 16:01:50', '2026-03-02 16:16:54', NULL, NULL);
INSERT INTO `orders` (`id`, `invoice_number`, `customer_id`, `customer_name`, `customer_phone`, `notes`, `total_price`, `paid_amount`, `change_amount`, `payment_status`, `is_credit`, `paid_at`, `production_status`, `pickup_status`, `picked_up_at`, `started_at`, `finished_at`, `designer_id`, `cashier_id`, `operator_id`, `spk_printed`, `spk_printed_at`, `is_cancelled`, `cancelled_at`, `created_at`, `updated_at`, `cancelled_by`, `cancel_reason`) VALUES ('109', 'INV-20260302-0093', '77', 'TIMEZONE CHANDRA', '087883790679', NULL, '50800.00', '0.00', '0.00', 'unpaid', '1', NULL, 'selesai', 'not_picked_up', NULL, '2026-03-02 16:42:13', '2026-03-03 10:37:16', '3', NULL, '17', '1', '2026-03-02 16:28:54', '0', NULL, '2026-03-02 16:28:50', '2026-03-03 10:37:16', NULL, NULL);
INSERT INTO `orders` (`id`, `invoice_number`, `customer_id`, `customer_name`, `customer_phone`, `notes`, `total_price`, `paid_amount`, `change_amount`, `payment_status`, `is_credit`, `paid_at`, `production_status`, `pickup_status`, `picked_up_at`, `started_at`, `finished_at`, `designer_id`, `cashier_id`, `operator_id`, `spk_printed`, `spk_printed_at`, `is_cancelled`, `cancelled_at`, `created_at`, `updated_at`, `cancelled_by`, `cancel_reason`) VALUES ('110', 'INV-20260302-0094', '81', 'Rudi Natar', '0895324252802', NULL, '315900.00', '350000.00', '34100.00', 'paid', '1', '2026-03-03 13:11:52', 'selesai', 'not_picked_up', NULL, '2026-03-02 16:42:24', '2026-03-03 14:09:30', '3', '16', '17', '1', '2026-03-02 16:33:14', '0', NULL, '2026-03-02 16:32:54', '2026-03-03 14:09:30', NULL, NULL);
INSERT INTO `orders` (`id`, `invoice_number`, `customer_id`, `customer_name`, `customer_phone`, `notes`, `total_price`, `paid_amount`, `change_amount`, `payment_status`, `is_credit`, `paid_at`, `production_status`, `pickup_status`, `picked_up_at`, `started_at`, `finished_at`, `designer_id`, `cashier_id`, `operator_id`, `spk_printed`, `spk_printed_at`, `is_cancelled`, `cancelled_at`, `created_at`, `updated_at`, `cancelled_by`, `cancel_reason`) VALUES ('111', 'INV-20260302-0095', '32', 'WANGA', '081279233924', NULL, '10000.00', '0.00', '0.00', 'paid', '1', '2026-03-03 15:09:09', 'pending', 'not_picked_up', NULL, NULL, NULL, '19', '16', NULL, '1', '2026-03-02 16:35:07', '0', NULL, '2026-03-02 16:35:03', '2026-03-03 15:09:09', NULL, NULL);
INSERT INTO `orders` (`id`, `invoice_number`, `customer_id`, `customer_name`, `customer_phone`, `notes`, `total_price`, `paid_amount`, `change_amount`, `payment_status`, `is_credit`, `paid_at`, `production_status`, `pickup_status`, `picked_up_at`, `started_at`, `finished_at`, `designer_id`, `cashier_id`, `operator_id`, `spk_printed`, `spk_printed_at`, `is_cancelled`, `cancelled_at`, `created_at`, `updated_at`, `cancelled_by`, `cancel_reason`) VALUES ('112', 'INV-20260302-0096', '82', 'INDOMARET', '081379830275', NULL, '135000.00', '0.00', '0.00', 'unpaid', '1', NULL, 'selesai', 'not_picked_up', NULL, '2026-03-03 10:01:23', '2026-03-03 11:07:35', '23', NULL, '6', '0', NULL, '0', NULL, '2026-03-02 16:35:21', '2026-03-03 11:07:35', NULL, NULL);
INSERT INTO `orders` (`id`, `invoice_number`, `customer_id`, `customer_name`, `customer_phone`, `notes`, `total_price`, `paid_amount`, `change_amount`, `payment_status`, `is_credit`, `paid_at`, `production_status`, `pickup_status`, `picked_up_at`, `started_at`, `finished_at`, `designer_id`, `cashier_id`, `operator_id`, `spk_printed`, `spk_printed_at`, `is_cancelled`, `cancelled_at`, `created_at`, `updated_at`, `cancelled_by`, `cancel_reason`) VALUES ('113', 'INV-20260302-0097', '83', 'KHARISMA PRINTING', '+62 812-7365-0655', NULL, '8800.00', '0.00', '0.00', 'paid', '1', '2026-03-03 16:18:32', 'selesai', 'not_picked_up', NULL, '2026-03-02 16:42:32', '2026-03-03 10:37:19', '20', '16', '17', '1', '2026-03-02 16:38:03', '0', NULL, '2026-03-02 16:37:56', '2026-03-03 16:18:32', NULL, NULL);
INSERT INTO `orders` (`id`, `invoice_number`, `customer_id`, `customer_name`, `customer_phone`, `notes`, `total_price`, `paid_amount`, `change_amount`, `payment_status`, `is_credit`, `paid_at`, `production_status`, `pickup_status`, `picked_up_at`, `started_at`, `finished_at`, `designer_id`, `cashier_id`, `operator_id`, `spk_printed`, `spk_printed_at`, `is_cancelled`, `cancelled_at`, `created_at`, `updated_at`, `cancelled_by`, `cancel_reason`) VALUES ('114', 'INV-20260302-0098', '25', 'VISUAL LAMPUNG', '085126649200', NULL, '398550.00', '0.00', '0.00', 'unpaid', '1', NULL, 'selesai', 'not_picked_up', NULL, '2026-03-03 10:12:12', '2026-03-03 10:57:07', '23', NULL, '22', '1', '2026-03-02 16:40:34', '0', NULL, '2026-03-02 16:40:32', '2026-03-03 10:57:07', NULL, NULL);
INSERT INTO `orders` (`id`, `invoice_number`, `customer_id`, `customer_name`, `customer_phone`, `notes`, `total_price`, `paid_amount`, `change_amount`, `payment_status`, `is_credit`, `paid_at`, `production_status`, `pickup_status`, `picked_up_at`, `started_at`, `finished_at`, `designer_id`, `cashier_id`, `operator_id`, `spk_printed`, `spk_printed_at`, `is_cancelled`, `cancelled_at`, `created_at`, `updated_at`, `cancelled_by`, `cancel_reason`) VALUES ('115', 'INV-20260302-0099', '84', 'Dara Nurlaila', '085783323823', NULL, '31800.00', '32000.00', '200.00', 'paid', '1', '2026-03-03 15:48:12', 'pending', 'not_picked_up', NULL, NULL, NULL, '3', '16', NULL, '1', '2026-03-02 16:43:58', '0', NULL, '2026-03-02 16:43:56', '2026-03-03 15:48:12', NULL, NULL);
INSERT INTO `orders` (`id`, `invoice_number`, `customer_id`, `customer_name`, `customer_phone`, `notes`, `total_price`, `paid_amount`, `change_amount`, `payment_status`, `is_credit`, `paid_at`, `production_status`, `pickup_status`, `picked_up_at`, `started_at`, `finished_at`, `designer_id`, `cashier_id`, `operator_id`, `spk_printed`, `spk_printed_at`, `is_cancelled`, `cancelled_at`, `created_at`, `updated_at`, `cancelled_by`, `cancel_reason`) VALUES ('116', 'INV-20260302-0100', '85', 'CANDRA CAP 8', '+62 813-6660-0089', NULL, '170000.00', '170000.00', '0.00', 'paid', '1', '2026-03-03 14:47:44', 'selesai', 'not_picked_up', NULL, '2026-03-03 09:47:50', '2026-03-03 10:26:41', '20', '16', '6', '1', '2026-03-02 16:51:20', '0', NULL, '2026-03-02 16:51:14', '2026-03-03 14:47:44', NULL, NULL);
INSERT INTO `orders` (`id`, `invoice_number`, `customer_id`, `customer_name`, `customer_phone`, `notes`, `total_price`, `paid_amount`, `change_amount`, `payment_status`, `is_credit`, `paid_at`, `production_status`, `pickup_status`, `picked_up_at`, `started_at`, `finished_at`, `designer_id`, `cashier_id`, `operator_id`, `spk_printed`, `spk_printed_at`, `is_cancelled`, `cancelled_at`, `created_at`, `updated_at`, `cancelled_by`, `cancel_reason`) VALUES ('117', 'INV-20260302-0101', '85', 'CANDRA CAP 8', '+62 813-6660-0089', NULL, '428400.00', '0.00', '0.00', 'paid', '1', '2026-03-03 15:12:54', 'selesai', 'not_picked_up', NULL, '2026-03-03 11:25:52', '2026-03-03 13:26:31', '20', '16', '6', '1', '2026-03-02 16:56:23', '0', NULL, '2026-03-02 16:56:05', '2026-03-03 15:12:54', NULL, NULL);
INSERT INTO `orders` (`id`, `invoice_number`, `customer_id`, `customer_name`, `customer_phone`, `notes`, `total_price`, `paid_amount`, `change_amount`, `payment_status`, `is_credit`, `paid_at`, `production_status`, `pickup_status`, `picked_up_at`, `started_at`, `finished_at`, `designer_id`, `cashier_id`, `operator_id`, `spk_printed`, `spk_printed_at`, `is_cancelled`, `cancelled_at`, `created_at`, `updated_at`, `cancelled_by`, `cancel_reason`) VALUES ('118', 'INV-20260302-0102', '85', 'CANDRA CAP 8', '+62 813-6660-0089', NULL, '85000.00', '0.00', '0.00', 'paid', '1', '2026-03-03 15:12:54', 'selesai', 'not_picked_up', NULL, '2026-03-03 10:02:41', '2026-03-03 11:05:44', '20', '16', '6', '1', '2026-03-02 16:59:38', '0', NULL, '2026-03-02 16:59:33', '2026-03-03 15:12:54', NULL, NULL);
INSERT INTO `orders` (`id`, `invoice_number`, `customer_id`, `customer_name`, `customer_phone`, `notes`, `total_price`, `paid_amount`, `change_amount`, `payment_status`, `is_credit`, `paid_at`, `production_status`, `pickup_status`, `picked_up_at`, `started_at`, `finished_at`, `designer_id`, `cashier_id`, `operator_id`, `spk_printed`, `spk_printed_at`, `is_cancelled`, `cancelled_at`, `created_at`, `updated_at`, `cancelled_by`, `cancel_reason`) VALUES ('119', 'INV-20260302-0103', '86', 'Adi Fransiskus', '082280444014', NULL, '15000.00', '20000.00', '5000.00', 'paid', '1', '2026-03-03 11:38:37', 'selesai', 'not_picked_up', NULL, '2026-03-03 10:34:28', '2026-03-03 10:57:51', '3', '16', '22', '1', '2026-03-02 17:02:16', '0', NULL, '2026-03-02 17:02:10', '2026-03-03 11:38:37', NULL, NULL);
INSERT INTO `orders` (`id`, `invoice_number`, `customer_id`, `customer_name`, `customer_phone`, `notes`, `total_price`, `paid_amount`, `change_amount`, `payment_status`, `is_credit`, `paid_at`, `production_status`, `pickup_status`, `picked_up_at`, `started_at`, `finished_at`, `designer_id`, `cashier_id`, `operator_id`, `spk_printed`, `spk_printed_at`, `is_cancelled`, `cancelled_at`, `created_at`, `updated_at`, `cancelled_by`, `cancel_reason`) VALUES ('120', 'INV-20260302-0104', '85', 'CANDRA CAP 8', '+62 813-6660-0089', NULL, '144500.00', '0.00', '0.00', 'paid', '1', '2026-03-03 15:12:54', 'selesai', 'not_picked_up', NULL, '2026-03-03 10:21:32', '2026-03-03 11:05:35', '20', '16', '6', '1', '2026-03-02 17:02:13', '0', NULL, '2026-03-02 17:02:10', '2026-03-03 15:12:54', NULL, NULL);
INSERT INTO `orders` (`id`, `invoice_number`, `customer_id`, `customer_name`, `customer_phone`, `notes`, `total_price`, `paid_amount`, `change_amount`, `payment_status`, `is_credit`, `paid_at`, `production_status`, `pickup_status`, `picked_up_at`, `started_at`, `finished_at`, `designer_id`, `cashier_id`, `operator_id`, `spk_printed`, `spk_printed_at`, `is_cancelled`, `cancelled_at`, `created_at`, `updated_at`, `cancelled_by`, `cancel_reason`) VALUES ('121', 'INV-20260302-0105', '85', 'CANDRA CAP 8', '+62 813-6660-0089', 'glossy', '146200.00', '0.00', '0.00', 'paid', '1', '2026-03-03 15:12:54', 'selesai', 'not_picked_up', NULL, '2026-03-03 10:27:50', '2026-03-03 10:45:52', '20', '16', '6', '1', '2026-03-02 17:04:30', '0', NULL, '2026-03-02 17:04:27', '2026-03-03 15:12:54', NULL, NULL);
INSERT INTO `orders` (`id`, `invoice_number`, `customer_id`, `customer_name`, `customer_phone`, `notes`, `total_price`, `paid_amount`, `change_amount`, `payment_status`, `is_credit`, `paid_at`, `production_status`, `pickup_status`, `picked_up_at`, `started_at`, `finished_at`, `designer_id`, `cashier_id`, `operator_id`, `spk_printed`, `spk_printed_at`, `is_cancelled`, `cancelled_at`, `created_at`, `updated_at`, `cancelled_by`, `cancel_reason`) VALUES ('122', 'INV-20260302-0106', '87', 'CATUR / DINAR', '62 813-7915-0123', NULL, '69300.00', '69300.00', '0.00', 'paid', '1', '2026-03-03 14:52:27', 'selesai', 'not_picked_up', NULL, '2026-03-03 09:56:06', '2026-03-03 10:37:24', '20', '16', '17', '1', '2026-03-02 17:11:42', '0', NULL, '2026-03-02 17:11:01', '2026-03-03 14:52:27', NULL, NULL);
INSERT INTO `orders` (`id`, `invoice_number`, `customer_id`, `customer_name`, `customer_phone`, `notes`, `total_price`, `paid_amount`, `change_amount`, `payment_status`, `is_credit`, `paid_at`, `production_status`, `pickup_status`, `picked_up_at`, `started_at`, `finished_at`, `designer_id`, `cashier_id`, `operator_id`, `spk_printed`, `spk_printed_at`, `is_cancelled`, `cancelled_at`, `created_at`, `updated_at`, `cancelled_by`, `cancel_reason`) VALUES ('123', 'INV-20260303-0001', '83', 'KHARISMA PRINTING', '+62 812-7365-0655', NULL, '29900.00', '0.00', '0.00', 'paid', '1', '2026-03-03 16:18:32', 'selesai', 'not_picked_up', NULL, '2026-03-03 09:56:12', '2026-03-03 10:37:27', '20', '16', '17', '1', '2026-03-03 09:22:43', '0', NULL, '2026-03-03 09:22:38', '2026-03-03 16:18:32', NULL, NULL);
INSERT INTO `orders` (`id`, `invoice_number`, `customer_id`, `customer_name`, `customer_phone`, `notes`, `total_price`, `paid_amount`, `change_amount`, `payment_status`, `is_credit`, `paid_at`, `production_status`, `pickup_status`, `picked_up_at`, `started_at`, `finished_at`, `designer_id`, `cashier_id`, `operator_id`, `spk_printed`, `spk_printed_at`, `is_cancelled`, `cancelled_at`, `created_at`, `updated_at`, `cancelled_by`, `cancel_reason`) VALUES ('124', 'INV-20260303-0002', '67', 'Yogi Grafika', '082182136011', NULL, '32800.00', '50000.00', '17200.00', 'paid', '1', '2026-03-03 11:03:58', 'selesai', 'picked_up', '2026-03-03 12:38:47', '2026-03-03 09:56:21', '2026-03-03 10:56:25', '19', '16', '17', '1', '2026-03-03 09:22:53', '0', NULL, '2026-03-03 09:22:48', '2026-03-03 12:38:47', NULL, NULL);
INSERT INTO `orders` (`id`, `invoice_number`, `customer_id`, `customer_name`, `customer_phone`, `notes`, `total_price`, `paid_amount`, `change_amount`, `payment_status`, `is_credit`, `paid_at`, `production_status`, `pickup_status`, `picked_up_at`, `started_at`, `finished_at`, `designer_id`, `cashier_id`, `operator_id`, `spk_printed`, `spk_printed_at`, `is_cancelled`, `cancelled_at`, `created_at`, `updated_at`, `cancelled_by`, `cancel_reason`) VALUES ('125', 'INV-20260303-0003', '83', 'KHARISMA PRINTING', '+62 812-7365-0655', NULL, '20300.00', '0.00', '0.00', 'paid', '1', '2026-03-03 16:18:32', 'selesai', 'not_picked_up', NULL, '2026-03-03 09:57:22', '2026-03-03 10:37:30', '20', '16', '17', '1', '2026-03-03 09:24:04', '0', NULL, '2026-03-03 09:24:01', '2026-03-03 16:18:32', NULL, NULL);
INSERT INTO `orders` (`id`, `invoice_number`, `customer_id`, `customer_name`, `customer_phone`, `notes`, `total_price`, `paid_amount`, `change_amount`, `payment_status`, `is_credit`, `paid_at`, `production_status`, `pickup_status`, `picked_up_at`, `started_at`, `finished_at`, `designer_id`, `cashier_id`, `operator_id`, `spk_printed`, `spk_printed_at`, `is_cancelled`, `cancelled_at`, `created_at`, `updated_at`, `cancelled_by`, `cancel_reason`) VALUES ('126', 'INV-20260303-0004', '83', 'KHARISMA PRINTING', '+62 812-7365-0655', NULL, '162000.00', '0.00', '0.00', 'paid', '1', '2026-03-03 16:18:32', 'selesai', 'not_picked_up', NULL, '2026-03-03 09:57:26', '2026-03-03 10:37:33', '20', '16', '17', '1', '2026-03-03 09:27:57', '0', NULL, '2026-03-03 09:27:48', '2026-03-03 16:18:32', NULL, NULL);
INSERT INTO `orders` (`id`, `invoice_number`, `customer_id`, `customer_name`, `customer_phone`, `notes`, `total_price`, `paid_amount`, `change_amount`, `payment_status`, `is_credit`, `paid_at`, `production_status`, `pickup_status`, `picked_up_at`, `started_at`, `finished_at`, `designer_id`, `cashier_id`, `operator_id`, `spk_printed`, `spk_printed_at`, `is_cancelled`, `cancelled_at`, `created_at`, `updated_at`, `cancelled_by`, `cancel_reason`) VALUES ('127', 'INV-20260303-0005', '88', 'Haikal Fikri', '085789718814', NULL, '201600.00', '205000.00', '3400.00', 'paid', '1', '2026-03-03 11:44:49', 'selesai', 'not_picked_up', NULL, '2026-03-03 09:57:44', '2026-03-03 14:26:19', '3', '5', '17', '1', '2026-03-03 09:29:56', '0', NULL, '2026-03-03 09:29:44', '2026-03-03 14:26:19', NULL, NULL);
INSERT INTO `orders` (`id`, `invoice_number`, `customer_id`, `customer_name`, `customer_phone`, `notes`, `total_price`, `paid_amount`, `change_amount`, `payment_status`, `is_credit`, `paid_at`, `production_status`, `pickup_status`, `picked_up_at`, `started_at`, `finished_at`, `designer_id`, `cashier_id`, `operator_id`, `spk_printed`, `spk_printed_at`, `is_cancelled`, `cancelled_at`, `created_at`, `updated_at`, `cancelled_by`, `cancel_reason`) VALUES ('128', 'INV-20260303-0006', '83', 'KHARISMA PRINTING', '+62 812-7365-0655', NULL, '33000.00', '0.00', '0.00', 'paid', '1', '2026-03-03 16:18:32', 'selesai', 'not_picked_up', NULL, '2026-03-03 09:57:59', '2026-03-03 10:37:36', '20', '16', '17', '1', '2026-03-03 09:29:56', '0', NULL, '2026-03-03 09:29:53', '2026-03-03 16:18:32', NULL, NULL);
INSERT INTO `orders` (`id`, `invoice_number`, `customer_id`, `customer_name`, `customer_phone`, `notes`, `total_price`, `paid_amount`, `change_amount`, `payment_status`, `is_credit`, `paid_at`, `production_status`, `pickup_status`, `picked_up_at`, `started_at`, `finished_at`, `designer_id`, `cashier_id`, `operator_id`, `spk_printed`, `spk_printed_at`, `is_cancelled`, `cancelled_at`, `created_at`, `updated_at`, `cancelled_by`, `cancel_reason`) VALUES ('129', 'INV-20260303-0007', '83', 'KHARISMA PRINTING', '+62 812-7365-0655', NULL, '56800.00', '0.00', '0.00', 'paid', '1', '2026-03-03 16:18:32', 'selesai', 'not_picked_up', NULL, '2026-03-03 09:58:11', '2026-03-03 14:26:24', '20', '16', '17', '1', '2026-03-03 09:32:58', '0', NULL, '2026-03-03 09:32:55', '2026-03-03 16:18:32', NULL, NULL);
INSERT INTO `orders` (`id`, `invoice_number`, `customer_id`, `customer_name`, `customer_phone`, `notes`, `total_price`, `paid_amount`, `change_amount`, `payment_status`, `is_credit`, `paid_at`, `production_status`, `pickup_status`, `picked_up_at`, `started_at`, `finished_at`, `designer_id`, `cashier_id`, `operator_id`, `spk_printed`, `spk_printed_at`, `is_cancelled`, `cancelled_at`, `created_at`, `updated_at`, `cancelled_by`, `cancel_reason`) VALUES ('130', 'INV-20260303-0008', '89', 'Nopan', '085379057575', NULL, '81600.00', '100000.00', '18400.00', 'paid', '1', '2026-03-03 14:15:01', 'selesai', 'not_picked_up', NULL, '2026-03-03 09:58:15', '2026-03-03 10:37:40', '19', '16', '17', '1', '2026-03-03 09:33:37', '0', NULL, '2026-03-03 09:33:34', '2026-03-03 14:15:01', NULL, NULL);
INSERT INTO `orders` (`id`, `invoice_number`, `customer_id`, `customer_name`, `customer_phone`, `notes`, `total_price`, `paid_amount`, `change_amount`, `payment_status`, `is_credit`, `paid_at`, `production_status`, `pickup_status`, `picked_up_at`, `started_at`, `finished_at`, `designer_id`, `cashier_id`, `operator_id`, `spk_printed`, `spk_printed_at`, `is_cancelled`, `cancelled_at`, `created_at`, `updated_at`, `cancelled_by`, `cancel_reason`) VALUES ('131', 'INV-20260303-0009', '83', 'KHARISMA PRINTING', '+62 812-7365-0655', NULL, '122400.00', '0.00', '0.00', 'paid', '1', '2026-03-03 16:18:32', 'selesai', 'not_picked_up', NULL, '2026-03-03 09:58:26', '2026-03-03 16:09:32', '3', '16', '17', '1', '2026-03-03 09:35:15', '0', NULL, '2026-03-03 09:35:11', '2026-03-03 16:18:32', NULL, NULL);
INSERT INTO `orders` (`id`, `invoice_number`, `customer_id`, `customer_name`, `customer_phone`, `notes`, `total_price`, `paid_amount`, `change_amount`, `payment_status`, `is_credit`, `paid_at`, `production_status`, `pickup_status`, `picked_up_at`, `started_at`, `finished_at`, `designer_id`, `cashier_id`, `operator_id`, `spk_printed`, `spk_printed_at`, `is_cancelled`, `cancelled_at`, `created_at`, `updated_at`, `cancelled_by`, `cancel_reason`) VALUES ('132', 'INV-20260303-0010', '90', 'Omton Studio', '085273098389', NULL, '148000.00', '0.00', '0.00', 'unpaid', '1', NULL, 'selesai', 'not_picked_up', NULL, '2026-03-03 09:58:32', '2026-03-03 14:40:05', '19', NULL, '17', '1', '2026-03-03 09:37:24', '0', NULL, '2026-03-03 09:37:22', '2026-03-03 14:40:05', NULL, NULL);
INSERT INTO `orders` (`id`, `invoice_number`, `customer_id`, `customer_name`, `customer_phone`, `notes`, `total_price`, `paid_amount`, `change_amount`, `payment_status`, `is_credit`, `paid_at`, `production_status`, `pickup_status`, `picked_up_at`, `started_at`, `finished_at`, `designer_id`, `cashier_id`, `operator_id`, `spk_printed`, `spk_printed_at`, `is_cancelled`, `cancelled_at`, `created_at`, `updated_at`, `cancelled_by`, `cancel_reason`) VALUES ('133', 'INV-20260303-0011', '91', 'ANGEL', '081369190425', NULL, '5800.00', '0.00', '0.00', 'paid', '1', '2026-03-03 14:57:59', 'selesai', 'not_picked_up', NULL, '2026-03-03 10:04:30', '2026-03-03 10:37:43', '20', '16', '17', '1', '2026-03-03 09:38:09', '0', NULL, '2026-03-03 09:38:06', '2026-03-03 14:57:59', NULL, NULL);
INSERT INTO `orders` (`id`, `invoice_number`, `customer_id`, `customer_name`, `customer_phone`, `notes`, `total_price`, `paid_amount`, `change_amount`, `payment_status`, `is_credit`, `paid_at`, `production_status`, `pickup_status`, `picked_up_at`, `started_at`, `finished_at`, `designer_id`, `cashier_id`, `operator_id`, `spk_printed`, `spk_printed_at`, `is_cancelled`, `cancelled_at`, `created_at`, `updated_at`, `cancelled_by`, `cancel_reason`) VALUES ('134', 'INV-20260303-0012', '92', 'Umar DVD', '085865187022', NULL, '17600.00', '50000.00', '32400.00', 'paid', '1', '2026-03-03 16:58:37', 'selesai', 'not_picked_up', NULL, '2026-03-03 10:21:16', '2026-03-03 10:37:51', '3', '16', '17', '1', '2026-03-03 09:41:32', '0', NULL, '2026-03-03 09:41:27', '2026-03-03 16:58:37', NULL, NULL);
INSERT INTO `orders` (`id`, `invoice_number`, `customer_id`, `customer_name`, `customer_phone`, `notes`, `total_price`, `paid_amount`, `change_amount`, `payment_status`, `is_credit`, `paid_at`, `production_status`, `pickup_status`, `picked_up_at`, `started_at`, `finished_at`, `designer_id`, `cashier_id`, `operator_id`, `spk_printed`, `spk_printed_at`, `is_cancelled`, `cancelled_at`, `created_at`, `updated_at`, `cancelled_by`, `cancel_reason`) VALUES ('135', 'INV-20260303-0013', '52', 'DPRIMACOM', '085892781956', NULL, '10400.00', '0.00', '0.00', 'paid', '1', '2026-03-03 15:12:05', 'selesai', 'not_picked_up', NULL, '2026-03-03 10:21:21', '2026-03-03 10:37:54', '19', '16', '17', '1', '2026-03-03 09:44:44', '0', NULL, '2026-03-03 09:44:42', '2026-03-03 15:12:05', NULL, NULL);
INSERT INTO `orders` (`id`, `invoice_number`, `customer_id`, `customer_name`, `customer_phone`, `notes`, `total_price`, `paid_amount`, `change_amount`, `payment_status`, `is_credit`, `paid_at`, `production_status`, `pickup_status`, `picked_up_at`, `started_at`, `finished_at`, `designer_id`, `cashier_id`, `operator_id`, `spk_printed`, `spk_printed_at`, `is_cancelled`, `cancelled_at`, `created_at`, `updated_at`, `cancelled_by`, `cancel_reason`) VALUES ('136', 'INV-20260303-0014', '94', 'Sahabat Baradatu', '085381230050', NULL, '30000.00', '0.00', '0.00', 'unpaid', '1', NULL, 'selesai', 'not_picked_up', NULL, '2026-03-03 11:13:12', '2026-03-03 11:33:52', '19', NULL, '22', '1', '2026-03-03 09:45:26', '0', NULL, '2026-03-03 09:45:23', '2026-03-03 11:33:52', NULL, NULL);
INSERT INTO `orders` (`id`, `invoice_number`, `customer_id`, `customer_name`, `customer_phone`, `notes`, `total_price`, `paid_amount`, `change_amount`, `payment_status`, `is_credit`, `paid_at`, `production_status`, `pickup_status`, `picked_up_at`, `started_at`, `finished_at`, `designer_id`, `cashier_id`, `operator_id`, `spk_printed`, `spk_printed_at`, `is_cancelled`, `cancelled_at`, `created_at`, `updated_at`, `cancelled_by`, `cancel_reason`) VALUES ('137', 'INV-20260303-0015', '93', 'BEBEK BELUR', '089509039553', NULL, '9900.00', '0.00', '0.00', 'unpaid', '1', NULL, 'selesai', 'not_picked_up', NULL, '2026-03-03 10:21:26', '2026-03-03 10:39:24', '23', NULL, '17', '1', '2026-03-03 09:54:40', '0', NULL, '2026-03-03 09:45:39', '2026-03-03 10:39:24', NULL, NULL);
INSERT INTO `orders` (`id`, `invoice_number`, `customer_id`, `customer_name`, `customer_phone`, `notes`, `total_price`, `paid_amount`, `change_amount`, `payment_status`, `is_credit`, `paid_at`, `production_status`, `pickup_status`, `picked_up_at`, `started_at`, `finished_at`, `designer_id`, `cashier_id`, `operator_id`, `spk_printed`, `spk_printed_at`, `is_cancelled`, `cancelled_at`, `created_at`, `updated_at`, `cancelled_by`, `cancel_reason`) VALUES ('138', 'INV-20260303-0016', '52', 'DPRIMACOM', '085892781956', NULL, '142500.00', '0.00', '0.00', 'paid', '1', '2026-03-03 15:12:05', 'selesai', 'not_picked_up', NULL, '2026-03-03 14:56:50', '2026-03-03 15:11:30', '19', '16', '22', '1', '2026-03-03 09:48:49', '0', NULL, '2026-03-03 09:48:46', '2026-03-03 15:12:05', NULL, NULL);
INSERT INTO `orders` (`id`, `invoice_number`, `customer_id`, `customer_name`, `customer_phone`, `notes`, `total_price`, `paid_amount`, `change_amount`, `payment_status`, `is_credit`, `paid_at`, `production_status`, `pickup_status`, `picked_up_at`, `started_at`, `finished_at`, `designer_id`, `cashier_id`, `operator_id`, `spk_printed`, `spk_printed_at`, `is_cancelled`, `cancelled_at`, `created_at`, `updated_at`, `cancelled_by`, `cancel_reason`) VALUES ('139', 'INV-20260303-0017', '95', 'FAJAR BROWNIES', '08877083915', NULL, '15000.00', '0.00', '0.00', 'unpaid', '1', NULL, 'selesai', 'not_picked_up', NULL, '2026-03-03 11:10:42', '2026-03-03 11:11:06', '20', NULL, '17', '1', '2026-03-03 09:50:11', '0', NULL, '2026-03-03 09:50:08', '2026-03-03 11:11:06', NULL, NULL);
INSERT INTO `orders` (`id`, `invoice_number`, `customer_id`, `customer_name`, `customer_phone`, `notes`, `total_price`, `paid_amount`, `change_amount`, `payment_status`, `is_credit`, `paid_at`, `production_status`, `pickup_status`, `picked_up_at`, `started_at`, `finished_at`, `designer_id`, `cashier_id`, `operator_id`, `spk_printed`, `spk_printed_at`, `is_cancelled`, `cancelled_at`, `created_at`, `updated_at`, `cancelled_by`, `cancel_reason`) VALUES ('140', 'INV-20260303-0018', '96', 'TENDA BIRU', '081293017272', NULL, '5200.00', '0.00', '0.00', 'unpaid', '1', NULL, 'selesai', 'not_picked_up', NULL, '2026-03-03 10:08:45', '2026-03-03 10:37:47', '23', NULL, '17', '1', '2026-03-03 09:52:51', '0', NULL, '2026-03-03 09:52:48', '2026-03-03 10:37:47', NULL, NULL);
INSERT INTO `orders` (`id`, `invoice_number`, `customer_id`, `customer_name`, `customer_phone`, `notes`, `total_price`, `paid_amount`, `change_amount`, `payment_status`, `is_credit`, `paid_at`, `production_status`, `pickup_status`, `picked_up_at`, `started_at`, `finished_at`, `designer_id`, `cashier_id`, `operator_id`, `spk_printed`, `spk_printed_at`, `is_cancelled`, `cancelled_at`, `created_at`, `updated_at`, `cancelled_by`, `cancel_reason`) VALUES ('141', 'INV-20260303-0019', '32', 'WANGA', '081279233924', NULL, '5000.00', '0.00', '0.00', 'paid', '1', '2026-03-03 15:09:09', 'selesai', 'not_picked_up', NULL, '2026-03-03 11:11:28', '2026-03-03 11:11:39', '19', '16', '17', '1', '2026-03-03 09:53:50', '0', NULL, '2026-03-03 09:53:47', '2026-03-03 15:09:09', NULL, NULL);
INSERT INTO `orders` (`id`, `invoice_number`, `customer_id`, `customer_name`, `customer_phone`, `notes`, `total_price`, `paid_amount`, `change_amount`, `payment_status`, `is_credit`, `paid_at`, `production_status`, `pickup_status`, `picked_up_at`, `started_at`, `finished_at`, `designer_id`, `cashier_id`, `operator_id`, `spk_printed`, `spk_printed_at`, `is_cancelled`, `cancelled_at`, `created_at`, `updated_at`, `cancelled_by`, `cancel_reason`) VALUES ('142', 'INV-20260303-0020', '19', 'Fajar ERKA', '087881734166', NULL, '21900.00', '0.00', '0.00', 'unpaid', '1', NULL, 'pending', 'not_picked_up', NULL, NULL, NULL, '3', NULL, NULL, '0', NULL, '0', NULL, '2026-03-03 10:00:56', '2026-03-03 10:00:56', NULL, NULL);
INSERT INTO `orders` (`id`, `invoice_number`, `customer_id`, `customer_name`, `customer_phone`, `notes`, `total_price`, `paid_amount`, `change_amount`, `payment_status`, `is_credit`, `paid_at`, `production_status`, `pickup_status`, `picked_up_at`, `started_at`, `finished_at`, `designer_id`, `cashier_id`, `operator_id`, `spk_printed`, `spk_printed_at`, `is_cancelled`, `cancelled_at`, `created_at`, `updated_at`, `cancelled_by`, `cancel_reason`) VALUES ('143', 'INV-20260303-0021', '97', 'AYUB', '+62 821-8643-6657', NULL, '25000.00', '0.00', '0.00', 'unpaid', '1', NULL, 'selesai', 'not_picked_up', NULL, '2026-03-03 10:51:43', '2026-03-03 10:51:53', '20', NULL, '17', '1', '2026-03-03 10:01:34', '0', NULL, '2026-03-03 10:01:30', '2026-03-03 10:51:53', NULL, NULL);
INSERT INTO `orders` (`id`, `invoice_number`, `customer_id`, `customer_name`, `customer_phone`, `notes`, `total_price`, `paid_amount`, `change_amount`, `payment_status`, `is_credit`, `paid_at`, `production_status`, `pickup_status`, `picked_up_at`, `started_at`, `finished_at`, `designer_id`, `cashier_id`, `operator_id`, `spk_printed`, `spk_printed_at`, `is_cancelled`, `cancelled_at`, `created_at`, `updated_at`, `cancelled_by`, `cancel_reason`) VALUES ('144', 'INV-20260303-0022', '27', 'HERU TATAAN(RAZHA )', '089649432135', NULL, '155000.00', '155000.00', '0.00', 'paid', '1', '2026-03-03 10:49:59', 'selesai', 'picked_up', '2026-03-03 12:47:59', '2026-03-03 10:21:51', '2026-03-03 10:38:03', '3', '16', '17', '1', '2026-03-03 10:03:00', '0', NULL, '2026-03-03 10:02:54', '2026-03-03 12:47:59', NULL, NULL);
INSERT INTO `orders` (`id`, `invoice_number`, `customer_id`, `customer_name`, `customer_phone`, `notes`, `total_price`, `paid_amount`, `change_amount`, `payment_status`, `is_credit`, `paid_at`, `production_status`, `pickup_status`, `picked_up_at`, `started_at`, `finished_at`, `designer_id`, `cashier_id`, `operator_id`, `spk_printed`, `spk_printed_at`, `is_cancelled`, `cancelled_at`, `created_at`, `updated_at`, `cancelled_by`, `cancel_reason`) VALUES ('145', 'INV-20260303-0023', '98', 'ADAM', '082280073255', NULL, '153900.00', '153900.00', '0.00', 'paid', '1', '2026-03-03 14:36:58', 'selesai', 'not_picked_up', NULL, '2026-03-03 10:22:04', '2026-03-03 10:38:08', '20', '16', '17', '1', '2026-03-03 10:07:39', '0', NULL, '2026-03-03 10:07:36', '2026-03-03 14:36:58', NULL, NULL);
INSERT INTO `orders` (`id`, `invoice_number`, `customer_id`, `customer_name`, `customer_phone`, `notes`, `total_price`, `paid_amount`, `change_amount`, `payment_status`, `is_credit`, `paid_at`, `production_status`, `pickup_status`, `picked_up_at`, `started_at`, `finished_at`, `designer_id`, `cashier_id`, `operator_id`, `spk_printed`, `spk_printed_at`, `is_cancelled`, `cancelled_at`, `created_at`, `updated_at`, `cancelled_by`, `cancel_reason`) VALUES ('146', 'INV-20260303-0024', '99', 'Semeru', '082112429517', NULL, '93600.00', '0.00', '0.00', 'paid', '1', '2026-03-03 11:02:17', 'proses_cetak', 'not_picked_up', NULL, '2026-03-03 10:59:17', NULL, '19', '16', '17', '1', '2026-03-03 10:09:18', '0', NULL, '2026-03-03 10:09:15', '2026-03-03 11:02:17', NULL, NULL);
INSERT INTO `orders` (`id`, `invoice_number`, `customer_id`, `customer_name`, `customer_phone`, `notes`, `total_price`, `paid_amount`, `change_amount`, `payment_status`, `is_credit`, `paid_at`, `production_status`, `pickup_status`, `picked_up_at`, `started_at`, `finished_at`, `designer_id`, `cashier_id`, `operator_id`, `spk_printed`, `spk_printed_at`, `is_cancelled`, `cancelled_at`, `created_at`, `updated_at`, `cancelled_by`, `cancel_reason`) VALUES ('147', 'INV-20260303-0025', '99', 'Semeru', '082112429517', NULL, '13200.00', '0.00', '0.00', 'partial', '1', NULL, 'selesai', 'not_picked_up', NULL, '2026-03-03 10:23:23', '2026-03-03 10:38:17', '19', NULL, '17', '1', '2026-03-03 10:11:07', '0', NULL, '2026-03-03 10:11:04', '2026-03-03 11:02:17', NULL, NULL);
INSERT INTO `orders` (`id`, `invoice_number`, `customer_id`, `customer_name`, `customer_phone`, `notes`, `total_price`, `paid_amount`, `change_amount`, `payment_status`, `is_credit`, `paid_at`, `production_status`, `pickup_status`, `picked_up_at`, `started_at`, `finished_at`, `designer_id`, `cashier_id`, `operator_id`, `spk_printed`, `spk_printed_at`, `is_cancelled`, `cancelled_at`, `created_at`, `updated_at`, `cancelled_by`, `cancel_reason`) VALUES ('148', 'INV-20260303-0026', '100', 'Ercia Grafis', '081295595888', NULL, '19800.00', '0.00', '0.00', 'unpaid', '1', NULL, 'selesai', 'not_picked_up', NULL, '2026-03-03 10:24:08', '2026-03-03 10:38:22', '3', NULL, '17', '0', NULL, '0', NULL, '2026-03-03 10:12:29', '2026-03-03 10:38:22', NULL, NULL);
INSERT INTO `orders` (`id`, `invoice_number`, `customer_id`, `customer_name`, `customer_phone`, `notes`, `total_price`, `paid_amount`, `change_amount`, `payment_status`, `is_credit`, `paid_at`, `production_status`, `pickup_status`, `picked_up_at`, `started_at`, `finished_at`, `designer_id`, `cashier_id`, `operator_id`, `spk_printed`, `spk_printed_at`, `is_cancelled`, `cancelled_at`, `created_at`, `updated_at`, `cancelled_by`, `cancel_reason`) VALUES ('149', 'INV-20260303-0027', '100', 'Ercia Grafis', '081295595888', NULL, '0.00', '0.00', '0.00', 'unpaid', '1', NULL, 'selesai', 'not_picked_up', NULL, '2026-03-03 10:24:46', '2026-03-03 10:38:28', '3', NULL, '17', '0', NULL, '1', '2026-03-03 13:03:38', '2026-03-03 10:12:31', '2026-03-03 13:03:38', '8', 'ke double inputannya');
INSERT INTO `orders` (`id`, `invoice_number`, `customer_id`, `customer_name`, `customer_phone`, `notes`, `total_price`, `paid_amount`, `change_amount`, `payment_status`, `is_credit`, `paid_at`, `production_status`, `pickup_status`, `picked_up_at`, `started_at`, `finished_at`, `designer_id`, `cashier_id`, `operator_id`, `spk_printed`, `spk_printed_at`, `is_cancelled`, `cancelled_at`, `created_at`, `updated_at`, `cancelled_by`, `cancel_reason`) VALUES ('150', 'INV-20260303-0028', '100', 'Ercia Grafis', '081295595888', NULL, '19800.00', '0.00', '0.00', 'unpaid', '1', NULL, 'selesai', 'picked_up', '2026-03-03 10:54:51', '2026-03-03 10:24:51', '2026-03-03 10:38:32', '3', NULL, '17', '1', '2026-03-03 10:13:07', '0', NULL, '2026-03-03 10:12:34', '2026-03-03 10:54:51', NULL, NULL);
INSERT INTO `orders` (`id`, `invoice_number`, `customer_id`, `customer_name`, `customer_phone`, `notes`, `total_price`, `paid_amount`, `change_amount`, `payment_status`, `is_credit`, `paid_at`, `production_status`, `pickup_status`, `picked_up_at`, `started_at`, `finished_at`, `designer_id`, `cashier_id`, `operator_id`, `spk_printed`, `spk_printed_at`, `is_cancelled`, `cancelled_at`, `created_at`, `updated_at`, `cancelled_by`, `cancel_reason`) VALUES ('151', 'INV-20260303-0029', '101', 'DANANG WIBOWO', '081273237133', NULL, '60000.00', '0.00', '0.00', 'unpaid', '1', NULL, 'selesai', 'not_picked_up', NULL, '2026-03-03 11:15:43', '2026-03-03 11:34:13', '20', NULL, '22', '1', '2026-03-03 10:15:45', '0', NULL, '2026-03-03 10:15:42', '2026-03-03 11:34:13', NULL, NULL);
INSERT INTO `orders` (`id`, `invoice_number`, `customer_id`, `customer_name`, `customer_phone`, `notes`, `total_price`, `paid_amount`, `change_amount`, `payment_status`, `is_credit`, `paid_at`, `production_status`, `pickup_status`, `picked_up_at`, `started_at`, `finished_at`, `designer_id`, `cashier_id`, `operator_id`, `spk_printed`, `spk_printed_at`, `is_cancelled`, `cancelled_at`, `created_at`, `updated_at`, `cancelled_by`, `cancel_reason`) VALUES ('152', 'INV-20260303-0030', '101', 'DANANG WIBOWO', '081273237133', NULL, '40500.00', '0.00', '0.00', 'unpaid', '1', NULL, 'selesai', 'not_picked_up', NULL, '2026-03-03 11:26:51', '2026-03-03 14:02:21', '20', NULL, '22', '1', '2026-03-03 10:18:30', '0', NULL, '2026-03-03 10:18:27', '2026-03-03 14:02:21', NULL, NULL);
INSERT INTO `orders` (`id`, `invoice_number`, `customer_id`, `customer_name`, `customer_phone`, `notes`, `total_price`, `paid_amount`, `change_amount`, `payment_status`, `is_credit`, `paid_at`, `production_status`, `pickup_status`, `picked_up_at`, `started_at`, `finished_at`, `designer_id`, `cashier_id`, `operator_id`, `spk_printed`, `spk_printed_at`, `is_cancelled`, `cancelled_at`, `created_at`, `updated_at`, `cancelled_by`, `cancel_reason`) VALUES ('153', 'INV-20260303-0031', '102', 'Panji', '081326434342', NULL, '120000.00', '0.00', '0.00', 'unpaid', '1', NULL, 'selesai', 'not_picked_up', NULL, '2026-03-03 13:14:35', '2026-03-03 14:36:47', '3', NULL, '22', '1', '2026-03-03 10:20:15', '0', NULL, '2026-03-03 10:19:23', '2026-03-03 14:36:47', NULL, NULL);
INSERT INTO `orders` (`id`, `invoice_number`, `customer_id`, `customer_name`, `customer_phone`, `notes`, `total_price`, `paid_amount`, `change_amount`, `payment_status`, `is_credit`, `paid_at`, `production_status`, `pickup_status`, `picked_up_at`, `started_at`, `finished_at`, `designer_id`, `cashier_id`, `operator_id`, `spk_printed`, `spk_printed_at`, `is_cancelled`, `cancelled_at`, `created_at`, `updated_at`, `cancelled_by`, `cancel_reason`) VALUES ('154', 'INV-20260303-0032', '101', 'DANANG WIBOWO', '081273237133', NULL, '157500.00', '0.00', '0.00', 'unpaid', '1', NULL, 'selesai', 'not_picked_up', NULL, '2026-03-03 13:34:05', '2026-03-03 14:02:42', '20', NULL, '22', '1', '2026-03-03 10:21:27', '0', NULL, '2026-03-03 10:21:23', '2026-03-03 14:02:42', NULL, NULL);
INSERT INTO `orders` (`id`, `invoice_number`, `customer_id`, `customer_name`, `customer_phone`, `notes`, `total_price`, `paid_amount`, `change_amount`, `payment_status`, `is_credit`, `paid_at`, `production_status`, `pickup_status`, `picked_up_at`, `started_at`, `finished_at`, `designer_id`, `cashier_id`, `operator_id`, `spk_printed`, `spk_printed_at`, `is_cancelled`, `cancelled_at`, `created_at`, `updated_at`, `cancelled_by`, `cancel_reason`) VALUES ('155', 'INV-20260303-0033', '34', 'Liuberty', '082281221806', NULL, '60000.00', '0.00', '0.00', 'unpaid', '1', NULL, 'selesai', 'not_picked_up', NULL, '2026-03-03 11:37:27', '2026-03-03 13:45:41', '3', NULL, '22', '1', '2026-03-03 10:22:53', '0', NULL, '2026-03-03 10:22:43', '2026-03-03 13:45:41', NULL, NULL);
INSERT INTO `orders` (`id`, `invoice_number`, `customer_id`, `customer_name`, `customer_phone`, `notes`, `total_price`, `paid_amount`, `change_amount`, `payment_status`, `is_credit`, `paid_at`, `production_status`, `pickup_status`, `picked_up_at`, `started_at`, `finished_at`, `designer_id`, `cashier_id`, `operator_id`, `spk_printed`, `spk_printed_at`, `is_cancelled`, `cancelled_at`, `created_at`, `updated_at`, `cancelled_by`, `cancel_reason`) VALUES ('156', 'INV-20260303-0034', '40', 'Mulyadi', '081369513500', NULL, '345000.00', '400000.00', '55000.00', 'paid', '1', '2026-03-03 13:55:16', 'selesai', 'not_picked_up', NULL, '2026-03-03 11:38:27', '2026-03-03 14:01:46', '19', '5', '22', '1', '2026-03-03 10:23:43', '0', NULL, '2026-03-03 10:23:40', '2026-03-03 14:01:46', NULL, NULL);
INSERT INTO `orders` (`id`, `invoice_number`, `customer_id`, `customer_name`, `customer_phone`, `notes`, `total_price`, `paid_amount`, `change_amount`, `payment_status`, `is_credit`, `paid_at`, `production_status`, `pickup_status`, `picked_up_at`, `started_at`, `finished_at`, `designer_id`, `cashier_id`, `operator_id`, `spk_printed`, `spk_printed_at`, `is_cancelled`, `cancelled_at`, `created_at`, `updated_at`, `cancelled_by`, `cancel_reason`) VALUES ('157', 'INV-20260303-0035', '21', 'Bintang One', '089693339490', NULL, '85000.00', '0.00', '0.00', 'unpaid', '1', NULL, 'selesai', 'not_picked_up', NULL, '2026-03-03 14:48:04', '2026-03-03 16:09:13', '3', NULL, '6', '1', '2026-03-03 10:24:34', '0', NULL, '2026-03-03 10:24:28', '2026-03-03 16:09:13', NULL, NULL);
INSERT INTO `orders` (`id`, `invoice_number`, `customer_id`, `customer_name`, `customer_phone`, `notes`, `total_price`, `paid_amount`, `change_amount`, `payment_status`, `is_credit`, `paid_at`, `production_status`, `pickup_status`, `picked_up_at`, `started_at`, `finished_at`, `designer_id`, `cashier_id`, `operator_id`, `spk_printed`, `spk_printed_at`, `is_cancelled`, `cancelled_at`, `created_at`, `updated_at`, `cancelled_by`, `cancel_reason`) VALUES ('158', 'INV-20260303-0036', '91', 'ANGEL', '081369190425', NULL, '15000.00', '0.00', '0.00', 'paid', '1', '2026-03-03 14:57:59', 'selesai', 'not_picked_up', NULL, '2026-03-03 10:46:51', '2026-03-03 11:38:24', '20', '16', '17', '1', '2026-03-03 10:26:08', '0', NULL, '2026-03-03 10:26:05', '2026-03-03 14:57:59', NULL, NULL);
INSERT INTO `orders` (`id`, `invoice_number`, `customer_id`, `customer_name`, `customer_phone`, `notes`, `total_price`, `paid_amount`, `change_amount`, `payment_status`, `is_credit`, `paid_at`, `production_status`, `pickup_status`, `picked_up_at`, `started_at`, `finished_at`, `designer_id`, `cashier_id`, `operator_id`, `spk_printed`, `spk_printed_at`, `is_cancelled`, `cancelled_at`, `created_at`, `updated_at`, `cancelled_by`, `cancel_reason`) VALUES ('159', 'INV-20260303-0037', '103', 'Azka Cust', '0895801225797', NULL, '155000.00', '0.00', '0.00', 'unpaid', '1', NULL, 'selesai', 'not_picked_up', NULL, '2026-03-03 10:47:03', '2026-03-03 14:49:37', '3', NULL, '17', '1', '2026-03-03 10:43:44', '0', NULL, '2026-03-03 10:43:38', '2026-03-03 14:49:37', NULL, NULL);
INSERT INTO `orders` (`id`, `invoice_number`, `customer_id`, `customer_name`, `customer_phone`, `notes`, `total_price`, `paid_amount`, `change_amount`, `payment_status`, `is_credit`, `paid_at`, `production_status`, `pickup_status`, `picked_up_at`, `started_at`, `finished_at`, `designer_id`, `cashier_id`, `operator_id`, `spk_printed`, `spk_printed_at`, `is_cancelled`, `cancelled_at`, `created_at`, `updated_at`, `cancelled_by`, `cancel_reason`) VALUES ('160', 'INV-20260303-0038', '104', 'HADIYATMA', '082279764354', NULL, '46800.00', '0.00', '0.00', 'unpaid', '1', NULL, 'selesai', 'not_picked_up', NULL, '2026-03-03 10:59:14', '2026-03-03 11:07:50', '20', NULL, '17', '1', '2026-03-03 10:50:45', '0', NULL, '2026-03-03 10:50:39', '2026-03-03 11:07:50', NULL, NULL);
INSERT INTO `orders` (`id`, `invoice_number`, `customer_id`, `customer_name`, `customer_phone`, `notes`, `total_price`, `paid_amount`, `change_amount`, `payment_status`, `is_credit`, `paid_at`, `production_status`, `pickup_status`, `picked_up_at`, `started_at`, `finished_at`, `designer_id`, `cashier_id`, `operator_id`, `spk_printed`, `spk_printed_at`, `is_cancelled`, `cancelled_at`, `created_at`, `updated_at`, `cancelled_by`, `cancel_reason`) VALUES ('161', 'INV-20260303-0039', '104', 'HADIYATMA', '082279764354', NULL, '26400.00', '0.00', '0.00', 'unpaid', '1', NULL, 'selesai', 'not_picked_up', NULL, '2026-03-03 10:59:22', '2026-03-03 11:07:54', '20', NULL, '17', '1', '2026-03-03 10:54:07', '0', NULL, '2026-03-03 10:54:03', '2026-03-03 11:07:54', NULL, NULL);
INSERT INTO `orders` (`id`, `invoice_number`, `customer_id`, `customer_name`, `customer_phone`, `notes`, `total_price`, `paid_amount`, `change_amount`, `payment_status`, `is_credit`, `paid_at`, `production_status`, `pickup_status`, `picked_up_at`, `started_at`, `finished_at`, `designer_id`, `cashier_id`, `operator_id`, `spk_printed`, `spk_printed_at`, `is_cancelled`, `cancelled_at`, `created_at`, `updated_at`, `cancelled_by`, `cancel_reason`) VALUES ('162', 'INV-20260303-0040', '21', 'Bintang One', '089693339490', NULL, '625000.00', '0.00', '0.00', 'unpaid', '1', NULL, 'selesai', 'not_picked_up', NULL, '2026-03-03 14:58:26', '2026-03-03 15:51:22', '3', NULL, '22', '1', '2026-03-03 10:55:38', '0', NULL, '2026-03-03 10:55:35', '2026-03-03 15:51:22', NULL, NULL);
INSERT INTO `orders` (`id`, `invoice_number`, `customer_id`, `customer_name`, `customer_phone`, `notes`, `total_price`, `paid_amount`, `change_amount`, `payment_status`, `is_credit`, `paid_at`, `production_status`, `pickup_status`, `picked_up_at`, `started_at`, `finished_at`, `designer_id`, `cashier_id`, `operator_id`, `spk_printed`, `spk_printed_at`, `is_cancelled`, `cancelled_at`, `created_at`, `updated_at`, `cancelled_by`, `cancel_reason`) VALUES ('163', 'INV-20260303-0041', '19', 'Fajar ERKA', '087881734166', NULL, '41600.00', '0.00', '0.00', 'unpaid', '1', NULL, 'selesai', 'not_picked_up', NULL, '2026-03-03 11:07:17', '2026-03-03 13:56:53', '19', NULL, '17', '1', '2026-03-03 10:59:16', '0', NULL, '2026-03-03 10:59:14', '2026-03-03 13:56:53', NULL, NULL);
INSERT INTO `orders` (`id`, `invoice_number`, `customer_id`, `customer_name`, `customer_phone`, `notes`, `total_price`, `paid_amount`, `change_amount`, `payment_status`, `is_credit`, `paid_at`, `production_status`, `pickup_status`, `picked_up_at`, `started_at`, `finished_at`, `designer_id`, `cashier_id`, `operator_id`, `spk_printed`, `spk_printed_at`, `is_cancelled`, `cancelled_at`, `created_at`, `updated_at`, `cancelled_by`, `cancel_reason`) VALUES ('164', 'INV-20260303-0042', '19', 'Fajar ERKA', '087881734166', NULL, '57000.00', '0.00', '0.00', 'unpaid', '1', NULL, 'selesai', 'not_picked_up', NULL, '2026-03-03 15:58:17', '2026-03-03 16:49:06', '3', NULL, '22', '1', '2026-03-03 10:59:37', '0', NULL, '2026-03-03 10:59:34', '2026-03-03 16:49:06', NULL, NULL);
INSERT INTO `orders` (`id`, `invoice_number`, `customer_id`, `customer_name`, `customer_phone`, `notes`, `total_price`, `paid_amount`, `change_amount`, `payment_status`, `is_credit`, `paid_at`, `production_status`, `pickup_status`, `picked_up_at`, `started_at`, `finished_at`, `designer_id`, `cashier_id`, `operator_id`, `spk_printed`, `spk_printed_at`, `is_cancelled`, `cancelled_at`, `created_at`, `updated_at`, `cancelled_by`, `cancel_reason`) VALUES ('165', 'INV-20260303-0043', '108', 'ANDI CHANDRA', '081274790525', NULL, '50000.00', '50000.00', '0.00', 'paid', '1', '2026-03-03 15:06:01', 'selesai', 'not_picked_up', NULL, '2026-03-03 12:53:44', '2026-03-03 12:53:54', '20', '16', '17', '1', '2026-03-03 10:59:42', '0', NULL, '2026-03-03 10:59:35', '2026-03-03 15:06:01', NULL, NULL);
INSERT INTO `orders` (`id`, `invoice_number`, `customer_id`, `customer_name`, `customer_phone`, `notes`, `total_price`, `paid_amount`, `change_amount`, `payment_status`, `is_credit`, `paid_at`, `production_status`, `pickup_status`, `picked_up_at`, `started_at`, `finished_at`, `designer_id`, `cashier_id`, `operator_id`, `spk_printed`, `spk_printed_at`, `is_cancelled`, `cancelled_at`, `created_at`, `updated_at`, `cancelled_by`, `cancel_reason`) VALUES ('166', 'INV-20260303-0044', '91', 'ANGEL', '081369190425', NULL, '15400.00', '0.00', '0.00', 'paid', '1', '2026-03-03 14:57:59', 'selesai', 'not_picked_up', NULL, '2026-03-03 11:21:23', '2026-03-03 11:23:35', '20', '16', '17', '1', '2026-03-03 11:01:32', '0', NULL, '2026-03-03 11:01:29', '2026-03-03 14:57:59', NULL, NULL);
INSERT INTO `orders` (`id`, `invoice_number`, `customer_id`, `customer_name`, `customer_phone`, `notes`, `total_price`, `paid_amount`, `change_amount`, `payment_status`, `is_credit`, `paid_at`, `production_status`, `pickup_status`, `picked_up_at`, `started_at`, `finished_at`, `designer_id`, `cashier_id`, `operator_id`, `spk_printed`, `spk_printed_at`, `is_cancelled`, `cancelled_at`, `created_at`, `updated_at`, `cancelled_by`, `cancel_reason`) VALUES ('167', 'INV-20260303-0045', '24', 'HIJAU ART', '082374810600', NULL, '5200.00', '0.00', '0.00', 'unpaid', '1', NULL, 'selesai', 'not_picked_up', NULL, '2026-03-03 11:21:42', '2026-03-03 11:23:40', '20', NULL, '17', '1', '2026-03-03 11:04:23', '0', NULL, '2026-03-03 11:04:05', '2026-03-03 11:23:40', NULL, NULL);
INSERT INTO `orders` (`id`, `invoice_number`, `customer_id`, `customer_name`, `customer_phone`, `notes`, `total_price`, `paid_amount`, `change_amount`, `payment_status`, `is_credit`, `paid_at`, `production_status`, `pickup_status`, `picked_up_at`, `started_at`, `finished_at`, `designer_id`, `cashier_id`, `operator_id`, `spk_printed`, `spk_printed_at`, `is_cancelled`, `cancelled_at`, `created_at`, `updated_at`, `cancelled_by`, `cancel_reason`) VALUES ('168', 'INV-20260303-0046', '3', 'Livina', '085768038613', NULL, '84400.00', '0.00', '0.00', 'unpaid', '1', NULL, 'pending', 'not_picked_up', NULL, NULL, NULL, '19', NULL, NULL, '1', '2026-03-03 11:05:18', '0', NULL, '2026-03-03 11:05:15', '2026-03-03 11:05:18', NULL, NULL);
INSERT INTO `orders` (`id`, `invoice_number`, `customer_id`, `customer_name`, `customer_phone`, `notes`, `total_price`, `paid_amount`, `change_amount`, `payment_status`, `is_credit`, `paid_at`, `production_status`, `pickup_status`, `picked_up_at`, `started_at`, `finished_at`, `designer_id`, `cashier_id`, `operator_id`, `spk_printed`, `spk_printed_at`, `is_cancelled`, `cancelled_at`, `created_at`, `updated_at`, `cancelled_by`, `cancel_reason`) VALUES ('169', 'INV-20260303-0047', '107', 'Ela Raja Promosi', '085769434834', NULL, '26400.00', '100000.00', '73600.00', 'paid', '1', '2026-03-03 13:50:31', 'selesai', 'picked_up', '2026-03-03 11:28:18', '2026-03-03 11:21:49', '2026-03-03 11:23:48', '19', '5', '17', '1', '2026-03-03 11:06:59', '0', NULL, '2026-03-03 11:06:56', '2026-03-03 13:50:31', NULL, NULL);
INSERT INTO `orders` (`id`, `invoice_number`, `customer_id`, `customer_name`, `customer_phone`, `notes`, `total_price`, `paid_amount`, `change_amount`, `payment_status`, `is_credit`, `paid_at`, `production_status`, `pickup_status`, `picked_up_at`, `started_at`, `finished_at`, `designer_id`, `cashier_id`, `operator_id`, `spk_printed`, `spk_printed_at`, `is_cancelled`, `cancelled_at`, `created_at`, `updated_at`, `cancelled_by`, `cancel_reason`) VALUES ('170', 'INV-20260303-0048', '109', 'Andini', '0895613488890', NULL, '15000.00', '15000.00', '0.00', 'paid', '1', '2026-03-03 16:09:36', 'selesai', 'not_picked_up', NULL, '2026-03-03 11:35:49', '2026-03-03 11:36:02', '19', '16', '17', '1', '2026-03-03 11:09:27', '0', NULL, '2026-03-03 11:09:23', '2026-03-03 16:09:36', NULL, NULL);
INSERT INTO `orders` (`id`, `invoice_number`, `customer_id`, `customer_name`, `customer_phone`, `notes`, `total_price`, `paid_amount`, `change_amount`, `payment_status`, `is_credit`, `paid_at`, `production_status`, `pickup_status`, `picked_up_at`, `started_at`, `finished_at`, `designer_id`, `cashier_id`, `operator_id`, `spk_printed`, `spk_printed_at`, `is_cancelled`, `cancelled_at`, `created_at`, `updated_at`, `cancelled_by`, `cancel_reason`) VALUES ('171', 'INV-20260303-0049', '54', 'Riga Wafi', '085155251223', NULL, '357000.00', '0.00', '0.00', 'unpaid', '1', NULL, 'selesai', 'not_picked_up', NULL, '2026-03-03 14:48:13', '2026-03-03 16:04:35', '20', NULL, '6', '1', '2026-03-03 11:11:31', '0', NULL, '2026-03-03 11:11:08', '2026-03-03 16:04:35', NULL, NULL);
INSERT INTO `orders` (`id`, `invoice_number`, `customer_id`, `customer_name`, `customer_phone`, `notes`, `total_price`, `paid_amount`, `change_amount`, `payment_status`, `is_credit`, `paid_at`, `production_status`, `pickup_status`, `picked_up_at`, `started_at`, `finished_at`, `designer_id`, `cashier_id`, `operator_id`, `spk_printed`, `spk_printed_at`, `is_cancelled`, `cancelled_at`, `created_at`, `updated_at`, `cancelled_by`, `cancel_reason`) VALUES ('172', 'INV-20260303-0050', '110', 'Ibu Siti', '082199999079', NULL, '93000.00', '0.00', '0.00', 'unpaid', '1', NULL, 'selesai', 'not_picked_up', NULL, '2026-03-03 11:21:52', '2026-03-03 14:17:01', '19', NULL, '17', '1', '2026-03-03 11:15:42', '0', NULL, '2026-03-03 11:15:39', '2026-03-03 14:17:01', NULL, NULL);
INSERT INTO `orders` (`id`, `invoice_number`, `customer_id`, `customer_name`, `customer_phone`, `notes`, `total_price`, `paid_amount`, `change_amount`, `payment_status`, `is_credit`, `paid_at`, `production_status`, `pickup_status`, `picked_up_at`, `started_at`, `finished_at`, `designer_id`, `cashier_id`, `operator_id`, `spk_printed`, `spk_printed_at`, `is_cancelled`, `cancelled_at`, `created_at`, `updated_at`, `cancelled_by`, `cancel_reason`) VALUES ('173', 'INV-20260303-0051', '111', 'Andi Jaya', '082376178735', NULL, '123750.00', '123750.00', '0.00', 'paid', '1', '2026-03-03 13:15:40', 'pending', 'not_picked_up', NULL, NULL, NULL, '3', '16', NULL, '1', '2026-03-03 11:15:54', '0', NULL, '2026-03-03 11:15:52', '2026-03-03 13:15:40', NULL, NULL);
INSERT INTO `orders` (`id`, `invoice_number`, `customer_id`, `customer_name`, `customer_phone`, `notes`, `total_price`, `paid_amount`, `change_amount`, `payment_status`, `is_credit`, `paid_at`, `production_status`, `pickup_status`, `picked_up_at`, `started_at`, `finished_at`, `designer_id`, `cashier_id`, `operator_id`, `spk_printed`, `spk_printed_at`, `is_cancelled`, `cancelled_at`, `created_at`, `updated_at`, `cancelled_by`, `cancel_reason`) VALUES ('174', 'INV-20260303-0052', '106', 'Ichiro Kharisma', '085377732628', NULL, '150000.00', '0.00', '0.00', 'unpaid', '1', NULL, 'selesai', 'not_picked_up', NULL, '2026-03-03 14:58:12', '2026-03-03 15:51:53', '19', NULL, '22', '1', '2026-03-03 11:23:35', '0', NULL, '2026-03-03 11:23:32', '2026-03-03 15:51:53', NULL, NULL);
INSERT INTO `orders` (`id`, `invoice_number`, `customer_id`, `customer_name`, `customer_phone`, `notes`, `total_price`, `paid_amount`, `change_amount`, `payment_status`, `is_credit`, `paid_at`, `production_status`, `pickup_status`, `picked_up_at`, `started_at`, `finished_at`, `designer_id`, `cashier_id`, `operator_id`, `spk_printed`, `spk_printed_at`, `is_cancelled`, `cancelled_at`, `created_at`, `updated_at`, `cancelled_by`, `cancel_reason`) VALUES ('175', 'INV-20260303-0053', '112', 'ANGELLINE', '082371918748', NULL, '3200.00', '3200.00', '0.00', 'paid', '1', '2026-03-03 11:33:41', 'selesai', 'picked_up', '2026-03-03 12:50:39', '2026-03-03 11:43:32', '2026-03-03 11:56:53', '20', '16', '17', '1', '2026-03-03 11:23:46', '0', NULL, '2026-03-03 11:23:43', '2026-03-03 12:50:39', NULL, NULL);
INSERT INTO `orders` (`id`, `invoice_number`, `customer_id`, `customer_name`, `customer_phone`, `notes`, `total_price`, `paid_amount`, `change_amount`, `payment_status`, `is_credit`, `paid_at`, `production_status`, `pickup_status`, `picked_up_at`, `started_at`, `finished_at`, `designer_id`, `cashier_id`, `operator_id`, `spk_printed`, `spk_printed_at`, `is_cancelled`, `cancelled_at`, `created_at`, `updated_at`, `cancelled_by`, `cancel_reason`) VALUES ('176', 'INV-20260303-0054', '110', 'Ibu Siti', '082199999079', NULL, '14500.00', '0.00', '0.00', 'unpaid', '1', NULL, 'selesai', 'not_picked_up', NULL, '2026-03-03 11:43:36', '2026-03-03 11:56:56', '20', NULL, '17', '1', '2026-03-03 11:32:55', '0', NULL, '2026-03-03 11:32:52', '2026-03-03 11:56:56', NULL, NULL);
INSERT INTO `orders` (`id`, `invoice_number`, `customer_id`, `customer_name`, `customer_phone`, `notes`, `total_price`, `paid_amount`, `change_amount`, `payment_status`, `is_credit`, `paid_at`, `production_status`, `pickup_status`, `picked_up_at`, `started_at`, `finished_at`, `designer_id`, `cashier_id`, `operator_id`, `spk_printed`, `spk_printed_at`, `is_cancelled`, `cancelled_at`, `created_at`, `updated_at`, `cancelled_by`, `cancel_reason`) VALUES ('177', 'INV-20260303-0055', '133', 'OC Kharisma Printing', '082376350191', NULL, '5200.00', '0.00', '0.00', 'unpaid', '1', NULL, 'selesai', 'not_picked_up', NULL, '2026-03-03 11:43:39', '2026-03-03 11:57:00', '19', NULL, '17', '1', '2026-03-03 11:34:15', '0', NULL, '2026-03-03 11:34:12', '2026-03-03 14:29:38', NULL, NULL);
INSERT INTO `orders` (`id`, `invoice_number`, `customer_id`, `customer_name`, `customer_phone`, `notes`, `total_price`, `paid_amount`, `change_amount`, `payment_status`, `is_credit`, `paid_at`, `production_status`, `pickup_status`, `picked_up_at`, `started_at`, `finished_at`, `designer_id`, `cashier_id`, `operator_id`, `spk_printed`, `spk_printed_at`, `is_cancelled`, `cancelled_at`, `created_at`, `updated_at`, `cancelled_by`, `cancel_reason`) VALUES ('178', 'INV-20260303-0056', '114', 'VIQI', '08983687484', NULL, '180000.00', '0.00', '0.00', 'unpaid', '1', NULL, 'selesai', 'not_picked_up', NULL, '2026-03-03 11:43:51', '2026-03-03 14:26:33', '3', NULL, '17', '1', '2026-03-03 11:37:29', '0', NULL, '2026-03-03 11:37:26', '2026-03-03 14:26:33', NULL, NULL);
INSERT INTO `orders` (`id`, `invoice_number`, `customer_id`, `customer_name`, `customer_phone`, `notes`, `total_price`, `paid_amount`, `change_amount`, `payment_status`, `is_credit`, `paid_at`, `production_status`, `pickup_status`, `picked_up_at`, `started_at`, `finished_at`, `designer_id`, `cashier_id`, `operator_id`, `spk_printed`, `spk_printed_at`, `is_cancelled`, `cancelled_at`, `created_at`, `updated_at`, `cancelled_by`, `cancel_reason`) VALUES ('179', 'INV-20260303-0057', '115', 'RENIE RUMAH ULTAH', '085367613300', NULL, '25000.00', '0.00', '0.00', 'unpaid', '1', NULL, 'selesai', 'not_picked_up', NULL, '2026-03-03 12:18:05', '2026-03-03 12:18:14', '20', NULL, '17', '1', '2026-03-03 11:38:34', '0', NULL, '2026-03-03 11:38:30', '2026-03-03 12:18:14', NULL, NULL);
INSERT INTO `orders` (`id`, `invoice_number`, `customer_id`, `customer_name`, `customer_phone`, `notes`, `total_price`, `paid_amount`, `change_amount`, `payment_status`, `is_credit`, `paid_at`, `production_status`, `pickup_status`, `picked_up_at`, `started_at`, `finished_at`, `designer_id`, `cashier_id`, `operator_id`, `spk_printed`, `spk_printed_at`, `is_cancelled`, `cancelled_at`, `created_at`, `updated_at`, `cancelled_by`, `cancel_reason`) VALUES ('180', 'INV-20260303-0058', '116', 'Asean Creative', '089655554746', NULL, '170000.00', '0.00', '0.00', 'unpaid', '1', NULL, 'selesai', 'not_picked_up', NULL, '2026-03-03 15:16:12', '2026-03-03 16:32:43', '3', NULL, '6', '1', '2026-03-03 13:32:21', '0', NULL, '2026-03-03 11:41:05', '2026-03-03 16:32:43', NULL, NULL);
INSERT INTO `orders` (`id`, `invoice_number`, `customer_id`, `customer_name`, `customer_phone`, `notes`, `total_price`, `paid_amount`, `change_amount`, `payment_status`, `is_credit`, `paid_at`, `production_status`, `pickup_status`, `picked_up_at`, `started_at`, `finished_at`, `designer_id`, `cashier_id`, `operator_id`, `spk_printed`, `spk_printed_at`, `is_cancelled`, `cancelled_at`, `created_at`, `updated_at`, `cancelled_by`, `cancel_reason`) VALUES ('181', 'INV-20260303-0059', '117', 'Dafi', '081373348432', NULL, '50000.00', '0.00', '0.00', 'unpaid', '1', NULL, 'pending', 'not_picked_up', NULL, NULL, NULL, '19', NULL, NULL, '1', '2026-03-03 13:36:16', '0', NULL, '2026-03-03 11:42:47', '2026-03-03 13:36:16', NULL, NULL);
INSERT INTO `orders` (`id`, `invoice_number`, `customer_id`, `customer_name`, `customer_phone`, `notes`, `total_price`, `paid_amount`, `change_amount`, `payment_status`, `is_credit`, `paid_at`, `production_status`, `pickup_status`, `picked_up_at`, `started_at`, `finished_at`, `designer_id`, `cashier_id`, `operator_id`, `spk_printed`, `spk_printed_at`, `is_cancelled`, `cancelled_at`, `created_at`, `updated_at`, `cancelled_by`, `cancel_reason`) VALUES ('182', 'INV-20260303-0060', '20', 'RIAS PRINTING', '082281106682', NULL, '10600.00', '0.00', '0.00', 'paid', '1', '2026-03-03 16:42:50', 'selesai', 'not_picked_up', NULL, '2026-03-03 14:06:18', '2026-03-03 14:06:37', '19', '5', '17', '1', '2026-03-03 11:50:14', '0', NULL, '2026-03-03 11:50:11', '2026-03-03 16:42:50', NULL, NULL);
INSERT INTO `orders` (`id`, `invoice_number`, `customer_id`, `customer_name`, `customer_phone`, `notes`, `total_price`, `paid_amount`, `change_amount`, `payment_status`, `is_credit`, `paid_at`, `production_status`, `pickup_status`, `picked_up_at`, `started_at`, `finished_at`, `designer_id`, `cashier_id`, `operator_id`, `spk_printed`, `spk_printed_at`, `is_cancelled`, `cancelled_at`, `created_at`, `updated_at`, `cancelled_by`, `cancel_reason`) VALUES ('183', 'INV-20260303-0061', '118', 'Eka KPrint', '08127962795', NULL, '20000.00', '20000.00', '0.00', 'paid', '1', '2026-03-03 16:04:39', 'selesai', 'not_picked_up', NULL, '2026-03-03 14:07:54', '2026-03-03 14:08:03', '3', '16', '17', '1', '2026-03-03 11:51:51', '0', NULL, '2026-03-03 11:51:47', '2026-03-03 16:04:39', NULL, NULL);
INSERT INTO `orders` (`id`, `invoice_number`, `customer_id`, `customer_name`, `customer_phone`, `notes`, `total_price`, `paid_amount`, `change_amount`, `payment_status`, `is_credit`, `paid_at`, `production_status`, `pickup_status`, `picked_up_at`, `started_at`, `finished_at`, `designer_id`, `cashier_id`, `operator_id`, `spk_printed`, `spk_printed_at`, `is_cancelled`, `cancelled_at`, `created_at`, `updated_at`, `cancelled_by`, `cancel_reason`) VALUES ('184', 'INV-20260303-0062', '120', 'DANIL', '+62 822-6967-8697', NULL, '125000.00', '0.00', '0.00', 'unpaid', '1', NULL, 'selesai', 'not_picked_up', NULL, '2026-03-03 14:28:07', '2026-03-03 14:28:23', '20', NULL, '17', '1', '2026-03-03 11:52:46', '0', NULL, '2026-03-03 11:52:37', '2026-03-03 14:28:23', NULL, NULL);
INSERT INTO `orders` (`id`, `invoice_number`, `customer_id`, `customer_name`, `customer_phone`, `notes`, `total_price`, `paid_amount`, `change_amount`, `payment_status`, `is_credit`, `paid_at`, `production_status`, `pickup_status`, `picked_up_at`, `started_at`, `finished_at`, `designer_id`, `cashier_id`, `operator_id`, `spk_printed`, `spk_printed_at`, `is_cancelled`, `cancelled_at`, `created_at`, `updated_at`, `cancelled_by`, `cancel_reason`) VALUES ('185', 'INV-20260303-0063', '121', 'Mas Angga', '08978981180', NULL, '42400.00', '42400.00', '0.00', 'paid', '1', '2026-03-03 16:09:12', 'selesai', 'not_picked_up', NULL, '2026-03-03 14:06:52', '2026-03-03 14:07:01', '3', '16', '17', '1', '2026-03-03 11:56:08', '0', NULL, '2026-03-03 11:56:06', '2026-03-03 16:09:12', NULL, NULL);
INSERT INTO `orders` (`id`, `invoice_number`, `customer_id`, `customer_name`, `customer_phone`, `notes`, `total_price`, `paid_amount`, `change_amount`, `payment_status`, `is_credit`, `paid_at`, `production_status`, `pickup_status`, `picked_up_at`, `started_at`, `finished_at`, `designer_id`, `cashier_id`, `operator_id`, `spk_printed`, `spk_printed_at`, `is_cancelled`, `cancelled_at`, `created_at`, `updated_at`, `cancelled_by`, `cancel_reason`) VALUES ('186', 'INV-20260303-0064', '119', 'INDRA', '085355252145', NULL, '20000.00', '20000.00', '0.00', 'paid', '1', '2026-03-03 16:39:38', 'selesai', 'not_picked_up', NULL, '2026-03-03 14:07:15', '2026-03-03 14:07:22', '20', '5', '17', '1', '2026-03-03 11:56:14', '0', NULL, '2026-03-03 11:56:10', '2026-03-03 16:39:38', NULL, NULL);
INSERT INTO `orders` (`id`, `invoice_number`, `customer_id`, `customer_name`, `customer_phone`, `notes`, `total_price`, `paid_amount`, `change_amount`, `payment_status`, `is_credit`, `paid_at`, `production_status`, `pickup_status`, `picked_up_at`, `started_at`, `finished_at`, `designer_id`, `cashier_id`, `operator_id`, `spk_printed`, `spk_printed_at`, `is_cancelled`, `cancelled_at`, `created_at`, `updated_at`, `cancelled_by`, `cancel_reason`) VALUES ('187', 'INV-20260303-0065', '122', 'Puri Kreasi', '081998672919', NULL, '24000.00', '0.00', '0.00', 'unpaid', '1', NULL, 'selesai', 'not_picked_up', NULL, '2026-03-03 13:58:59', '2026-03-03 14:26:40', '3', NULL, '17', '0', NULL, '0', NULL, '2026-03-03 12:05:04', '2026-03-03 14:26:40', NULL, NULL);
INSERT INTO `orders` (`id`, `invoice_number`, `customer_id`, `customer_name`, `customer_phone`, `notes`, `total_price`, `paid_amount`, `change_amount`, `payment_status`, `is_credit`, `paid_at`, `production_status`, `pickup_status`, `picked_up_at`, `started_at`, `finished_at`, `designer_id`, `cashier_id`, `operator_id`, `spk_printed`, `spk_printed_at`, `is_cancelled`, `cancelled_at`, `created_at`, `updated_at`, `cancelled_by`, `cancel_reason`) VALUES ('188', 'INV-20260303-0066', '122', 'Puri Kreasi', '081998672919', NULL, '24000.00', '0.00', '0.00', 'unpaid', '1', NULL, 'selesai', 'not_picked_up', NULL, '2026-03-03 13:59:04', '2026-03-03 14:26:44', '3', NULL, '17', '1', '2026-03-03 12:05:09', '0', NULL, '2026-03-03 12:05:05', '2026-03-03 14:26:44', NULL, NULL);
INSERT INTO `orders` (`id`, `invoice_number`, `customer_id`, `customer_name`, `customer_phone`, `notes`, `total_price`, `paid_amount`, `change_amount`, `payment_status`, `is_credit`, `paid_at`, `production_status`, `pickup_status`, `picked_up_at`, `started_at`, `finished_at`, `designer_id`, `cashier_id`, `operator_id`, `spk_printed`, `spk_printed_at`, `is_cancelled`, `cancelled_at`, `created_at`, `updated_at`, `cancelled_by`, `cancel_reason`) VALUES ('189', 'INV-20260303-0067', '6', 'PAK WIN', '081273680404', NULL, '50400.00', '0.00', '0.00', 'paid', '1', '2026-03-03 14:24:53', 'selesai', 'not_picked_up', NULL, '2026-03-03 14:23:08', '2026-03-03 14:23:17', '19', '5', '17', '1', '2026-03-03 12:07:30', '0', NULL, '2026-03-03 12:07:27', '2026-03-03 14:24:53', NULL, NULL);
INSERT INTO `orders` (`id`, `invoice_number`, `customer_id`, `customer_name`, `customer_phone`, `notes`, `total_price`, `paid_amount`, `change_amount`, `payment_status`, `is_credit`, `paid_at`, `production_status`, `pickup_status`, `picked_up_at`, `started_at`, `finished_at`, `designer_id`, `cashier_id`, `operator_id`, `spk_printed`, `spk_printed_at`, `is_cancelled`, `cancelled_at`, `created_at`, `updated_at`, `cancelled_by`, `cancel_reason`) VALUES ('190', 'INV-20260303-0068', '113', 'ARIESTA BARADATU', '082280666061', NULL, '5200.00', '0.00', '0.00', 'unpaid', '1', NULL, 'selesai', 'not_picked_up', NULL, '2026-03-03 13:57:11', '2026-03-03 13:58:52', '3', NULL, '17', '1', '2026-03-03 12:08:52', '0', NULL, '2026-03-03 12:08:49', '2026-03-03 13:58:52', NULL, NULL);
INSERT INTO `orders` (`id`, `invoice_number`, `customer_id`, `customer_name`, `customer_phone`, `notes`, `total_price`, `paid_amount`, `change_amount`, `payment_status`, `is_credit`, `paid_at`, `production_status`, `pickup_status`, `picked_up_at`, `started_at`, `finished_at`, `designer_id`, `cashier_id`, `operator_id`, `spk_printed`, `spk_printed_at`, `is_cancelled`, `cancelled_at`, `created_at`, `updated_at`, `cancelled_by`, `cancel_reason`) VALUES ('191', 'INV-20260303-0069', '77', 'TIMEZONE CHANDRA', '087883790679', NULL, '15000.00', '0.00', '0.00', 'unpaid', '1', NULL, 'pending', 'not_picked_up', NULL, NULL, NULL, '8', NULL, NULL, '0', NULL, '0', NULL, '2026-03-03 13:05:50', '2026-03-03 13:05:50', NULL, NULL);
INSERT INTO `orders` (`id`, `invoice_number`, `customer_id`, `customer_name`, `customer_phone`, `notes`, `total_price`, `paid_amount`, `change_amount`, `payment_status`, `is_credit`, `paid_at`, `production_status`, `pickup_status`, `picked_up_at`, `started_at`, `finished_at`, `designer_id`, `cashier_id`, `operator_id`, `spk_printed`, `spk_printed_at`, `is_cancelled`, `cancelled_at`, `created_at`, `updated_at`, `cancelled_by`, `cancel_reason`) VALUES ('192', 'INV-20260303-0070', '123', 'PRINTNESIA', '081278856399', NULL, '66000.00', '0.00', '0.00', 'unpaid', '1', NULL, 'selesai', 'not_picked_up', NULL, '2026-03-03 13:59:12', '2026-03-03 14:26:48', '20', NULL, '17', '1', '2026-03-03 13:11:08', '0', NULL, '2026-03-03 13:11:03', '2026-03-03 14:26:48', NULL, NULL);
INSERT INTO `orders` (`id`, `invoice_number`, `customer_id`, `customer_name`, `customer_phone`, `notes`, `total_price`, `paid_amount`, `change_amount`, `payment_status`, `is_credit`, `paid_at`, `production_status`, `pickup_status`, `picked_up_at`, `started_at`, `finished_at`, `designer_id`, `cashier_id`, `operator_id`, `spk_printed`, `spk_printed_at`, `is_cancelled`, `cancelled_at`, `created_at`, `updated_at`, `cancelled_by`, `cancel_reason`) VALUES ('193', 'INV-20260303-0071', '124', 'Rafi Lamtim', '081273477553', NULL, '112500.00', '0.00', '0.00', 'unpaid', '1', NULL, 'finishing', 'not_picked_up', NULL, '2026-03-03 15:58:22', NULL, '3', NULL, '22', '1', '2026-03-03 13:20:23', '0', NULL, '2026-03-03 13:20:16', '2026-03-03 16:11:19', NULL, NULL);
INSERT INTO `orders` (`id`, `invoice_number`, `customer_id`, `customer_name`, `customer_phone`, `notes`, `total_price`, `paid_amount`, `change_amount`, `payment_status`, `is_credit`, `paid_at`, `production_status`, `pickup_status`, `picked_up_at`, `started_at`, `finished_at`, `designer_id`, `cashier_id`, `operator_id`, `spk_printed`, `spk_printed_at`, `is_cancelled`, `cancelled_at`, `created_at`, `updated_at`, `cancelled_by`, `cancel_reason`) VALUES ('194', 'INV-20260303-0072', '48', 'PAK RANA', '0895640319652', NULL, '5000.00', '0.00', '0.00', 'unpaid', '1', NULL, 'selesai', 'not_picked_up', NULL, '2026-03-03 14:07:35', '2026-03-03 14:07:44', '20', NULL, '17', '1', '2026-03-03 13:20:38', '0', NULL, '2026-03-03 13:20:33', '2026-03-03 14:07:44', NULL, NULL);
INSERT INTO `orders` (`id`, `invoice_number`, `customer_id`, `customer_name`, `customer_phone`, `notes`, `total_price`, `paid_amount`, `change_amount`, `payment_status`, `is_credit`, `paid_at`, `production_status`, `pickup_status`, `picked_up_at`, `started_at`, `finished_at`, `designer_id`, `cashier_id`, `operator_id`, `spk_printed`, `spk_printed_at`, `is_cancelled`, `cancelled_at`, `created_at`, `updated_at`, `cancelled_by`, `cancel_reason`) VALUES ('195', 'INV-20260303-0073', '94', 'Sahabat Baradatu', '085381230050', NULL, '67500.00', '0.00', '0.00', 'unpaid', '1', NULL, 'selesai', 'not_picked_up', NULL, '2026-03-03 13:59:16', '2026-03-03 14:26:52', '19', NULL, '17', '1', '2026-03-03 13:20:50', '0', NULL, '2026-03-03 13:20:47', '2026-03-03 14:26:52', NULL, NULL);
INSERT INTO `orders` (`id`, `invoice_number`, `customer_id`, `customer_name`, `customer_phone`, `notes`, `total_price`, `paid_amount`, `change_amount`, `payment_status`, `is_credit`, `paid_at`, `production_status`, `pickup_status`, `picked_up_at`, `started_at`, `finished_at`, `designer_id`, `cashier_id`, `operator_id`, `spk_printed`, `spk_printed_at`, `is_cancelled`, `cancelled_at`, `created_at`, `updated_at`, `cancelled_by`, `cancel_reason`) VALUES ('196', 'INV-20260303-0074', '8', 'HERY RW', '082282332185', NULL, '14000.00', '0.00', '0.00', 'unpaid', '1', NULL, 'selesai', 'not_picked_up', NULL, '2026-03-03 13:59:20', '2026-03-03 14:26:55', '20', NULL, '17', '1', '2026-03-03 13:23:44', '0', NULL, '2026-03-03 13:23:34', '2026-03-03 14:26:55', NULL, NULL);
INSERT INTO `orders` (`id`, `invoice_number`, `customer_id`, `customer_name`, `customer_phone`, `notes`, `total_price`, `paid_amount`, `change_amount`, `payment_status`, `is_credit`, `paid_at`, `production_status`, `pickup_status`, `picked_up_at`, `started_at`, `finished_at`, `designer_id`, `cashier_id`, `operator_id`, `spk_printed`, `spk_printed_at`, `is_cancelled`, `cancelled_at`, `created_at`, `updated_at`, `cancelled_by`, `cancel_reason`) VALUES ('197', 'INV-20260303-0075', '44', 'Fikri', '087818892684', NULL, '34500.00', '0.00', '0.00', 'paid', '1', '2026-03-03 13:28:19', 'selesai', 'not_picked_up', NULL, '2026-03-03 13:59:24', '2026-03-03 14:27:00', '3', '16', '17', '1', '2026-03-03 13:24:54', '0', NULL, '2026-03-03 13:24:51', '2026-03-03 14:27:00', NULL, NULL);
INSERT INTO `orders` (`id`, `invoice_number`, `customer_id`, `customer_name`, `customer_phone`, `notes`, `total_price`, `paid_amount`, `change_amount`, `payment_status`, `is_credit`, `paid_at`, `production_status`, `pickup_status`, `picked_up_at`, `started_at`, `finished_at`, `designer_id`, `cashier_id`, `operator_id`, `spk_printed`, `spk_printed_at`, `is_cancelled`, `cancelled_at`, `created_at`, `updated_at`, `cancelled_by`, `cancel_reason`) VALUES ('198', 'INV-20260303-0076', '83', 'KHARISMA PRINTING', '+62 812-7365-0655', NULL, '718700.00', '0.00', '0.00', 'paid', '1', '2026-03-03 16:18:32', 'selesai', 'not_picked_up', NULL, '2026-03-03 13:59:44', '2026-03-03 14:27:19', '19', '16', '17', '1', '2026-03-03 13:26:57', '0', NULL, '2026-03-03 13:26:54', '2026-03-03 16:18:32', NULL, NULL);
INSERT INTO `orders` (`id`, `invoice_number`, `customer_id`, `customer_name`, `customer_phone`, `notes`, `total_price`, `paid_amount`, `change_amount`, `payment_status`, `is_credit`, `paid_at`, `production_status`, `pickup_status`, `picked_up_at`, `started_at`, `finished_at`, `designer_id`, `cashier_id`, `operator_id`, `spk_printed`, `spk_printed_at`, `is_cancelled`, `cancelled_at`, `created_at`, `updated_at`, `cancelled_by`, `cancel_reason`) VALUES ('199', 'INV-20260303-0077', '19', 'Fajar ERKA', '087881734166', NULL, '48600.00', '0.00', '0.00', 'unpaid', '1', NULL, 'selesai', 'not_picked_up', NULL, '2026-03-03 14:05:14', '2026-03-03 14:27:23', '3', NULL, '17', '1', '2026-03-03 13:27:18', '0', NULL, '2026-03-03 13:27:15', '2026-03-03 14:27:23', NULL, NULL);
INSERT INTO `orders` (`id`, `invoice_number`, `customer_id`, `customer_name`, `customer_phone`, `notes`, `total_price`, `paid_amount`, `change_amount`, `payment_status`, `is_credit`, `paid_at`, `production_status`, `pickup_status`, `picked_up_at`, `started_at`, `finished_at`, `designer_id`, `cashier_id`, `operator_id`, `spk_printed`, `spk_printed_at`, `is_cancelled`, `cancelled_at`, `created_at`, `updated_at`, `cancelled_by`, `cancel_reason`) VALUES ('200', 'INV-20260303-0078', '83', 'KHARISMA PRINTING', '+62 812-7365-0655', NULL, '24300.00', '0.00', '0.00', 'paid', '1', '2026-03-03 16:18:32', 'selesai', 'not_picked_up', NULL, '2026-03-03 14:05:23', '2026-03-03 14:27:27', '19', '16', '17', '1', '2026-03-03 13:33:01', '0', NULL, '2026-03-03 13:32:58', '2026-03-03 16:18:32', NULL, NULL);
INSERT INTO `orders` (`id`, `invoice_number`, `customer_id`, `customer_name`, `customer_phone`, `notes`, `total_price`, `paid_amount`, `change_amount`, `payment_status`, `is_credit`, `paid_at`, `production_status`, `pickup_status`, `picked_up_at`, `started_at`, `finished_at`, `designer_id`, `cashier_id`, `operator_id`, `spk_printed`, `spk_printed_at`, `is_cancelled`, `cancelled_at`, `created_at`, `updated_at`, `cancelled_by`, `cancel_reason`) VALUES ('201', 'INV-20260303-0079', '125', 'GLOBAL MEDIA', '08995743555', NULL, '305000.00', '0.00', '0.00', 'unpaid', '1', NULL, 'pending', 'not_picked_up', NULL, NULL, NULL, '23', NULL, NULL, '1', '2026-03-03 13:37:05', '0', NULL, '2026-03-03 13:36:56', '2026-03-03 13:37:05', NULL, NULL);
INSERT INTO `orders` (`id`, `invoice_number`, `customer_id`, `customer_name`, `customer_phone`, `notes`, `total_price`, `paid_amount`, `change_amount`, `payment_status`, `is_credit`, `paid_at`, `production_status`, `pickup_status`, `picked_up_at`, `started_at`, `finished_at`, `designer_id`, `cashier_id`, `operator_id`, `spk_printed`, `spk_printed_at`, `is_cancelled`, `cancelled_at`, `created_at`, `updated_at`, `cancelled_by`, `cancel_reason`) VALUES ('202', 'INV-20260303-0080', '51', 'Fadil ERKA', '082374883069', NULL, '16200.00', '0.00', '0.00', 'unpaid', '1', NULL, 'selesai', 'not_picked_up', NULL, '2026-03-03 14:05:28', '2026-03-03 14:27:31', '3', NULL, '17', '1', '2026-03-03 13:40:41', '0', NULL, '2026-03-03 13:40:08', '2026-03-03 14:27:31', NULL, NULL);
INSERT INTO `orders` (`id`, `invoice_number`, `customer_id`, `customer_name`, `customer_phone`, `notes`, `total_price`, `paid_amount`, `change_amount`, `payment_status`, `is_credit`, `paid_at`, `production_status`, `pickup_status`, `picked_up_at`, `started_at`, `finished_at`, `designer_id`, `cashier_id`, `operator_id`, `spk_printed`, `spk_printed_at`, `is_cancelled`, `cancelled_at`, `created_at`, `updated_at`, `cancelled_by`, `cancel_reason`) VALUES ('203', 'INV-20260303-0081', '129', 'FLO', '082184061615', NULL, '25000.00', '0.00', '0.00', 'unpaid', '1', NULL, 'selesai', 'not_picked_up', NULL, '2026-03-03 14:36:40', '2026-03-03 14:36:48', '20', NULL, '17', '1', '2026-03-03 13:42:41', '0', NULL, '2026-03-03 13:42:38', '2026-03-03 14:36:48', NULL, NULL);
INSERT INTO `orders` (`id`, `invoice_number`, `customer_id`, `customer_name`, `customer_phone`, `notes`, `total_price`, `paid_amount`, `change_amount`, `payment_status`, `is_credit`, `paid_at`, `production_status`, `pickup_status`, `picked_up_at`, `started_at`, `finished_at`, `designer_id`, `cashier_id`, `operator_id`, `spk_printed`, `spk_printed_at`, `is_cancelled`, `cancelled_at`, `created_at`, `updated_at`, `cancelled_by`, `cancel_reason`) VALUES ('204', 'INV-20260303-0082', '126', 'Salsa', '089616110936', NULL, '6400.00', '6400.00', '0.00', 'paid', '1', '2026-03-03 16:21:36', 'selesai', 'not_picked_up', NULL, '2026-03-03 14:10:26', '2026-03-03 14:27:43', '19', '16', '17', '1', '2026-03-03 13:42:48', '0', NULL, '2026-03-03 13:42:46', '2026-03-03 16:21:36', NULL, NULL);
INSERT INTO `orders` (`id`, `invoice_number`, `customer_id`, `customer_name`, `customer_phone`, `notes`, `total_price`, `paid_amount`, `change_amount`, `payment_status`, `is_credit`, `paid_at`, `production_status`, `pickup_status`, `picked_up_at`, `started_at`, `finished_at`, `designer_id`, `cashier_id`, `operator_id`, `spk_printed`, `spk_printed_at`, `is_cancelled`, `cancelled_at`, `created_at`, `updated_at`, `cancelled_by`, `cancel_reason`) VALUES ('205', 'INV-20260303-0083', '130', 'Rezky Ramadhana', '083183149210', NULL, '186900.00', '186900.00', '0.00', 'paid', '1', '2026-03-03 15:00:21', 'selesai', 'not_picked_up', NULL, '2026-03-03 14:10:30', '2026-03-03 14:27:46', '3', '16', '17', '1', '2026-03-03 13:43:32', '0', NULL, '2026-03-03 13:43:28', '2026-03-03 15:00:21', NULL, NULL);
INSERT INTO `orders` (`id`, `invoice_number`, `customer_id`, `customer_name`, `customer_phone`, `notes`, `total_price`, `paid_amount`, `change_amount`, `payment_status`, `is_credit`, `paid_at`, `production_status`, `pickup_status`, `picked_up_at`, `started_at`, `finished_at`, `designer_id`, `cashier_id`, `operator_id`, `spk_printed`, `spk_printed_at`, `is_cancelled`, `cancelled_at`, `created_at`, `updated_at`, `cancelled_by`, `cancel_reason`) VALUES ('206', 'INV-20260303-0084', '3', 'Livina', '085768038613', NULL, '27000.00', '0.00', '0.00', 'unpaid', '1', NULL, 'selesai', 'not_picked_up', NULL, '2026-03-03 13:57:34', '2026-03-03 14:26:36', '20', NULL, '17', '1', '2026-03-03 13:45:13', '0', NULL, '2026-03-03 13:45:09', '2026-03-03 14:26:36', NULL, NULL);
INSERT INTO `orders` (`id`, `invoice_number`, `customer_id`, `customer_name`, `customer_phone`, `notes`, `total_price`, `paid_amount`, `change_amount`, `payment_status`, `is_credit`, `paid_at`, `production_status`, `pickup_status`, `picked_up_at`, `started_at`, `finished_at`, `designer_id`, `cashier_id`, `operator_id`, `spk_printed`, `spk_printed_at`, `is_cancelled`, `cancelled_at`, `created_at`, `updated_at`, `cancelled_by`, `cancel_reason`) VALUES ('207', 'INV-20260303-0085', '127', 'Rista', '08127213363', NULL, '90000.00', '0.00', '0.00', 'unpaid', '1', NULL, 'pending', 'not_picked_up', NULL, NULL, NULL, '19', NULL, NULL, '1', '2026-03-03 13:46:13', '0', NULL, '2026-03-03 13:46:06', '2026-03-03 15:56:32', NULL, NULL);
INSERT INTO `orders` (`id`, `invoice_number`, `customer_id`, `customer_name`, `customer_phone`, `notes`, `total_price`, `paid_amount`, `change_amount`, `payment_status`, `is_credit`, `paid_at`, `production_status`, `pickup_status`, `picked_up_at`, `started_at`, `finished_at`, `designer_id`, `cashier_id`, `operator_id`, `spk_printed`, `spk_printed_at`, `is_cancelled`, `cancelled_at`, `created_at`, `updated_at`, `cancelled_by`, `cancel_reason`) VALUES ('208', 'INV-20260303-0086', '131', 'MZK PRINTING', '+62 896-7144-6062', NULL, '50000.00', '0.00', '0.00', 'unpaid', '1', NULL, 'selesai', 'not_picked_up', NULL, '2026-03-03 14:57:53', '2026-03-03 15:58:31', '20', NULL, '22', '1', '2026-03-03 13:49:13', '0', NULL, '2026-03-03 13:49:05', '2026-03-03 15:58:31', NULL, NULL);
INSERT INTO `orders` (`id`, `invoice_number`, `customer_id`, `customer_name`, `customer_phone`, `notes`, `total_price`, `paid_amount`, `change_amount`, `payment_status`, `is_credit`, `paid_at`, `production_status`, `pickup_status`, `picked_up_at`, `started_at`, `finished_at`, `designer_id`, `cashier_id`, `operator_id`, `spk_printed`, `spk_printed_at`, `is_cancelled`, `cancelled_at`, `created_at`, `updated_at`, `cancelled_by`, `cancel_reason`) VALUES ('209', 'INV-20260303-0087', '57', 'Agung Rk', '085731559701', NULL, '62700.00', '0.00', '0.00', 'unpaid', '1', NULL, 'selesai', 'not_picked_up', NULL, '2026-03-03 14:05:46', '2026-03-03 14:27:38', '19', NULL, '17', '1', '2026-03-03 13:54:55', '0', NULL, '2026-03-03 13:54:52', '2026-03-03 14:27:38', NULL, NULL);
INSERT INTO `orders` (`id`, `invoice_number`, `customer_id`, `customer_name`, `customer_phone`, `notes`, `total_price`, `paid_amount`, `change_amount`, `payment_status`, `is_credit`, `paid_at`, `production_status`, `pickup_status`, `picked_up_at`, `started_at`, `finished_at`, `designer_id`, `cashier_id`, `operator_id`, `spk_printed`, `spk_printed_at`, `is_cancelled`, `cancelled_at`, `created_at`, `updated_at`, `cancelled_by`, `cancel_reason`) VALUES ('210', 'INV-20260303-0088', '132', 'WILDA', '082184161051', NULL, '52000.00', '52000.00', '0.00', 'paid', '1', '2026-03-03 14:04:47', 'selesai', 'picked_up', '2026-03-03 15:22:35', '2026-03-03 14:15:04', '2026-03-03 14:27:50', '20', '5', '17', '1', '2026-03-03 14:02:22', '0', NULL, '2026-03-03 14:02:17', '2026-03-03 15:22:35', NULL, NULL);
INSERT INTO `orders` (`id`, `invoice_number`, `customer_id`, `customer_name`, `customer_phone`, `notes`, `total_price`, `paid_amount`, `change_amount`, `payment_status`, `is_credit`, `paid_at`, `production_status`, `pickup_status`, `picked_up_at`, `started_at`, `finished_at`, `designer_id`, `cashier_id`, `operator_id`, `spk_printed`, `spk_printed_at`, `is_cancelled`, `cancelled_at`, `created_at`, `updated_at`, `cancelled_by`, `cancel_reason`) VALUES ('211', 'INV-20260303-0089', '65', 'Mitra Mas', '085100528288', NULL, '3000.00', '3000.00', '0.00', 'paid', '1', '2026-03-03 15:58:20', 'selesai', 'not_picked_up', NULL, '2026-03-03 14:39:34', '2026-03-03 14:40:09', '19', '16', '17', '1', '2026-03-03 14:31:47', '0', NULL, '2026-03-03 14:31:43', '2026-03-03 15:58:20', NULL, NULL);
INSERT INTO `orders` (`id`, `invoice_number`, `customer_id`, `customer_name`, `customer_phone`, `notes`, `total_price`, `paid_amount`, `change_amount`, `payment_status`, `is_credit`, `paid_at`, `production_status`, `pickup_status`, `picked_up_at`, `started_at`, `finished_at`, `designer_id`, `cashier_id`, `operator_id`, `spk_printed`, `spk_printed_at`, `is_cancelled`, `cancelled_at`, `created_at`, `updated_at`, `cancelled_by`, `cancel_reason`) VALUES ('212', 'INV-20260303-0090', '128', 'Nuri Frame', '089656234122', NULL, '469200.00', '0.00', '0.00', 'unpaid', '1', NULL, 'selesai', 'not_picked_up', NULL, '2026-03-03 16:10:03', '2026-03-03 16:59:18', '19', NULL, '6', '1', '2026-03-03 14:36:29', '0', NULL, '2026-03-03 14:36:00', '2026-03-03 16:59:18', NULL, NULL);
INSERT INTO `orders` (`id`, `invoice_number`, `customer_id`, `customer_name`, `customer_phone`, `notes`, `total_price`, `paid_amount`, `change_amount`, `payment_status`, `is_credit`, `paid_at`, `production_status`, `pickup_status`, `picked_up_at`, `started_at`, `finished_at`, `designer_id`, `cashier_id`, `operator_id`, `spk_printed`, `spk_printed_at`, `is_cancelled`, `cancelled_at`, `created_at`, `updated_at`, `cancelled_by`, `cancel_reason`) VALUES ('213', 'INV-20260303-0091', '59', 'Firman', '089524287106', NULL, '13000.00', '13000.00', '0.00', 'paid', '1', '2026-03-03 14:58:45', 'selesai', 'not_picked_up', NULL, '2026-03-03 14:49:27', '2026-03-03 14:49:43', '20', '16', '17', '1', '2026-03-03 14:40:45', '0', NULL, '2026-03-03 14:40:40', '2026-03-03 14:58:45', NULL, NULL);
INSERT INTO `orders` (`id`, `invoice_number`, `customer_id`, `customer_name`, `customer_phone`, `notes`, `total_price`, `paid_amount`, `change_amount`, `payment_status`, `is_credit`, `paid_at`, `production_status`, `pickup_status`, `picked_up_at`, `started_at`, `finished_at`, `designer_id`, `cashier_id`, `operator_id`, `spk_printed`, `spk_printed_at`, `is_cancelled`, `cancelled_at`, `created_at`, `updated_at`, `cancelled_by`, `cancel_reason`) VALUES ('214', 'INV-20260303-0092', '124', 'Rafi Lamtim', '081273477553', NULL, '138000.00', '0.00', '0.00', 'unpaid', '1', NULL, 'pending', 'not_picked_up', NULL, NULL, NULL, '19', NULL, NULL, '1', '2026-03-03 14:54:19', '0', NULL, '2026-03-03 14:54:06', '2026-03-03 14:54:19', NULL, NULL);
INSERT INTO `orders` (`id`, `invoice_number`, `customer_id`, `customer_name`, `customer_phone`, `notes`, `total_price`, `paid_amount`, `change_amount`, `payment_status`, `is_credit`, `paid_at`, `production_status`, `pickup_status`, `picked_up_at`, `started_at`, `finished_at`, `designer_id`, `cashier_id`, `operator_id`, `spk_printed`, `spk_printed_at`, `is_cancelled`, `cancelled_at`, `created_at`, `updated_at`, `cancelled_by`, `cancel_reason`) VALUES ('215', 'INV-20260303-0093', '136', 'Virli', '0895380086767', NULL, '52200.00', '52200.00', '0.00', 'paid', '1', '2026-03-03 14:55:54', 'pending', 'not_picked_up', NULL, NULL, NULL, '3', '16', NULL, '1', '2026-03-03 15:08:30', '0', NULL, '2026-03-03 14:54:12', '2026-03-03 15:08:30', NULL, NULL);
INSERT INTO `orders` (`id`, `invoice_number`, `customer_id`, `customer_name`, `customer_phone`, `notes`, `total_price`, `paid_amount`, `change_amount`, `payment_status`, `is_credit`, `paid_at`, `production_status`, `pickup_status`, `picked_up_at`, `started_at`, `finished_at`, `designer_id`, `cashier_id`, `operator_id`, `spk_printed`, `spk_printed_at`, `is_cancelled`, `cancelled_at`, `created_at`, `updated_at`, `cancelled_by`, `cancel_reason`) VALUES ('216', 'INV-20260303-0094', '137', 'ADITYA', '+62 858-0918-9853', NULL, '11600.00', '0.00', '0.00', 'unpaid', '1', NULL, 'pending', 'not_picked_up', NULL, NULL, NULL, '20', NULL, NULL, '1', '2026-03-03 14:56:04', '0', NULL, '2026-03-03 14:56:01', '2026-03-03 14:56:04', NULL, NULL);
INSERT INTO `orders` (`id`, `invoice_number`, `customer_id`, `customer_name`, `customer_phone`, `notes`, `total_price`, `paid_amount`, `change_amount`, `payment_status`, `is_credit`, `paid_at`, `production_status`, `pickup_status`, `picked_up_at`, `started_at`, `finished_at`, `designer_id`, `cashier_id`, `operator_id`, `spk_printed`, `spk_printed_at`, `is_cancelled`, `cancelled_at`, `created_at`, `updated_at`, `cancelled_by`, `cancel_reason`) VALUES ('217', 'INV-20260303-0095', '134', 'RIZAR', '0813-7398-3186', NULL, '81000.00', '0.00', '0.00', 'unpaid', '1', NULL, 'selesai', 'not_picked_up', NULL, '2026-03-03 15:23:21', '2026-03-03 16:09:40', '20', NULL, '17', '1', '2026-03-03 14:59:12', '0', NULL, '2026-03-03 14:59:07', '2026-03-03 16:09:40', NULL, NULL);
INSERT INTO `orders` (`id`, `invoice_number`, `customer_id`, `customer_name`, `customer_phone`, `notes`, `total_price`, `paid_amount`, `change_amount`, `payment_status`, `is_credit`, `paid_at`, `production_status`, `pickup_status`, `picked_up_at`, `started_at`, `finished_at`, `designer_id`, `cashier_id`, `operator_id`, `spk_printed`, `spk_printed_at`, `is_cancelled`, `cancelled_at`, `created_at`, `updated_at`, `cancelled_by`, `cancel_reason`) VALUES ('218', 'INV-20260303-0096', '138', 'Pak Yus', '085269033369', NULL, '50000.00', '0.00', '0.00', 'unpaid', '1', NULL, 'selesai', 'not_picked_up', NULL, '2026-03-03 15:11:37', '2026-03-03 15:58:18', '19', NULL, '22', '1', '2026-03-03 15:06:19', '0', NULL, '2026-03-03 15:06:16', '2026-03-03 15:58:18', NULL, NULL);
INSERT INTO `orders` (`id`, `invoice_number`, `customer_id`, `customer_name`, `customer_phone`, `notes`, `total_price`, `paid_amount`, `change_amount`, `payment_status`, `is_credit`, `paid_at`, `production_status`, `pickup_status`, `picked_up_at`, `started_at`, `finished_at`, `designer_id`, `cashier_id`, `operator_id`, `spk_printed`, `spk_printed_at`, `is_cancelled`, `cancelled_at`, `created_at`, `updated_at`, `cancelled_by`, `cancel_reason`) VALUES ('219', 'INV-20260303-0097', '100', 'Ercia Grafis', '081295595888', NULL, '7800.00', '0.00', '0.00', 'unpaid', '1', NULL, 'selesai', 'not_picked_up', NULL, '2026-03-03 15:23:25', '2026-03-03 16:09:43', '20', NULL, '17', '1', '2026-03-03 15:06:57', '0', NULL, '2026-03-03 15:06:54', '2026-03-03 16:09:43', NULL, NULL);
INSERT INTO `orders` (`id`, `invoice_number`, `customer_id`, `customer_name`, `customer_phone`, `notes`, `total_price`, `paid_amount`, `change_amount`, `payment_status`, `is_credit`, `paid_at`, `production_status`, `pickup_status`, `picked_up_at`, `started_at`, `finished_at`, `designer_id`, `cashier_id`, `operator_id`, `spk_printed`, `spk_printed_at`, `is_cancelled`, `cancelled_at`, `created_at`, `updated_at`, `cancelled_by`, `cancel_reason`) VALUES ('220', 'INV-20260303-0098', '139', 'Puan Creative', '082183645011', NULL, '130000.00', '0.00', '0.00', 'unpaid', '1', NULL, 'pending', 'not_picked_up', NULL, NULL, NULL, '3', NULL, NULL, '1', '2026-03-03 15:08:07', '0', NULL, '2026-03-03 15:08:05', '2026-03-03 15:08:07', NULL, NULL);
INSERT INTO `orders` (`id`, `invoice_number`, `customer_id`, `customer_name`, `customer_phone`, `notes`, `total_price`, `paid_amount`, `change_amount`, `payment_status`, `is_credit`, `paid_at`, `production_status`, `pickup_status`, `picked_up_at`, `started_at`, `finished_at`, `designer_id`, `cashier_id`, `operator_id`, `spk_printed`, `spk_printed_at`, `is_cancelled`, `cancelled_at`, `created_at`, `updated_at`, `cancelled_by`, `cancel_reason`) VALUES ('221', 'INV-20260303-0099', '100', 'Ercia Grafis', '081295595888', NULL, '9900.00', '0.00', '0.00', 'unpaid', '1', NULL, 'selesai', 'not_picked_up', NULL, '2026-03-03 16:05:18', '2026-03-03 16:09:47', '20', NULL, '17', '1', '2026-03-03 15:08:39', '0', NULL, '2026-03-03 15:08:35', '2026-03-03 16:09:47', NULL, NULL);
INSERT INTO `orders` (`id`, `invoice_number`, `customer_id`, `customer_name`, `customer_phone`, `notes`, `total_price`, `paid_amount`, `change_amount`, `payment_status`, `is_credit`, `paid_at`, `production_status`, `pickup_status`, `picked_up_at`, `started_at`, `finished_at`, `designer_id`, `cashier_id`, `operator_id`, `spk_printed`, `spk_printed_at`, `is_cancelled`, `cancelled_at`, `created_at`, `updated_at`, `cancelled_by`, `cancel_reason`) VALUES ('222', 'INV-20260303-0100', '52', 'DPRIMACOM', '085892781956', NULL, '14400.00', '0.00', '0.00', 'paid', '1', '2026-03-03 15:12:05', 'selesai', 'not_picked_up', NULL, '2026-03-03 16:05:22', '2026-03-03 16:09:50', '3', '16', '17', '1', '2026-03-03 15:09:59', '0', NULL, '2026-03-03 15:09:56', '2026-03-03 16:09:50', NULL, NULL);
INSERT INTO `orders` (`id`, `invoice_number`, `customer_id`, `customer_name`, `customer_phone`, `notes`, `total_price`, `paid_amount`, `change_amount`, `payment_status`, `is_credit`, `paid_at`, `production_status`, `pickup_status`, `picked_up_at`, `started_at`, `finished_at`, `designer_id`, `cashier_id`, `operator_id`, `spk_printed`, `spk_printed_at`, `is_cancelled`, `cancelled_at`, `created_at`, `updated_at`, `cancelled_by`, `cancel_reason`) VALUES ('223', 'INV-20260303-0101', '140', 'Abror', '081273589495', NULL, '25000.00', '0.00', '0.00', 'unpaid', '1', NULL, 'pending', 'not_picked_up', NULL, NULL, NULL, '3', NULL, NULL, '1', '2026-03-03 15:16:14', '0', NULL, '2026-03-03 15:15:14', '2026-03-03 15:16:14', NULL, NULL);
INSERT INTO `orders` (`id`, `invoice_number`, `customer_id`, `customer_name`, `customer_phone`, `notes`, `total_price`, `paid_amount`, `change_amount`, `payment_status`, `is_credit`, `paid_at`, `production_status`, `pickup_status`, `picked_up_at`, `started_at`, `finished_at`, `designer_id`, `cashier_id`, `operator_id`, `spk_printed`, `spk_printed_at`, `is_cancelled`, `cancelled_at`, `created_at`, `updated_at`, `cancelled_by`, `cancel_reason`) VALUES ('224', 'INV-20260303-0102', '140', 'Abror', '081273589495', NULL, '15000.00', '0.00', '0.00', 'unpaid', '1', NULL, 'selesai', 'not_picked_up', NULL, '2026-03-03 16:05:32', '2026-03-03 16:09:53', '3', NULL, '17', '1', '2026-03-03 15:18:27', '0', NULL, '2026-03-03 15:18:24', '2026-03-03 16:09:53', NULL, NULL);
INSERT INTO `orders` (`id`, `invoice_number`, `customer_id`, `customer_name`, `customer_phone`, `notes`, `total_price`, `paid_amount`, `change_amount`, `payment_status`, `is_credit`, `paid_at`, `production_status`, `pickup_status`, `picked_up_at`, `started_at`, `finished_at`, `designer_id`, `cashier_id`, `operator_id`, `spk_printed`, `spk_printed_at`, `is_cancelled`, `cancelled_at`, `created_at`, `updated_at`, `cancelled_by`, `cancel_reason`) VALUES ('225', 'INV-20260303-0103', '110', 'Ibu Siti', '082199999079', NULL, '8800.00', '0.00', '0.00', 'unpaid', '1', NULL, 'selesai', 'not_picked_up', NULL, '2026-03-03 16:05:36', '2026-03-03 16:10:02', '19', NULL, '17', '1', '2026-03-03 15:19:55', '0', NULL, '2026-03-03 15:19:50', '2026-03-03 16:10:02', NULL, NULL);
INSERT INTO `orders` (`id`, `invoice_number`, `customer_id`, `customer_name`, `customer_phone`, `notes`, `total_price`, `paid_amount`, `change_amount`, `payment_status`, `is_credit`, `paid_at`, `production_status`, `pickup_status`, `picked_up_at`, `started_at`, `finished_at`, `designer_id`, `cashier_id`, `operator_id`, `spk_printed`, `spk_printed_at`, `is_cancelled`, `cancelled_at`, `created_at`, `updated_at`, `cancelled_by`, `cancel_reason`) VALUES ('226', 'INV-20260303-0104', '68', 'BOCUP', '088267076005', NULL, '7000.00', '10000.00', '3000.00', 'paid', '1', '2026-03-03 16:55:35', 'selesai', 'not_picked_up', NULL, '2026-03-03 16:05:40', '2026-03-03 16:10:06', '19', '16', '17', '1', '2026-03-03 15:21:36', '0', NULL, '2026-03-03 15:21:33', '2026-03-03 16:55:35', NULL, NULL);
INSERT INTO `orders` (`id`, `invoice_number`, `customer_id`, `customer_name`, `customer_phone`, `notes`, `total_price`, `paid_amount`, `change_amount`, `payment_status`, `is_credit`, `paid_at`, `production_status`, `pickup_status`, `picked_up_at`, `started_at`, `finished_at`, `designer_id`, `cashier_id`, `operator_id`, `spk_printed`, `spk_printed_at`, `is_cancelled`, `cancelled_at`, `created_at`, `updated_at`, `cancelled_by`, `cancel_reason`) VALUES ('227', 'INV-20260303-0105', '47', 'Rudi Linda', '081274582482', NULL, '130000.00', '0.00', '0.00', 'unpaid', '1', NULL, 'pending', 'not_picked_up', NULL, NULL, NULL, '3', NULL, NULL, '1', '2026-03-03 15:23:25', '0', NULL, '2026-03-03 15:23:21', '2026-03-03 15:23:25', NULL, NULL);
INSERT INTO `orders` (`id`, `invoice_number`, `customer_id`, `customer_name`, `customer_phone`, `notes`, `total_price`, `paid_amount`, `change_amount`, `payment_status`, `is_credit`, `paid_at`, `production_status`, `pickup_status`, `picked_up_at`, `started_at`, `finished_at`, `designer_id`, `cashier_id`, `operator_id`, `spk_printed`, `spk_printed_at`, `is_cancelled`, `cancelled_at`, `created_at`, `updated_at`, `cancelled_by`, `cancel_reason`) VALUES ('228', 'INV-20260303-0106', '141', 'INGVENA', '082175273798', NULL, '30000.00', '0.00', '0.00', 'unpaid', '1', NULL, 'pending', 'not_picked_up', NULL, NULL, NULL, '23', NULL, NULL, '1', '2026-03-03 15:26:50', '0', NULL, '2026-03-03 15:26:12', '2026-03-03 15:26:50', NULL, NULL);
INSERT INTO `orders` (`id`, `invoice_number`, `customer_id`, `customer_name`, `customer_phone`, `notes`, `total_price`, `paid_amount`, `change_amount`, `payment_status`, `is_credit`, `paid_at`, `production_status`, `pickup_status`, `picked_up_at`, `started_at`, `finished_at`, `designer_id`, `cashier_id`, `operator_id`, `spk_printed`, `spk_printed_at`, `is_cancelled`, `cancelled_at`, `created_at`, `updated_at`, `cancelled_by`, `cancel_reason`) VALUES ('229', 'INV-20260303-0107', '19', 'Fajar ERKA', '087881734166', NULL, '33000.00', '0.00', '0.00', 'unpaid', '1', NULL, 'selesai', 'not_picked_up', NULL, '2026-03-03 16:05:44', '2026-03-03 16:10:10', '3', NULL, '17', '0', NULL, '0', NULL, '2026-03-03 15:46:13', '2026-03-03 16:10:10', NULL, NULL);
INSERT INTO `orders` (`id`, `invoice_number`, `customer_id`, `customer_name`, `customer_phone`, `notes`, `total_price`, `paid_amount`, `change_amount`, `payment_status`, `is_credit`, `paid_at`, `production_status`, `pickup_status`, `picked_up_at`, `started_at`, `finished_at`, `designer_id`, `cashier_id`, `operator_id`, `spk_printed`, `spk_printed_at`, `is_cancelled`, `cancelled_at`, `created_at`, `updated_at`, `cancelled_by`, `cancel_reason`) VALUES ('230', 'INV-20260303-0108', '19', 'Fajar ERKA', '087881734166', NULL, '33000.00', '0.00', '0.00', 'unpaid', '1', NULL, 'selesai', 'not_picked_up', NULL, '2026-03-03 16:05:48', '2026-03-03 16:10:16', '3', NULL, '17', '1', '2026-03-03 15:46:16', '0', NULL, '2026-03-03 15:46:14', '2026-03-03 16:10:16', NULL, NULL);
INSERT INTO `orders` (`id`, `invoice_number`, `customer_id`, `customer_name`, `customer_phone`, `notes`, `total_price`, `paid_amount`, `change_amount`, `payment_status`, `is_credit`, `paid_at`, `production_status`, `pickup_status`, `picked_up_at`, `started_at`, `finished_at`, `designer_id`, `cashier_id`, `operator_id`, `spk_printed`, `spk_printed_at`, `is_cancelled`, `cancelled_at`, `created_at`, `updated_at`, `cancelled_by`, `cancel_reason`) VALUES ('231', 'INV-20260303-0109', '140', 'Abror', '081273589495', NULL, '25000.00', '0.00', '0.00', 'unpaid', '1', NULL, 'pending', 'not_picked_up', NULL, NULL, NULL, '20', NULL, NULL, '1', '2026-03-03 15:47:29', '0', NULL, '2026-03-03 15:46:39', '2026-03-03 15:47:29', NULL, NULL);
INSERT INTO `orders` (`id`, `invoice_number`, `customer_id`, `customer_name`, `customer_phone`, `notes`, `total_price`, `paid_amount`, `change_amount`, `payment_status`, `is_credit`, `paid_at`, `production_status`, `pickup_status`, `picked_up_at`, `started_at`, `finished_at`, `designer_id`, `cashier_id`, `operator_id`, `spk_printed`, `spk_printed_at`, `is_cancelled`, `cancelled_at`, `created_at`, `updated_at`, `cancelled_by`, `cancel_reason`) VALUES ('232', 'INV-20260303-0110', '51', 'Fadil ERKA', '082374883069', NULL, '64800.00', '0.00', '0.00', 'unpaid', '1', NULL, 'selesai', 'not_picked_up', NULL, '2026-03-03 16:05:51', '2026-03-03 16:10:19', '3', NULL, '17', '1', '2026-03-03 15:48:37', '0', NULL, '2026-03-03 15:48:35', '2026-03-03 16:10:19', NULL, NULL);
INSERT INTO `orders` (`id`, `invoice_number`, `customer_id`, `customer_name`, `customer_phone`, `notes`, `total_price`, `paid_amount`, `change_amount`, `payment_status`, `is_credit`, `paid_at`, `production_status`, `pickup_status`, `picked_up_at`, `started_at`, `finished_at`, `designer_id`, `cashier_id`, `operator_id`, `spk_printed`, `spk_printed_at`, `is_cancelled`, `cancelled_at`, `created_at`, `updated_at`, `cancelled_by`, `cancel_reason`) VALUES ('233', 'INV-20260303-0111', '142', 'Ibu Mus', '081369784910', NULL, '57500.00', '0.00', '0.00', 'unpaid', '1', NULL, 'selesai', 'not_picked_up', NULL, '2026-03-03 16:05:56', '2026-03-03 16:10:24', '3', NULL, '17', '1', '2026-03-03 15:52:26', '0', NULL, '2026-03-03 15:52:23', '2026-03-03 16:10:24', NULL, NULL);
INSERT INTO `orders` (`id`, `invoice_number`, `customer_id`, `customer_name`, `customer_phone`, `notes`, `total_price`, `paid_amount`, `change_amount`, `payment_status`, `is_credit`, `paid_at`, `production_status`, `pickup_status`, `picked_up_at`, `started_at`, `finished_at`, `designer_id`, `cashier_id`, `operator_id`, `spk_printed`, `spk_printed_at`, `is_cancelled`, `cancelled_at`, `created_at`, `updated_at`, `cancelled_by`, `cancel_reason`) VALUES ('234', 'INV-20260303-0112', '20', 'RIAS PRINTING', '082281106682', NULL, '10000.00', '0.00', '0.00', 'paid', '1', '2026-03-03 16:42:50', 'pending', 'not_picked_up', NULL, NULL, NULL, '19', '5', NULL, '1', '2026-03-03 15:53:56', '0', NULL, '2026-03-03 15:53:34', '2026-03-03 16:42:50', NULL, NULL);
INSERT INTO `orders` (`id`, `invoice_number`, `customer_id`, `customer_name`, `customer_phone`, `notes`, `total_price`, `paid_amount`, `change_amount`, `payment_status`, `is_credit`, `paid_at`, `production_status`, `pickup_status`, `picked_up_at`, `started_at`, `finished_at`, `designer_id`, `cashier_id`, `operator_id`, `spk_printed`, `spk_printed_at`, `is_cancelled`, `cancelled_at`, `created_at`, `updated_at`, `cancelled_by`, `cancel_reason`) VALUES ('235', 'INV-20260303-0113', '73', 'Lentera', '081279552579', NULL, '42000.00', '0.00', '0.00', 'unpaid', '1', NULL, 'selesai', 'not_picked_up', NULL, '2026-03-03 16:06:00', '2026-03-03 16:10:27', '3', NULL, '17', '1', '2026-03-03 15:55:21', '0', NULL, '2026-03-03 15:55:13', '2026-03-03 16:10:27', NULL, NULL);
INSERT INTO `orders` (`id`, `invoice_number`, `customer_id`, `customer_name`, `customer_phone`, `notes`, `total_price`, `paid_amount`, `change_amount`, `payment_status`, `is_credit`, `paid_at`, `production_status`, `pickup_status`, `picked_up_at`, `started_at`, `finished_at`, `designer_id`, `cashier_id`, `operator_id`, `spk_printed`, `spk_printed_at`, `is_cancelled`, `cancelled_at`, `created_at`, `updated_at`, `cancelled_by`, `cancel_reason`) VALUES ('236', 'INV-20260303-0114', '143', 'Imam Natar', '089525438700', NULL, '26000.00', '0.00', '0.00', 'unpaid', '1', NULL, 'selesai', 'not_picked_up', NULL, '2026-03-03 16:06:04', '2026-03-03 16:22:39', '3', NULL, '17', '1', '2026-03-03 15:58:52', '0', NULL, '2026-03-03 15:58:50', '2026-03-03 16:22:39', NULL, NULL);
INSERT INTO `orders` (`id`, `invoice_number`, `customer_id`, `customer_name`, `customer_phone`, `notes`, `total_price`, `paid_amount`, `change_amount`, `payment_status`, `is_credit`, `paid_at`, `production_status`, `pickup_status`, `picked_up_at`, `started_at`, `finished_at`, `designer_id`, `cashier_id`, `operator_id`, `spk_printed`, `spk_printed_at`, `is_cancelled`, `cancelled_at`, `created_at`, `updated_at`, `cancelled_by`, `cancel_reason`) VALUES ('237', 'INV-20260303-0115', '144', 'Aji ERKA', '0895428424249', NULL, '46200.00', '0.00', '0.00', 'unpaid', '1', NULL, 'selesai', 'not_picked_up', NULL, '2026-03-03 16:06:10', '2026-03-03 16:10:32', '19', NULL, '17', '1', '2026-03-03 16:04:59', '0', NULL, '2026-03-03 16:04:57', '2026-03-03 16:10:32', NULL, NULL);
INSERT INTO `orders` (`id`, `invoice_number`, `customer_id`, `customer_name`, `customer_phone`, `notes`, `total_price`, `paid_amount`, `change_amount`, `payment_status`, `is_credit`, `paid_at`, `production_status`, `pickup_status`, `picked_up_at`, `started_at`, `finished_at`, `designer_id`, `cashier_id`, `operator_id`, `spk_printed`, `spk_printed_at`, `is_cancelled`, `cancelled_at`, `created_at`, `updated_at`, `cancelled_by`, `cancel_reason`) VALUES ('238', 'INV-20260303-0116', '145', 'Tommy Cen', '087899789777', NULL, '10000.00', '0.00', '0.00', 'unpaid', '1', NULL, 'pending', 'not_picked_up', NULL, NULL, NULL, '19', NULL, NULL, '1', '2026-03-03 16:07:16', '0', NULL, '2026-03-03 16:07:10', '2026-03-03 16:07:16', NULL, NULL);
INSERT INTO `orders` (`id`, `invoice_number`, `customer_id`, `customer_name`, `customer_phone`, `notes`, `total_price`, `paid_amount`, `change_amount`, `payment_status`, `is_credit`, `paid_at`, `production_status`, `pickup_status`, `picked_up_at`, `started_at`, `finished_at`, `designer_id`, `cashier_id`, `operator_id`, `spk_printed`, `spk_printed_at`, `is_cancelled`, `cancelled_at`, `created_at`, `updated_at`, `cancelled_by`, `cancel_reason`) VALUES ('239', 'INV-20260303-0117', '146', 'BOXBRIDEID', '+62 882-8667-7576', NULL, '39000.00', '0.00', '0.00', 'unpaid', '1', NULL, 'selesai', 'not_picked_up', NULL, '2026-03-03 16:09:26', '2026-03-03 16:20:33', '20', NULL, '17', '1', '2026-03-03 16:08:31', '0', NULL, '2026-03-03 16:08:21', '2026-03-03 16:20:33', NULL, NULL);
INSERT INTO `orders` (`id`, `invoice_number`, `customer_id`, `customer_name`, `customer_phone`, `notes`, `total_price`, `paid_amount`, `change_amount`, `payment_status`, `is_credit`, `paid_at`, `production_status`, `pickup_status`, `picked_up_at`, `started_at`, `finished_at`, `designer_id`, `cashier_id`, `operator_id`, `spk_printed`, `spk_printed_at`, `is_cancelled`, `cancelled_at`, `created_at`, `updated_at`, `cancelled_by`, `cancel_reason`) VALUES ('240', 'INV-20260303-0118', '147', 'Isfah Jaya', '082181956640', NULL, '46200.00', '0.00', '0.00', 'unpaid', '1', NULL, 'pending', 'not_picked_up', NULL, NULL, NULL, '3', NULL, NULL, '1', '2026-03-03 16:13:49', '0', NULL, '2026-03-03 16:13:47', '2026-03-03 16:13:49', NULL, NULL);
INSERT INTO `orders` (`id`, `invoice_number`, `customer_id`, `customer_name`, `customer_phone`, `notes`, `total_price`, `paid_amount`, `change_amount`, `payment_status`, `is_credit`, `paid_at`, `production_status`, `pickup_status`, `picked_up_at`, `started_at`, `finished_at`, `designer_id`, `cashier_id`, `operator_id`, `spk_printed`, `spk_printed_at`, `is_cancelled`, `cancelled_at`, `created_at`, `updated_at`, `cancelled_by`, `cancel_reason`) VALUES ('241', 'INV-20260303-0119', '149', 'YUDI', '0812-7323-4669', NULL, '237000.00', '237000.00', '0.00', 'paid', '1', '2026-03-03 16:29:32', 'selesai', 'not_picked_up', NULL, '2026-03-03 16:22:43', '2026-03-03 16:34:06', '20', '16', '17', '1', '2026-03-03 16:22:06', '0', NULL, '2026-03-03 16:22:02', '2026-03-03 16:34:06', NULL, NULL);
INSERT INTO `orders` (`id`, `invoice_number`, `customer_id`, `customer_name`, `customer_phone`, `notes`, `total_price`, `paid_amount`, `change_amount`, `payment_status`, `is_credit`, `paid_at`, `production_status`, `pickup_status`, `picked_up_at`, `started_at`, `finished_at`, `designer_id`, `cashier_id`, `operator_id`, `spk_printed`, `spk_printed_at`, `is_cancelled`, `cancelled_at`, `created_at`, `updated_at`, `cancelled_by`, `cancel_reason`) VALUES ('242', 'INV-20260303-0120', '150', 'IDEL', '+62 852-6968-1156', NULL, '3300.00', '0.00', '0.00', 'unpaid', '1', NULL, 'selesai', 'not_picked_up', NULL, '2026-03-03 16:36:49', '2026-03-03 16:37:10', '20', NULL, '17', '1', '2026-03-03 16:26:36', '0', NULL, '2026-03-03 16:26:31', '2026-03-03 16:37:10', NULL, NULL);
INSERT INTO `orders` (`id`, `invoice_number`, `customer_id`, `customer_name`, `customer_phone`, `notes`, `total_price`, `paid_amount`, `change_amount`, `payment_status`, `is_credit`, `paid_at`, `production_status`, `pickup_status`, `picked_up_at`, `started_at`, `finished_at`, `designer_id`, `cashier_id`, `operator_id`, `spk_printed`, `spk_printed_at`, `is_cancelled`, `cancelled_at`, `created_at`, `updated_at`, `cancelled_by`, `cancel_reason`) VALUES ('243', 'INV-20260303-0121', '148', 'Farel', '0895609926754', NULL, '25500.00', '0.00', '0.00', 'unpaid', '1', NULL, 'pending', 'not_picked_up', NULL, NULL, NULL, '19', NULL, NULL, '1', '2026-03-03 16:31:28', '0', NULL, '2026-03-03 16:31:26', '2026-03-03 16:31:28', NULL, NULL);
INSERT INTO `orders` (`id`, `invoice_number`, `customer_id`, `customer_name`, `customer_phone`, `notes`, `total_price`, `paid_amount`, `change_amount`, `payment_status`, `is_credit`, `paid_at`, `production_status`, `pickup_status`, `picked_up_at`, `started_at`, `finished_at`, `designer_id`, `cashier_id`, `operator_id`, `spk_printed`, `spk_printed_at`, `is_cancelled`, `cancelled_at`, `created_at`, `updated_at`, `cancelled_by`, `cancel_reason`) VALUES ('244', 'INV-20260303-0122', '148', 'Farel', '0895609926754', NULL, '21200.00', '0.00', '0.00', 'unpaid', '1', NULL, 'pending', 'not_picked_up', NULL, NULL, NULL, '19', NULL, NULL, '1', '2026-03-03 16:32:06', '0', NULL, '2026-03-03 16:32:03', '2026-03-03 16:32:06', NULL, NULL);
INSERT INTO `orders` (`id`, `invoice_number`, `customer_id`, `customer_name`, `customer_phone`, `notes`, `total_price`, `paid_amount`, `change_amount`, `payment_status`, `is_credit`, `paid_at`, `production_status`, `pickup_status`, `picked_up_at`, `started_at`, `finished_at`, `designer_id`, `cashier_id`, `operator_id`, `spk_printed`, `spk_printed_at`, `is_cancelled`, `cancelled_at`, `created_at`, `updated_at`, `cancelled_by`, `cancel_reason`) VALUES ('245', 'INV-20260303-0123', '11', 'Ali Mur', '082269180913', NULL, '0.00', '0.00', '0.00', 'unpaid', '1', NULL, 'pending', 'not_picked_up', NULL, NULL, NULL, '16', NULL, NULL, '0', NULL, '0', NULL, '2026-03-03 16:33:01', '2026-03-03 16:33:01', NULL, NULL);
INSERT INTO `orders` (`id`, `invoice_number`, `customer_id`, `customer_name`, `customer_phone`, `notes`, `total_price`, `paid_amount`, `change_amount`, `payment_status`, `is_credit`, `paid_at`, `production_status`, `pickup_status`, `picked_up_at`, `started_at`, `finished_at`, `designer_id`, `cashier_id`, `operator_id`, `spk_printed`, `spk_printed_at`, `is_cancelled`, `cancelled_at`, `created_at`, `updated_at`, `cancelled_by`, `cancel_reason`) VALUES ('246', 'INV-20260303-0124', '143', 'Imam Natar', '089525438700', NULL, '21600.00', '0.00', '0.00', 'unpaid', '1', NULL, 'pending', 'not_picked_up', NULL, NULL, NULL, '3', NULL, NULL, '1', '2026-03-03 16:55:10', '0', NULL, '2026-03-03 16:55:07', '2026-03-03 16:55:10', NULL, NULL);

-- Table: payment_accounts
CREATE TABLE `payment_accounts` (
  `id` bigint(20) unsigned NOT NULL AUTO_INCREMENT,
  `name` varchar(255) NOT NULL,
  `type` enum('bank','ewallet') NOT NULL,
  `provider` varchar(255) NOT NULL,
  `account_number` varchar(255) NOT NULL,
  `account_holder` varchar(255) NOT NULL,
  `is_active` tinyint(1) NOT NULL DEFAULT 1,
  `created_at` timestamp NULL DEFAULT NULL,
  `updated_at` timestamp NULL DEFAULT NULL,
  PRIMARY KEY (`id`)
) ENGINE=InnoDB AUTO_INCREMENT=12 DEFAULT CHARSET=utf8mb4 COLLATE=utf8mb4_unicode_ci;

INSERT INTO `payment_accounts` (`id`, `name`, `type`, `provider`, `account_number`, `account_holder`, `is_active`, `created_at`, `updated_at`) VALUES ('8', 'BCA', 'bank', 'BCA', '2920858026', 'Raden Cik Awang', '1', '2026-02-12 18:17:51', '2026-02-27 13:35:53');
INSERT INTO `payment_accounts` (`id`, `name`, `type`, `provider`, `account_number`, `account_holder`, `is_active`, `created_at`, `updated_at`) VALUES ('10', 'Mandiri', 'bank', 'Mandiri', '1120005038182', 'Raden Cik Awang', '1', '2026-02-27 13:36:18', '2026-02-27 13:36:18');
INSERT INTO `payment_accounts` (`id`, `name`, `type`, `provider`, `account_number`, `account_holder`, `is_active`, `created_at`, `updated_at`) VALUES ('11', 'BRI', 'bank', 'BRI', '185901012107503', 'Raden Cik Awang', '1', '2026-03-02 13:17:08', '2026-03-02 13:17:08');

-- Table: payments
CREATE TABLE `payments` (
  `id` bigint(20) unsigned NOT NULL AUTO_INCREMENT,
  `order_id` bigint(20) unsigned NOT NULL,
  `amount` decimal(15,2) NOT NULL,
  `payment_method` varchar(255) NOT NULL DEFAULT 'cash',
  `payment_account_id` bigint(20) unsigned DEFAULT NULL,
  `proof_path` varchar(255) DEFAULT NULL,
  `notes` text DEFAULT NULL,
  `cashier_id` bigint(20) unsigned DEFAULT NULL,
  `created_at` timestamp NULL DEFAULT NULL,
  `updated_at` timestamp NULL DEFAULT NULL,
  PRIMARY KEY (`id`),
  KEY `payments_cashier_id_foreign` (`cashier_id`),
  KEY `payments_order_id_index` (`order_id`),
  KEY `payments_created_at_index` (`created_at`),
  KEY `payments_payment_account_id_foreign` (`payment_account_id`),
  CONSTRAINT `payments_cashier_id_foreign` FOREIGN KEY (`cashier_id`) REFERENCES `users` (`id`) ON DELETE SET NULL,
  CONSTRAINT `payments_order_id_foreign` FOREIGN KEY (`order_id`) REFERENCES `orders` (`id`) ON DELETE CASCADE,
  CONSTRAINT `payments_payment_account_id_foreign` FOREIGN KEY (`payment_account_id`) REFERENCES `payment_accounts` (`id`) ON DELETE SET NULL
) ENGINE=InnoDB AUTO_INCREMENT=133 DEFAULT CHARSET=utf8mb4 COLLATE=utf8mb4_unicode_ci;

INSERT INTO `payments` (`id`, `order_id`, `amount`, `payment_method`, `payment_account_id`, `proof_path`, `notes`, `cashier_id`, `created_at`, `updated_at`) VALUES ('8', '20', '50000.00', 'cash', NULL, NULL, NULL, '16', '2026-03-02 11:14:54', '2026-03-02 11:14:54');
INSERT INTO `payments` (`id`, `order_id`, `amount`, `payment_method`, `payment_account_id`, `proof_path`, `notes`, `cashier_id`, `created_at`, `updated_at`) VALUES ('9', '23', '19800.00', 'transfer', '8', NULL, NULL, '16', '2026-03-02 11:16:50', '2026-03-02 11:16:50');
INSERT INTO `payments` (`id`, `order_id`, `amount`, `payment_method`, `payment_account_id`, `proof_path`, `notes`, `cashier_id`, `created_at`, `updated_at`) VALUES ('10', '36', '5400.00', 'transfer', '8', NULL, NULL, '16', '2026-03-02 11:28:18', '2026-03-02 11:28:18');
INSERT INTO `payments` (`id`, `order_id`, `amount`, `payment_method`, `payment_account_id`, `proof_path`, `notes`, `cashier_id`, `created_at`, `updated_at`) VALUES ('11', '33', '41700.00', 'transfer', '10', NULL, NULL, '16', '2026-03-02 11:45:34', '2026-03-02 11:45:34');
INSERT INTO `payments` (`id`, `order_id`, `amount`, `payment_method`, `payment_account_id`, `proof_path`, `notes`, `cashier_id`, `created_at`, `updated_at`) VALUES ('12', '34', '1800.00', 'transfer', '10', NULL, NULL, '16', '2026-03-02 11:45:34', '2026-03-02 11:45:34');
INSERT INTO `payments` (`id`, `order_id`, `amount`, `payment_method`, `payment_account_id`, `proof_path`, `notes`, `cashier_id`, `created_at`, `updated_at`) VALUES ('13', '65', '140000.00', 'cash', NULL, NULL, NULL, '5', '2026-03-02 13:09:49', '2026-03-02 13:09:49');
INSERT INTO `payments` (`id`, `order_id`, `amount`, `payment_method`, `payment_account_id`, `proof_path`, `notes`, `cashier_id`, `created_at`, `updated_at`) VALUES ('14', '67', '5000.00', 'cash', NULL, NULL, NULL, '16', '2026-03-02 13:31:01', '2026-03-02 13:31:01');
INSERT INTO `payments` (`id`, `order_id`, `amount`, `payment_method`, `payment_account_id`, `proof_path`, `notes`, `cashier_id`, `created_at`, `updated_at`) VALUES ('15', '56', '50000.00', 'cash', NULL, NULL, NULL, '16', '2026-03-02 13:35:23', '2026-03-02 13:35:23');
INSERT INTO `payments` (`id`, `order_id`, `amount`, `payment_method`, `payment_account_id`, `proof_path`, `notes`, `cashier_id`, `created_at`, `updated_at`) VALUES ('16', '19', '48000.00', 'transfer', '8', NULL, NULL, '16', '2026-03-02 13:37:10', '2026-03-02 13:37:10');
INSERT INTO `payments` (`id`, `order_id`, `amount`, `payment_method`, `payment_account_id`, `proof_path`, `notes`, `cashier_id`, `created_at`, `updated_at`) VALUES ('17', '85', '20000.00', 'cash', NULL, NULL, NULL, '16', '2026-03-02 14:00:16', '2026-03-02 14:00:16');
INSERT INTO `payments` (`id`, `order_id`, `amount`, `payment_method`, `payment_account_id`, `proof_path`, `notes`, `cashier_id`, `created_at`, `updated_at`) VALUES ('18', '27', '24300.00', 'transfer', '8', NULL, NULL, '16', '2026-03-02 14:01:48', '2026-03-02 14:01:48');
INSERT INTO `payments` (`id`, `order_id`, `amount`, `payment_method`, `payment_account_id`, `proof_path`, `notes`, `cashier_id`, `created_at`, `updated_at`) VALUES ('19', '29', '3200.00', 'transfer', '8', NULL, NULL, '16', '2026-03-02 14:01:48', '2026-03-02 14:01:48');
INSERT INTO `payments` (`id`, `order_id`, `amount`, `payment_method`, `payment_account_id`, `proof_path`, `notes`, `cashier_id`, `created_at`, `updated_at`) VALUES ('20', '30', '100000.00', 'cash', NULL, NULL, NULL, '16', '2026-03-02 14:15:33', '2026-03-02 14:15:33');
INSERT INTO `payments` (`id`, `order_id`, `amount`, `payment_method`, `payment_account_id`, `proof_path`, `notes`, `cashier_id`, `created_at`, `updated_at`) VALUES ('21', '50', '100000.00', 'cash', NULL, NULL, NULL, '16', '2026-03-02 14:16:44', '2026-03-02 14:16:44');
INSERT INTO `payments` (`id`, `order_id`, `amount`, `payment_method`, `payment_account_id`, `proof_path`, `notes`, `cashier_id`, `created_at`, `updated_at`) VALUES ('22', '42', '49500.00', 'cash', NULL, NULL, NULL, '16', '2026-03-02 14:33:00', '2026-03-02 14:33:00');
INSERT INTO `payments` (`id`, `order_id`, `amount`, `payment_method`, `payment_account_id`, `proof_path`, `notes`, `cashier_id`, `created_at`, `updated_at`) VALUES ('23', '45', '15400.00', 'cash', NULL, NULL, NULL, '16', '2026-03-02 14:33:00', '2026-03-02 14:33:00');
INSERT INTO `payments` (`id`, `order_id`, `amount`, `payment_method`, `payment_account_id`, `proof_path`, `notes`, `cashier_id`, `created_at`, `updated_at`) VALUES ('24', '92', '3997.00', 'cash', NULL, NULL, NULL, '16', '2026-03-02 14:35:00', '2026-03-02 14:35:00');
INSERT INTO `payments` (`id`, `order_id`, `amount`, `payment_method`, `payment_account_id`, `proof_path`, `notes`, `cashier_id`, `created_at`, `updated_at`) VALUES ('25', '41', '10000.00', 'transfer', '8', NULL, NULL, '16', '2026-03-02 14:36:35', '2026-03-02 14:36:35');
INSERT INTO `payments` (`id`, `order_id`, `amount`, `payment_method`, `payment_account_id`, `proof_path`, `notes`, `cashier_id`, `created_at`, `updated_at`) VALUES ('26', '63', '32800.00', 'transfer', '8', NULL, NULL, '16', '2026-03-02 14:43:16', '2026-03-02 14:43:16');
INSERT INTO `payments` (`id`, `order_id`, `amount`, `payment_method`, `payment_account_id`, `proof_path`, `notes`, `cashier_id`, `created_at`, `updated_at`) VALUES ('27', '95', '1040000.00', 'transfer', '10', NULL, NULL, '16', '2026-03-02 15:04:24', '2026-03-02 15:04:24');
INSERT INTO `payments` (`id`, `order_id`, `amount`, `payment_method`, `payment_account_id`, `proof_path`, `notes`, `cashier_id`, `created_at`, `updated_at`) VALUES ('28', '68', '52000.00', 'transfer', '8', NULL, NULL, '16', '2026-03-02 15:05:00', '2026-03-02 15:05:00');
INSERT INTO `payments` (`id`, `order_id`, `amount`, `payment_method`, `payment_account_id`, `proof_path`, `notes`, `cashier_id`, `created_at`, `updated_at`) VALUES ('29', '55', '25000.00', 'transfer', '11', NULL, NULL, '16', '2026-03-02 15:05:31', '2026-03-02 15:05:31');
INSERT INTO `payments` (`id`, `order_id`, `amount`, `payment_method`, `payment_account_id`, `proof_path`, `notes`, `cashier_id`, `created_at`, `updated_at`) VALUES ('30', '22', '26400.00', 'cash', NULL, NULL, NULL, '16', '2026-03-02 15:10:22', '2026-03-02 15:10:22');
INSERT INTO `payments` (`id`, `order_id`, `amount`, `payment_method`, `payment_account_id`, `proof_path`, `notes`, `cashier_id`, `created_at`, `updated_at`) VALUES ('31', '25', '97500.00', 'cash', NULL, NULL, NULL, '16', '2026-03-02 15:10:22', '2026-03-02 15:10:22');
INSERT INTO `payments` (`id`, `order_id`, `amount`, `payment_method`, `payment_account_id`, `proof_path`, `notes`, `cashier_id`, `created_at`, `updated_at`) VALUES ('32', '74', '20000.00', 'cash', NULL, NULL, NULL, '16', '2026-03-02 15:23:51', '2026-03-02 15:23:51');
INSERT INTO `payments` (`id`, `order_id`, `amount`, `payment_method`, `payment_account_id`, `proof_path`, `notes`, `cashier_id`, `created_at`, `updated_at`) VALUES ('33', '108', '109200.00', 'transfer', '8', NULL, NULL, '16', '2026-03-02 16:02:14', '2026-03-02 16:02:14');
INSERT INTO `payments` (`id`, `order_id`, `amount`, `payment_method`, `payment_account_id`, `proof_path`, `notes`, `cashier_id`, `created_at`, `updated_at`) VALUES ('34', '91', '17500.00', 'transfer', '8', NULL, NULL, '5', '2026-03-02 16:04:34', '2026-03-02 16:04:34');
INSERT INTO `payments` (`id`, `order_id`, `amount`, `payment_method`, `payment_account_id`, `proof_path`, `notes`, `cashier_id`, `created_at`, `updated_at`) VALUES ('35', '59', '100000.00', 'cash', NULL, NULL, NULL, '16', '2026-03-02 16:14:42', '2026-03-02 16:14:42');
INSERT INTO `payments` (`id`, `order_id`, `amount`, `payment_method`, `payment_account_id`, `proof_path`, `notes`, `cashier_id`, `created_at`, `updated_at`) VALUES ('36', '69', '50000.00', 'cash', NULL, NULL, NULL, '16', '2026-03-02 16:15:49', '2026-03-02 16:15:49');
INSERT INTO `payments` (`id`, `order_id`, `amount`, `payment_method`, `payment_account_id`, `proof_path`, `notes`, `cashier_id`, `created_at`, `updated_at`) VALUES ('37', '86', '10000.00', 'cash', NULL, NULL, NULL, '16', '2026-03-02 16:18:21', '2026-03-02 16:18:21');
INSERT INTO `payments` (`id`, `order_id`, `amount`, `payment_method`, `payment_account_id`, `proof_path`, `notes`, `cashier_id`, `created_at`, `updated_at`) VALUES ('38', '88', '21900.00', 'transfer', '8', NULL, NULL, '16', '2026-03-02 16:23:02', '2026-03-02 16:23:02');
INSERT INTO `payments` (`id`, `order_id`, `amount`, `payment_method`, `payment_account_id`, `proof_path`, `notes`, `cashier_id`, `created_at`, `updated_at`) VALUES ('39', '46', '90000.00', 'transfer', '8', NULL, NULL, '16', '2026-03-02 16:24:32', '2026-03-02 16:24:32');
INSERT INTO `payments` (`id`, `order_id`, `amount`, `payment_method`, `payment_account_id`, `proof_path`, `notes`, `cashier_id`, `created_at`, `updated_at`) VALUES ('40', '32', '42000.00', 'transfer', '8', NULL, NULL, '16', '2026-03-02 16:29:00', '2026-03-02 16:29:00');
INSERT INTO `payments` (`id`, `order_id`, `amount`, `payment_method`, `payment_account_id`, `proof_path`, `notes`, `cashier_id`, `created_at`, `updated_at`) VALUES ('41', '44', '101400.00', 'transfer', '8', NULL, NULL, '16', '2026-03-02 16:29:00', '2026-03-02 16:29:00');
INSERT INTO `payments` (`id`, `order_id`, `amount`, `payment_method`, `payment_account_id`, `proof_path`, `notes`, `cashier_id`, `created_at`, `updated_at`) VALUES ('42', '21', '630000.00', 'transfer', '10', NULL, NULL, '16', '2026-03-02 16:35:22', '2026-03-02 16:35:22');
INSERT INTO `payments` (`id`, `order_id`, `amount`, `payment_method`, `payment_account_id`, `proof_path`, `notes`, `cashier_id`, `created_at`, `updated_at`) VALUES ('43', '60', '50000.00', 'transfer', '10', NULL, NULL, '16', '2026-03-02 16:37:50', '2026-03-02 16:37:50');
INSERT INTO `payments` (`id`, `order_id`, `amount`, `payment_method`, `payment_account_id`, `proof_path`, `notes`, `cashier_id`, `created_at`, `updated_at`) VALUES ('44', '103', '23400.00', 'transfer', '8', NULL, NULL, '16', '2026-03-02 16:46:46', '2026-03-02 16:46:46');
INSERT INTO `payments` (`id`, `order_id`, `amount`, `payment_method`, `payment_account_id`, `proof_path`, `notes`, `cashier_id`, `created_at`, `updated_at`) VALUES ('45', '84', '147000.00', 'transfer', '8', NULL, NULL, '16', '2026-03-02 17:04:30', '2026-03-02 17:04:30');
INSERT INTO `payments` (`id`, `order_id`, `amount`, `payment_method`, `payment_account_id`, `proof_path`, `notes`, `cashier_id`, `created_at`, `updated_at`) VALUES ('46', '57', '217000.00', 'transfer', '8', NULL, NULL, '16', '2026-03-02 17:05:28', '2026-03-02 17:05:28');
INSERT INTO `payments` (`id`, `order_id`, `amount`, `payment_method`, `payment_account_id`, `proof_path`, `notes`, `cashier_id`, `created_at`, `updated_at`) VALUES ('47', '78', '36300.00', 'transfer', '8', NULL, NULL, '16', '2026-03-02 17:05:56', '2026-03-02 17:05:56');
INSERT INTO `payments` (`id`, `order_id`, `amount`, `payment_method`, `payment_account_id`, `proof_path`, `notes`, `cashier_id`, `created_at`, `updated_at`) VALUES ('48', '35', '240000.00', 'transfer', '8', NULL, NULL, '5', '2026-03-03 09:51:20', '2026-03-03 09:51:20');
INSERT INTO `payments` (`id`, `order_id`, `amount`, `payment_method`, `payment_account_id`, `proof_path`, `notes`, `cashier_id`, `created_at`, `updated_at`) VALUES ('49', '94', '33000.00', 'cash', NULL, NULL, NULL, '16', '2026-03-03 10:24:24', '2026-03-03 10:24:24');
INSERT INTO `payments` (`id`, `order_id`, `amount`, `payment_method`, `payment_account_id`, `proof_path`, `notes`, `cashier_id`, `created_at`, `updated_at`) VALUES ('50', '97', '50000.00', 'cash', NULL, NULL, NULL, '16', '2026-03-03 10:24:24', '2026-03-03 10:24:24');
INSERT INTO `payments` (`id`, `order_id`, `amount`, `payment_method`, `payment_account_id`, `proof_path`, `notes`, `cashier_id`, `created_at`, `updated_at`) VALUES ('51', '99', '175200.00', 'cash', NULL, NULL, NULL, '16', '2026-03-03 10:24:24', '2026-03-03 10:24:24');
INSERT INTO `payments` (`id`, `order_id`, `amount`, `payment_method`, `payment_account_id`, `proof_path`, `notes`, `cashier_id`, `created_at`, `updated_at`) VALUES ('52', '31', '10400.00', 'cash', NULL, NULL, NULL, '16', '2026-03-03 10:29:43', '2026-03-03 10:29:43');
INSERT INTO `payments` (`id`, `order_id`, `amount`, `payment_method`, `payment_account_id`, `proof_path`, `notes`, `cashier_id`, `created_at`, `updated_at`) VALUES ('53', '38', '45000.00', 'cash', NULL, NULL, NULL, '16', '2026-03-03 10:29:43', '2026-03-03 10:29:43');
INSERT INTO `payments` (`id`, `order_id`, `amount`, `payment_method`, `payment_account_id`, `proof_path`, `notes`, `cashier_id`, `created_at`, `updated_at`) VALUES ('54', '144', '155000.00', 'cash', NULL, NULL, NULL, '16', '2026-03-03 10:49:59', '2026-03-03 10:49:59');
INSERT INTO `payments` (`id`, `order_id`, `amount`, `payment_method`, `payment_account_id`, `proof_path`, `notes`, `cashier_id`, `created_at`, `updated_at`) VALUES ('55', '146', '93600.00', 'cash', NULL, NULL, NULL, '16', '2026-03-03 11:02:17', '2026-03-03 11:02:17');
INSERT INTO `payments` (`id`, `order_id`, `amount`, `payment_method`, `payment_account_id`, `proof_path`, `notes`, `cashier_id`, `created_at`, `updated_at`) VALUES ('56', '147', '6400.00', 'cash', NULL, NULL, NULL, '16', '2026-03-03 11:02:17', '2026-03-03 11:02:17');
INSERT INTO `payments` (`id`, `order_id`, `amount`, `payment_method`, `payment_account_id`, `proof_path`, `notes`, `cashier_id`, `created_at`, `updated_at`) VALUES ('57', '124', '50000.00', 'cash', NULL, NULL, NULL, '16', '2026-03-03 11:03:58', '2026-03-03 11:03:58');
INSERT INTO `payments` (`id`, `order_id`, `amount`, `payment_method`, `payment_account_id`, `proof_path`, `notes`, `cashier_id`, `created_at`, `updated_at`) VALUES ('58', '175', '3200.00', 'transfer', '8', NULL, NULL, '16', '2026-03-03 11:33:41', '2026-03-03 11:33:41');
INSERT INTO `payments` (`id`, `order_id`, `amount`, `payment_method`, `payment_account_id`, `proof_path`, `notes`, `cashier_id`, `created_at`, `updated_at`) VALUES ('59', '119', '20000.00', 'cash', NULL, NULL, NULL, '16', '2026-03-03 11:38:37', '2026-03-03 11:38:37');
INSERT INTO `payments` (`id`, `order_id`, `amount`, `payment_method`, `payment_account_id`, `proof_path`, `notes`, `cashier_id`, `created_at`, `updated_at`) VALUES ('60', '127', '205000.00', 'cash', NULL, NULL, NULL, '5', '2026-03-03 11:44:49', '2026-03-03 11:44:49');
INSERT INTO `payments` (`id`, `order_id`, `amount`, `payment_method`, `payment_account_id`, `proof_path`, `notes`, `cashier_id`, `created_at`, `updated_at`) VALUES ('61', '79', '30000.00', 'transfer', '8', NULL, NULL, '16', '2026-03-03 11:58:41', '2026-03-03 11:58:41');
INSERT INTO `payments` (`id`, `order_id`, `amount`, `payment_method`, `payment_account_id`, `proof_path`, `notes`, `cashier_id`, `created_at`, `updated_at`) VALUES ('62', '90', '307500.00', 'transfer', '8', NULL, NULL, '16', '2026-03-03 11:58:41', '2026-03-03 11:58:41');
INSERT INTO `payments` (`id`, `order_id`, `amount`, `payment_method`, `payment_account_id`, `proof_path`, `notes`, `cashier_id`, `created_at`, `updated_at`) VALUES ('63', '100', '189200.00', 'transfer', '11', NULL, NULL, '16', '2026-03-03 13:06:08', '2026-03-03 13:06:08');
INSERT INTO `payments` (`id`, `order_id`, `amount`, `payment_method`, `payment_account_id`, `proof_path`, `notes`, `cashier_id`, `created_at`, `updated_at`) VALUES ('64', '110', '350000.00', 'cash', NULL, NULL, NULL, '16', '2026-03-03 13:11:52', '2026-03-03 13:11:52');
INSERT INTO `payments` (`id`, `order_id`, `amount`, `payment_method`, `payment_account_id`, `proof_path`, `notes`, `cashier_id`, `created_at`, `updated_at`) VALUES ('65', '173', '23750.00', 'transfer', '8', NULL, NULL, '16', '2026-03-03 13:15:40', '2026-03-03 13:15:40');
INSERT INTO `payments` (`id`, `order_id`, `amount`, `payment_method`, `payment_account_id`, `proof_path`, `notes`, `cashier_id`, `created_at`, `updated_at`) VALUES ('66', '173', '100000.00', 'cash', NULL, NULL, NULL, '16', '2026-03-03 13:15:40', '2026-03-03 13:15:40');
INSERT INTO `payments` (`id`, `order_id`, `amount`, `payment_method`, `payment_account_id`, `proof_path`, `notes`, `cashier_id`, `created_at`, `updated_at`) VALUES ('67', '73', '250000.00', 'cash', NULL, NULL, NULL, '16', '2026-03-03 13:20:47', '2026-03-03 13:20:47');
INSERT INTO `payments` (`id`, `order_id`, `amount`, `payment_method`, `payment_account_id`, `proof_path`, `notes`, `cashier_id`, `created_at`, `updated_at`) VALUES ('68', '80', '211650.00', 'cash', NULL, NULL, NULL, '16', '2026-03-03 13:20:47', '2026-03-03 13:20:47');
INSERT INTO `payments` (`id`, `order_id`, `amount`, `payment_method`, `payment_account_id`, `proof_path`, `notes`, `cashier_id`, `created_at`, `updated_at`) VALUES ('69', '62', '2600.00', 'cash', NULL, NULL, NULL, '16', '2026-03-03 13:28:19', '2026-03-03 13:28:19');
INSERT INTO `payments` (`id`, `order_id`, `amount`, `payment_method`, `payment_account_id`, `proof_path`, `notes`, `cashier_id`, `created_at`, `updated_at`) VALUES ('70', '197', '34500.00', 'cash', NULL, NULL, NULL, '16', '2026-03-03 13:28:19', '2026-03-03 13:28:19');
INSERT INTO `payments` (`id`, `order_id`, `amount`, `payment_method`, `payment_account_id`, `proof_path`, `notes`, `cashier_id`, `created_at`, `updated_at`) VALUES ('71', '105', '50000.00', 'cash', NULL, NULL, NULL, '16', '2026-03-03 13:44:45', '2026-03-03 13:44:45');
INSERT INTO `payments` (`id`, `order_id`, `amount`, `payment_method`, `payment_account_id`, `proof_path`, `notes`, `cashier_id`, `created_at`, `updated_at`) VALUES ('72', '169', '100000.00', 'cash', NULL, NULL, NULL, '5', '2026-03-03 13:50:31', '2026-03-03 13:50:31');
INSERT INTO `payments` (`id`, `order_id`, `amount`, `payment_method`, `payment_account_id`, `proof_path`, `notes`, `cashier_id`, `created_at`, `updated_at`) VALUES ('73', '156', '400000.00', 'cash', NULL, NULL, NULL, '5', '2026-03-03 13:55:16', '2026-03-03 13:55:16');
INSERT INTO `payments` (`id`, `order_id`, `amount`, `payment_method`, `payment_account_id`, `proof_path`, `notes`, `cashier_id`, `created_at`, `updated_at`) VALUES ('74', '58', '50000.00', 'cash', NULL, NULL, NULL, '16', '2026-03-03 13:58:43', '2026-03-03 13:58:43');
INSERT INTO `payments` (`id`, `order_id`, `amount`, `payment_method`, `payment_account_id`, `proof_path`, `notes`, `cashier_id`, `created_at`, `updated_at`) VALUES ('75', '210', '52000.00', 'transfer', '8', NULL, NULL, '5', '2026-03-03 14:04:47', '2026-03-03 14:04:47');
INSERT INTO `payments` (`id`, `order_id`, `amount`, `payment_method`, `payment_account_id`, `proof_path`, `notes`, `cashier_id`, `created_at`, `updated_at`) VALUES ('76', '130', '100000.00', 'cash', NULL, NULL, NULL, '16', '2026-03-03 14:15:01', '2026-03-03 14:15:01');
INSERT INTO `payments` (`id`, `order_id`, `amount`, `payment_method`, `payment_account_id`, `proof_path`, `notes`, `cashier_id`, `created_at`, `updated_at`) VALUES ('77', '189', '50400.00', 'cash', NULL, NULL, NULL, '5', '2026-03-03 14:24:52', '2026-03-03 14:24:52');
INSERT INTO `payments` (`id`, `order_id`, `amount`, `payment_method`, `payment_account_id`, `proof_path`, `notes`, `cashier_id`, `created_at`, `updated_at`) VALUES ('78', '189', '50400.00', 'cash', NULL, NULL, NULL, '5', '2026-03-03 14:24:53', '2026-03-03 14:24:53');
INSERT INTO `payments` (`id`, `order_id`, `amount`, `payment_method`, `payment_account_id`, `proof_path`, `notes`, `cashier_id`, `created_at`, `updated_at`) VALUES ('79', '64', '315000.00', 'transfer', '8', NULL, NULL, '16', '2026-03-03 14:35:58', '2026-03-03 14:35:58');
INSERT INTO `payments` (`id`, `order_id`, `amount`, `payment_method`, `payment_account_id`, `proof_path`, `notes`, `cashier_id`, `created_at`, `updated_at`) VALUES ('80', '145', '153900.00', 'transfer', '8', NULL, NULL, '16', '2026-03-03 14:36:58', '2026-03-03 14:36:58');
INSERT INTO `payments` (`id`, `order_id`, `amount`, `payment_method`, `payment_account_id`, `proof_path`, `notes`, `cashier_id`, `created_at`, `updated_at`) VALUES ('81', '116', '170000.00', 'transfer', '8', NULL, NULL, '16', '2026-03-03 14:47:44', '2026-03-03 14:47:44');
INSERT INTO `payments` (`id`, `order_id`, `amount`, `payment_method`, `payment_account_id`, `proof_path`, `notes`, `cashier_id`, `created_at`, `updated_at`) VALUES ('82', '122', '69300.00', 'transfer', '8', NULL, NULL, '16', '2026-03-03 14:52:27', '2026-03-03 14:52:27');
INSERT INTO `payments` (`id`, `order_id`, `amount`, `payment_method`, `payment_account_id`, `proof_path`, `notes`, `cashier_id`, `created_at`, `updated_at`) VALUES ('83', '215', '52200.00', 'transfer', '10', NULL, NULL, '16', '2026-03-03 14:55:54', '2026-03-03 14:55:54');
INSERT INTO `payments` (`id`, `order_id`, `amount`, `payment_method`, `payment_account_id`, `proof_path`, `notes`, `cashier_id`, `created_at`, `updated_at`) VALUES ('84', '133', '5800.00', 'transfer', '8', NULL, NULL, '16', '2026-03-03 14:57:59', '2026-03-03 14:57:59');
INSERT INTO `payments` (`id`, `order_id`, `amount`, `payment_method`, `payment_account_id`, `proof_path`, `notes`, `cashier_id`, `created_at`, `updated_at`) VALUES ('85', '158', '15000.00', 'transfer', '8', NULL, NULL, '16', '2026-03-03 14:57:59', '2026-03-03 14:57:59');
INSERT INTO `payments` (`id`, `order_id`, `amount`, `payment_method`, `payment_account_id`, `proof_path`, `notes`, `cashier_id`, `created_at`, `updated_at`) VALUES ('86', '166', '15400.00', 'transfer', '8', NULL, NULL, '16', '2026-03-03 14:57:59', '2026-03-03 14:57:59');
INSERT INTO `payments` (`id`, `order_id`, `amount`, `payment_method`, `payment_account_id`, `proof_path`, `notes`, `cashier_id`, `created_at`, `updated_at`) VALUES ('87', '213', '13000.00', 'transfer', '8', NULL, NULL, '16', '2026-03-03 14:58:45', '2026-03-03 14:58:45');
INSERT INTO `payments` (`id`, `order_id`, `amount`, `payment_method`, `payment_account_id`, `proof_path`, `notes`, `cashier_id`, `created_at`, `updated_at`) VALUES ('88', '205', '186900.00', 'transfer', '8', NULL, NULL, '16', '2026-03-03 15:00:21', '2026-03-03 15:00:21');
INSERT INTO `payments` (`id`, `order_id`, `amount`, `payment_method`, `payment_account_id`, `proof_path`, `notes`, `cashier_id`, `created_at`, `updated_at`) VALUES ('89', '165', '50000.00', 'cash', NULL, NULL, NULL, '16', '2026-03-03 15:06:01', '2026-03-03 15:06:01');
INSERT INTO `payments` (`id`, `order_id`, `amount`, `payment_method`, `payment_account_id`, `proof_path`, `notes`, `cashier_id`, `created_at`, `updated_at`) VALUES ('90', '49', '25000.00', 'transfer', '8', NULL, NULL, '16', '2026-03-03 15:09:09', '2026-03-03 15:09:09');
INSERT INTO `payments` (`id`, `order_id`, `amount`, `payment_method`, `payment_account_id`, `proof_path`, `notes`, `cashier_id`, `created_at`, `updated_at`) VALUES ('91', '82', '40000.00', 'transfer', '8', NULL, NULL, '16', '2026-03-03 15:09:09', '2026-03-03 15:09:09');
INSERT INTO `payments` (`id`, `order_id`, `amount`, `payment_method`, `payment_account_id`, `proof_path`, `notes`, `cashier_id`, `created_at`, `updated_at`) VALUES ('92', '111', '10000.00', 'transfer', '8', NULL, NULL, '16', '2026-03-03 15:09:09', '2026-03-03 15:09:09');
INSERT INTO `payments` (`id`, `order_id`, `amount`, `payment_method`, `payment_account_id`, `proof_path`, `notes`, `cashier_id`, `created_at`, `updated_at`) VALUES ('93', '141', '5000.00', 'transfer', '8', NULL, NULL, '16', '2026-03-03 15:09:09', '2026-03-03 15:09:09');
INSERT INTO `payments` (`id`, `order_id`, `amount`, `payment_method`, `payment_account_id`, `proof_path`, `notes`, `cashier_id`, `created_at`, `updated_at`) VALUES ('94', '24', '10000.00', 'cash', NULL, NULL, NULL, '16', '2026-03-03 15:09:42', '2026-03-03 15:09:42');
INSERT INTO `payments` (`id`, `order_id`, `amount`, `payment_method`, `payment_account_id`, `proof_path`, `notes`, `cashier_id`, `created_at`, `updated_at`) VALUES ('95', '70', '15000.00', 'cash', NULL, NULL, NULL, '16', '2026-03-03 15:12:05', '2026-03-03 15:12:05');
INSERT INTO `payments` (`id`, `order_id`, `amount`, `payment_method`, `payment_account_id`, `proof_path`, `notes`, `cashier_id`, `created_at`, `updated_at`) VALUES ('96', '72', '56250.00', 'cash', NULL, NULL, NULL, '16', '2026-03-03 15:12:05', '2026-03-03 15:12:05');
INSERT INTO `payments` (`id`, `order_id`, `amount`, `payment_method`, `payment_account_id`, `proof_path`, `notes`, `cashier_id`, `created_at`, `updated_at`) VALUES ('97', '77', '30000.00', 'cash', NULL, NULL, NULL, '16', '2026-03-03 15:12:05', '2026-03-03 15:12:05');
INSERT INTO `payments` (`id`, `order_id`, `amount`, `payment_method`, `payment_account_id`, `proof_path`, `notes`, `cashier_id`, `created_at`, `updated_at`) VALUES ('98', '135', '10400.00', 'cash', NULL, NULL, NULL, '16', '2026-03-03 15:12:05', '2026-03-03 15:12:05');
INSERT INTO `payments` (`id`, `order_id`, `amount`, `payment_method`, `payment_account_id`, `proof_path`, `notes`, `cashier_id`, `created_at`, `updated_at`) VALUES ('99', '138', '142500.00', 'cash', NULL, NULL, NULL, '16', '2026-03-03 15:12:05', '2026-03-03 15:12:05');
INSERT INTO `payments` (`id`, `order_id`, `amount`, `payment_method`, `payment_account_id`, `proof_path`, `notes`, `cashier_id`, `created_at`, `updated_at`) VALUES ('100', '222', '14400.00', 'cash', NULL, NULL, NULL, '16', '2026-03-03 15:12:05', '2026-03-03 15:12:05');
INSERT INTO `payments` (`id`, `order_id`, `amount`, `payment_method`, `payment_account_id`, `proof_path`, `notes`, `cashier_id`, `created_at`, `updated_at`) VALUES ('101', '117', '428400.00', 'transfer', '8', NULL, NULL, '16', '2026-03-03 15:12:54', '2026-03-03 15:12:54');
INSERT INTO `payments` (`id`, `order_id`, `amount`, `payment_method`, `payment_account_id`, `proof_path`, `notes`, `cashier_id`, `created_at`, `updated_at`) VALUES ('102', '118', '85000.00', 'transfer', '8', NULL, NULL, '16', '2026-03-03 15:12:54', '2026-03-03 15:12:54');
INSERT INTO `payments` (`id`, `order_id`, `amount`, `payment_method`, `payment_account_id`, `proof_path`, `notes`, `cashier_id`, `created_at`, `updated_at`) VALUES ('103', '120', '144500.00', 'transfer', '8', NULL, NULL, '16', '2026-03-03 15:12:54', '2026-03-03 15:12:54');
INSERT INTO `payments` (`id`, `order_id`, `amount`, `payment_method`, `payment_account_id`, `proof_path`, `notes`, `cashier_id`, `created_at`, `updated_at`) VALUES ('104', '121', '146200.00', 'transfer', '8', NULL, NULL, '16', '2026-03-03 15:12:54', '2026-03-03 15:12:54');
INSERT INTO `payments` (`id`, `order_id`, `amount`, `payment_method`, `payment_account_id`, `proof_path`, `notes`, `cashier_id`, `created_at`, `updated_at`) VALUES ('105', '17', '242000.00', 'transfer', '8', NULL, NULL, '16', '2026-03-03 15:14:14', '2026-03-03 15:14:14');
INSERT INTO `payments` (`id`, `order_id`, `amount`, `payment_method`, `payment_account_id`, `proof_path`, `notes`, `cashier_id`, `created_at`, `updated_at`) VALUES ('106', '81', '53000.00', 'transfer', '10', NULL, NULL, '16', '2026-03-03 15:43:30', '2026-03-03 15:43:30');
INSERT INTO `payments` (`id`, `order_id`, `amount`, `payment_method`, `payment_account_id`, `proof_path`, `notes`, `cashier_id`, `created_at`, `updated_at`) VALUES ('107', '115', '32000.00', 'cash', NULL, NULL, NULL, '16', '2026-03-03 15:48:12', '2026-03-03 15:48:12');
INSERT INTO `payments` (`id`, `order_id`, `amount`, `payment_method`, `payment_account_id`, `proof_path`, `notes`, `cashier_id`, `created_at`, `updated_at`) VALUES ('108', '211', '3000.00', 'cash', NULL, NULL, NULL, '16', '2026-03-03 15:58:20', '2026-03-03 15:58:20');
INSERT INTO `payments` (`id`, `order_id`, `amount`, `payment_method`, `payment_account_id`, `proof_path`, `notes`, `cashier_id`, `created_at`, `updated_at`) VALUES ('109', '183', '20000.00', 'cash', NULL, NULL, NULL, '16', '2026-03-03 16:04:39', '2026-03-03 16:04:39');
INSERT INTO `payments` (`id`, `order_id`, `amount`, `payment_method`, `payment_account_id`, `proof_path`, `notes`, `cashier_id`, `created_at`, `updated_at`) VALUES ('110', '185', '42400.00', 'transfer', '8', NULL, NULL, '16', '2026-03-03 16:09:12', '2026-03-03 16:09:12');
INSERT INTO `payments` (`id`, `order_id`, `amount`, `payment_method`, `payment_account_id`, `proof_path`, `notes`, `cashier_id`, `created_at`, `updated_at`) VALUES ('111', '170', '15000.00', 'cash', NULL, NULL, NULL, '16', '2026-03-03 16:09:36', '2026-03-03 16:09:36');
INSERT INTO `payments` (`id`, `order_id`, `amount`, `payment_method`, `payment_account_id`, `proof_path`, `notes`, `cashier_id`, `created_at`, `updated_at`) VALUES ('112', '113', '8800.00', 'transfer', '11', NULL, NULL, '16', '2026-03-03 16:18:32', '2026-03-03 16:18:32');
INSERT INTO `payments` (`id`, `order_id`, `amount`, `payment_method`, `payment_account_id`, `proof_path`, `notes`, `cashier_id`, `created_at`, `updated_at`) VALUES ('113', '123', '29900.00', 'transfer', '11', NULL, NULL, '16', '2026-03-03 16:18:32', '2026-03-03 16:18:32');
INSERT INTO `payments` (`id`, `order_id`, `amount`, `payment_method`, `payment_account_id`, `proof_path`, `notes`, `cashier_id`, `created_at`, `updated_at`) VALUES ('114', '125', '20300.00', 'transfer', '11', NULL, NULL, '16', '2026-03-03 16:18:32', '2026-03-03 16:18:32');
INSERT INTO `payments` (`id`, `order_id`, `amount`, `payment_method`, `payment_account_id`, `proof_path`, `notes`, `cashier_id`, `created_at`, `updated_at`) VALUES ('115', '126', '162000.00', 'transfer', '11', NULL, NULL, '16', '2026-03-03 16:18:32', '2026-03-03 16:18:32');
INSERT INTO `payments` (`id`, `order_id`, `amount`, `payment_method`, `payment_account_id`, `proof_path`, `notes`, `cashier_id`, `created_at`, `updated_at`) VALUES ('116', '128', '33000.00', 'transfer', '11', NULL, NULL, '16', '2026-03-03 16:18:32', '2026-03-03 16:18:32');
INSERT INTO `payments` (`id`, `order_id`, `amount`, `payment_method`, `payment_account_id`, `proof_path`, `notes`, `cashier_id`, `created_at`, `updated_at`) VALUES ('117', '129', '56800.00', 'transfer', '11', NULL, NULL, '16', '2026-03-03 16:18:32', '2026-03-03 16:18:32');
INSERT INTO `payments` (`id`, `order_id`, `amount`, `payment_method`, `payment_account_id`, `proof_path`, `notes`, `cashier_id`, `created_at`, `updated_at`) VALUES ('118', '131', '122400.00', 'transfer', '11', NULL, NULL, '16', '2026-03-03 16:18:32', '2026-03-03 16:18:32');
INSERT INTO `payments` (`id`, `order_id`, `amount`, `payment_method`, `payment_account_id`, `proof_path`, `notes`, `cashier_id`, `created_at`, `updated_at`) VALUES ('119', '198', '718700.00', 'transfer', '11', NULL, NULL, '16', '2026-03-03 16:18:32', '2026-03-03 16:18:32');
INSERT INTO `payments` (`id`, `order_id`, `amount`, `payment_method`, `payment_account_id`, `proof_path`, `notes`, `cashier_id`, `created_at`, `updated_at`) VALUES ('120', '200', '24300.00', 'transfer', '11', NULL, NULL, '16', '2026-03-03 16:18:32', '2026-03-03 16:18:32');
INSERT INTO `payments` (`id`, `order_id`, `amount`, `payment_method`, `payment_account_id`, `proof_path`, `notes`, `cashier_id`, `created_at`, `updated_at`) VALUES ('121', '204', '6400.00', 'transfer', '8', NULL, NULL, '16', '2026-03-03 16:21:36', '2026-03-03 16:21:36');
INSERT INTO `payments` (`id`, `order_id`, `amount`, `payment_method`, `payment_account_id`, `proof_path`, `notes`, `cashier_id`, `created_at`, `updated_at`) VALUES ('122', '241', '237000.00', 'transfer', '8', NULL, NULL, '16', '2026-03-03 16:29:32', '2026-03-03 16:29:32');
INSERT INTO `payments` (`id`, `order_id`, `amount`, `payment_method`, `payment_account_id`, `proof_path`, `notes`, `cashier_id`, `created_at`, `updated_at`) VALUES ('123', '28', '193000.00', 'transfer', '8', NULL, NULL, '16', '2026-03-03 16:31:46', '2026-03-03 16:31:46');
INSERT INTO `payments` (`id`, `order_id`, `amount`, `payment_method`, `payment_account_id`, `proof_path`, `notes`, `cashier_id`, `created_at`, `updated_at`) VALUES ('124', '26', '310000.00', 'transfer', '11', NULL, NULL, '16', '2026-03-03 16:34:14', '2026-03-03 16:34:14');
INSERT INTO `payments` (`id`, `order_id`, `amount`, `payment_method`, `payment_account_id`, `proof_path`, `notes`, `cashier_id`, `created_at`, `updated_at`) VALUES ('125', '89', '526500.00', 'transfer', '10', NULL, NULL, '16', '2026-03-03 16:34:35', '2026-03-03 16:34:35');
INSERT INTO `payments` (`id`, `order_id`, `amount`, `payment_method`, `payment_account_id`, `proof_path`, `notes`, `cashier_id`, `created_at`, `updated_at`) VALUES ('126', '186', '20000.00', 'transfer', '8', NULL, NULL, '5', '2026-03-03 16:39:38', '2026-03-03 16:39:38');
INSERT INTO `payments` (`id`, `order_id`, `amount`, `payment_method`, `payment_account_id`, `proof_path`, `notes`, `cashier_id`, `created_at`, `updated_at`) VALUES ('127', '39', '5000.00', 'cash', NULL, NULL, NULL, '5', '2026-03-03 16:42:50', '2026-03-03 16:42:50');
INSERT INTO `payments` (`id`, `order_id`, `amount`, `payment_method`, `payment_account_id`, `proof_path`, `notes`, `cashier_id`, `created_at`, `updated_at`) VALUES ('128', '96', '11600.00', 'cash', NULL, NULL, NULL, '5', '2026-03-03 16:42:50', '2026-03-03 16:42:50');
INSERT INTO `payments` (`id`, `order_id`, `amount`, `payment_method`, `payment_account_id`, `proof_path`, `notes`, `cashier_id`, `created_at`, `updated_at`) VALUES ('129', '182', '10600.00', 'cash', NULL, NULL, NULL, '5', '2026-03-03 16:42:50', '2026-03-03 16:42:50');
INSERT INTO `payments` (`id`, `order_id`, `amount`, `payment_method`, `payment_account_id`, `proof_path`, `notes`, `cashier_id`, `created_at`, `updated_at`) VALUES ('130', '234', '10000.00', 'cash', NULL, NULL, NULL, '5', '2026-03-03 16:42:50', '2026-03-03 16:42:50');
INSERT INTO `payments` (`id`, `order_id`, `amount`, `payment_method`, `payment_account_id`, `proof_path`, `notes`, `cashier_id`, `created_at`, `updated_at`) VALUES ('131', '226', '10000.00', 'cash', NULL, NULL, NULL, '16', '2026-03-03 16:55:35', '2026-03-03 16:55:35');
INSERT INTO `payments` (`id`, `order_id`, `amount`, `payment_method`, `payment_account_id`, `proof_path`, `notes`, `cashier_id`, `created_at`, `updated_at`) VALUES ('132', '134', '50000.00', 'cash', NULL, NULL, NULL, '16', '2026-03-03 16:58:37', '2026-03-03 16:58:37');

-- Table: permissions
CREATE TABLE `permissions` (
  `id` bigint(20) unsigned NOT NULL AUTO_INCREMENT,
  `name` varchar(255) NOT NULL,
  `guard_name` varchar(255) NOT NULL,
  `created_at` timestamp NULL DEFAULT NULL,
  `updated_at` timestamp NULL DEFAULT NULL,
  PRIMARY KEY (`id`),
  UNIQUE KEY `permissions_name_guard_name_unique` (`name`,`guard_name`)
) ENGINE=InnoDB AUTO_INCREMENT=47 DEFAULT CHARSET=utf8mb4 COLLATE=utf8mb4_unicode_ci;

INSERT INTO `permissions` (`id`, `name`, `guard_name`, `created_at`, `updated_at`) VALUES ('1', 'manage users', 'web', '2026-02-09 13:27:05', '2026-02-09 13:27:05');
INSERT INTO `permissions` (`id`, `name`, `guard_name`, `created_at`, `updated_at`) VALUES ('2', 'create orders', 'web', '2026-02-09 13:27:05', '2026-02-09 13:27:05');
INSERT INTO `permissions` (`id`, `name`, `guard_name`, `created_at`, `updated_at`) VALUES ('3', 'process payments', 'web', '2026-02-09 13:27:05', '2026-02-09 13:27:05');
INSERT INTO `permissions` (`id`, `name`, `guard_name`, `created_at`, `updated_at`) VALUES ('4', 'update production', 'web', '2026-02-09 13:27:05', '2026-02-09 13:27:05');
INSERT INTO `permissions` (`id`, `name`, `guard_name`, `created_at`, `updated_at`) VALUES ('5', 'view reports', 'web', '2026-02-09 13:27:05', '2026-02-09 13:27:05');
INSERT INTO `permissions` (`id`, `name`, `guard_name`, `created_at`, `updated_at`) VALUES ('6', 'view click reports', 'web', '2026-02-09 13:27:05', '2026-02-09 13:27:05');
INSERT INTO `permissions` (`id`, `name`, `guard_name`, `created_at`, `updated_at`) VALUES ('7', 'print spk', 'web', '2026-02-09 13:27:05', '2026-02-09 13:27:05');
INSERT INTO `permissions` (`id`, `name`, `guard_name`, `created_at`, `updated_at`) VALUES ('8', 'management access', 'web', '2026-02-09 13:27:05', '2026-02-09 13:27:05');
INSERT INTO `permissions` (`id`, `name`, `guard_name`, `created_at`, `updated_at`) VALUES ('9', 'view customers', 'web', '2026-02-09 13:27:05', '2026-02-09 13:27:05');
INSERT INTO `permissions` (`id`, `name`, `guard_name`, `created_at`, `updated_at`) VALUES ('10', 'create customers', 'web', '2026-02-09 13:27:05', '2026-02-09 13:27:05');
INSERT INTO `permissions` (`id`, `name`, `guard_name`, `created_at`, `updated_at`) VALUES ('11', 'edit customers', 'web', '2026-02-09 13:27:05', '2026-02-09 13:27:05');
INSERT INTO `permissions` (`id`, `name`, `guard_name`, `created_at`, `updated_at`) VALUES ('12', 'delete customers', 'web', '2026-02-09 13:27:05', '2026-02-09 13:27:05');
INSERT INTO `permissions` (`id`, `name`, `guard_name`, `created_at`, `updated_at`) VALUES ('13', 'view products', 'web', '2026-02-09 13:27:05', '2026-02-09 13:27:05');
INSERT INTO `permissions` (`id`, `name`, `guard_name`, `created_at`, `updated_at`) VALUES ('14', 'create products', 'web', '2026-02-09 13:27:05', '2026-02-09 13:27:05');
INSERT INTO `permissions` (`id`, `name`, `guard_name`, `created_at`, `updated_at`) VALUES ('15', 'edit products', 'web', '2026-02-09 13:27:05', '2026-02-09 13:27:05');
INSERT INTO `permissions` (`id`, `name`, `guard_name`, `created_at`, `updated_at`) VALUES ('16', 'delete products', 'web', '2026-02-09 13:27:05', '2026-02-09 13:27:05');
INSERT INTO `permissions` (`id`, `name`, `guard_name`, `created_at`, `updated_at`) VALUES ('17', 'view units', 'web', '2026-02-09 13:27:05', '2026-02-09 13:27:05');
INSERT INTO `permissions` (`id`, `name`, `guard_name`, `created_at`, `updated_at`) VALUES ('18', 'manage units', 'web', '2026-02-09 13:27:05', '2026-02-09 13:27:05');
INSERT INTO `permissions` (`id`, `name`, `guard_name`, `created_at`, `updated_at`) VALUES ('19', 'view suppliers', 'web', '2026-02-09 13:27:05', '2026-02-09 13:27:05');
INSERT INTO `permissions` (`id`, `name`, `guard_name`, `created_at`, `updated_at`) VALUES ('20', 'manage suppliers', 'web', '2026-02-09 13:27:05', '2026-02-09 13:27:05');
INSERT INTO `permissions` (`id`, `name`, `guard_name`, `created_at`, `updated_at`) VALUES ('21', 'view finance', 'web', '2026-02-09 13:27:05', '2026-02-09 13:27:05');
INSERT INTO `permissions` (`id`, `name`, `guard_name`, `created_at`, `updated_at`) VALUES ('22', 'manage deposits', 'web', '2026-02-09 13:27:05', '2026-02-09 13:27:05');
INSERT INTO `permissions` (`id`, `name`, `guard_name`, `created_at`, `updated_at`) VALUES ('23', 'view stock', 'web', '2026-02-09 13:27:05', '2026-02-09 13:27:05');
INSERT INTO `permissions` (`id`, `name`, `guard_name`, `created_at`, `updated_at`) VALUES ('24', 'manage stock', 'web', '2026-02-09 13:27:05', '2026-02-09 13:27:05');
INSERT INTO `permissions` (`id`, `name`, `guard_name`, `created_at`, `updated_at`) VALUES ('25', 'view materials', 'web', '2026-02-09 13:27:05', '2026-02-09 13:27:05');
INSERT INTO `permissions` (`id`, `name`, `guard_name`, `created_at`, `updated_at`) VALUES ('26', 'manage materials', 'web', '2026-02-09 13:27:05', '2026-02-09 13:27:05');
INSERT INTO `permissions` (`id`, `name`, `guard_name`, `created_at`, `updated_at`) VALUES ('27', 'view expenses', 'web', '2026-02-09 13:27:05', '2026-02-09 13:27:05');
INSERT INTO `permissions` (`id`, `name`, `guard_name`, `created_at`, `updated_at`) VALUES ('28', 'manage expenses', 'web', '2026-02-09 13:27:05', '2026-02-09 13:27:05');
INSERT INTO `permissions` (`id`, `name`, `guard_name`, `created_at`, `updated_at`) VALUES ('29', 'view employees', 'web', '2026-02-09 13:27:05', '2026-02-09 13:27:05');
INSERT INTO `permissions` (`id`, `name`, `guard_name`, `created_at`, `updated_at`) VALUES ('30', 'create employees', 'web', '2026-02-09 13:27:05', '2026-02-09 13:27:05');
INSERT INTO `permissions` (`id`, `name`, `guard_name`, `created_at`, `updated_at`) VALUES ('31', 'edit employees', 'web', '2026-02-09 13:27:05', '2026-02-09 13:27:05');
INSERT INTO `permissions` (`id`, `name`, `guard_name`, `created_at`, `updated_at`) VALUES ('32', 'delete employees', 'web', '2026-02-09 13:27:05', '2026-02-09 13:27:05');
INSERT INTO `permissions` (`id`, `name`, `guard_name`, `created_at`, `updated_at`) VALUES ('33', 'view salaries', 'web', '2026-02-09 13:27:05', '2026-02-09 13:27:05');
INSERT INTO `permissions` (`id`, `name`, `guard_name`, `created_at`, `updated_at`) VALUES ('34', 'create salaries', 'web', '2026-02-09 13:27:05', '2026-02-09 13:27:05');
INSERT INTO `permissions` (`id`, `name`, `guard_name`, `created_at`, `updated_at`) VALUES ('35', 'edit salaries', 'web', '2026-02-09 13:27:05', '2026-02-09 13:27:05');
INSERT INTO `permissions` (`id`, `name`, `guard_name`, `created_at`, `updated_at`) VALUES ('36', 'delete salaries', 'web', '2026-02-09 13:27:05', '2026-02-09 13:27:05');
INSERT INTO `permissions` (`id`, `name`, `guard_name`, `created_at`, `updated_at`) VALUES ('37', 'manage backups', 'web', '2026-02-09 13:27:05', '2026-02-09 13:27:05');
INSERT INTO `permissions` (`id`, `name`, `guard_name`, `created_at`, `updated_at`) VALUES ('38', 'manage payment accounts', 'web', '2026-02-09 13:27:05', '2026-02-09 13:27:05');
INSERT INTO `permissions` (`id`, `name`, `guard_name`, `created_at`, `updated_at`) VALUES ('39', 'request cancellations', 'web', '2026-02-10 01:47:14', '2026-02-10 01:47:14');
INSERT INTO `permissions` (`id`, `name`, `guard_name`, `created_at`, `updated_at`) VALUES ('40', 'approve cancellations', 'web', '2026-02-10 01:47:14', '2026-02-10 01:47:14');
INSERT INTO `permissions` (`id`, `name`, `guard_name`, `created_at`, `updated_at`) VALUES ('41', 'view orders', 'web', '2026-02-10 08:23:29', '2026-02-10 08:23:29');
INSERT INTO `permissions` (`id`, `name`, `guard_name`, `created_at`, `updated_at`) VALUES ('42', 'view machines', 'web', '2026-02-09 13:27:05', '2026-02-09 13:27:05');
INSERT INTO `permissions` (`id`, `name`, `guard_name`, `created_at`, `updated_at`) VALUES ('43', 'manage machines', 'web', '2026-02-09 13:27:05', '2026-02-09 13:27:05');
INSERT INTO `permissions` (`id`, `name`, `guard_name`, `created_at`, `updated_at`) VALUES ('44', 'view ai', 'web', '2026-03-02 12:56:49', '2026-03-02 12:56:49');
INSERT INTO `permissions` (`id`, `name`, `guard_name`, `created_at`, `updated_at`) VALUES ('45', 'manage settings', 'web', '2026-03-02 12:56:49', '2026-03-02 12:56:49');
INSERT INTO `permissions` (`id`, `name`, `guard_name`, `created_at`, `updated_at`) VALUES ('46', 'manage customers', 'web', '2026-03-02 12:56:49', '2026-03-02 12:56:49');

-- Table: product_material
CREATE TABLE `product_material` (
  `id` bigint(20) unsigned NOT NULL AUTO_INCREMENT,
  `product_id` bigint(20) unsigned NOT NULL,
  `material_id` bigint(20) unsigned NOT NULL,
  `created_at` timestamp NULL DEFAULT NULL,
  `updated_at` timestamp NULL DEFAULT NULL,
  PRIMARY KEY (`id`),
  UNIQUE KEY `product_material_product_id_material_id_unique` (`product_id`,`material_id`),
  KEY `product_material_material_id_foreign` (`material_id`),
  CONSTRAINT `product_material_material_id_foreign` FOREIGN KEY (`material_id`) REFERENCES `materials` (`id`) ON DELETE CASCADE,
  CONSTRAINT `product_material_product_id_foreign` FOREIGN KEY (`product_id`) REFERENCES `products` (`id`) ON DELETE CASCADE
) ENGINE=InnoDB AUTO_INCREMENT=149 DEFAULT CHARSET=utf8mb4 COLLATE=utf8mb4_unicode_ci;

INSERT INTO `product_material` (`id`, `product_id`, `material_id`, `created_at`, `updated_at`) VALUES ('87', '21', '44', NULL, NULL);
INSERT INTO `product_material` (`id`, `product_id`, `material_id`, `created_at`, `updated_at`) VALUES ('88', '21', '45', NULL, NULL);
INSERT INTO `product_material` (`id`, `product_id`, `material_id`, `created_at`, `updated_at`) VALUES ('89', '21', '47', NULL, NULL);
INSERT INTO `product_material` (`id`, `product_id`, `material_id`, `created_at`, `updated_at`) VALUES ('90', '21', '48', NULL, NULL);
INSERT INTO `product_material` (`id`, `product_id`, `material_id`, `created_at`, `updated_at`) VALUES ('91', '21', '49', NULL, NULL);
INSERT INTO `product_material` (`id`, `product_id`, `material_id`, `created_at`, `updated_at`) VALUES ('92', '21', '50', NULL, NULL);
INSERT INTO `product_material` (`id`, `product_id`, `material_id`, `created_at`, `updated_at`) VALUES ('93', '21', '46', NULL, NULL);
INSERT INTO `product_material` (`id`, `product_id`, `material_id`, `created_at`, `updated_at`) VALUES ('94', '21', '55', NULL, NULL);
INSERT INTO `product_material` (`id`, `product_id`, `material_id`, `created_at`, `updated_at`) VALUES ('95', '21', '54', NULL, NULL);
INSERT INTO `product_material` (`id`, `product_id`, `material_id`, `created_at`, `updated_at`) VALUES ('96', '21', '51', NULL, NULL);
INSERT INTO `product_material` (`id`, `product_id`, `material_id`, `created_at`, `updated_at`) VALUES ('97', '21', '52', NULL, NULL);
INSERT INTO `product_material` (`id`, `product_id`, `material_id`, `created_at`, `updated_at`) VALUES ('98', '21', '53', NULL, NULL);
INSERT INTO `product_material` (`id`, `product_id`, `material_id`, `created_at`, `updated_at`) VALUES ('99', '21', '56', NULL, NULL);
INSERT INTO `product_material` (`id`, `product_id`, `material_id`, `created_at`, `updated_at`) VALUES ('100', '21', '58', NULL, NULL);
INSERT INTO `product_material` (`id`, `product_id`, `material_id`, `created_at`, `updated_at`) VALUES ('101', '21', '59', NULL, NULL);
INSERT INTO `product_material` (`id`, `product_id`, `material_id`, `created_at`, `updated_at`) VALUES ('102', '21', '60', NULL, NULL);
INSERT INTO `product_material` (`id`, `product_id`, `material_id`, `created_at`, `updated_at`) VALUES ('103', '21', '57', NULL, NULL);
INSERT INTO `product_material` (`id`, `product_id`, `material_id`, `created_at`, `updated_at`) VALUES ('104', '23', '89', NULL, NULL);
INSERT INTO `product_material` (`id`, `product_id`, `material_id`, `created_at`, `updated_at`) VALUES ('106', '23', '85', NULL, NULL);
INSERT INTO `product_material` (`id`, `product_id`, `material_id`, `created_at`, `updated_at`) VALUES ('107', '23', '86', NULL, NULL);
INSERT INTO `product_material` (`id`, `product_id`, `material_id`, `created_at`, `updated_at`) VALUES ('108', '23', '87', NULL, NULL);
INSERT INTO `product_material` (`id`, `product_id`, `material_id`, `created_at`, `updated_at`) VALUES ('109', '23', '88', NULL, NULL);
INSERT INTO `product_material` (`id`, `product_id`, `material_id`, `created_at`, `updated_at`) VALUES ('110', '22', '64', NULL, NULL);
INSERT INTO `product_material` (`id`, `product_id`, `material_id`, `created_at`, `updated_at`) VALUES ('111', '22', '66', NULL, NULL);
INSERT INTO `product_material` (`id`, `product_id`, `material_id`, `created_at`, `updated_at`) VALUES ('112', '22', '80', NULL, NULL);
INSERT INTO `product_material` (`id`, `product_id`, `material_id`, `created_at`, `updated_at`) VALUES ('113', '22', '61', NULL, NULL);
INSERT INTO `product_material` (`id`, `product_id`, `material_id`, `created_at`, `updated_at`) VALUES ('114', '22', '65', NULL, NULL);
INSERT INTO `product_material` (`id`, `product_id`, `material_id`, `created_at`, `updated_at`) VALUES ('115', '22', '63', NULL, NULL);
INSERT INTO `product_material` (`id`, `product_id`, `material_id`, `created_at`, `updated_at`) VALUES ('116', '22', '77', NULL, NULL);
INSERT INTO `product_material` (`id`, `product_id`, `material_id`, `created_at`, `updated_at`) VALUES ('117', '23', '97', NULL, NULL);
INSERT INTO `product_material` (`id`, `product_id`, `material_id`, `created_at`, `updated_at`) VALUES ('118', '22', '76', NULL, NULL);
INSERT INTO `product_material` (`id`, `product_id`, `material_id`, `created_at`, `updated_at`) VALUES ('119', '22', '78', NULL, NULL);
INSERT INTO `product_material` (`id`, `product_id`, `material_id`, `created_at`, `updated_at`) VALUES ('120', '22', '79', NULL, NULL);
INSERT INTO `product_material` (`id`, `product_id`, `material_id`, `created_at`, `updated_at`) VALUES ('121', '22', '75', NULL, NULL);
INSERT INTO `product_material` (`id`, `product_id`, `material_id`, `created_at`, `updated_at`) VALUES ('122', '22', '83', NULL, NULL);
INSERT INTO `product_material` (`id`, `product_id`, `material_id`, `created_at`, `updated_at`) VALUES ('123', '22', '84', NULL, NULL);
INSERT INTO `product_material` (`id`, `product_id`, `material_id`, `created_at`, `updated_at`) VALUES ('124', '22', '82', NULL, NULL);
INSERT INTO `product_material` (`id`, `product_id`, `material_id`, `created_at`, `updated_at`) VALUES ('125', '22', '81', NULL, NULL);
INSERT INTO `product_material` (`id`, `product_id`, `material_id`, `created_at`, `updated_at`) VALUES ('126', '22', '72', NULL, NULL);
INSERT INTO `product_material` (`id`, `product_id`, `material_id`, `created_at`, `updated_at`) VALUES ('127', '22', '74', NULL, NULL);
INSERT INTO `product_material` (`id`, `product_id`, `material_id`, `created_at`, `updated_at`) VALUES ('128', '22', '73', NULL, NULL);
INSERT INTO `product_material` (`id`, `product_id`, `material_id`, `created_at`, `updated_at`) VALUES ('129', '22', '70', NULL, NULL);
INSERT INTO `product_material` (`id`, `product_id`, `material_id`, `created_at`, `updated_at`) VALUES ('130', '22', '71', NULL, NULL);
INSERT INTO `product_material` (`id`, `product_id`, `material_id`, `created_at`, `updated_at`) VALUES ('131', '21', '90', NULL, NULL);
INSERT INTO `product_material` (`id`, `product_id`, `material_id`, `created_at`, `updated_at`) VALUES ('132', '21', '69', NULL, NULL);
INSERT INTO `product_material` (`id`, `product_id`, `material_id`, `created_at`, `updated_at`) VALUES ('133', '21', '96', NULL, NULL);
INSERT INTO `product_material` (`id`, `product_id`, `material_id`, `created_at`, `updated_at`) VALUES ('134', '21', '95', NULL, NULL);
INSERT INTO `product_material` (`id`, `product_id`, `material_id`, `created_at`, `updated_at`) VALUES ('135', '21', '93', NULL, NULL);
INSERT INTO `product_material` (`id`, `product_id`, `material_id`, `created_at`, `updated_at`) VALUES ('136', '21', '67', NULL, NULL);
INSERT INTO `product_material` (`id`, `product_id`, `material_id`, `created_at`, `updated_at`) VALUES ('137', '21', '68', NULL, NULL);
INSERT INTO `product_material` (`id`, `product_id`, `material_id`, `created_at`, `updated_at`) VALUES ('138', '21', '94', NULL, NULL);
INSERT INTO `product_material` (`id`, `product_id`, `material_id`, `created_at`, `updated_at`) VALUES ('139', '22', '62', NULL, NULL);
INSERT INTO `product_material` (`id`, `product_id`, `material_id`, `created_at`, `updated_at`) VALUES ('140', '24', '92', NULL, NULL);
INSERT INTO `product_material` (`id`, `product_id`, `material_id`, `created_at`, `updated_at`) VALUES ('141', '24', '91', NULL, NULL);
INSERT INTO `product_material` (`id`, `product_id`, `material_id`, `created_at`, `updated_at`) VALUES ('142', '24', '99', NULL, NULL);
INSERT INTO `product_material` (`id`, `product_id`, `material_id`, `created_at`, `updated_at`) VALUES ('143', '24', '98', NULL, NULL);
INSERT INTO `product_material` (`id`, `product_id`, `material_id`, `created_at`, `updated_at`) VALUES ('144', '22', '101', NULL, NULL);
INSERT INTO `product_material` (`id`, `product_id`, `material_id`, `created_at`, `updated_at`) VALUES ('146', '24', '96', NULL, NULL);
INSERT INTO `product_material` (`id`, `product_id`, `material_id`, `created_at`, `updated_at`) VALUES ('147', '24', '100', NULL, NULL);
INSERT INTO `product_material` (`id`, `product_id`, `material_id`, `created_at`, `updated_at`) VALUES ('148', '25', '57', NULL, NULL);

-- Table: products
CREATE TABLE `products` (
  `id` bigint(20) unsigned NOT NULL AUTO_INCREMENT,
  `name` varchar(255) NOT NULL,
  `code` varchar(255) NOT NULL,
  `description` text DEFAULT NULL,
  `unit_id` bigint(20) unsigned DEFAULT NULL,
  `is_active` tinyint(1) NOT NULL DEFAULT 1,
  `track_clicks` tinyint(1) NOT NULL DEFAULT 0,
  `created_at` timestamp NULL DEFAULT NULL,
  `updated_at` timestamp NULL DEFAULT NULL,
  PRIMARY KEY (`id`),
  UNIQUE KEY `products_code_unique` (`code`),
  KEY `products_is_active_index` (`is_active`),
  KEY `products_unit_id_foreign` (`unit_id`),
  CONSTRAINT `products_unit_id_foreign` FOREIGN KEY (`unit_id`) REFERENCES `units` (`id`) ON DELETE SET NULL
) ENGINE=InnoDB AUTO_INCREMENT=26 DEFAULT CHARSET=utf8mb4 COLLATE=utf8mb4_unicode_ci;

INSERT INTO `products` (`id`, `name`, `code`, `description`, `unit_id`, `is_active`, `track_clicks`, `created_at`, `updated_at`) VALUES ('21', 'Versant', 'VR0001', NULL, NULL, '1', '1', '2026-02-17 11:16:10', '2026-02-17 11:16:10');
INSERT INTO `products` (`id`, `name`, `code`, `description`, `unit_id`, `is_active`, `track_clicks`, `created_at`, `updated_at`) VALUES ('22', 'Indoor', 'ID0001', NULL, NULL, '1', '0', '2026-02-17 11:16:29', '2026-02-17 11:16:29');
INSERT INTO `products` (`id`, `name`, `code`, `description`, `unit_id`, `is_active`, `track_clicks`, `created_at`, `updated_at`) VALUES ('23', 'Outdoor', 'OD0001', NULL, NULL, '1', '0', '2026-02-17 11:16:49', '2026-02-17 11:16:49');
INSERT INTO `products` (`id`, `name`, `code`, `description`, `unit_id`, `is_active`, `track_clicks`, `created_at`, `updated_at`) VALUES ('24', 'Jasa', 'CUTA3', NULL, NULL, '1', '0', '2026-02-27 13:44:32', '2026-02-27 13:44:32');
INSERT INTO `products` (`id`, `name`, `code`, `description`, `unit_id`, `is_active`, `track_clicks`, `created_at`, `updated_at`) VALUES ('25', 'PROMO KROMO RAMADHAN', 'PKR', NULL, NULL, '1', '0', '2026-03-02 15:48:26', '2026-03-02 15:48:26');

-- Table: purchase_payments
CREATE TABLE `purchase_payments` (
  `id` bigint(20) unsigned NOT NULL AUTO_INCREMENT,
  `purchase_id` bigint(20) unsigned NOT NULL,
  `amount` decimal(15,2) NOT NULL,
  `payment_date` date NOT NULL,
  `proof` varchar(255) DEFAULT NULL,
  `notes` text DEFAULT NULL,
  `created_by` bigint(20) unsigned DEFAULT NULL,
  `created_at` timestamp NULL DEFAULT NULL,
  `updated_at` timestamp NULL DEFAULT NULL,
  PRIMARY KEY (`id`),
  KEY `purchase_payments_purchase_id_foreign` (`purchase_id`),
  KEY `purchase_payments_created_by_foreign` (`created_by`),
  CONSTRAINT `purchase_payments_created_by_foreign` FOREIGN KEY (`created_by`) REFERENCES `users` (`id`) ON DELETE SET NULL,
  CONSTRAINT `purchase_payments_purchase_id_foreign` FOREIGN KEY (`purchase_id`) REFERENCES `purchases` (`id`) ON DELETE CASCADE
) ENGINE=InnoDB AUTO_INCREMENT=2 DEFAULT CHARSET=utf8mb4 COLLATE=utf8mb4_unicode_ci;

-- Table: purchases
CREATE TABLE `purchases` (
  `id` bigint(20) unsigned NOT NULL AUTO_INCREMENT,
  `material_id` bigint(20) unsigned NOT NULL,
  `purchase_date` date NOT NULL,
  `quantity` decimal(15,2) NOT NULL,
  `unit_price` decimal(15,2) NOT NULL DEFAULT 0.00,
  `total_price` decimal(15,2) NOT NULL DEFAULT 0.00,
  `paid_amount` decimal(15,2) NOT NULL DEFAULT 0.00,
  `payment_status` enum('unpaid','partial','paid') NOT NULL DEFAULT 'paid',
  `type` enum('satuan','meteran') NOT NULL DEFAULT 'satuan',
  `supplier` varchar(255) DEFAULT NULL,
  `supplier_id` bigint(20) unsigned DEFAULT NULL,
  `notes` text DEFAULT NULL,
  `created_by` bigint(20) unsigned DEFAULT NULL,
  `created_at` timestamp NULL DEFAULT NULL,
  `updated_at` timestamp NULL DEFAULT NULL,
  PRIMARY KEY (`id`),
  KEY `purchases_material_id_foreign` (`material_id`),
  KEY `purchases_created_by_foreign` (`created_by`),
  KEY `purchases_supplier_id_foreign` (`supplier_id`),
  CONSTRAINT `purchases_created_by_foreign` FOREIGN KEY (`created_by`) REFERENCES `users` (`id`) ON DELETE SET NULL,
  CONSTRAINT `purchases_material_id_foreign` FOREIGN KEY (`material_id`) REFERENCES `materials` (`id`) ON DELETE CASCADE,
  CONSTRAINT `purchases_supplier_id_foreign` FOREIGN KEY (`supplier_id`) REFERENCES `suppliers` (`id`) ON DELETE SET NULL
) ENGINE=InnoDB AUTO_INCREMENT=2 DEFAULT CHARSET=utf8mb4 COLLATE=utf8mb4_unicode_ci;

-- Table: role_has_permissions
CREATE TABLE `role_has_permissions` (
  `permission_id` bigint(20) unsigned NOT NULL,
  `role_id` bigint(20) unsigned NOT NULL,
  PRIMARY KEY (`permission_id`,`role_id`),
  KEY `role_has_permissions_role_id_foreign` (`role_id`),
  CONSTRAINT `role_has_permissions_permission_id_foreign` FOREIGN KEY (`permission_id`) REFERENCES `permissions` (`id`) ON DELETE CASCADE,
  CONSTRAINT `role_has_permissions_role_id_foreign` FOREIGN KEY (`role_id`) REFERENCES `roles` (`id`) ON DELETE CASCADE
) ENGINE=InnoDB DEFAULT CHARSET=utf8mb4 COLLATE=utf8mb4_unicode_ci;

INSERT INTO `role_has_permissions` (`permission_id`, `role_id`) VALUES ('1', '1');
INSERT INTO `role_has_permissions` (`permission_id`, `role_id`) VALUES ('1', '6');
INSERT INTO `role_has_permissions` (`permission_id`, `role_id`) VALUES ('1', '7');
INSERT INTO `role_has_permissions` (`permission_id`, `role_id`) VALUES ('2', '1');
INSERT INTO `role_has_permissions` (`permission_id`, `role_id`) VALUES ('2', '3');
INSERT INTO `role_has_permissions` (`permission_id`, `role_id`) VALUES ('2', '5');
INSERT INTO `role_has_permissions` (`permission_id`, `role_id`) VALUES ('2', '6');
INSERT INTO `role_has_permissions` (`permission_id`, `role_id`) VALUES ('2', '7');
INSERT INTO `role_has_permissions` (`permission_id`, `role_id`) VALUES ('3', '1');
INSERT INTO `role_has_permissions` (`permission_id`, `role_id`) VALUES ('3', '4');
INSERT INTO `role_has_permissions` (`permission_id`, `role_id`) VALUES ('3', '6');
INSERT INTO `role_has_permissions` (`permission_id`, `role_id`) VALUES ('3', '7');
INSERT INTO `role_has_permissions` (`permission_id`, `role_id`) VALUES ('4', '1');
INSERT INTO `role_has_permissions` (`permission_id`, `role_id`) VALUES ('4', '5');
INSERT INTO `role_has_permissions` (`permission_id`, `role_id`) VALUES ('4', '6');
INSERT INTO `role_has_permissions` (`permission_id`, `role_id`) VALUES ('4', '7');
INSERT INTO `role_has_permissions` (`permission_id`, `role_id`) VALUES ('5', '1');
INSERT INTO `role_has_permissions` (`permission_id`, `role_id`) VALUES ('5', '2');
INSERT INTO `role_has_permissions` (`permission_id`, `role_id`) VALUES ('5', '6');
INSERT INTO `role_has_permissions` (`permission_id`, `role_id`) VALUES ('5', '7');
INSERT INTO `role_has_permissions` (`permission_id`, `role_id`) VALUES ('6', '1');
INSERT INTO `role_has_permissions` (`permission_id`, `role_id`) VALUES ('6', '2');
INSERT INTO `role_has_permissions` (`permission_id`, `role_id`) VALUES ('6', '6');
INSERT INTO `role_has_permissions` (`permission_id`, `role_id`) VALUES ('6', '7');
INSERT INTO `role_has_permissions` (`permission_id`, `role_id`) VALUES ('7', '1');
INSERT INTO `role_has_permissions` (`permission_id`, `role_id`) VALUES ('7', '3');
INSERT INTO `role_has_permissions` (`permission_id`, `role_id`) VALUES ('7', '6');
INSERT INTO `role_has_permissions` (`permission_id`, `role_id`) VALUES ('7', '7');
INSERT INTO `role_has_permissions` (`permission_id`, `role_id`) VALUES ('8', '1');
INSERT INTO `role_has_permissions` (`permission_id`, `role_id`) VALUES ('9', '1');
INSERT INTO `role_has_permissions` (`permission_id`, `role_id`) VALUES ('9', '2');
INSERT INTO `role_has_permissions` (`permission_id`, `role_id`) VALUES ('9', '3');
INSERT INTO `role_has_permissions` (`permission_id`, `role_id`) VALUES ('9', '4');
INSERT INTO `role_has_permissions` (`permission_id`, `role_id`) VALUES ('9', '5');
INSERT INTO `role_has_permissions` (`permission_id`, `role_id`) VALUES ('9', '6');
INSERT INTO `role_has_permissions` (`permission_id`, `role_id`) VALUES ('9', '7');
INSERT INTO `role_has_permissions` (`permission_id`, `role_id`) VALUES ('10', '1');
INSERT INTO `role_has_permissions` (`permission_id`, `role_id`) VALUES ('10', '2');
INSERT INTO `role_has_permissions` (`permission_id`, `role_id`) VALUES ('10', '3');
INSERT INTO `role_has_permissions` (`permission_id`, `role_id`) VALUES ('10', '4');
INSERT INTO `role_has_permissions` (`permission_id`, `role_id`) VALUES ('10', '6');
INSERT INTO `role_has_permissions` (`permission_id`, `role_id`) VALUES ('10', '7');
INSERT INTO `role_has_permissions` (`permission_id`, `role_id`) VALUES ('11', '1');
INSERT INTO `role_has_permissions` (`permission_id`, `role_id`) VALUES ('11', '2');
INSERT INTO `role_has_permissions` (`permission_id`, `role_id`) VALUES ('11', '3');
INSERT INTO `role_has_permissions` (`permission_id`, `role_id`) VALUES ('11', '4');
INSERT INTO `role_has_permissions` (`permission_id`, `role_id`) VALUES ('11', '6');
INSERT INTO `role_has_permissions` (`permission_id`, `role_id`) VALUES ('11', '7');
INSERT INTO `role_has_permissions` (`permission_id`, `role_id`) VALUES ('12', '1');
INSERT INTO `role_has_permissions` (`permission_id`, `role_id`) VALUES ('12', '2');
INSERT INTO `role_has_permissions` (`permission_id`, `role_id`) VALUES ('12', '3');
INSERT INTO `role_has_permissions` (`permission_id`, `role_id`) VALUES ('12', '6');
INSERT INTO `role_has_permissions` (`permission_id`, `role_id`) VALUES ('12', '7');
INSERT INTO `role_has_permissions` (`permission_id`, `role_id`) VALUES ('13', '1');
INSERT INTO `role_has_permissions` (`permission_id`, `role_id`) VALUES ('13', '2');
INSERT INTO `role_has_permissions` (`permission_id`, `role_id`) VALUES ('13', '3');
INSERT INTO `role_has_permissions` (`permission_id`, `role_id`) VALUES ('13', '4');
INSERT INTO `role_has_permissions` (`permission_id`, `role_id`) VALUES ('13', '5');
INSERT INTO `role_has_permissions` (`permission_id`, `role_id`) VALUES ('13', '6');
INSERT INTO `role_has_permissions` (`permission_id`, `role_id`) VALUES ('13', '7');
INSERT INTO `role_has_permissions` (`permission_id`, `role_id`) VALUES ('14', '1');
INSERT INTO `role_has_permissions` (`permission_id`, `role_id`) VALUES ('14', '5');
INSERT INTO `role_has_permissions` (`permission_id`, `role_id`) VALUES ('14', '6');
INSERT INTO `role_has_permissions` (`permission_id`, `role_id`) VALUES ('14', '7');
INSERT INTO `role_has_permissions` (`permission_id`, `role_id`) VALUES ('15', '1');
INSERT INTO `role_has_permissions` (`permission_id`, `role_id`) VALUES ('15', '5');
INSERT INTO `role_has_permissions` (`permission_id`, `role_id`) VALUES ('15', '6');
INSERT INTO `role_has_permissions` (`permission_id`, `role_id`) VALUES ('15', '7');
INSERT INTO `role_has_permissions` (`permission_id`, `role_id`) VALUES ('16', '1');
INSERT INTO `role_has_permissions` (`permission_id`, `role_id`) VALUES ('16', '6');
INSERT INTO `role_has_permissions` (`permission_id`, `role_id`) VALUES ('16', '7');
INSERT INTO `role_has_permissions` (`permission_id`, `role_id`) VALUES ('17', '1');
INSERT INTO `role_has_permissions` (`permission_id`, `role_id`) VALUES ('17', '2');
INSERT INTO `role_has_permissions` (`permission_id`, `role_id`) VALUES ('17', '6');
INSERT INTO `role_has_permissions` (`permission_id`, `role_id`) VALUES ('17', '7');
INSERT INTO `role_has_permissions` (`permission_id`, `role_id`) VALUES ('18', '1');
INSERT INTO `role_has_permissions` (`permission_id`, `role_id`) VALUES ('18', '6');
INSERT INTO `role_has_permissions` (`permission_id`, `role_id`) VALUES ('18', '7');
INSERT INTO `role_has_permissions` (`permission_id`, `role_id`) VALUES ('19', '1');
INSERT INTO `role_has_permissions` (`permission_id`, `role_id`) VALUES ('19', '2');
INSERT INTO `role_has_permissions` (`permission_id`, `role_id`) VALUES ('19', '6');
INSERT INTO `role_has_permissions` (`permission_id`, `role_id`) VALUES ('19', '7');
INSERT INTO `role_has_permissions` (`permission_id`, `role_id`) VALUES ('20', '1');
INSERT INTO `role_has_permissions` (`permission_id`, `role_id`) VALUES ('20', '6');
INSERT INTO `role_has_permissions` (`permission_id`, `role_id`) VALUES ('20', '7');
INSERT INTO `role_has_permissions` (`permission_id`, `role_id`) VALUES ('21', '1');
INSERT INTO `role_has_permissions` (`permission_id`, `role_id`) VALUES ('21', '2');
INSERT INTO `role_has_permissions` (`permission_id`, `role_id`) VALUES ('21', '6');
INSERT INTO `role_has_permissions` (`permission_id`, `role_id`) VALUES ('21', '7');
INSERT INTO `role_has_permissions` (`permission_id`, `role_id`) VALUES ('22', '1');
INSERT INTO `role_has_permissions` (`permission_id`, `role_id`) VALUES ('22', '2');
INSERT INTO `role_has_permissions` (`permission_id`, `role_id`) VALUES ('22', '6');
INSERT INTO `role_has_permissions` (`permission_id`, `role_id`) VALUES ('22', '7');
INSERT INTO `role_has_permissions` (`permission_id`, `role_id`) VALUES ('23', '1');
INSERT INTO `role_has_permissions` (`permission_id`, `role_id`) VALUES ('23', '2');
INSERT INTO `role_has_permissions` (`permission_id`, `role_id`) VALUES ('23', '5');
INSERT INTO `role_has_permissions` (`permission_id`, `role_id`) VALUES ('23', '6');
INSERT INTO `role_has_permissions` (`permission_id`, `role_id`) VALUES ('23', '7');
INSERT INTO `role_has_permissions` (`permission_id`, `role_id`) VALUES ('24', '1');
INSERT INTO `role_has_permissions` (`permission_id`, `role_id`) VALUES ('24', '5');
INSERT INTO `role_has_permissions` (`permission_id`, `role_id`) VALUES ('24', '6');
INSERT INTO `role_has_permissions` (`permission_id`, `role_id`) VALUES ('24', '7');
INSERT INTO `role_has_permissions` (`permission_id`, `role_id`) VALUES ('25', '1');
INSERT INTO `role_has_permissions` (`permission_id`, `role_id`) VALUES ('25', '2');
INSERT INTO `role_has_permissions` (`permission_id`, `role_id`) VALUES ('25', '6');
INSERT INTO `role_has_permissions` (`permission_id`, `role_id`) VALUES ('25', '7');
INSERT INTO `role_has_permissions` (`permission_id`, `role_id`) VALUES ('26', '1');
INSERT INTO `role_has_permissions` (`permission_id`, `role_id`) VALUES ('26', '6');
INSERT INTO `role_has_permissions` (`permission_id`, `role_id`) VALUES ('26', '7');
INSERT INTO `role_has_permissions` (`permission_id`, `role_id`) VALUES ('27', '1');
INSERT INTO `role_has_permissions` (`permission_id`, `role_id`) VALUES ('27', '2');
INSERT INTO `role_has_permissions` (`permission_id`, `role_id`) VALUES ('27', '4');
INSERT INTO `role_has_permissions` (`permission_id`, `role_id`) VALUES ('27', '6');
INSERT INTO `role_has_permissions` (`permission_id`, `role_id`) VALUES ('27', '7');
INSERT INTO `role_has_permissions` (`permission_id`, `role_id`) VALUES ('28', '1');
INSERT INTO `role_has_permissions` (`permission_id`, `role_id`) VALUES ('28', '2');
INSERT INTO `role_has_permissions` (`permission_id`, `role_id`) VALUES ('28', '6');
INSERT INTO `role_has_permissions` (`permission_id`, `role_id`) VALUES ('28', '7');
INSERT INTO `role_has_permissions` (`permission_id`, `role_id`) VALUES ('29', '1');
INSERT INTO `role_has_permissions` (`permission_id`, `role_id`) VALUES ('29', '2');
INSERT INTO `role_has_permissions` (`permission_id`, `role_id`) VALUES ('29', '6');
INSERT INTO `role_has_permissions` (`permission_id`, `role_id`) VALUES ('29', '7');
INSERT INTO `role_has_permissions` (`permission_id`, `role_id`) VALUES ('30', '1');
INSERT INTO `role_has_permissions` (`permission_id`, `role_id`) VALUES ('30', '6');
INSERT INTO `role_has_permissions` (`permission_id`, `role_id`) VALUES ('30', '7');
INSERT INTO `role_has_permissions` (`permission_id`, `role_id`) VALUES ('31', '1');
INSERT INTO `role_has_permissions` (`permission_id`, `role_id`) VALUES ('31', '6');
INSERT INTO `role_has_permissions` (`permission_id`, `role_id`) VALUES ('31', '7');
INSERT INTO `role_has_permissions` (`permission_id`, `role_id`) VALUES ('32', '1');
INSERT INTO `role_has_permissions` (`permission_id`, `role_id`) VALUES ('32', '6');
INSERT INTO `role_has_permissions` (`permission_id`, `role_id`) VALUES ('32', '7');
INSERT INTO `role_has_permissions` (`permission_id`, `role_id`) VALUES ('33', '1');
INSERT INTO `role_has_permissions` (`permission_id`, `role_id`) VALUES ('33', '2');
INSERT INTO `role_has_permissions` (`permission_id`, `role_id`) VALUES ('33', '6');
INSERT INTO `role_has_permissions` (`permission_id`, `role_id`) VALUES ('33', '7');
INSERT INTO `role_has_permissions` (`permission_id`, `role_id`) VALUES ('34', '1');
INSERT INTO `role_has_permissions` (`permission_id`, `role_id`) VALUES ('34', '6');
INSERT INTO `role_has_permissions` (`permission_id`, `role_id`) VALUES ('34', '7');
INSERT INTO `role_has_permissions` (`permission_id`, `role_id`) VALUES ('35', '1');
INSERT INTO `role_has_permissions` (`permission_id`, `role_id`) VALUES ('35', '6');
INSERT INTO `role_has_permissions` (`permission_id`, `role_id`) VALUES ('35', '7');
INSERT INTO `role_has_permissions` (`permission_id`, `role_id`) VALUES ('36', '1');
INSERT INTO `role_has_permissions` (`permission_id`, `role_id`) VALUES ('36', '6');
INSERT INTO `role_has_permissions` (`permission_id`, `role_id`) VALUES ('36', '7');
INSERT INTO `role_has_permissions` (`permission_id`, `role_id`) VALUES ('37', '1');
INSERT INTO `role_has_permissions` (`permission_id`, `role_id`) VALUES ('37', '6');
INSERT INTO `role_has_permissions` (`permission_id`, `role_id`) VALUES ('37', '7');
INSERT INTO `role_has_permissions` (`permission_id`, `role_id`) VALUES ('38', '1');
INSERT INTO `role_has_permissions` (`permission_id`, `role_id`) VALUES ('38', '2');
INSERT INTO `role_has_permissions` (`permission_id`, `role_id`) VALUES ('38', '6');
INSERT INTO `role_has_permissions` (`permission_id`, `role_id`) VALUES ('38', '7');
INSERT INTO `role_has_permissions` (`permission_id`, `role_id`) VALUES ('39', '1');
INSERT INTO `role_has_permissions` (`permission_id`, `role_id`) VALUES ('39', '2');
INSERT INTO `role_has_permissions` (`permission_id`, `role_id`) VALUES ('39', '3');
INSERT INTO `role_has_permissions` (`permission_id`, `role_id`) VALUES ('39', '4');
INSERT INTO `role_has_permissions` (`permission_id`, `role_id`) VALUES ('39', '5');
INSERT INTO `role_has_permissions` (`permission_id`, `role_id`) VALUES ('39', '6');
INSERT INTO `role_has_permissions` (`permission_id`, `role_id`) VALUES ('39', '7');
INSERT INTO `role_has_permissions` (`permission_id`, `role_id`) VALUES ('40', '1');
INSERT INTO `role_has_permissions` (`permission_id`, `role_id`) VALUES ('40', '2');
INSERT INTO `role_has_permissions` (`permission_id`, `role_id`) VALUES ('40', '6');
INSERT INTO `role_has_permissions` (`permission_id`, `role_id`) VALUES ('40', '7');
INSERT INTO `role_has_permissions` (`permission_id`, `role_id`) VALUES ('41', '1');
INSERT INTO `role_has_permissions` (`permission_id`, `role_id`) VALUES ('41', '2');
INSERT INTO `role_has_permissions` (`permission_id`, `role_id`) VALUES ('41', '3');
INSERT INTO `role_has_permissions` (`permission_id`, `role_id`) VALUES ('41', '4');
INSERT INTO `role_has_permissions` (`permission_id`, `role_id`) VALUES ('41', '6');
INSERT INTO `role_has_permissions` (`permission_id`, `role_id`) VALUES ('41', '7');
INSERT INTO `role_has_permissions` (`permission_id`, `role_id`) VALUES ('42', '1');
INSERT INTO `role_has_permissions` (`permission_id`, `role_id`) VALUES ('42', '2');
INSERT INTO `role_has_permissions` (`permission_id`, `role_id`) VALUES ('42', '6');
INSERT INTO `role_has_permissions` (`permission_id`, `role_id`) VALUES ('42', '7');
INSERT INTO `role_has_permissions` (`permission_id`, `role_id`) VALUES ('43', '1');
INSERT INTO `role_has_permissions` (`permission_id`, `role_id`) VALUES ('43', '6');
INSERT INTO `role_has_permissions` (`permission_id`, `role_id`) VALUES ('44', '1');
INSERT INTO `role_has_permissions` (`permission_id`, `role_id`) VALUES ('44', '2');
INSERT INTO `role_has_permissions` (`permission_id`, `role_id`) VALUES ('44', '6');
INSERT INTO `role_has_permissions` (`permission_id`, `role_id`) VALUES ('44', '7');
INSERT INTO `role_has_permissions` (`permission_id`, `role_id`) VALUES ('45', '1');
INSERT INTO `role_has_permissions` (`permission_id`, `role_id`) VALUES ('45', '2');
INSERT INTO `role_has_permissions` (`permission_id`, `role_id`) VALUES ('45', '6');
INSERT INTO `role_has_permissions` (`permission_id`, `role_id`) VALUES ('45', '7');
INSERT INTO `role_has_permissions` (`permission_id`, `role_id`) VALUES ('46', '1');
INSERT INTO `role_has_permissions` (`permission_id`, `role_id`) VALUES ('46', '2');
INSERT INTO `role_has_permissions` (`permission_id`, `role_id`) VALUES ('46', '3');
INSERT INTO `role_has_permissions` (`permission_id`, `role_id`) VALUES ('46', '5');
INSERT INTO `role_has_permissions` (`permission_id`, `role_id`) VALUES ('46', '6');

-- Table: roles
CREATE TABLE `roles` (
  `id` bigint(20) unsigned NOT NULL AUTO_INCREMENT,
  `name` varchar(255) NOT NULL,
  `guard_name` varchar(255) NOT NULL,
  `created_at` timestamp NULL DEFAULT NULL,
  `updated_at` timestamp NULL DEFAULT NULL,
  PRIMARY KEY (`id`),
  UNIQUE KEY `roles_name_guard_name_unique` (`name`,`guard_name`)
) ENGINE=InnoDB AUTO_INCREMENT=8 DEFAULT CHARSET=utf8mb4 COLLATE=utf8mb4_unicode_ci;

INSERT INTO `roles` (`id`, `name`, `guard_name`, `created_at`, `updated_at`) VALUES ('1', 'developer', 'web', '2026-02-09 13:27:05', '2026-02-09 13:27:05');
INSERT INTO `roles` (`id`, `name`, `guard_name`, `created_at`, `updated_at`) VALUES ('2', 'owner', 'web', '2026-02-09 13:27:05', '2026-02-09 13:27:05');
INSERT INTO `roles` (`id`, `name`, `guard_name`, `created_at`, `updated_at`) VALUES ('3', 'designer', 'web', '2026-02-09 13:27:05', '2026-02-09 13:27:05');
INSERT INTO `roles` (`id`, `name`, `guard_name`, `created_at`, `updated_at`) VALUES ('4', 'kasir', 'web', '2026-02-09 13:27:05', '2026-02-09 13:27:05');
INSERT INTO `roles` (`id`, `name`, `guard_name`, `created_at`, `updated_at`) VALUES ('5', 'operator', 'web', '2026-02-09 13:27:05', '2026-02-09 13:27:05');
INSERT INTO `roles` (`id`, `name`, `guard_name`, `created_at`, `updated_at`) VALUES ('6', 'spv', 'web', '2026-02-10 01:47:14', '2026-02-10 01:47:14');
INSERT INTO `roles` (`id`, `name`, `guard_name`, `created_at`, `updated_at`) VALUES ('7', 'Administrasi', 'web', '2026-02-27 01:29:49', '2026-02-27 01:29:49');

-- Table: salaries
CREATE TABLE `salaries` (
  `id` bigint(20) unsigned NOT NULL AUTO_INCREMENT,
  `employee_id` bigint(20) unsigned NOT NULL,
  `period` varchar(255) NOT NULL,
  `base_salary` decimal(12,2) NOT NULL DEFAULT 0.00,
  `allowance` decimal(12,2) NOT NULL DEFAULT 0.00,
  `overtime` decimal(12,2) NOT NULL DEFAULT 0.00,
  `bonus` decimal(12,2) NOT NULL DEFAULT 0.00,
  `deduction` decimal(12,2) NOT NULL DEFAULT 0.00,
  `total` decimal(12,2) NOT NULL DEFAULT 0.00,
  `notes` text DEFAULT NULL,
  `status` enum('draft','paid') NOT NULL DEFAULT 'draft',
  `paid_at` date DEFAULT NULL,
  `created_at` timestamp NULL DEFAULT NULL,
  `updated_at` timestamp NULL DEFAULT NULL,
  PRIMARY KEY (`id`),
  UNIQUE KEY `salaries_employee_id_period_unique` (`employee_id`,`period`),
  CONSTRAINT `salaries_employee_id_foreign` FOREIGN KEY (`employee_id`) REFERENCES `employees` (`id`) ON DELETE CASCADE
) ENGINE=InnoDB DEFAULT CHARSET=utf8mb4 COLLATE=utf8mb4_unicode_ci;

-- Table: sessions
CREATE TABLE `sessions` (
  `id` varchar(255) NOT NULL,
  `user_id` bigint(20) unsigned DEFAULT NULL,
  `ip_address` varchar(45) DEFAULT NULL,
  `user_agent` text DEFAULT NULL,
  `payload` longtext NOT NULL,
  `last_activity` int(11) NOT NULL,
  PRIMARY KEY (`id`),
  KEY `sessions_user_id_index` (`user_id`),
  KEY `sessions_last_activity_index` (`last_activity`)
) ENGINE=InnoDB DEFAULT CHARSET=utf8mb4 COLLATE=utf8mb4_unicode_ci;

INSERT INTO `sessions` (`id`, `user_id`, `ip_address`, `user_agent`, `payload`, `last_activity`) VALUES ('2oDbtsXX7ZAVdDU7Rm2BOSxnNvMryrFgzhDcyzoM', '23', '103.169.238.104', 'Mozilla/5.0 (Windows NT 10.0; Win64; x64) AppleWebKit/537.36 (KHTML, like Gecko) Chrome/145.0.0.0 Safari/537.36', 'YTo1OntzOjY6Il90b2tlbiI7czo0MDoiWklkd1JRbHQ5dlh3OHAwdTJIckZvaGFEc1JsWDBJbFR1WnpGMTE0aiI7czozOiJ1cmwiO2E6MDp7fXM6OToiX3ByZXZpb3VzIjthOjE6e3M6MzoidXJsIjtzOjM3OiJodHRwczovL3Bvcy5lcmthZ3JhcGhpYS5jb20vb3JkZXJzLzc4Ijt9czo2OiJfZmxhc2giO2E6Mjp7czozOiJvbGQiO2E6MDp7fXM6MzoibmV3IjthOjA6e319czo1MDoibG9naW5fd2ViXzU5YmEzNmFkZGMyYjJmOTQwMTU4MGYwMTRjN2Y1OGVhNGUzMDk4OWQiO2k6MjM7fQ==', '1772530211');
INSERT INTO `sessions` (`id`, `user_id`, `ip_address`, `user_agent`, `payload`, `last_activity`) VALUES ('4ruInSSWP8AJB7kIlzccfpTQAQsESgYkB7wWaKSk', '3', '182.253.63.6', 'Mozilla/5.0 (Windows NT 10.0; Win64; x64) AppleWebKit/537.36 (KHTML, like Gecko) Chrome/145.0.0.0 Safari/537.36', 'YTo1OntzOjY6Il90b2tlbiI7czo0MDoicTBJbTVHbmVwU2FnUUMyVUwwQ0hEVkdkY2RiRWRRUlpMTkVvSFE3TCI7czozOiJ1cmwiO2E6MDp7fXM6OToiX3ByZXZpb3VzIjthOjE6e3M6MzoidXJsIjtzOjQxOiJodHRwczovL3Bvcy5lcmthZ3JhcGhpYS5jb20vcHJpbnQvc3BrLzI0NiI7fXM6NjoiX2ZsYXNoIjthOjI6e3M6Mzoib2xkIjthOjA6e31zOjM6Im5ldyI7YTowOnt9fXM6NTA6ImxvZ2luX3dlYl81OWJhMzZhZGRjMmIyZjk0MDE1ODBmMDE0YzdmNThlYTRlMzA5ODlkIjtpOjM7fQ==', '1772531710');
INSERT INTO `sessions` (`id`, `user_id`, `ip_address`, `user_agent`, `payload`, `last_activity`) VALUES ('5JxUCOtDx2bYTeNv6fl7xSxg9OSnYuku1JMnlACH', '17', '182.253.63.6', 'Mozilla/5.0 (Windows NT 10.0; Win64; x64) AppleWebKit/537.36 (KHTML, like Gecko) Chrome/109.0.0.0 Safari/537.36', 'YTo1OntzOjY6Il90b2tlbiI7czo0MDoid0pDUEZyWDFyenNRMmtQaktXSDVEWFoxcjBZdVE0bjdCM2ZPaWRTSiI7czozOiJ1cmwiO2E6MDp7fXM6OToiX3ByZXZpb3VzIjthOjE6e3M6MzoidXJsIjtzOjQ4OiJodHRwczovL3Bvcy5lcmthZ3JhcGhpYS5jb20vc3RvY2svZGFtYWdlZC9jcmVhdGUiO31zOjY6Il9mbGFzaCI7YToyOntzOjM6Im9sZCI7YTowOnt9czozOiJuZXciO2E6MDp7fX1zOjUwOiJsb2dpbl93ZWJfNTliYTM2YWRkYzJiMmY5NDAxNTgwZjAxNGM3ZjU4ZWE0ZTMwOTg5ZCI7aToxNzt9', '1772532140');
INSERT INTO `sessions` (`id`, `user_id`, `ip_address`, `user_agent`, `payload`, `last_activity`) VALUES ('6hIXYk4KHcE22KFwIj9K0U3guiBdFXh5x3q1InvJ', '18', '182.253.63.6', 'Mozilla/5.0 (Linux; Android 10; K) AppleWebKit/537.36 (KHTML, like Gecko) Chrome/145.0.0.0 Mobile Safari/537.36', 'YTo1OntzOjY6Il90b2tlbiI7czo0MDoibWxmRnZVZnJxeWF6c2Z1ajU4dnNMSXRhQmFTVjNrZG9pWE5zT0s3eCI7czozOiJ1cmwiO2E6MDp7fXM6OToiX3ByZXZpb3VzIjthOjE6e3M6MzoidXJsIjtzOjcwOiJodHRwczovL3Bvcy5lcmthZ3JhcGhpYS5jb20vcHJvZHVrc2k/bW9kZT1wZXJfaXRlbSZzZWFyY2g9RmFqYXIlMjBlcmthIjt9czo2OiJfZmxhc2giO2E6Mjp7czozOiJvbGQiO2E6MDp7fXM6MzoibmV3IjthOjA6e319czo1MDoibG9naW5fd2ViXzU5YmEzNmFkZGMyYjJmOTQwMTU4MGYwMTRjN2Y1OGVhNGUzMDk4OWQiO2k6MTg7fQ==', '1772532221');
INSERT INTO `sessions` (`id`, `user_id`, `ip_address`, `user_agent`, `payload`, `last_activity`) VALUES ('7M884VHXXpiDHX4FdurlZV4rDh0EfhpdZjkwdKSO', '1', '114.10.101.74', 'Mozilla/5.0 (Linux; Android 10; K) AppleWebKit/537.36 (KHTML, like Gecko) Chrome/145.0.0.0 Mobile Safari/537.36', 'YTo0OntzOjY6Il90b2tlbiI7czo0MDoiTjZ4R0poVkxpNFY3d0E4NTVtcmt6NWV2a0NING9XNDh0TGFEdVFOTiI7czo2OiJfZmxhc2giO2E6Mjp7czozOiJvbGQiO2E6MDp7fXM6MzoibmV3IjthOjA6e319czo5OiJfcHJldmlvdXMiO2E6MTp7czozOiJ1cmwiO3M6MzU6Imh0dHBzOi8vcG9zLmVya2FncmFwaGlhLmNvbS9iYWNrdXBzIjt9czo1MDoibG9naW5fd2ViXzU5YmEzNmFkZGMyYjJmOTQwMTU4MGYwMTRjN2Y1OGVhNGUzMDk4OWQiO2k6MTt9', '1772534446');
INSERT INTO `sessions` (`id`, `user_id`, `ip_address`, `user_agent`, `payload`, `last_activity`) VALUES ('9PjOdiJG0YEeL3EZykai5I70Tbt8VhqFWYtlfvGQ', '22', '182.253.63.6', 'Mozilla/5.0 (Linux; Android 10; K) AppleWebKit/537.36 (KHTML, like Gecko) Chrome/145.0.0.0 Mobile Safari/537.36', 'YTo1OntzOjY6Il90b2tlbiI7czo0MDoiNk0yYzZjNWE1UFh1OE9lU0dGSktNRTZTMG5YQWpmV0ROVDhROGd5ZSI7czozOiJ1cmwiO2E6MDp7fXM6OToiX3ByZXZpb3VzIjthOjE6e3M6MzoidXJsIjtzOjQ2OiJodHRwczovL3Bvcy5lcmthZ3JhcGhpYS5jb20vcHJvZHVrc2kvb3JkZXIvMjE0Ijt9czo2OiJfZmxhc2giO2E6Mjp7czozOiJvbGQiO2E6MDp7fXM6MzoibmV3IjthOjA6e319czo1MDoibG9naW5fd2ViXzU5YmEzNmFkZGMyYjJmOTQwMTU4MGYwMTRjN2Y1OGVhNGUzMDk4OWQiO2k6MjI7fQ==', '1772529320');
INSERT INTO `sessions` (`id`, `user_id`, `ip_address`, `user_agent`, `payload`, `last_activity`) VALUES ('Afz4eXRszUceIti6CmW2M2V6akVXQhy9bplIrCo5', '24', '182.253.63.6', 'Mozilla/5.0 (Linux; Android 10; K) AppleWebKit/537.36 (KHTML, like Gecko) Chrome/145.0.0.0 Mobile Safari/537.36', 'YTo1OntzOjY6Il90b2tlbiI7czo0MDoiZmFDbEk3dktrUjNlNzlpT3VJN1JuaFlMb0pUc1V2M3NwMzF6WHpkOSI7czozOiJ1cmwiO2E6MDp7fXM6OToiX3ByZXZpb3VzIjthOjE6e3M6MzoidXJsIjtzOjM1OiJodHRwOi8vcG9zLmVya2FncmFwaGlhLmNvbS9wcm9kdWtzaSI7fXM6NjoiX2ZsYXNoIjthOjI6e3M6Mzoib2xkIjthOjA6e31zOjM6Im5ldyI7YTowOnt9fXM6NTA6ImxvZ2luX3dlYl81OWJhMzZhZGRjMmIyZjk0MDE1ODBmMDE0YzdmNThlYTRlMzA5ODlkIjtpOjI0O30=', '1772531347');
INSERT INTO `sessions` (`id`, `user_id`, `ip_address`, `user_agent`, `payload`, `last_activity`) VALUES ('ci30IN4iBidGEgVo6Llp64enVxMP5mioE2rUBLcL', '16', '182.253.63.6', 'Mozilla/5.0 (Windows NT 10.0; Win64; x64) AppleWebKit/537.36 (KHTML, like Gecko) Chrome/145.0.0.0 Safari/537.36', 'YTo0OntzOjY6Il90b2tlbiI7czo0MDoicndJeXIxQnVKWGwyRXlRTkJyMTA5UTN3Rk1WOHRoTXpFblc5TDIzaSI7czo2OiJfZmxhc2giO2E6Mjp7czozOiJvbGQiO2E6MDp7fXM6MzoibmV3IjthOjA6e319czo5OiJfcHJldmlvdXMiO2E6MTp7czozOiJ1cmwiO3M6Mzg6Imh0dHBzOi8vcG9zLmVya2FncmFwaGlhLmNvbS9vcmRlcnMvMTg2Ijt9czo1MDoibG9naW5fd2ViXzU5YmEzNmFkZGMyYjJmOTQwMTU4MGYwMTRjN2Y1OGVhNGUzMDk4OWQiO2k6MTY7fQ==', '1772531855');
INSERT INTO `sessions` (`id`, `user_id`, `ip_address`, `user_agent`, `payload`, `last_activity`) VALUES ('HuqsNLqwE2uXzXXvqUwQWKhZMrvphmLDICjsDo8r', '8', '114.10.103.135', 'Mozilla/5.0 (Linux; Android 10; K) AppleWebKit/537.36 (KHTML, like Gecko) Chrome/138.0.0.0 Mobile Safari/537.36', 'YTo0OntzOjY6Il90b2tlbiI7czo0MDoid1lrWmZ2TjMxc2ZxRXNwS2JXWmdwUE5uenpLekxUSUhEYk5XZm5UZyI7czo1MDoibG9naW5fd2ViXzU5YmEzNmFkZGMyYjJmOTQwMTU4MGYwMTRjN2Y1OGVhNGUzMDk4OWQiO2k6ODtzOjY6Il9mbGFzaCI7YToyOntzOjM6Im9sZCI7YTowOnt9czozOiJuZXciO2E6MDp7fX1zOjk6Il9wcmV2aW91cyI7YToxOntzOjM6InVybCI7czo0NzoiaHR0cHM6Ly9wb3MuZXJrYWdyYXBoaWEuY29tL3JlcG9ydHMvY2FzaC1sZWRnZXIiO319', '1772533825');
INSERT INTO `sessions` (`id`, `user_id`, `ip_address`, `user_agent`, `payload`, `last_activity`) VALUES ('IF2SSr1L8S0Caje6mIh57gWCiyIpfMAMRBQLgLp9', NULL, '182.253.63.6', 'Mozilla/5.0 (Windows NT 10.0; Win64; x64) AppleWebKit/537.36 (KHTML, like Gecko) Chrome/145.0.0.0 Safari/537.36', 'YTozOntzOjY6Il90b2tlbiI7czo0MDoiTDN2dUdXNFBENjViWmZraDRmejNYSEx4eXh0aTFLdUlTVkRrS2VHMyI7czo2OiJfZmxhc2giO2E6Mjp7czozOiJvbGQiO2E6MDp7fXM6MzoibmV3IjthOjA6e319czo5OiJfcHJldmlvdXMiO2E6MTp7czozOiJ1cmwiO3M6MzM6Imh0dHBzOi8vcG9zLmVya2FncmFwaGlhLmNvbS9sb2dpbiI7fX0=', '1772532125');
INSERT INTO `sessions` (`id`, `user_id`, `ip_address`, `user_agent`, `payload`, `last_activity`) VALUES ('Iw7HtFCSor54vKtvUNYUdnh6WQdQU1kdsCtWFmcM', '20', '182.253.63.6', 'Mozilla/5.0 (Windows NT 10.0; Win64; x64) AppleWebKit/537.36 (KHTML, like Gecko) Chrome/145.0.0.0 Safari/537.36', 'YTo1OntzOjY6Il90b2tlbiI7czo0MDoiSHJxekJRdGh4MW9hRmRvejVXaXhRbFRrNmhVSmVTdkF0RXB6SFhGcSI7czozOiJ1cmwiO2E6MDp7fXM6OToiX3ByZXZpb3VzIjthOjE6e3M6MzoidXJsIjtzOjI3OiJodHRwczovL3Bvcy5lcmthZ3JhcGhpYS5jb20iO31zOjY6Il9mbGFzaCI7YToyOntzOjM6Im9sZCI7YTowOnt9czozOiJuZXciO2E6MDp7fX1zOjUwOiJsb2dpbl93ZWJfNTliYTM2YWRkYzJiMmY5NDAxNTgwZjAxNGM3ZjU4ZWE0ZTMwOTg5ZCI7aToyMDt9', '1772530411');
INSERT INTO `sessions` (`id`, `user_id`, `ip_address`, `user_agent`, `payload`, `last_activity`) VALUES ('MA8kZKqenx8smfYPWoJsz6BMe7J5g78VCKOxqImN', NULL, '182.253.63.6', 'Mozilla/5.0 (Windows NT 6.1; Win64; x64; rv:109.0) Gecko/20100101 Firefox/115.0', 'YTozOntzOjY6Il90b2tlbiI7czo0MDoiUXdmNklVQVJlY1dmSHVmamJzVUFDc0xKUnFXVjZPWWVJM3dpRm1rZSI7czo5OiJfcHJldmlvdXMiO2E6MTp7czozOiJ1cmwiO3M6MzM6Imh0dHBzOi8vcG9zLmVya2FncmFwaGlhLmNvbS9sb2dpbiI7fXM6NjoiX2ZsYXNoIjthOjI6e3M6Mzoib2xkIjthOjA6e31zOjM6Im5ldyI7YTowOnt9fX0=', '1772529612');
INSERT INTO `sessions` (`id`, `user_id`, `ip_address`, `user_agent`, `payload`, `last_activity`) VALUES ('mclDT6EXYNvCiyMq2yqYUuBk8h5SAxoAIEhvh88P', '6', '182.253.63.6', 'Mozilla/5.0 (Windows NT 6.1; Win64; x64; rv:109.0) Gecko/20100101 Firefox/115.0', 'YTo1OntzOjY6Il90b2tlbiI7czo0MDoiWXFldTNXeTF4MTQybkZYVXppSEdVckVLYWhlWTFoRGR4dXdFY3hzMCI7czozOiJ1cmwiO2E6MDp7fXM6OToiX3ByZXZpb3VzIjthOjE6e3M6MzoidXJsIjtzOjYzOiJodHRwOi8vcG9zLmVya2FncmFwaGlhLmNvbS9wcm9kdWtzaT9tb2RlPXBlcl9pdGVtJnNlYXJjaD1pbmRvb3IiO31zOjY6Il9mbGFzaCI7YToyOntzOjM6Im9sZCI7YTowOnt9czozOiJuZXciO2E6MDp7fX1zOjUwOiJsb2dpbl93ZWJfNTliYTM2YWRkYzJiMmY5NDAxNTgwZjAxNGM3ZjU4ZWE0ZTMwOTg5ZCI7aTo2O30=', '1772531410');
INSERT INTO `sessions` (`id`, `user_id`, `ip_address`, `user_agent`, `payload`, `last_activity`) VALUES ('OXqET9BiKOolnCaXoVoPr48pcFi7fC6vOJ2NRyfi', '16', '103.87.228.98', 'Mozilla/5.0 (Windows NT 10.0; Win64; x64) AppleWebKit/537.36 (KHTML, like Gecko) Chrome/145.0.0.0 Safari/537.36', 'YTo0OntzOjY6Il90b2tlbiI7czo0MDoiUWo2OGV4R0RxVURRdHdZcTZiMUNjY1owMGlNQmJjanBUVDZQWXRJRSI7czo2OiJfZmxhc2giO2E6Mjp7czozOiJvbGQiO2E6MDp7fXM6MzoibmV3IjthOjA6e319czo5OiJfcHJldmlvdXMiO2E6MTp7czozOiJ1cmwiO3M6NDE6Imh0dHBzOi8vcG9zLmVya2FncmFwaGlhLmNvbS9rYXNpci9oaXN0b3J5Ijt9czo1MDoibG9naW5fd2ViXzU5YmEzNmFkZGMyYjJmOTQwMTU4MGYwMTRjN2Y1OGVhNGUzMDk4OWQiO2k6MTY7fQ==', '1772531632');
INSERT INTO `sessions` (`id`, `user_id`, `ip_address`, `user_agent`, `payload`, `last_activity`) VALUES ('Qwl004HTM1lfu6CcOboOhtnzpTD4WxQ6JNZxdqsY', '16', '182.253.63.6', 'Mozilla/5.0 (Windows NT 6.1; Win64; x64; rv:109.0) Gecko/20100101 Firefox/115.0', 'YTo0OntzOjY6Il90b2tlbiI7czo0MDoieDdMUktRSFB0VHFzUElnOWcyaU5saVJFR2hZc3NsQTdQOUdWa2tmOSI7czo1MDoibG9naW5fd2ViXzU5YmEzNmFkZGMyYjJmOTQwMTU4MGYwMTRjN2Y1OGVhNGUzMDk4OWQiO2k6MTY7czo5OiJfcHJldmlvdXMiO2E6MTp7czozOiJ1cmwiO3M6NDI6Imh0dHBzOi8vcG9zLmVya2FncmFwaGlhLmNvbS9wcmludC9ub3RhLzEzNCI7fXM6NjoiX2ZsYXNoIjthOjI6e3M6Mzoib2xkIjthOjA6e31zOjM6Im5ldyI7YTowOnt9fX0=', '1772531921');
INSERT INTO `sessions` (`id`, `user_id`, `ip_address`, `user_agent`, `payload`, `last_activity`) VALUES ('ryLsuvyVWP0lbZ8rKu2aYjGj8OBtVGFm4CAzT4JD', '2', '110.137.38.79', 'Mozilla/5.0 (Linux; Android 10; K) AppleWebKit/537.36 (KHTML, like Gecko) SamsungBrowser/29.0 Chrome/136.0.0.0 Mobile Safari/537.36', 'YTo1OntzOjY6Il90b2tlbiI7czo0MDoiODB6ZnIzRDdTbWg3dzRMY1l6bXA0VjFkakFxSjgwekpQcnp4dG9oZyI7czozOiJ1cmwiO2E6MDp7fXM6OToiX3ByZXZpb3VzIjthOjE6e3M6MzoidXJsIjtzOjU1OiJodHRwczovL3Bvcy5lcmthZ3JhcGhpYS5jb20vcmVwb3J0cy90cmFuc2FjdGlvbnM/cGFnZT0yIjt9czo2OiJfZmxhc2giO2E6Mjp7czozOiJvbGQiO2E6MDp7fXM6MzoibmV3IjthOjA6e319czo1MDoibG9naW5fd2ViXzU5YmEzNmFkZGMyYjJmOTQwMTU4MGYwMTRjN2Y1OGVhNGUzMDk4OWQiO2k6Mjt9', '1772529816');
INSERT INTO `sessions` (`id`, `user_id`, `ip_address`, `user_agent`, `payload`, `last_activity`) VALUES ('U3ZmJd80BhUKKpfkHjzCd8D8s2P3QBV8EIL53cUb', '1', '103.169.238.104', 'Mozilla/5.0 (X11; Linux x86_64) AppleWebKit/537.36 (KHTML, like Gecko) Chrome/145.0.0.0 Safari/537.36', 'YTo1OntzOjY6Il90b2tlbiI7czo0MDoiOWN2M3RCSzJnUzNwMzBNUklaRFJ1WTl4MWVINjBKN2ZYTWRzUzk2YiI7czozOiJ1cmwiO2E6MDp7fXM6OToiX3ByZXZpb3VzIjthOjE6e3M6MzoidXJsIjtzOjQ3OiJodHRwczovL3Bvcy5lcmthZ3JhcGhpYS5jb20vcmVwb3J0cy9jYXNoLWxlZGdlciI7fXM6NjoiX2ZsYXNoIjthOjI6e3M6Mzoib2xkIjthOjA6e31zOjM6Im5ldyI7YTowOnt9fXM6NTA6ImxvZ2luX3dlYl81OWJhMzZhZGRjMmIyZjk0MDE1ODBmMDE0YzdmNThlYTRlMzA5ODlkIjtpOjE7fQ==', '1772533819');
INSERT INTO `sessions` (`id`, `user_id`, `ip_address`, `user_agent`, `payload`, `last_activity`) VALUES ('vb3qNeT5QtK2NquoNTbQ9SE2zXFsvFZyUOCyJvMS', NULL, '114.10.103.223', 'Mozilla/5.0 (Linux; Android 15; CPH2481 Build/AP3A.240617.008; wv) AppleWebKit/537.36 (KHTML, like Gecko) Version/4.0 Chrome/145.0.7632.79 Mobile Safari/537.36', 'YTozOntzOjY6Il90b2tlbiI7czo0MDoiOER0VmVOWmdES2hsdEVKNFpTOGFhaFVkZjlNS1dlT05VVklEOGNuUiI7czo5OiJfcHJldmlvdXMiO2E6MTp7czozOiJ1cmwiO3M6NjQ6Imh0dHBzOi8vcG9zLmVya2FncmFwaGlhLmNvbS90cmFjZS1vcmRlcj9zZWFyY2g9SU5WLTIwMjYwMzAyLTAwNDkiO31zOjY6Il9mbGFzaCI7YToyOntzOjM6Im9sZCI7YTowOnt9czozOiJuZXciO2E6MDp7fX19', '1772532497');
INSERT INTO `sessions` (`id`, `user_id`, `ip_address`, `user_agent`, `payload`, `last_activity`) VALUES ('xDSNuO8t5cxMoGrb4TVEJpmaOxnVOQBAESyAizvr', '5', '182.253.63.6', 'Mozilla/5.0 (Windows NT 10.0; Win64; x64) AppleWebKit/537.36 (KHTML, like Gecko) Chrome/145.0.0.0 Safari/537.36', 'YTo0OntzOjY6Il90b2tlbiI7czo0MDoidDhaTWtZeFJ3RE9COTZkNVh3NDVJQXdSeEY0bFFzUU4xUzZUZkdKUiI7czo5OiJfcHJldmlvdXMiO2E6MTp7czozOiJ1cmwiO3M6NTg6Imh0dHBzOi8vcG9zLmVya2FncmFwaGlhLmNvbS9rYXNpci9wZWx1bmFzYW4/Y3VzdG9tZXI9Qk9DVVAiO31zOjY6Il9mbGFzaCI7YToyOntzOjM6Im9sZCI7YTowOnt9czozOiJuZXciO2E6MDp7fX1zOjUwOiJsb2dpbl93ZWJfNTliYTM2YWRkYzJiMmY5NDAxNTgwZjAxNGM3ZjU4ZWE0ZTMwOTg5ZCI7aTo1O30=', '1772531712');
INSERT INTO `sessions` (`id`, `user_id`, `ip_address`, `user_agent`, `payload`, `last_activity`) VALUES ('z4gyyMf8LebkYPGQKtsN839k4lEfNF3G5HVTh2ZH', NULL, '182.253.63.6', 'Mozilla/5.0 (Windows NT 6.1; Win64; x64; rv:109.0) Gecko/20100101 Firefox/115.0', 'YTo0OntzOjY6Il90b2tlbiI7czo0MDoibGk1eld6QW5XQnRYZ3FRMWV1SnVQVTUycFRQMDhYcGcxSHgxSmhHYiI7czozOiJ1cmwiO2E6MTp7czo4OiJpbnRlbmRlZCI7czozMzoiaHR0cHM6Ly9wb3MuZXJrYWdyYXBoaWEuY29tL2thc2lyIjt9czo5OiJfcHJldmlvdXMiO2E6MTp7czozOiJ1cmwiO3M6MzM6Imh0dHBzOi8vcG9zLmVya2FncmFwaGlhLmNvbS9rYXNpciI7fXM6NjoiX2ZsYXNoIjthOjI6e3M6Mzoib2xkIjthOjA6e31zOjM6Im5ldyI7YTowOnt9fX0=', '1772529612');

-- Table: stock_movements
CREATE TABLE `stock_movements` (
  `id` bigint(20) unsigned NOT NULL AUTO_INCREMENT,
  `material_id` bigint(20) unsigned NOT NULL,
  `type` enum('in','out','damaged','adjustment') NOT NULL,
  `quantity` decimal(15,2) NOT NULL,
  `unit_price` decimal(15,2) NOT NULL DEFAULT 0.00,
  `total_price` decimal(15,2) NOT NULL DEFAULT 0.00,
  `reference_type` varchar(255) DEFAULT NULL,
  `reference_id` bigint(20) unsigned DEFAULT NULL,
  `notes` text DEFAULT NULL,
  `user_id` bigint(20) unsigned DEFAULT NULL,
  `created_at` timestamp NULL DEFAULT NULL,
  `updated_at` timestamp NULL DEFAULT NULL,
  PRIMARY KEY (`id`),
  KEY `stock_movements_user_id_foreign` (`user_id`),
  KEY `stock_movements_material_id_type_index` (`material_id`,`type`),
  KEY `stock_movements_reference_type_reference_id_index` (`reference_type`,`reference_id`),
  CONSTRAINT `stock_movements_material_id_foreign` FOREIGN KEY (`material_id`) REFERENCES `materials` (`id`) ON DELETE CASCADE,
  CONSTRAINT `stock_movements_user_id_foreign` FOREIGN KEY (`user_id`) REFERENCES `users` (`id`) ON DELETE SET NULL
) ENGINE=InnoDB AUTO_INCREMENT=515 DEFAULT CHARSET=utf8mb4 COLLATE=utf8mb4_unicode_ci;

INSERT INTO `stock_movements` (`id`, `material_id`, `type`, `quantity`, `unit_price`, `total_price`, `reference_type`, `reference_id`, `notes`, `user_id`, `created_at`, `updated_at`) VALUES ('14', '62', 'out', '6.00', '0.00', '0.00', 'App\\Models\\Order', '9', 'Order #INV-20260227-0001 - kunyuk', '1', '2026-02-27 13:56:04', '2026-02-27 13:56:04');
INSERT INTO `stock_movements` (`id`, `material_id`, `type`, `quantity`, `unit_price`, `total_price`, `reference_type`, `reference_id`, `notes`, `user_id`, `created_at`, `updated_at`) VALUES ('15', '62', 'out', '8.00', '0.00', '0.00', 'App\\Models\\Order', '10', 'Order #INV-20260227-0002 - Fajar rk', '1', '2026-02-27 14:17:50', '2026-02-27 14:17:50');
INSERT INTO `stock_movements` (`id`, `material_id`, `type`, `quantity`, `unit_price`, `total_price`, `reference_type`, `reference_id`, `notes`, `user_id`, `created_at`, `updated_at`) VALUES ('16', '47', 'out', '1.00', '0.00', '0.00', 'App\\Models\\Order', '11', 'Order #INV-20260228-0001 - xxx', '3', '2026-02-28 08:22:00', '2026-02-28 08:22:00');
INSERT INTO `stock_movements` (`id`, `material_id`, `type`, `quantity`, `unit_price`, `total_price`, `reference_type`, `reference_id`, `notes`, `user_id`, `created_at`, `updated_at`) VALUES ('17', '47', 'out', '9.00', '0.00', '0.00', 'App\\Models\\Order', '12', 'Order #INV-20260228-0002 - aaa', '3', '2026-02-28 08:24:00', '2026-02-28 08:24:00');
INSERT INTO `stock_movements` (`id`, `material_id`, `type`, `quantity`, `unit_price`, `total_price`, `reference_type`, `reference_id`, `notes`, `user_id`, `created_at`, `updated_at`) VALUES ('18', '62', 'out', '1.00', '0.00', '0.00', 'App\\Models\\Order', '13', 'Order #INV-20260228-0003 - asda', '3', '2026-02-28 08:28:34', '2026-02-28 08:28:34');
INSERT INTO `stock_movements` (`id`, `material_id`, `type`, `quantity`, `unit_price`, `total_price`, `reference_type`, `reference_id`, `notes`, `user_id`, `created_at`, `updated_at`) VALUES ('19', '47', 'out', '111.00', '0.00', '0.00', 'App\\Models\\Order', '14', 'Order #INV-20260228-0004 - xx', '1', '2026-02-28 08:30:48', '2026-02-28 08:30:48');
INSERT INTO `stock_movements` (`id`, `material_id`, `type`, `quantity`, `unit_price`, `total_price`, `reference_type`, `reference_id`, `notes`, `user_id`, `created_at`, `updated_at`) VALUES ('20', '47', 'out', '1.00', '0.00', '0.00', 'App\\Models\\Order', '15', 'Order #INV-20260228-0005 - aaaa', '1', '2026-02-28 09:19:32', '2026-02-28 09:19:32');
INSERT INTO `stock_movements` (`id`, `material_id`, `type`, `quantity`, `unit_price`, `total_price`, `reference_type`, `reference_id`, `notes`, `user_id`, `created_at`, `updated_at`) VALUES ('21', '47', 'out', '1.00', '0.00', '0.00', 'App\\Models\\Order', '16', 'Order #INV-20260228-0006 - jhjh', '1', '2026-02-28 09:21:13', '2026-02-28 09:21:13');
INSERT INTO `stock_movements` (`id`, `material_id`, `type`, `quantity`, `unit_price`, `total_price`, `reference_type`, `reference_id`, `notes`, `user_id`, `created_at`, `updated_at`) VALUES ('22', '61', 'in', '680.00', '18000.00', '12240000.00', NULL, NULL, 'prinmate', '8', '2026-02-28 16:36:25', '2026-02-28 16:36:25');
INSERT INTO `stock_movements` (`id`, `material_id`, `type`, `quantity`, `unit_price`, `total_price`, `reference_type`, `reference_id`, `notes`, `user_id`, `created_at`, `updated_at`) VALUES ('23', '101', 'in', '60.00', '20000.00', '1200000.00', NULL, NULL, 'prinmate', '8', '2026-02-28 16:43:07', '2026-02-28 16:43:07');
INSERT INTO `stock_movements` (`id`, `material_id`, `type`, `quantity`, `unit_price`, `total_price`, `reference_type`, `reference_id`, `notes`, `user_id`, `created_at`, `updated_at`) VALUES ('24', '64', 'in', '55.00', '45000.00', '2475000.00', NULL, NULL, 'prinmate', '8', '2026-02-28 16:43:37', '2026-02-28 16:43:37');
INSERT INTO `stock_movements` (`id`, `material_id`, `type`, `quantity`, `unit_price`, `total_price`, `reference_type`, `reference_id`, `notes`, `user_id`, `created_at`, `updated_at`) VALUES ('25', '62', 'in', '150.00', '15000.00', '2250000.00', NULL, NULL, 'visi media', '8', '2026-02-28 16:44:25', '2026-02-28 16:44:25');
INSERT INTO `stock_movements` (`id`, `material_id`, `type`, `quantity`, `unit_price`, `total_price`, `reference_type`, `reference_id`, `notes`, `user_id`, `created_at`, `updated_at`) VALUES ('26', '63', 'in', '180.00', '18000.00', '3240000.00', NULL, NULL, NULL, '8', '2026-02-28 16:45:11', '2026-02-28 16:45:11');
INSERT INTO `stock_movements` (`id`, `material_id`, `type`, `quantity`, `unit_price`, `total_price`, `reference_type`, `reference_id`, `notes`, `user_id`, `created_at`, `updated_at`) VALUES ('27', '66', 'in', '40.00', '2600.00', '104000.00', NULL, NULL, 'visi media', '8', '2026-02-28 16:45:57', '2026-02-28 16:45:57');
INSERT INTO `stock_movements` (`id`, `material_id`, `type`, `quantity`, `unit_price`, `total_price`, `reference_type`, `reference_id`, `notes`, `user_id`, `created_at`, `updated_at`) VALUES ('28', '82', 'in', '820.00', '8500.00', '6970000.00', NULL, NULL, 'prinmate', '8', '2026-02-28 16:47:11', '2026-02-28 16:47:11');
INSERT INTO `stock_movements` (`id`, `material_id`, `type`, `quantity`, `unit_price`, `total_price`, `reference_type`, `reference_id`, `notes`, `user_id`, `created_at`, `updated_at`) VALUES ('29', '81', 'in', '490.00', '8500.00', '4165000.00', NULL, NULL, 'prinmate', '8', '2026-02-28 16:52:41', '2026-02-28 16:52:41');
INSERT INTO `stock_movements` (`id`, `material_id`, `type`, `quantity`, `unit_price`, `total_price`, `reference_type`, `reference_id`, `notes`, `user_id`, `created_at`, `updated_at`) VALUES ('31', '65', 'in', '35.00', '45000.00', '1575000.00', NULL, NULL, 'visi media', '8', '2026-03-01 07:05:22', '2026-03-01 07:05:22');
INSERT INTO `stock_movements` (`id`, `material_id`, `type`, `quantity`, `unit_price`, `total_price`, `reference_type`, `reference_id`, `notes`, `user_id`, `created_at`, `updated_at`) VALUES ('32', '70', 'in', '27.00', '21000.00', '567000.00', NULL, NULL, 'VISI MEDIA', '8', '2026-03-01 07:10:32', '2026-03-01 07:10:32');
INSERT INTO `stock_movements` (`id`, `material_id`, `type`, `quantity`, `unit_price`, `total_price`, `reference_type`, `reference_id`, `notes`, `user_id`, `created_at`, `updated_at`) VALUES ('33', '71', 'in', '21.00', '35000.00', '735000.00', NULL, NULL, 'VISI MEDIA', '8', '2026-03-01 07:11:11', '2026-03-01 07:11:11');
INSERT INTO `stock_movements` (`id`, `material_id`, `type`, `quantity`, `unit_price`, `total_price`, `reference_type`, `reference_id`, `notes`, `user_id`, `created_at`, `updated_at`) VALUES ('34', '74', 'in', '3.00', '75000.00', '225000.00', NULL, NULL, 'ONLINE', '8', '2026-03-01 07:11:52', '2026-03-01 07:11:52');
INSERT INTO `stock_movements` (`id`, `material_id`, `type`, `quantity`, `unit_price`, `total_price`, `reference_type`, `reference_id`, `notes`, `user_id`, `created_at`, `updated_at`) VALUES ('35', '76', 'in', '95.00', '12000.00', '1140000.00', NULL, NULL, 'VISI MEDIA', '8', '2026-03-01 07:14:24', '2026-03-01 07:14:24');
INSERT INTO `stock_movements` (`id`, `material_id`, `type`, `quantity`, `unit_price`, `total_price`, `reference_type`, `reference_id`, `notes`, `user_id`, `created_at`, `updated_at`) VALUES ('36', '77', 'in', '50.00', '35000.00', '1750000.00', NULL, NULL, 'VISI MEDIA', '8', '2026-03-01 07:15:21', '2026-03-01 07:15:21');
INSERT INTO `stock_movements` (`id`, `material_id`, `type`, `quantity`, `unit_price`, `total_price`, `reference_type`, `reference_id`, `notes`, `user_id`, `created_at`, `updated_at`) VALUES ('37', '79', 'in', '1.00', '130000.00', '130000.00', NULL, NULL, 'VISI MEDIA', '8', '2026-03-01 07:16:12', '2026-03-01 07:16:12');
INSERT INTO `stock_movements` (`id`, `material_id`, `type`, `quantity`, `unit_price`, `total_price`, `reference_type`, `reference_id`, `notes`, `user_id`, `created_at`, `updated_at`) VALUES ('38', '80', 'in', '120.00', '11000.00', '1320000.00', NULL, NULL, 'VISI MEDIA', '8', '2026-03-01 07:27:57', '2026-03-01 07:27:57');
INSERT INTO `stock_movements` (`id`, `material_id`, `type`, `quantity`, `unit_price`, `total_price`, `reference_type`, `reference_id`, `notes`, `user_id`, `created_at`, `updated_at`) VALUES ('39', '85', 'in', '722.00', '5700.00', '4115400.00', NULL, NULL, 'VISI MEDIA', '8', '2026-03-01 07:28:59', '2026-03-01 07:28:59');
INSERT INTO `stock_movements` (`id`, `material_id`, `type`, `quantity`, `unit_price`, `total_price`, `reference_type`, `reference_id`, `notes`, `user_id`, `created_at`, `updated_at`) VALUES ('40', '86', 'in', '120.00', '7700.00', '924000.00', NULL, NULL, 'VISI MEDIA', '8', '2026-03-01 07:29:33', '2026-03-01 07:29:33');
INSERT INTO `stock_movements` (`id`, `material_id`, `type`, `quantity`, `unit_price`, `total_price`, `reference_type`, `reference_id`, `notes`, `user_id`, `created_at`, `updated_at`) VALUES ('41', '87', 'in', '265.00', '19000.00', '5035000.00', NULL, NULL, 'VISI MEDIA', '8', '2026-03-01 07:30:51', '2026-03-01 07:30:51');
INSERT INTO `stock_movements` (`id`, `material_id`, `type`, `quantity`, `unit_price`, `total_price`, `reference_type`, `reference_id`, `notes`, `user_id`, `created_at`, `updated_at`) VALUES ('42', '88', 'in', '95.00', '18000.00', '1710000.00', NULL, NULL, NULL, '8', '2026-03-01 07:31:35', '2026-03-01 07:31:35');
INSERT INTO `stock_movements` (`id`, `material_id`, `type`, `quantity`, `unit_price`, `total_price`, `reference_type`, `reference_id`, `notes`, `user_id`, `created_at`, `updated_at`) VALUES ('43', '89', 'in', '160.00', '21500.00', '3440000.00', NULL, NULL, NULL, '8', '2026-03-01 07:32:15', '2026-03-01 07:32:15');
INSERT INTO `stock_movements` (`id`, `material_id`, `type`, `quantity`, `unit_price`, `total_price`, `reference_type`, `reference_id`, `notes`, `user_id`, `created_at`, `updated_at`) VALUES ('44', '44', 'in', '700.00', '365.00', '255500.00', NULL, NULL, 'INDAH SARI ABADI', '8', '2026-03-01 07:33:32', '2026-03-01 07:33:32');
INSERT INTO `stock_movements` (`id`, `material_id`, `type`, `quantity`, `unit_price`, `total_price`, `reference_type`, `reference_id`, `notes`, `user_id`, `created_at`, `updated_at`) VALUES ('45', '45', 'in', '1395.00', '455.00', '634725.00', NULL, NULL, 'INDAH SARI ABADI', '8', '2026-03-01 07:34:22', '2026-03-01 07:34:22');
INSERT INTO `stock_movements` (`id`, `material_id`, `type`, `quantity`, `unit_price`, `total_price`, `reference_type`, `reference_id`, `notes`, `user_id`, `created_at`, `updated_at`) VALUES ('46', '46', 'in', '375.00', '575.00', '215625.00', NULL, NULL, 'INDAH SARI ABADI', '8', '2026-03-01 07:34:57', '2026-03-01 07:34:57');
INSERT INTO `stock_movements` (`id`, `material_id`, `type`, `quantity`, `unit_price`, `total_price`, `reference_type`, `reference_id`, `notes`, `user_id`, `created_at`, `updated_at`) VALUES ('47', '48', 'in', '750.00', '775.00', '581250.00', NULL, NULL, 'INDAH SARI ABADI', '8', '2026-03-01 07:35:44', '2026-03-01 07:35:44');
INSERT INTO `stock_movements` (`id`, `material_id`, `type`, `quantity`, `unit_price`, `total_price`, `reference_type`, `reference_id`, `notes`, `user_id`, `created_at`, `updated_at`) VALUES ('49', '49', 'in', '230.00', '889.00', '204470.00', NULL, NULL, 'INDAH SARI ABADI', '8', '2026-03-01 07:42:54', '2026-03-01 07:42:54');
INSERT INTO `stock_movements` (`id`, `material_id`, `type`, `quantity`, `unit_price`, `total_price`, `reference_type`, `reference_id`, `notes`, `user_id`, `created_at`, `updated_at`) VALUES ('50', '50', 'in', '300.00', '965.00', '289500.00', NULL, NULL, 'INDAH SARI ABADI', '8', '2026-03-01 07:49:34', '2026-03-01 07:49:34');
INSERT INTO `stock_movements` (`id`, `material_id`, `type`, `quantity`, `unit_price`, `total_price`, `reference_type`, `reference_id`, `notes`, `user_id`, `created_at`, `updated_at`) VALUES ('51', '51', 'in', '1000.00', '242.00', '242000.00', NULL, NULL, 'INDAH SARI ABADI', '8', '2026-03-01 07:50:36', '2026-03-01 07:50:36');
INSERT INTO `stock_movements` (`id`, `material_id`, `type`, `quantity`, `unit_price`, `total_price`, `reference_type`, `reference_id`, `notes`, `user_id`, `created_at`, `updated_at`) VALUES ('52', '53', 'in', '220.00', '1625.00', '357500.00', NULL, NULL, 'INDAH SARI ABADI', '8', '2026-03-01 07:51:08', '2026-03-01 07:51:08');
INSERT INTO `stock_movements` (`id`, `material_id`, `type`, `quantity`, `unit_price`, `total_price`, `reference_type`, `reference_id`, `notes`, `user_id`, `created_at`, `updated_at`) VALUES ('53', '55', 'in', '345.00', '1088.00', '375360.00', NULL, NULL, 'INDAH SARI ABADI', '8', '2026-03-01 07:51:58', '2026-03-01 07:51:58');
INSERT INTO `stock_movements` (`id`, `material_id`, `type`, `quantity`, `unit_price`, `total_price`, `reference_type`, `reference_id`, `notes`, `user_id`, `created_at`, `updated_at`) VALUES ('54', '56', 'in', '31.00', '3900.00', '120900.00', NULL, NULL, 'INDAH SARI ABADI', '8', '2026-03-01 07:52:23', '2026-03-01 07:52:23');
INSERT INTO `stock_movements` (`id`, `material_id`, `type`, `quantity`, `unit_price`, `total_price`, `reference_type`, `reference_id`, `notes`, `user_id`, `created_at`, `updated_at`) VALUES ('55', '57', 'in', '35535.00', '1018.00', '36174630.00', NULL, NULL, 'DSI', '8', '2026-03-01 07:53:22', '2026-03-01 07:53:22');
INSERT INTO `stock_movements` (`id`, `material_id`, `type`, `quantity`, `unit_price`, `total_price`, `reference_type`, `reference_id`, `notes`, `user_id`, `created_at`, `updated_at`) VALUES ('56', '58', 'in', '2914.00', '1018.00', '2966452.00', NULL, NULL, 'DSI', '8', '2026-03-01 07:54:00', '2026-03-01 07:54:00');
INSERT INTO `stock_movements` (`id`, `material_id`, `type`, `quantity`, `unit_price`, `total_price`, `reference_type`, `reference_id`, `notes`, `user_id`, `created_at`, `updated_at`) VALUES ('57', '59', 'in', '3250.00', '2477.00', '8050250.00', NULL, NULL, 'DSI', '8', '2026-03-01 07:55:22', '2026-03-01 07:55:22');
INSERT INTO `stock_movements` (`id`, `material_id`, `type`, `quantity`, `unit_price`, `total_price`, `reference_type`, `reference_id`, `notes`, `user_id`, `created_at`, `updated_at`) VALUES ('58', '60', 'in', '1085.00', '2477.00', '2687545.00', NULL, NULL, 'DSI', '8', '2026-03-01 07:56:05', '2026-03-01 07:56:05');
INSERT INTO `stock_movements` (`id`, `material_id`, `type`, `quantity`, `unit_price`, `total_price`, `reference_type`, `reference_id`, `notes`, `user_id`, `created_at`, `updated_at`) VALUES ('59', '69', 'in', '1.00', '10000.00', '10000.00', NULL, NULL, 'INDAH SARI ABADI', '8', '2026-03-01 07:57:25', '2026-03-01 07:57:25');
INSERT INTO `stock_movements` (`id`, `material_id`, `type`, `quantity`, `unit_price`, `total_price`, `reference_type`, `reference_id`, `notes`, `user_id`, `created_at`, `updated_at`) VALUES ('60', '68', 'in', '1250.00', '145.00', '181250.00', NULL, NULL, 'ONLINE', '8', '2026-03-01 08:02:23', '2026-03-01 08:02:23');
INSERT INTO `stock_movements` (`id`, `material_id`, `type`, `quantity`, `unit_price`, `total_price`, `reference_type`, `reference_id`, `notes`, `user_id`, `created_at`, `updated_at`) VALUES ('61', '67', 'in', '7500.00', '145.00', '1087500.00', NULL, NULL, 'ONLINE', '8', '2026-03-01 08:02:59', '2026-03-01 08:02:59');
INSERT INTO `stock_movements` (`id`, `material_id`, `type`, `quantity`, `unit_price`, `total_price`, `reference_type`, `reference_id`, `notes`, `user_id`, `created_at`, `updated_at`) VALUES ('62', '52', 'in', '225.00', '525.00', '118125.00', NULL, NULL, 'INDAH SARI ABADI', '8', '2026-03-01 08:03:31', '2026-03-01 08:03:31');
INSERT INTO `stock_movements` (`id`, `material_id`, `type`, `quantity`, `unit_price`, `total_price`, `reference_type`, `reference_id`, `notes`, `user_id`, `created_at`, `updated_at`) VALUES ('63', '93', 'in', '750.00', '250.00', '187500.00', NULL, NULL, 'BINTANG TERANG', '8', '2026-03-01 08:04:05', '2026-03-01 08:04:05');
INSERT INTO `stock_movements` (`id`, `material_id`, `type`, `quantity`, `unit_price`, `total_price`, `reference_type`, `reference_id`, `notes`, `user_id`, `created_at`, `updated_at`) VALUES ('64', '54', 'in', '480.00', '1425.00', '684000.00', NULL, NULL, 'INDAH SARI ABADI', '8', '2026-03-01 08:06:55', '2026-03-01 08:06:55');
INSERT INTO `stock_movements` (`id`, `material_id`, `type`, `quantity`, `unit_price`, `total_price`, `reference_type`, `reference_id`, `notes`, `user_id`, `created_at`, `updated_at`) VALUES ('65', '102', 'in', '1.00', '460000.00', '460000.00', NULL, NULL, 'VISI MEDIA', '8', '2026-03-01 08:07:50', '2026-03-01 08:07:50');
INSERT INTO `stock_movements` (`id`, `material_id`, `type`, `quantity`, `unit_price`, `total_price`, `reference_type`, `reference_id`, `notes`, `user_id`, `created_at`, `updated_at`) VALUES ('66', '72', 'in', '1.00', '105000.00', '105000.00', NULL, NULL, 'VISI MEDIA', '8', '2026-03-01 08:20:45', '2026-03-01 08:20:45');
INSERT INTO `stock_movements` (`id`, `material_id`, `type`, `quantity`, `unit_price`, `total_price`, `reference_type`, `reference_id`, `notes`, `user_id`, `created_at`, `updated_at`) VALUES ('67', '73', 'in', '7.00', '130000.00', '910000.00', NULL, NULL, 'VISI MEDIA', '8', '2026-03-01 08:22:44', '2026-03-01 08:22:44');
INSERT INTO `stock_movements` (`id`, `material_id`, `type`, `quantity`, `unit_price`, `total_price`, `reference_type`, `reference_id`, `notes`, `user_id`, `created_at`, `updated_at`) VALUES ('68', '94', 'in', '50.00', '1000.00', '50000.00', NULL, NULL, 'ONLINE', '8', '2026-03-01 08:23:39', '2026-03-01 08:23:39');
INSERT INTO `stock_movements` (`id`, `material_id`, `type`, `quantity`, `unit_price`, `total_price`, `reference_type`, `reference_id`, `notes`, `user_id`, `created_at`, `updated_at`) VALUES ('69', '91', 'in', '100000000000.00', '0.00', '0.00', NULL, NULL, 'ONLINE', '8', '2026-03-01 10:24:21', '2026-03-01 10:24:21');
INSERT INTO `stock_movements` (`id`, `material_id`, `type`, `quantity`, `unit_price`, `total_price`, `reference_type`, `reference_id`, `notes`, `user_id`, `created_at`, `updated_at`) VALUES ('70', '92', 'in', '100000000000.00', '0.00', '0.00', NULL, NULL, 'ONLINE', '8', '2026-03-01 10:25:30', '2026-03-01 10:25:30');
INSERT INTO `stock_movements` (`id`, `material_id`, `type`, `quantity`, `unit_price`, `total_price`, `reference_type`, `reference_id`, `notes`, `user_id`, `created_at`, `updated_at`) VALUES ('71', '98', 'in', '10000000000.00', '0.00', '0.00', NULL, NULL, 'ONLINE', '8', '2026-03-01 10:26:05', '2026-03-01 10:26:05');
INSERT INTO `stock_movements` (`id`, `material_id`, `type`, `quantity`, `unit_price`, `total_price`, `reference_type`, `reference_id`, `notes`, `user_id`, `created_at`, `updated_at`) VALUES ('72', '99', 'in', '10000000000.00', '0.00', '0.00', NULL, NULL, 'ONLINE', '8', '2026-03-01 10:26:45', '2026-03-01 10:26:45');
INSERT INTO `stock_movements` (`id`, `material_id`, `type`, `quantity`, `unit_price`, `total_price`, `reference_type`, `reference_id`, `notes`, `user_id`, `created_at`, `updated_at`) VALUES ('73', '59', 'out', '20.00', '0.00', '0.00', 'App\\Models\\Order', '17', 'Order #INV-20260302-0001 - relya kemiri', '20', '2026-03-02 10:08:57', '2026-03-02 10:08:57');
INSERT INTO `stock_movements` (`id`, `material_id`, `type`, `quantity`, `unit_price`, `total_price`, `reference_type`, `reference_id`, `notes`, `user_id`, `created_at`, `updated_at`) VALUES ('74', '68', 'out', '20.00', '0.00', '0.00', 'App\\Models\\Order', '17', 'Order #INV-20260302-0001 - relya kemiri', '20', '2026-03-02 10:08:57', '2026-03-02 10:08:57');
INSERT INTO `stock_movements` (`id`, `material_id`, `type`, `quantity`, `unit_price`, `total_price`, `reference_type`, `reference_id`, `notes`, `user_id`, `created_at`, `updated_at`) VALUES ('75', '60', 'out', '4.00', '0.00', '0.00', 'App\\Models\\Order', '18', 'Order #INV-20260302-0002 - glow beauty', '3', '2026-03-02 10:10:46', '2026-03-02 10:10:46');
INSERT INTO `stock_movements` (`id`, `material_id`, `type`, `quantity`, `unit_price`, `total_price`, `reference_type`, `reference_id`, `notes`, `user_id`, `created_at`, `updated_at`) VALUES ('76', '57', 'out', '6.00', '0.00', '0.00', 'App\\Models\\Order', '18', 'Order #INV-20260302-0002 - pipito', '3', '2026-03-02 10:10:46', '2026-03-02 10:10:46');
INSERT INTO `stock_movements` (`id`, `material_id`, `type`, `quantity`, `unit_price`, `total_price`, `reference_type`, `reference_id`, `notes`, `user_id`, `created_at`, `updated_at`) VALUES ('77', '57', 'out', '11.00', '0.00', '0.00', 'App\\Models\\Order', '18', 'Order #INV-20260302-0002 - pipito sedang', '3', '2026-03-02 10:10:46', '2026-03-02 10:10:46');
INSERT INTO `stock_movements` (`id`, `material_id`, `type`, `quantity`, `unit_price`, `total_price`, `reference_type`, `reference_id`, `notes`, `user_id`, `created_at`, `updated_at`) VALUES ('78', '57', 'out', '7.00', '0.00', '0.00', 'App\\Models\\Order', '18', 'Order #INV-20260302-0002 - azzae', '3', '2026-03-02 10:10:46', '2026-03-02 10:10:46');
INSERT INTO `stock_movements` (`id`, `material_id`, `type`, `quantity`, `unit_price`, `total_price`, `reference_type`, `reference_id`, `notes`, `user_id`, `created_at`, `updated_at`) VALUES ('79', '57', 'out', '10.00', '0.00', '0.00', 'App\\Models\\Order', '18', 'Order #INV-20260302-0002 - cahaya rs', '3', '2026-03-02 10:10:46', '2026-03-02 10:10:46');
INSERT INTO `stock_movements` (`id`, `material_id`, `type`, `quantity`, `unit_price`, `total_price`, `reference_type`, `reference_id`, `notes`, `user_id`, `created_at`, `updated_at`) VALUES ('80', '59', 'in', '20.00', '0.00', '0.00', 'App\\Models\\Order', '17', 'Stok dikembalikan - Edit Order #INV-20260302-0001', '20', '2026-03-02 10:12:13', '2026-03-02 10:12:13');
INSERT INTO `stock_movements` (`id`, `material_id`, `type`, `quantity`, `unit_price`, `total_price`, `reference_type`, `reference_id`, `notes`, `user_id`, `created_at`, `updated_at`) VALUES ('81', '68', 'in', '20.00', '0.00', '0.00', 'App\\Models\\Order', '17', 'Stok dikembalikan - Edit Order #INV-20260302-0001', '20', '2026-03-02 10:12:13', '2026-03-02 10:12:13');
INSERT INTO `stock_movements` (`id`, `material_id`, `type`, `quantity`, `unit_price`, `total_price`, `reference_type`, `reference_id`, `notes`, `user_id`, `created_at`, `updated_at`) VALUES ('82', '91', 'out', '20.00', '0.00', '0.00', 'App\\Models\\Order', '17', 'Order #INV-20260302-0001 - relya kemiri', '20', '2026-03-02 10:12:13', '2026-03-02 10:12:13');
INSERT INTO `stock_movements` (`id`, `material_id`, `type`, `quantity`, `unit_price`, `total_price`, `reference_type`, `reference_id`, `notes`, `user_id`, `created_at`, `updated_at`) VALUES ('83', '60', 'in', '4.00', '0.00', '0.00', 'App\\Models\\Order', '18', 'Stok dikembalikan - Edit Order #INV-20260302-0002', '3', '2026-03-02 10:12:52', '2026-03-02 10:12:52');
INSERT INTO `stock_movements` (`id`, `material_id`, `type`, `quantity`, `unit_price`, `total_price`, `reference_type`, `reference_id`, `notes`, `user_id`, `created_at`, `updated_at`) VALUES ('84', '57', 'in', '6.00', '0.00', '0.00', 'App\\Models\\Order', '18', 'Stok dikembalikan - Edit Order #INV-20260302-0002', '3', '2026-03-02 10:12:52', '2026-03-02 10:12:52');
INSERT INTO `stock_movements` (`id`, `material_id`, `type`, `quantity`, `unit_price`, `total_price`, `reference_type`, `reference_id`, `notes`, `user_id`, `created_at`, `updated_at`) VALUES ('85', '57', 'in', '11.00', '0.00', '0.00', 'App\\Models\\Order', '18', 'Stok dikembalikan - Edit Order #INV-20260302-0002', '3', '2026-03-02 10:12:52', '2026-03-02 10:12:52');
INSERT INTO `stock_movements` (`id`, `material_id`, `type`, `quantity`, `unit_price`, `total_price`, `reference_type`, `reference_id`, `notes`, `user_id`, `created_at`, `updated_at`) VALUES ('86', '57', 'in', '7.00', '0.00', '0.00', 'App\\Models\\Order', '18', 'Stok dikembalikan - Edit Order #INV-20260302-0002', '3', '2026-03-02 10:12:52', '2026-03-02 10:12:52');
INSERT INTO `stock_movements` (`id`, `material_id`, `type`, `quantity`, `unit_price`, `total_price`, `reference_type`, `reference_id`, `notes`, `user_id`, `created_at`, `updated_at`) VALUES ('87', '57', 'in', '10.00', '0.00', '0.00', 'App\\Models\\Order', '18', 'Stok dikembalikan - Edit Order #INV-20260302-0002', '3', '2026-03-02 10:12:52', '2026-03-02 10:12:52');
INSERT INTO `stock_movements` (`id`, `material_id`, `type`, `quantity`, `unit_price`, `total_price`, `reference_type`, `reference_id`, `notes`, `user_id`, `created_at`, `updated_at`) VALUES ('88', '48', 'out', '1.00', '0.00', '0.00', 'App\\Models\\Order', '18', 'Order #INV-20260302-0002 - ria zulian', '3', '2026-03-02 10:12:52', '2026-03-02 10:12:52');
INSERT INTO `stock_movements` (`id`, `material_id`, `type`, `quantity`, `unit_price`, `total_price`, `reference_type`, `reference_id`, `notes`, `user_id`, `created_at`, `updated_at`) VALUES ('89', '48', 'in', '1.00', '0.00', '0.00', 'App\\Models\\Order', '18', 'Stok dikembalikan - Edit Order #INV-20260302-0002', '3', '2026-03-02 10:13:24', '2026-03-02 10:13:24');
INSERT INTO `stock_movements` (`id`, `material_id`, `type`, `quantity`, `unit_price`, `total_price`, `reference_type`, `reference_id`, `notes`, `user_id`, `created_at`, `updated_at`) VALUES ('90', '51', 'out', '8.00', '0.00', '0.00', 'App\\Models\\Order', '19', 'Order #INV-20260302-0003 - dinamika 0302', '19', '2026-03-02 10:18:14', '2026-03-02 10:18:14');
INSERT INTO `stock_movements` (`id`, `material_id`, `type`, `quantity`, `unit_price`, `total_price`, `reference_type`, `reference_id`, `notes`, `user_id`, `created_at`, `updated_at`) VALUES ('91', '51', 'out', '8.00', '0.00', '0.00', 'App\\Models\\Order', '19', 'Order #INV-20260302-0003 - sekabar', '19', '2026-03-02 10:18:14', '2026-03-02 10:18:14');
INSERT INTO `stock_movements` (`id`, `material_id`, `type`, `quantity`, `unit_price`, `total_price`, `reference_type`, `reference_id`, `notes`, `user_id`, `created_at`, `updated_at`) VALUES ('92', '57', 'out', '4.00', '0.00', '0.00', 'App\\Models\\Order', '20', 'Order #INV-20260302-0004 - maps sc', '20', '2026-03-02 10:20:34', '2026-03-02 10:20:34');
INSERT INTO `stock_movements` (`id`, `material_id`, `type`, `quantity`, `unit_price`, `total_price`, `reference_type`, `reference_id`, `notes`, `user_id`, `created_at`, `updated_at`) VALUES ('93', '91', 'out', '4.00', '0.00', '0.00', 'App\\Models\\Order', '20', 'Order #INV-20260302-0004 - maps sc', '20', '2026-03-02 10:20:34', '2026-03-02 10:20:34');
INSERT INTO `stock_movements` (`id`, `material_id`, `type`, `quantity`, `unit_price`, `total_price`, `reference_type`, `reference_id`, `notes`, `user_id`, `created_at`, `updated_at`) VALUES ('94', '85', 'out', '6.00', '0.00', '0.00', 'App\\Models\\Order', '21', 'Order #INV-20260302-0005 - PATRA NIAGA', '3', '2026-03-02 10:32:24', '2026-03-02 10:32:24');
INSERT INTO `stock_movements` (`id`, `material_id`, `type`, `quantity`, `unit_price`, `total_price`, `reference_type`, `reference_id`, `notes`, `user_id`, `created_at`, `updated_at`) VALUES ('95', '85', 'out', '2.40', '0.00', '0.00', 'App\\Models\\Order', '21', 'Order #INV-20260302-0005 - PATRA NIAGA 2', '3', '2026-03-02 10:32:24', '2026-03-02 10:32:24');
INSERT INTO `stock_movements` (`id`, `material_id`, `type`, `quantity`, `unit_price`, `total_price`, `reference_type`, `reference_id`, `notes`, `user_id`, `created_at`, `updated_at`) VALUES ('96', '85', 'out', '10.00', '0.00', '0.00', 'App\\Models\\Order', '21', 'Order #INV-20260302-0005 - PANGKALAN', '3', '2026-03-02 10:32:24', '2026-03-02 10:32:24');
INSERT INTO `stock_movements` (`id`, `material_id`, `type`, `quantity`, `unit_price`, `total_price`, `reference_type`, `reference_id`, `notes`, `user_id`, `created_at`, `updated_at`) VALUES ('97', '85', 'out', '2.00', '0.00', '0.00', 'App\\Models\\Order', '21', 'Order #INV-20260302-0005 - AGEN LPG', '3', '2026-03-02 10:32:24', '2026-03-02 10:32:24');
INSERT INTO `stock_movements` (`id`, `material_id`, `type`, `quantity`, `unit_price`, `total_price`, `reference_type`, `reference_id`, `notes`, `user_id`, `created_at`, `updated_at`) VALUES ('98', '44', 'out', '12.00', '0.00', '0.00', 'App\\Models\\Order', '22', 'Order #INV-20260302-0006 - lalabelt', '20', '2026-03-02 10:34:05', '2026-03-02 10:34:05');
INSERT INTO `stock_movements` (`id`, `material_id`, `type`, `quantity`, `unit_price`, `total_price`, `reference_type`, `reference_id`, `notes`, `user_id`, `created_at`, `updated_at`) VALUES ('99', '44', 'out', '8.00', '0.00', '0.00', 'App\\Models\\Order', '23', 'Order #INV-20260302-0007 - argarian', '19', '2026-03-02 10:35:30', '2026-03-02 10:35:30');
INSERT INTO `stock_movements` (`id`, `material_id`, `type`, `quantity`, `unit_price`, `total_price`, `reference_type`, `reference_id`, `notes`, `user_id`, `created_at`, `updated_at`) VALUES ('100', '57', 'out', '1.00', '0.00', '0.00', 'App\\Models\\Order', '24', 'Order #INV-20260302-0008 - vans', '3', '2026-03-02 10:37:42', '2026-03-02 10:37:42');
INSERT INTO `stock_movements` (`id`, `material_id`, `type`, `quantity`, `unit_price`, `total_price`, `reference_type`, `reference_id`, `notes`, `user_id`, `created_at`, `updated_at`) VALUES ('101', '57', 'out', '15.00', '0.00', '0.00', 'App\\Models\\Order', '25', 'Order #INV-20260302-0009 - lk you', '20', '2026-03-02 10:45:54', '2026-03-02 10:45:54');
INSERT INTO `stock_movements` (`id`, `material_id`, `type`, `quantity`, `unit_price`, `total_price`, `reference_type`, `reference_id`, `notes`, `user_id`, `created_at`, `updated_at`) VALUES ('102', '68', 'out', '15.00', '0.00', '0.00', 'App\\Models\\Order', '25', 'Order #INV-20260302-0009 - lk you', '20', '2026-03-02 10:45:54', '2026-03-02 10:45:54');
INSERT INTO `stock_movements` (`id`, `material_id`, `type`, `quantity`, `unit_price`, `total_price`, `reference_type`, `reference_id`, `notes`, `user_id`, `created_at`, `updated_at`) VALUES ('103', '91', 'out', '15.00', '0.00', '0.00', 'App\\Models\\Order', '25', 'Order #INV-20260302-0009 - lk you', '20', '2026-03-02 10:45:54', '2026-03-02 10:45:54');
INSERT INTO `stock_movements` (`id`, `material_id`, `type`, `quantity`, `unit_price`, `total_price`, `reference_type`, `reference_id`, `notes`, `user_id`, `created_at`, `updated_at`) VALUES ('104', '57', 'in', '15.00', '0.00', '0.00', 'App\\Models\\Order', '25', 'Stok dikembalikan - Edit Order #INV-20260302-0009', '20', '2026-03-02 10:46:31', '2026-03-02 10:46:31');
INSERT INTO `stock_movements` (`id`, `material_id`, `type`, `quantity`, `unit_price`, `total_price`, `reference_type`, `reference_id`, `notes`, `user_id`, `created_at`, `updated_at`) VALUES ('105', '68', 'in', '15.00', '0.00', '0.00', 'App\\Models\\Order', '25', 'Stok dikembalikan - Edit Order #INV-20260302-0009', '20', '2026-03-02 10:46:31', '2026-03-02 10:46:31');
INSERT INTO `stock_movements` (`id`, `material_id`, `type`, `quantity`, `unit_price`, `total_price`, `reference_type`, `reference_id`, `notes`, `user_id`, `created_at`, `updated_at`) VALUES ('106', '91', 'in', '15.00', '0.00', '0.00', 'App\\Models\\Order', '25', 'Stok dikembalikan - Edit Order #INV-20260302-0009', '20', '2026-03-02 10:46:31', '2026-03-02 10:46:31');
INSERT INTO `stock_movements` (`id`, `material_id`, `type`, `quantity`, `unit_price`, `total_price`, `reference_type`, `reference_id`, `notes`, `user_id`, `created_at`, `updated_at`) VALUES ('107', '58', 'out', '100.00', '0.00', '0.00', 'App\\Models\\Order', '26', 'Order #INV-20260302-0010 - krenyess', '3', '2026-03-02 10:51:22', '2026-03-02 10:51:22');
INSERT INTO `stock_movements` (`id`, `material_id`, `type`, `quantity`, `unit_price`, `total_price`, `reference_type`, `reference_id`, `notes`, `user_id`, `created_at`, `updated_at`) VALUES ('108', '58', 'in', '100.00', '0.00', '0.00', 'App\\Models\\Order', '26', 'Stok dikembalikan - Edit Order #INV-20260302-0010', '3', '2026-03-02 10:52:10', '2026-03-02 10:52:10');
INSERT INTO `stock_movements` (`id`, `material_id`, `type`, `quantity`, `unit_price`, `total_price`, `reference_type`, `reference_id`, `notes`, `user_id`, `created_at`, `updated_at`) VALUES ('109', '57', 'out', '100.00', '0.00', '0.00', 'App\\Models\\Order', '26', 'Order #INV-20260302-0010 - krenyess', '3', '2026-03-02 10:52:10', '2026-03-02 10:52:10');
INSERT INTO `stock_movements` (`id`, `material_id`, `type`, `quantity`, `unit_price`, `total_price`, `reference_type`, `reference_id`, `notes`, `user_id`, `created_at`, `updated_at`) VALUES ('110', '48', 'out', '9.00', '0.00', '0.00', 'App\\Models\\Order', '27', 'Order #INV-20260302-0011 - beny daryono', '20', '2026-03-02 10:56:30', '2026-03-02 10:56:30');
INSERT INTO `stock_movements` (`id`, `material_id`, `type`, `quantity`, `unit_price`, `total_price`, `reference_type`, `reference_id`, `notes`, `user_id`, `created_at`, `updated_at`) VALUES ('111', '57', 'out', '30.00', '0.00', '0.00', 'App\\Models\\Order', '28', 'Order #INV-20260302-0012 - si biru new x7 MUDIN', '23', '2026-03-02 11:07:09', '2026-03-02 11:07:09');
INSERT INTO `stock_movements` (`id`, `material_id`, `type`, `quantity`, `unit_price`, `total_price`, `reference_type`, `reference_id`, `notes`, `user_id`, `created_at`, `updated_at`) VALUES ('112', '48', 'out', '40.00', '0.00', '0.00', 'App\\Models\\Order', '28', 'Order #INV-20260302-0012 - enyong lure MUDIN', '23', '2026-03-02 11:07:09', '2026-03-02 11:07:09');
INSERT INTO `stock_movements` (`id`, `material_id`, `type`, `quantity`, `unit_price`, `total_price`, `reference_type`, `reference_id`, `notes`, `user_id`, `created_at`, `updated_at`) VALUES ('113', '53', 'out', '1.00', '0.00', '0.00', 'App\\Models\\Order', '29', 'Order #INV-20260302-0013 - yanvaldi', '20', '2026-03-02 11:07:41', '2026-03-02 11:07:41');
INSERT INTO `stock_movements` (`id`, `material_id`, `type`, `quantity`, `unit_price`, `total_price`, `reference_type`, `reference_id`, `notes`, `user_id`, `created_at`, `updated_at`) VALUES ('114', '48', 'out', '20.00', '0.00', '0.00', 'App\\Models\\Order', '30', 'Order #INV-20260302-0014 - balai busana', '19', '2026-03-02 11:09:09', '2026-03-02 11:09:09');
INSERT INTO `stock_movements` (`id`, `material_id`, `type`, `quantity`, `unit_price`, `total_price`, `reference_type`, `reference_id`, `notes`, `user_id`, `created_at`, `updated_at`) VALUES ('115', '57', 'in', '30.00', '0.00', '0.00', 'App\\Models\\Order', '28', 'Stok dikembalikan - Edit Order #INV-20260302-0012', '19', '2026-03-02 11:11:28', '2026-03-02 11:11:28');
INSERT INTO `stock_movements` (`id`, `material_id`, `type`, `quantity`, `unit_price`, `total_price`, `reference_type`, `reference_id`, `notes`, `user_id`, `created_at`, `updated_at`) VALUES ('116', '48', 'in', '40.00', '0.00', '0.00', 'App\\Models\\Order', '28', 'Stok dikembalikan - Edit Order #INV-20260302-0012', '19', '2026-03-02 11:11:28', '2026-03-02 11:11:28');
INSERT INTO `stock_movements` (`id`, `material_id`, `type`, `quantity`, `unit_price`, `total_price`, `reference_type`, `reference_id`, `notes`, `user_id`, `created_at`, `updated_at`) VALUES ('117', '44', 'in', '8.00', '0.00', '0.00', 'App\\Models\\Order', '23', 'Stok dikembalikan - Edit Order #INV-20260302-0007', '19', '2026-03-02 11:11:58', '2026-03-02 11:11:58');
INSERT INTO `stock_movements` (`id`, `material_id`, `type`, `quantity`, `unit_price`, `total_price`, `reference_type`, `reference_id`, `notes`, `user_id`, `created_at`, `updated_at`) VALUES ('118', '47', 'out', '4.00', '0.00', '0.00', 'App\\Models\\Order', '31', 'Order #INV-20260302-0015 - nonome', '20', '2026-03-02 11:14:44', '2026-03-02 11:14:44');
INSERT INTO `stock_movements` (`id`, `material_id`, `type`, `quantity`, `unit_price`, `total_price`, `reference_type`, `reference_id`, `notes`, `user_id`, `created_at`, `updated_at`) VALUES ('119', '61', 'out', '0.60', '0.00', '0.00', 'App\\Models\\Order', '32', 'Order #INV-20260302-0016 - foto anak kecil', '3', '2026-03-02 11:15:31', '2026-03-02 11:15:31');
INSERT INTO `stock_movements` (`id`, `material_id`, `type`, `quantity`, `unit_price`, `total_price`, `reference_type`, `reference_id`, `notes`, `user_id`, `created_at`, `updated_at`) VALUES ('120', '90', 'out', '14.00', '0.00', '0.00', 'App\\Models\\Order', '33', 'Order #INV-20260302-0017 - fashionbie & ukong', '3', '2026-03-02 11:19:01', '2026-03-02 11:19:01');
INSERT INTO `stock_movements` (`id`, `material_id`, `type`, `quantity`, `unit_price`, `total_price`, `reference_type`, `reference_id`, `notes`, `user_id`, `created_at`, `updated_at`) VALUES ('121', '57', 'out', '5.00', '0.00', '0.00', 'App\\Models\\Order', '33', 'Order #INV-20260302-0017 - fashionbie & ukong', '3', '2026-03-02 11:19:01', '2026-03-02 11:19:01');
INSERT INTO `stock_movements` (`id`, `material_id`, `type`, `quantity`, `unit_price`, `total_price`, `reference_type`, `reference_id`, `notes`, `user_id`, `created_at`, `updated_at`) VALUES ('122', '51', 'out', '1.00', '0.00', '0.00', 'App\\Models\\Order', '34', 'Order #INV-20260302-0018 - rs medika 1', '3', '2026-03-02 11:22:59', '2026-03-02 11:22:59');
INSERT INTO `stock_movements` (`id`, `material_id`, `type`, `quantity`, `unit_price`, `total_price`, `reference_type`, `reference_id`, `notes`, `user_id`, `created_at`, `updated_at`) VALUES ('123', '87', 'out', '8.00', '0.00', '0.00', 'App\\Models\\Order', '35', 'Order #INV-20260302-0019 - MA FASION', '20', '2026-03-02 11:23:12', '2026-03-02 11:23:12');
INSERT INTO `stock_movements` (`id`, `material_id`, `type`, `quantity`, `unit_price`, `total_price`, `reference_type`, `reference_id`, `notes`, `user_id`, `created_at`, `updated_at`) VALUES ('124', '51', 'out', '3.00', '0.00', '0.00', 'App\\Models\\Order', '36', 'Order #INV-20260302-0020 - ny ririn', '19', '2026-03-02 11:24:31', '2026-03-02 11:24:31');
INSERT INTO `stock_movements` (`id`, `material_id`, `type`, `quantity`, `unit_price`, `total_price`, `reference_type`, `reference_id`, `notes`, `user_id`, `created_at`, `updated_at`) VALUES ('125', '45', 'out', '7.00', '0.00', '0.00', 'App\\Models\\Order', '37', 'Order #INV-20260302-0021 - eid mubarak', '3', '2026-03-02 11:26:02', '2026-03-02 11:26:02');
INSERT INTO `stock_movements` (`id`, `material_id`, `type`, `quantity`, `unit_price`, `total_price`, `reference_type`, `reference_id`, `notes`, `user_id`, `created_at`, `updated_at`) VALUES ('126', '85', 'out', '3.00', '0.00', '0.00', 'App\\Models\\Order', '38', 'Order #INV-20260302-0022 - PT HAIDA', '20', '2026-03-02 11:27:14', '2026-03-02 11:27:14');
INSERT INTO `stock_movements` (`id`, `material_id`, `type`, `quantity`, `unit_price`, `total_price`, `reference_type`, `reference_id`, `notes`, `user_id`, `created_at`, `updated_at`) VALUES ('127', '57', 'out', '1.00', '0.00', '0.00', 'App\\Models\\Order', '39', 'Order #INV-20260302-0023 - bunda delicious', '19', '2026-03-02 11:32:07', '2026-03-02 11:32:07');
INSERT INTO `stock_movements` (`id`, `material_id`, `type`, `quantity`, `unit_price`, `total_price`, `reference_type`, `reference_id`, `notes`, `user_id`, `created_at`, `updated_at`) VALUES ('128', '91', 'out', '1.00', '0.00', '0.00', 'App\\Models\\Order', '39', 'Order #INV-20260302-0023 - bunda delicious', '19', '2026-03-02 11:32:07', '2026-03-02 11:32:07');
INSERT INTO `stock_movements` (`id`, `material_id`, `type`, `quantity`, `unit_price`, `total_price`, `reference_type`, `reference_id`, `notes`, `user_id`, `created_at`, `updated_at`) VALUES ('129', '86', 'out', '25.00', '0.00', '0.00', 'App\\Models\\Order', '40', 'Order #INV-20260302-0024 - PT ANUGERAH 1', '3', '2026-03-02 11:32:25', '2026-03-02 11:32:25');
INSERT INTO `stock_movements` (`id`, `material_id`, `type`, `quantity`, `unit_price`, `total_price`, `reference_type`, `reference_id`, `notes`, `user_id`, `created_at`, `updated_at`) VALUES ('130', '57', 'out', '2.00', '0.00', '0.00', 'App\\Models\\Order', '41', 'Order #INV-20260302-0025 - zuhri farm', '19', '2026-03-02 11:37:51', '2026-03-02 11:37:51');
INSERT INTO `stock_movements` (`id`, `material_id`, `type`, `quantity`, `unit_price`, `total_price`, `reference_type`, `reference_id`, `notes`, `user_id`, `created_at`, `updated_at`) VALUES ('131', '91', 'out', '2.00', '0.00', '0.00', 'App\\Models\\Order', '41', 'Order #INV-20260302-0025 - zuhri farm', '19', '2026-03-02 11:37:51', '2026-03-02 11:37:51');
INSERT INTO `stock_movements` (`id`, `material_id`, `type`, `quantity`, `unit_price`, `total_price`, `reference_type`, `reference_id`, `notes`, `user_id`, `created_at`, `updated_at`) VALUES ('132', '57', 'out', '15.00', '0.00', '0.00', 'App\\Models\\Order', '42', 'Order #INV-20260302-0026 - tisa cookies', '20', '2026-03-02 11:39:37', '2026-03-02 11:39:37');
INSERT INTO `stock_movements` (`id`, `material_id`, `type`, `quantity`, `unit_price`, `total_price`, `reference_type`, `reference_id`, `notes`, `user_id`, `created_at`, `updated_at`) VALUES ('133', '61', 'out', '0.85', '0.00', '0.00', 'App\\Models\\Order', '43', 'Order #INV-20260302-0027 - kopdeskel', '3', '2026-03-02 11:39:54', '2026-03-02 11:39:54');
INSERT INTO `stock_movements` (`id`, `material_id`, `type`, `quantity`, `unit_price`, `total_price`, `reference_type`, `reference_id`, `notes`, `user_id`, `created_at`, `updated_at`) VALUES ('134', '82', 'out', '0.85', '0.00', '0.00', 'App\\Models\\Order', '43', 'Order #INV-20260302-0027 - kopdeskel', '3', '2026-03-02 11:39:54', '2026-03-02 11:39:54');
INSERT INTO `stock_movements` (`id`, `material_id`, `type`, `quantity`, `unit_price`, `total_price`, `reference_type`, `reference_id`, `notes`, `user_id`, `created_at`, `updated_at`) VALUES ('135', '98', 'out', '0.85', '0.00', '0.00', 'App\\Models\\Order', '43', 'Order #INV-20260302-0027 - kopdeskel', '3', '2026-03-02 11:39:54', '2026-03-02 11:39:54');
INSERT INTO `stock_movements` (`id`, `material_id`, `type`, `quantity`, `unit_price`, `total_price`, `reference_type`, `reference_id`, `notes`, `user_id`, `created_at`, `updated_at`) VALUES ('136', '85', 'out', '2.00', '0.00', '0.00', 'App\\Models\\Order', '44', 'Order #INV-20260302-0028 - kejora 01', '19', '2026-03-02 11:41:34', '2026-03-02 11:41:34');
INSERT INTO `stock_movements` (`id`, `material_id`, `type`, `quantity`, `unit_price`, `total_price`, `reference_type`, `reference_id`, `notes`, `user_id`, `created_at`, `updated_at`) VALUES ('137', '85', 'out', '3.70', '0.00', '0.00', 'App\\Models\\Order', '44', 'Order #INV-20260302-0028 - kejora 02-03', '19', '2026-03-02 11:41:34', '2026-03-02 11:41:34');
INSERT INTO `stock_movements` (`id`, `material_id`, `type`, `quantity`, `unit_price`, `total_price`, `reference_type`, `reference_id`, `notes`, `user_id`, `created_at`, `updated_at`) VALUES ('138', '85', 'out', '1.46', '0.00', '0.00', 'App\\Models\\Order', '44', 'Order #INV-20260302-0028 - kejora 04', '19', '2026-03-02 11:41:34', '2026-03-02 11:41:34');
INSERT INTO `stock_movements` (`id`, `material_id`, `type`, `quantity`, `unit_price`, `total_price`, `reference_type`, `reference_id`, `notes`, `user_id`, `created_at`, `updated_at`) VALUES ('139', '61', 'in', '0.85', '0.00', '0.00', 'App\\Models\\Order', '43', 'Stok dikembalikan - Batal Order #INV-20260302-0027', '8', '2026-03-02 11:42:43', '2026-03-02 11:42:43');
INSERT INTO `stock_movements` (`id`, `material_id`, `type`, `quantity`, `unit_price`, `total_price`, `reference_type`, `reference_id`, `notes`, `user_id`, `created_at`, `updated_at`) VALUES ('140', '82', 'in', '0.85', '0.00', '0.00', 'App\\Models\\Order', '43', 'Stok dikembalikan - Batal Order #INV-20260302-0027', '8', '2026-03-02 11:42:43', '2026-03-02 11:42:43');
INSERT INTO `stock_movements` (`id`, `material_id`, `type`, `quantity`, `unit_price`, `total_price`, `reference_type`, `reference_id`, `notes`, `user_id`, `created_at`, `updated_at`) VALUES ('141', '98', 'in', '0.85', '0.00', '0.00', 'App\\Models\\Order', '43', 'Stok dikembalikan - Batal Order #INV-20260302-0027', '8', '2026-03-02 11:42:43', '2026-03-02 11:42:43');
INSERT INTO `stock_movements` (`id`, `material_id`, `type`, `quantity`, `unit_price`, `total_price`, `reference_type`, `reference_id`, `notes`, `user_id`, `created_at`, `updated_at`) VALUES ('142', '44', 'out', '7.00', '0.00', '0.00', 'App\\Models\\Order', '45', 'Order #INV-20260302-0029 - BI INUK FOTO', '20', '2026-03-02 11:45:32', '2026-03-02 11:45:32');
INSERT INTO `stock_movements` (`id`, `material_id`, `type`, `quantity`, `unit_price`, `total_price`, `reference_type`, `reference_id`, `notes`, `user_id`, `created_at`, `updated_at`) VALUES ('143', '61', 'out', '0.85', '0.00', '0.00', 'App\\Models\\Order', '46', 'Order #INV-20260302-0030 - kopdeskel', '3', '2026-03-02 11:46:14', '2026-03-02 11:46:14');
INSERT INTO `stock_movements` (`id`, `material_id`, `type`, `quantity`, `unit_price`, `total_price`, `reference_type`, `reference_id`, `notes`, `user_id`, `created_at`, `updated_at`) VALUES ('144', '82', 'out', '0.85', '0.00', '0.00', 'App\\Models\\Order', '46', 'Order #INV-20260302-0030 - kopdeskel', '3', '2026-03-02 11:46:14', '2026-03-02 11:46:14');
INSERT INTO `stock_movements` (`id`, `material_id`, `type`, `quantity`, `unit_price`, `total_price`, `reference_type`, `reference_id`, `notes`, `user_id`, `created_at`, `updated_at`) VALUES ('145', '98', 'out', '0.85', '0.00', '0.00', 'App\\Models\\Order', '46', 'Order #INV-20260302-0030 - kopdeskel', '3', '2026-03-02 11:46:14', '2026-03-02 11:46:14');
INSERT INTO `stock_movements` (`id`, `material_id`, `type`, `quantity`, `unit_price`, `total_price`, `reference_type`, `reference_id`, `notes`, `user_id`, `created_at`, `updated_at`) VALUES ('146', '85', 'out', '6.96', '0.00', '0.00', 'App\\Models\\Order', '47', 'Order #INV-20260302-0031 - cover gate sensor 84x138cm (1)', '23', '2026-03-02 11:47:26', '2026-03-02 11:47:26');
INSERT INTO `stock_movements` (`id`, `material_id`, `type`, `quantity`, `unit_price`, `total_price`, `reference_type`, `reference_id`, `notes`, `user_id`, `created_at`, `updated_at`) VALUES ('147', '61', 'out', '0.30', '0.00', '0.00', 'App\\Models\\Order', '47', 'Order #INV-20260302-0031 - pintu darurat exit', '23', '2026-03-02 11:47:26', '2026-03-02 11:47:26');
INSERT INTO `stock_movements` (`id`, `material_id`, `type`, `quantity`, `unit_price`, `total_price`, `reference_type`, `reference_id`, `notes`, `user_id`, `created_at`, `updated_at`) VALUES ('148', '85', 'in', '6.96', '0.00', '0.00', 'App\\Models\\Order', '47', 'Stok dikembalikan - Edit Order #INV-20260302-0031', '23', '2026-03-02 11:47:49', '2026-03-02 11:47:49');
INSERT INTO `stock_movements` (`id`, `material_id`, `type`, `quantity`, `unit_price`, `total_price`, `reference_type`, `reference_id`, `notes`, `user_id`, `created_at`, `updated_at`) VALUES ('149', '61', 'in', '0.30', '0.00', '0.00', 'App\\Models\\Order', '47', 'Stok dikembalikan - Edit Order #INV-20260302-0031', '23', '2026-03-02 11:47:49', '2026-03-02 11:47:49');
INSERT INTO `stock_movements` (`id`, `material_id`, `type`, `quantity`, `unit_price`, `total_price`, `reference_type`, `reference_id`, `notes`, `user_id`, `created_at`, `updated_at`) VALUES ('150', '61', 'out', '1.00', '0.00', '0.00', 'App\\Models\\Order', '48', 'Order #INV-20260302-0032 - hmg', '3', '2026-03-02 11:50:11', '2026-03-02 11:50:11');
INSERT INTO `stock_movements` (`id`, `material_id`, `type`, `quantity`, `unit_price`, `total_price`, `reference_type`, `reference_id`, `notes`, `user_id`, `created_at`, `updated_at`) VALUES ('151', '81', 'out', '1.00', '0.00', '0.00', 'App\\Models\\Order', '48', 'Order #INV-20260302-0032 - hmg', '3', '2026-03-02 11:50:11', '2026-03-02 11:50:11');
INSERT INTO `stock_movements` (`id`, `material_id`, `type`, `quantity`, `unit_price`, `total_price`, `reference_type`, `reference_id`, `notes`, `user_id`, `created_at`, `updated_at`) VALUES ('152', '99', 'out', '1.00', '0.00', '0.00', 'App\\Models\\Order', '48', 'Order #INV-20260302-0032 - hmg', '3', '2026-03-02 11:50:11', '2026-03-02 11:50:11');
INSERT INTO `stock_movements` (`id`, `material_id`, `type`, `quantity`, `unit_price`, `total_price`, `reference_type`, `reference_id`, `notes`, `user_id`, `created_at`, `updated_at`) VALUES ('153', '57', 'out', '5.00', '0.00', '0.00', 'App\\Models\\Order', '49', 'Order #INV-20260302-0033 - prz vanila', '19', '2026-03-02 11:51:08', '2026-03-02 11:51:08');
INSERT INTO `stock_movements` (`id`, `material_id`, `type`, `quantity`, `unit_price`, `total_price`, `reference_type`, `reference_id`, `notes`, `user_id`, `created_at`, `updated_at`) VALUES ('154', '91', 'out', '5.00', '0.00', '0.00', 'App\\Models\\Order', '49', 'Order #INV-20260302-0033 - prz vanila', '19', '2026-03-02 11:51:08', '2026-03-02 11:51:08');
INSERT INTO `stock_movements` (`id`, `material_id`, `type`, `quantity`, `unit_price`, `total_price`, `reference_type`, `reference_id`, `notes`, `user_id`, `created_at`, `updated_at`) VALUES ('155', '47', 'out', '13.00', '0.00', '0.00', 'App\\Models\\Order', '50', 'Order #INV-20260302-0034 - RADIF', '3', '2026-03-02 11:52:25', '2026-03-02 11:52:25');
INSERT INTO `stock_movements` (`id`, `material_id`, `type`, `quantity`, `unit_price`, `total_price`, `reference_type`, `reference_id`, `notes`, `user_id`, `created_at`, `updated_at`) VALUES ('156', '85', 'out', '2.00', '0.00', '0.00', 'App\\Models\\Order', '51', 'Order #INV-20260302-0035 - TEMBESU', '3', '2026-03-02 11:55:56', '2026-03-02 11:55:56');
INSERT INTO `stock_movements` (`id`, `material_id`, `type`, `quantity`, `unit_price`, `total_price`, `reference_type`, `reference_id`, `notes`, `user_id`, `created_at`, `updated_at`) VALUES ('157', '57', 'out', '4.00', '0.00', '0.00', 'App\\Models\\Order', '52', 'Order #INV-20260302-0036 - es bubur sumsum', '19', '2026-03-02 11:57:03', '2026-03-02 11:57:03');
INSERT INTO `stock_movements` (`id`, `material_id`, `type`, `quantity`, `unit_price`, `total_price`, `reference_type`, `reference_id`, `notes`, `user_id`, `created_at`, `updated_at`) VALUES ('158', '91', 'out', '4.00', '0.00', '0.00', 'App\\Models\\Order', '52', 'Order #INV-20260302-0036 - es bubur sumsum', '19', '2026-03-02 11:57:03', '2026-03-02 11:57:03');
INSERT INTO `stock_movements` (`id`, `material_id`, `type`, `quantity`, `unit_price`, `total_price`, `reference_type`, `reference_id`, `notes`, `user_id`, `created_at`, `updated_at`) VALUES ('159', '85', 'out', '4.00', '0.00', '0.00', 'App\\Models\\Order', '53', 'Order #INV-20260302-0037 - SPBU SIAGA 0302', '3', '2026-03-02 11:57:47', '2026-03-02 11:57:47');
INSERT INTO `stock_movements` (`id`, `material_id`, `type`, `quantity`, `unit_price`, `total_price`, `reference_type`, `reference_id`, `notes`, `user_id`, `created_at`, `updated_at`) VALUES ('160', '61', 'out', '6.97', '0.00', '0.00', 'App\\Models\\Order', '54', 'Order #INV-20260302-0038 - STIKER JEFRAN 1', '3', '2026-03-02 12:00:54', '2026-03-02 12:00:54');
INSERT INTO `stock_movements` (`id`, `material_id`, `type`, `quantity`, `unit_price`, `total_price`, `reference_type`, `reference_id`, `notes`, `user_id`, `created_at`, `updated_at`) VALUES ('161', '82', 'out', '6.97', '0.00', '0.00', 'App\\Models\\Order', '54', 'Order #INV-20260302-0038 - STIKER JEFRAN 1', '3', '2026-03-02 12:00:54', '2026-03-02 12:00:54');
INSERT INTO `stock_movements` (`id`, `material_id`, `type`, `quantity`, `unit_price`, `total_price`, `reference_type`, `reference_id`, `notes`, `user_id`, `created_at`, `updated_at`) VALUES ('162', '57', 'out', '5.00', '0.00', '0.00', 'App\\Models\\Order', '55', 'Order #INV-20260302-0039 - kripik n3', '19', '2026-03-02 12:01:36', '2026-03-02 12:01:36');
INSERT INTO `stock_movements` (`id`, `material_id`, `type`, `quantity`, `unit_price`, `total_price`, `reference_type`, `reference_id`, `notes`, `user_id`, `created_at`, `updated_at`) VALUES ('163', '91', 'out', '5.00', '0.00', '0.00', 'App\\Models\\Order', '55', 'Order #INV-20260302-0039 - kripik n3', '19', '2026-03-02 12:01:36', '2026-03-02 12:01:36');
INSERT INTO `stock_movements` (`id`, `material_id`, `type`, `quantity`, `unit_price`, `total_price`, `reference_type`, `reference_id`, `notes`, `user_id`, `created_at`, `updated_at`) VALUES ('164', '47', 'out', '3.00', '0.00', '0.00', 'App\\Models\\Order', '56', 'Order #INV-20260302-0040 - jourell', '3', '2026-03-02 12:03:01', '2026-03-02 12:03:01');
INSERT INTO `stock_movements` (`id`, `material_id`, `type`, `quantity`, `unit_price`, `total_price`, `reference_type`, `reference_id`, `notes`, `user_id`, `created_at`, `updated_at`) VALUES ('165', '57', 'out', '70.00', '0.00', '0.00', 'App\\Models\\Order', '57', 'Order #INV-20260302-0041 - BAGUS RAMADI ASPAL', '23', '2026-03-02 12:04:00', '2026-03-02 12:04:00');
INSERT INTO `stock_movements` (`id`, `material_id`, `type`, `quantity`, `unit_price`, `total_price`, `reference_type`, `reference_id`, `notes`, `user_id`, `created_at`, `updated_at`) VALUES ('166', '57', 'in', '70.00', '0.00', '0.00', 'App\\Models\\Order', '57', 'Stok dikembalikan - Edit Order #INV-20260302-0041', '23', '2026-03-02 12:04:29', '2026-03-02 12:04:29');
INSERT INTO `stock_movements` (`id`, `material_id`, `type`, `quantity`, `unit_price`, `total_price`, `reference_type`, `reference_id`, `notes`, `user_id`, `created_at`, `updated_at`) VALUES ('167', '85', 'out', '3.00', '0.00', '0.00', 'App\\Models\\Order', '58', 'Order #INV-20260302-0042 - kunjungan', '19', '2026-03-02 12:04:35', '2026-03-02 12:04:35');
INSERT INTO `stock_movements` (`id`, `material_id`, `type`, `quantity`, `unit_price`, `total_price`, `reference_type`, `reference_id`, `notes`, `user_id`, `created_at`, `updated_at`) VALUES ('168', '47', 'out', '22.00', '0.00', '0.00', 'App\\Models\\Order', '59', 'Order #INV-20260302-0043 - kotrek 1', '3', '2026-03-02 12:06:25', '2026-03-02 12:06:25');
INSERT INTO `stock_movements` (`id`, `material_id`, `type`, `quantity`, `unit_price`, `total_price`, `reference_type`, `reference_id`, `notes`, `user_id`, `created_at`, `updated_at`) VALUES ('169', '57', 'out', '3.00', '0.00', '0.00', 'App\\Models\\Order', '59', 'Order #INV-20260302-0043 - dua putri 0203', '3', '2026-03-02 12:06:25', '2026-03-02 12:06:25');
INSERT INTO `stock_movements` (`id`, `material_id`, `type`, `quantity`, `unit_price`, `total_price`, `reference_type`, `reference_id`, `notes`, `user_id`, `created_at`, `updated_at`) VALUES ('170', '91', 'out', '3.00', '0.00', '0.00', 'App\\Models\\Order', '59', 'Order #INV-20260302-0043 - dua putri 0203', '3', '2026-03-02 12:06:25', '2026-03-02 12:06:25');
INSERT INTO `stock_movements` (`id`, `material_id`, `type`, `quantity`, `unit_price`, `total_price`, `reference_type`, `reference_id`, `notes`, `user_id`, `created_at`, `updated_at`) VALUES ('171', '57', 'out', '10.00', '0.00', '0.00', 'App\\Models\\Order', '60', 'Order #INV-20260302-0044 - tungku ikol kue', '19', '2026-03-02 12:08:33', '2026-03-02 12:08:33');
INSERT INTO `stock_movements` (`id`, `material_id`, `type`, `quantity`, `unit_price`, `total_price`, `reference_type`, `reference_id`, `notes`, `user_id`, `created_at`, `updated_at`) VALUES ('172', '91', 'out', '10.00', '0.00', '0.00', 'App\\Models\\Order', '60', 'Order #INV-20260302-0044 - tungku ikol kue', '19', '2026-03-02 12:08:33', '2026-03-02 12:08:33');
INSERT INTO `stock_movements` (`id`, `material_id`, `type`, `quantity`, `unit_price`, `total_price`, `reference_type`, `reference_id`, `notes`, `user_id`, `created_at`, `updated_at`) VALUES ('173', '59', 'out', '19.00', '0.00', '0.00', 'App\\Models\\Order', '61', 'Order #INV-20260302-0045 - from 0203', '3', '2026-03-02 12:08:53', '2026-03-02 12:08:53');
INSERT INTO `stock_movements` (`id`, `material_id`, `type`, `quantity`, `unit_price`, `total_price`, `reference_type`, `reference_id`, `notes`, `user_id`, `created_at`, `updated_at`) VALUES ('174', '68', 'out', '19.00', '0.00', '0.00', 'App\\Models\\Order', '61', 'Order #INV-20260302-0045 - from 0203', '3', '2026-03-02 12:08:53', '2026-03-02 12:08:53');
INSERT INTO `stock_movements` (`id`, `material_id`, `type`, `quantity`, `unit_price`, `total_price`, `reference_type`, `reference_id`, `notes`, `user_id`, `created_at`, `updated_at`) VALUES ('175', '47', 'out', '1.00', '0.00', '0.00', 'App\\Models\\Order', '62', 'Order #INV-20260302-0046 - agz 0203', '3', '2026-03-02 12:10:33', '2026-03-02 12:10:33');
INSERT INTO `stock_movements` (`id`, `material_id`, `type`, `quantity`, `unit_price`, `total_price`, `reference_type`, `reference_id`, `notes`, `user_id`, `created_at`, `updated_at`) VALUES ('176', '57', 'out', '6.00', '0.00', '0.00', 'App\\Models\\Order', '63', 'Order #INV-20260302-0047 - wannagive campur', '23', '2026-03-02 12:16:44', '2026-03-02 12:16:44');
INSERT INTO `stock_movements` (`id`, `material_id`, `type`, `quantity`, `unit_price`, `total_price`, `reference_type`, `reference_id`, `notes`, `user_id`, `created_at`, `updated_at`) VALUES ('177', '47', 'out', '5.00', '0.00', '0.00', 'App\\Models\\Order', '63', 'Order #INV-20260302-0047 - wannagive campur', '23', '2026-03-02 12:16:44', '2026-03-02 12:16:44');
INSERT INTO `stock_movements` (`id`, `material_id`, `type`, `quantity`, `unit_price`, `total_price`, `reference_type`, `reference_id`, `notes`, `user_id`, `created_at`, `updated_at`) VALUES ('178', '87', 'out', '10.50', '0.00', '0.00', 'App\\Models\\Order', '64', 'Order #INV-20260302-0048 - KRAKOTA', '20', '2026-03-02 12:50:33', '2026-03-02 12:50:33');
INSERT INTO `stock_movements` (`id`, `material_id`, `type`, `quantity`, `unit_price`, `total_price`, `reference_type`, `reference_id`, `notes`, `user_id`, `created_at`, `updated_at`) VALUES ('179', '87', 'in', '10.50', '0.00', '0.00', 'App\\Models\\Order', '64', 'Stok dikembalikan - Edit Order #INV-20260302-0048', '20', '2026-03-02 12:50:47', '2026-03-02 12:50:47');
INSERT INTO `stock_movements` (`id`, `material_id`, `type`, `quantity`, `unit_price`, `total_price`, `reference_type`, `reference_id`, `notes`, `user_id`, `created_at`, `updated_at`) VALUES ('180', '54', 'out', '50.00', '0.00', '0.00', 'App\\Models\\Order', '65', 'Order #INV-20260302-0049 - xu ping ok', '20', '2026-03-02 13:00:18', '2026-03-02 13:00:18');
INSERT INTO `stock_movements` (`id`, `material_id`, `type`, `quantity`, `unit_price`, `total_price`, `reference_type`, `reference_id`, `notes`, `user_id`, `created_at`, `updated_at`) VALUES ('181', '54', 'in', '50.00', '0.00', '0.00', 'App\\Models\\Order', '65', 'Stok dikembalikan - Edit Order #INV-20260302-0049', '20', '2026-03-02 13:01:21', '2026-03-02 13:01:21');
INSERT INTO `stock_movements` (`id`, `material_id`, `type`, `quantity`, `unit_price`, `total_price`, `reference_type`, `reference_id`, `notes`, `user_id`, `created_at`, `updated_at`) VALUES ('182', '57', 'out', '1.00', '0.00', '0.00', 'App\\Models\\Order', '66', 'Order #INV-20260302-0050 - warung snack', '19', '2026-03-02 13:02:17', '2026-03-02 13:02:17');
INSERT INTO `stock_movements` (`id`, `material_id`, `type`, `quantity`, `unit_price`, `total_price`, `reference_type`, `reference_id`, `notes`, `user_id`, `created_at`, `updated_at`) VALUES ('183', '91', 'out', '1.00', '0.00', '0.00', 'App\\Models\\Order', '66', 'Order #INV-20260302-0050 - warung snack', '19', '2026-03-02 13:02:17', '2026-03-02 13:02:17');
INSERT INTO `stock_movements` (`id`, `material_id`, `type`, `quantity`, `unit_price`, `total_price`, `reference_type`, `reference_id`, `notes`, `user_id`, `created_at`, `updated_at`) VALUES ('184', '44', 'out', '2.00', '0.00', '0.00', 'App\\Models\\Order', '67', 'Order #INV-20260302-0051 - ABAH AING', '20', '2026-03-02 13:04:06', '2026-03-02 13:04:06');
INSERT INTO `stock_movements` (`id`, `material_id`, `type`, `quantity`, `unit_price`, `total_price`, `reference_type`, `reference_id`, `notes`, `user_id`, `created_at`, `updated_at`) VALUES ('185', '47', 'out', '20.00', '0.00', '0.00', 'App\\Models\\Order', '68', 'Order #INV-20260302-0052 - rizki steven', '19', '2026-03-02 13:04:47', '2026-03-02 13:04:47');
INSERT INTO `stock_movements` (`id`, `material_id`, `type`, `quantity`, `unit_price`, `total_price`, `reference_type`, `reference_id`, `notes`, `user_id`, `created_at`, `updated_at`) VALUES ('186', '47', 'out', '4.00', '0.00', '0.00', 'App\\Models\\Order', '69', 'Order #INV-20260302-0053 - idul fitri 0203', '19', '2026-03-02 13:06:21', '2026-03-02 13:06:21');
INSERT INTO `stock_movements` (`id`, `material_id`, `type`, `quantity`, `unit_price`, `total_price`, `reference_type`, `reference_id`, `notes`, `user_id`, `created_at`, `updated_at`) VALUES ('187', '85', 'out', '1.00', '0.00', '0.00', 'App\\Models\\Order', '70', 'Order #INV-20260302-0054 - AL MUKMIN', '20', '2026-03-02 13:07:38', '2026-03-02 13:07:38');
INSERT INTO `stock_movements` (`id`, `material_id`, `type`, `quantity`, `unit_price`, `total_price`, `reference_type`, `reference_id`, `notes`, `user_id`, `created_at`, `updated_at`) VALUES ('188', '59', 'out', '10.00', '0.00', '0.00', 'App\\Models\\Order', '71', 'Order #INV-20260302-0055 - Glowing sunscreen', '3', '2026-03-02 13:07:53', '2026-03-02 13:07:53');
INSERT INTO `stock_movements` (`id`, `material_id`, `type`, `quantity`, `unit_price`, `total_price`, `reference_type`, `reference_id`, `notes`, `user_id`, `created_at`, `updated_at`) VALUES ('189', '59', 'out', '3.00', '0.00', '0.00', 'App\\Models\\Order', '71', 'Order #INV-20260302-0055 - new boosting white', '3', '2026-03-02 13:07:53', '2026-03-02 13:07:53');
INSERT INTO `stock_movements` (`id`, `material_id`, `type`, `quantity`, `unit_price`, `total_price`, `reference_type`, `reference_id`, `notes`, `user_id`, `created_at`, `updated_at`) VALUES ('190', '85', 'out', '3.75', '0.00', '0.00', 'App\\Models\\Order', '72', 'Order #INV-20260302-0056 - HUT PWKI', '20', '2026-03-02 13:10:09', '2026-03-02 13:10:09');
INSERT INTO `stock_movements` (`id`, `material_id`, `type`, `quantity`, `unit_price`, `total_price`, `reference_type`, `reference_id`, `notes`, `user_id`, `created_at`, `updated_at`) VALUES ('191', '85', 'in', '3.75', '0.00', '0.00', 'App\\Models\\Order', '72', 'Stok dikembalikan - Edit Order #INV-20260302-0056', '20', '2026-03-02 13:10:20', '2026-03-02 13:10:20');
INSERT INTO `stock_movements` (`id`, `material_id`, `type`, `quantity`, `unit_price`, `total_price`, `reference_type`, `reference_id`, `notes`, `user_id`, `created_at`, `updated_at`) VALUES ('192', '57', 'out', '50.00', '0.00', '0.00', 'App\\Models\\Order', '73', 'Order #INV-20260302-0057 - mayang sari 0203', '19', '2026-03-02 13:12:35', '2026-03-02 13:12:35');
INSERT INTO `stock_movements` (`id`, `material_id`, `type`, `quantity`, `unit_price`, `total_price`, `reference_type`, `reference_id`, `notes`, `user_id`, `created_at`, `updated_at`) VALUES ('193', '91', 'out', '50.00', '0.00', '0.00', 'App\\Models\\Order', '73', 'Order #INV-20260302-0057 - mayang sari 0203', '19', '2026-03-02 13:12:35', '2026-03-02 13:12:35');
INSERT INTO `stock_movements` (`id`, `material_id`, `type`, `quantity`, `unit_price`, `total_price`, `reference_type`, `reference_id`, `notes`, `user_id`, `created_at`, `updated_at`) VALUES ('194', '59', 'out', '1.00', '0.00', '0.00', 'App\\Models\\Order', '74', 'Order #INV-20260302-0058 - kementerian', '3', '2026-03-02 13:13:07', '2026-03-02 13:13:07');
INSERT INTO `stock_movements` (`id`, `material_id`, `type`, `quantity`, `unit_price`, `total_price`, `reference_type`, `reference_id`, `notes`, `user_id`, `created_at`, `updated_at`) VALUES ('195', '68', 'out', '1.00', '0.00', '0.00', 'App\\Models\\Order', '74', 'Order #INV-20260302-0058 - kementerian', '3', '2026-03-02 13:13:07', '2026-03-02 13:13:07');
INSERT INTO `stock_movements` (`id`, `material_id`, `type`, `quantity`, `unit_price`, `total_price`, `reference_type`, `reference_id`, `notes`, `user_id`, `created_at`, `updated_at`) VALUES ('196', '91', 'out', '1.00', '0.00', '0.00', 'App\\Models\\Order', '74', 'Order #INV-20260302-0058 - kementerian', '3', '2026-03-02 13:13:07', '2026-03-02 13:13:07');
INSERT INTO `stock_movements` (`id`, `material_id`, `type`, `quantity`, `unit_price`, `total_price`, `reference_type`, `reference_id`, `notes`, `user_id`, `created_at`, `updated_at`) VALUES ('197', '47', 'out', '80.00', '0.00', '0.00', 'App\\Models\\Order', '75', 'Order #INV-20260302-0059 - restu siska 210', '23', '2026-03-02 13:17:30', '2026-03-02 13:17:30');
INSERT INTO `stock_movements` (`id`, `material_id`, `type`, `quantity`, `unit_price`, `total_price`, `reference_type`, `reference_id`, `notes`, `user_id`, `created_at`, `updated_at`) VALUES ('198', '47', 'in', '80.00', '0.00', '0.00', 'App\\Models\\Order', '75', 'Stok dikembalikan - Edit Order #INV-20260302-0059', '23', '2026-03-02 13:18:02', '2026-03-02 13:18:02');
INSERT INTO `stock_movements` (`id`, `material_id`, `type`, `quantity`, `unit_price`, `total_price`, `reference_type`, `reference_id`, `notes`, `user_id`, `created_at`, `updated_at`) VALUES ('199', '59', 'out', '2.00', '0.00', '0.00', 'App\\Models\\Order', '76', 'Order #INV-20260302-0060 - symphony stiker', '19', '2026-03-02 13:20:42', '2026-03-02 13:20:42');
INSERT INTO `stock_movements` (`id`, `material_id`, `type`, `quantity`, `unit_price`, `total_price`, `reference_type`, `reference_id`, `notes`, `user_id`, `created_at`, `updated_at`) VALUES ('200', '68', 'out', '2.00', '0.00', '0.00', 'App\\Models\\Order', '76', 'Order #INV-20260302-0060 - symphony stiker', '19', '2026-03-02 13:20:42', '2026-03-02 13:20:42');
INSERT INTO `stock_movements` (`id`, `material_id`, `type`, `quantity`, `unit_price`, `total_price`, `reference_type`, `reference_id`, `notes`, `user_id`, `created_at`, `updated_at`) VALUES ('201', '91', 'out', '2.00', '0.00', '0.00', 'App\\Models\\Order', '76', 'Order #INV-20260302-0060 - symphony stiker', '19', '2026-03-02 13:20:42', '2026-03-02 13:20:42');
INSERT INTO `stock_movements` (`id`, `material_id`, `type`, `quantity`, `unit_price`, `total_price`, `reference_type`, `reference_id`, `notes`, `user_id`, `created_at`, `updated_at`) VALUES ('202', '85', 'out', '0.80', '0.00', '0.00', 'App\\Models\\Order', '77', 'Order #INV-20260302-0061 - STOP A- STOP B', '20', '2026-03-02 13:24:06', '2026-03-02 13:24:06');
INSERT INTO `stock_movements` (`id`, `material_id`, `type`, `quantity`, `unit_price`, `total_price`, `reference_type`, `reference_id`, `notes`, `user_id`, `created_at`, `updated_at`) VALUES ('203', '85', 'in', '0.80', '0.00', '0.00', 'App\\Models\\Order', '77', 'Stok dikembalikan - Edit Order #INV-20260302-0061', '20', '2026-03-02 13:24:23', '2026-03-02 13:24:23');
INSERT INTO `stock_movements` (`id`, `material_id`, `type`, `quantity`, `unit_price`, `total_price`, `reference_type`, `reference_id`, `notes`, `user_id`, `created_at`, `updated_at`) VALUES ('204', '50', 'out', '5.00', '0.00', '0.00', 'App\\Models\\Order', '78', 'Order #INV-20260302-0062 - SI MANIS 310', '23', '2026-03-02 13:25:56', '2026-03-02 13:25:56');
INSERT INTO `stock_movements` (`id`, `material_id`, `type`, `quantity`, `unit_price`, `total_price`, `reference_type`, `reference_id`, `notes`, `user_id`, `created_at`, `updated_at`) VALUES ('205', '57', 'out', '6.00', '0.00', '0.00', 'App\\Models\\Order', '78', 'Order #INV-20260302-0062 - si manis hijau new', '23', '2026-03-02 13:25:56', '2026-03-02 13:25:56');
INSERT INTO `stock_movements` (`id`, `material_id`, `type`, `quantity`, `unit_price`, `total_price`, `reference_type`, `reference_id`, `notes`, `user_id`, `created_at`, `updated_at`) VALUES ('206', '57', 'out', '6.00', '0.00', '0.00', 'App\\Models\\Order', '79', 'Order #INV-20260302-0063 - ngabubu thrift (@3 lembar)', '19', '2026-03-02 13:30:08', '2026-03-02 13:30:08');
INSERT INTO `stock_movements` (`id`, `material_id`, `type`, `quantity`, `unit_price`, `total_price`, `reference_type`, `reference_id`, `notes`, `user_id`, `created_at`, `updated_at`) VALUES ('207', '91', 'out', '6.00', '0.00', '0.00', 'App\\Models\\Order', '79', 'Order #INV-20260302-0063 - ngabubu thrift', '19', '2026-03-02 13:30:08', '2026-03-02 13:30:08');
INSERT INTO `stock_movements` (`id`, `material_id`, `type`, `quantity`, `unit_price`, `total_price`, `reference_type`, `reference_id`, `notes`, `user_id`, `created_at`, `updated_at`) VALUES ('208', '61', 'out', '1.48', '0.00', '0.00', 'App\\Models\\Order', '80', 'Order #INV-20260302-0064 - dilarang 1', '3', '2026-03-02 13:31:21', '2026-03-02 13:31:21');
INSERT INTO `stock_movements` (`id`, `material_id`, `type`, `quantity`, `unit_price`, `total_price`, `reference_type`, `reference_id`, `notes`, `user_id`, `created_at`, `updated_at`) VALUES ('209', '81', 'out', '1.48', '0.00', '0.00', 'App\\Models\\Order', '80', 'Order #INV-20260302-0064 - dilarang 1', '3', '2026-03-02 13:31:21', '2026-03-02 13:31:21');
INSERT INTO `stock_movements` (`id`, `material_id`, `type`, `quantity`, `unit_price`, `total_price`, `reference_type`, `reference_id`, `notes`, `user_id`, `created_at`, `updated_at`) VALUES ('210', '61', 'out', '1.01', '0.00', '0.00', 'App\\Models\\Order', '80', 'Order #INV-20260302-0064 - spbu 0203', '3', '2026-03-02 13:31:21', '2026-03-02 13:31:21');
INSERT INTO `stock_movements` (`id`, `material_id`, `type`, `quantity`, `unit_price`, `total_price`, `reference_type`, `reference_id`, `notes`, `user_id`, `created_at`, `updated_at`) VALUES ('211', '81', 'out', '1.01', '0.00', '0.00', 'App\\Models\\Order', '80', 'Order #INV-20260302-0064 - spbu 0203', '3', '2026-03-02 13:31:21', '2026-03-02 13:31:21');
INSERT INTO `stock_movements` (`id`, `material_id`, `type`, `quantity`, `unit_price`, `total_price`, `reference_type`, `reference_id`, `notes`, `user_id`, `created_at`, `updated_at`) VALUES ('212', '59', 'out', '5.00', '0.00', '0.00', 'App\\Models\\Order', '81', 'Order #INV-20260302-0065 - bybels', '20', '2026-03-02 13:39:18', '2026-03-02 13:39:18');
INSERT INTO `stock_movements` (`id`, `material_id`, `type`, `quantity`, `unit_price`, `total_price`, `reference_type`, `reference_id`, `notes`, `user_id`, `created_at`, `updated_at`) VALUES ('213', '91', 'out', '5.00', '0.00', '0.00', 'App\\Models\\Order', '81', 'Order #INV-20260302-0065 - bybels', '20', '2026-03-02 13:39:18', '2026-03-02 13:39:18');
INSERT INTO `stock_movements` (`id`, `material_id`, `type`, `quantity`, `unit_price`, `total_price`, `reference_type`, `reference_id`, `notes`, `user_id`, `created_at`, `updated_at`) VALUES ('214', '57', 'out', '8.00', '0.00', '0.00', 'App\\Models\\Order', '82', 'Order #INV-20260302-0066 - wanga 0203', '19', '2026-03-02 13:41:20', '2026-03-02 13:41:20');
INSERT INTO `stock_movements` (`id`, `material_id`, `type`, `quantity`, `unit_price`, `total_price`, `reference_type`, `reference_id`, `notes`, `user_id`, `created_at`, `updated_at`) VALUES ('215', '57', 'in', '8.00', '0.00', '0.00', 'App\\Models\\Order', '82', 'Stok dikembalikan - Edit Order #INV-20260302-0066', '19', '2026-03-02 13:42:43', '2026-03-02 13:42:43');
INSERT INTO `stock_movements` (`id`, `material_id`, `type`, `quantity`, `unit_price`, `total_price`, `reference_type`, `reference_id`, `notes`, `user_id`, `created_at`, `updated_at`) VALUES ('216', '57', 'out', '8.00', '0.00', '0.00', 'App\\Models\\Order', '82', 'Order #INV-20260302-0066 - wanga 0203', '19', '2026-03-02 13:42:43', '2026-03-02 13:42:43');
INSERT INTO `stock_movements` (`id`, `material_id`, `type`, `quantity`, `unit_price`, `total_price`, `reference_type`, `reference_id`, `notes`, `user_id`, `created_at`, `updated_at`) VALUES ('217', '91', 'out', '8.00', '0.00', '0.00', 'App\\Models\\Order', '82', 'Order #INV-20260302-0066 - wanga 0203', '19', '2026-03-02 13:42:43', '2026-03-02 13:42:43');
INSERT INTO `stock_movements` (`id`, `material_id`, `type`, `quantity`, `unit_price`, `total_price`, `reference_type`, `reference_id`, `notes`, `user_id`, `created_at`, `updated_at`) VALUES ('218', '47', 'out', '50.00', '0.00', '0.00', 'App\\Models\\Order', '83', 'Order #INV-20260302-0067 - bead sol', '20', '2026-03-02 13:43:58', '2026-03-02 13:43:58');
INSERT INTO `stock_movements` (`id`, `material_id`, `type`, `quantity`, `unit_price`, `total_price`, `reference_type`, `reference_id`, `notes`, `user_id`, `created_at`, `updated_at`) VALUES ('219', '85', 'in', '2.00', '0.00', '0.00', 'App\\Models\\Order', '44', 'Stok dikembalikan - Edit Order #INV-20260302-0028', '19', '2026-03-02 13:48:30', '2026-03-02 13:48:30');
INSERT INTO `stock_movements` (`id`, `material_id`, `type`, `quantity`, `unit_price`, `total_price`, `reference_type`, `reference_id`, `notes`, `user_id`, `created_at`, `updated_at`) VALUES ('220', '85', 'in', '3.70', '0.00', '0.00', 'App\\Models\\Order', '44', 'Stok dikembalikan - Edit Order #INV-20260302-0028', '19', '2026-03-02 13:48:30', '2026-03-02 13:48:30');
INSERT INTO `stock_movements` (`id`, `material_id`, `type`, `quantity`, `unit_price`, `total_price`, `reference_type`, `reference_id`, `notes`, `user_id`, `created_at`, `updated_at`) VALUES ('221', '85', 'in', '1.46', '0.00', '0.00', 'App\\Models\\Order', '44', 'Stok dikembalikan - Edit Order #INV-20260302-0028', '19', '2026-03-02 13:48:30', '2026-03-02 13:48:30');
INSERT INTO `stock_movements` (`id`, `material_id`, `type`, `quantity`, `unit_price`, `total_price`, `reference_type`, `reference_id`, `notes`, `user_id`, `created_at`, `updated_at`) VALUES ('222', '46', 'out', '42.00', '0.00', '0.00', 'App\\Models\\Order', '84', 'Order #INV-20260302-0068 - launa cendikia', '19', '2026-03-02 13:49:10', '2026-03-02 13:49:10');
INSERT INTO `stock_movements` (`id`, `material_id`, `type`, `quantity`, `unit_price`, `total_price`, `reference_type`, `reference_id`, `notes`, `user_id`, `created_at`, `updated_at`) VALUES ('223', '90', 'out', '10.00', '0.00', '0.00', 'App\\Models\\Order', '85', 'Order #INV-20260302-0069 - tn chandra', '3', '2026-03-02 13:51:59', '2026-03-02 13:51:59');
INSERT INTO `stock_movements` (`id`, `material_id`, `type`, `quantity`, `unit_price`, `total_price`, `reference_type`, `reference_id`, `notes`, `user_id`, `created_at`, `updated_at`) VALUES ('224', '61', 'in', '0.60', '0.00', '0.00', 'App\\Models\\Order', '32', 'Stok dikembalikan - Edit Order #INV-20260302-0016', '3', '2026-03-02 13:52:58', '2026-03-02 13:52:58');
INSERT INTO `stock_movements` (`id`, `material_id`, `type`, `quantity`, `unit_price`, `total_price`, `reference_type`, `reference_id`, `notes`, `user_id`, `created_at`, `updated_at`) VALUES ('225', '57', 'out', '2.00', '0.00', '0.00', 'App\\Models\\Order', '86', 'Order #INV-20260302-0070 - kychii', '19', '2026-03-02 13:55:15', '2026-03-02 13:55:15');
INSERT INTO `stock_movements` (`id`, `material_id`, `type`, `quantity`, `unit_price`, `total_price`, `reference_type`, `reference_id`, `notes`, `user_id`, `created_at`, `updated_at`) VALUES ('226', '91', 'out', '2.00', '0.00', '0.00', 'App\\Models\\Order', '86', 'Order #INV-20260302-0070 - kychii', '19', '2026-03-02 13:55:15', '2026-03-02 13:55:15');
INSERT INTO `stock_movements` (`id`, `material_id`, `type`, `quantity`, `unit_price`, `total_price`, `reference_type`, `reference_id`, `notes`, `user_id`, `created_at`, `updated_at`) VALUES ('227', '50', 'out', '11.00', '0.00', '0.00', 'App\\Models\\Order', '87', 'Order #INV-20260302-0071 - tag sale 1', '3', '2026-03-02 13:58:19', '2026-03-02 13:58:19');
INSERT INTO `stock_movements` (`id`, `material_id`, `type`, `quantity`, `unit_price`, `total_price`, `reference_type`, `reference_id`, `notes`, `user_id`, `created_at`, `updated_at`) VALUES ('228', '57', 'out', '3.00', '0.00', '0.00', 'App\\Models\\Order', '88', 'Order #INV-20260302-0072 - parfum abu', '19', '2026-03-02 14:03:17', '2026-03-02 14:03:17');
INSERT INTO `stock_movements` (`id`, `material_id`, `type`, `quantity`, `unit_price`, `total_price`, `reference_type`, `reference_id`, `notes`, `user_id`, `created_at`, `updated_at`) VALUES ('229', '91', 'out', '3.00', '0.00', '0.00', 'App\\Models\\Order', '88', 'Order #INV-20260302-0072 - parfum abu', '19', '2026-03-02 14:03:17', '2026-03-02 14:03:17');
INSERT INTO `stock_movements` (`id`, `material_id`, `type`, `quantity`, `unit_price`, `total_price`, `reference_type`, `reference_id`, `notes`, `user_id`, `created_at`, `updated_at`) VALUES ('230', '68', 'out', '3.00', '0.00', '0.00', 'App\\Models\\Order', '88', 'Order #INV-20260302-0072 - parfum abu', '19', '2026-03-02 14:03:17', '2026-03-02 14:03:17');
INSERT INTO `stock_movements` (`id`, `material_id`, `type`, `quantity`, `unit_price`, `total_price`, `reference_type`, `reference_id`, `notes`, `user_id`, `created_at`, `updated_at`) VALUES ('231', '48', 'out', '1.00', '0.00', '0.00', 'App\\Models\\Order', '89', 'Order #INV-20260302-0073 - Undangan Hoki 6', '23', '2026-03-02 14:04:47', '2026-03-02 14:04:47');
INSERT INTO `stock_movements` (`id`, `material_id`, `type`, `quantity`, `unit_price`, `total_price`, `reference_type`, `reference_id`, `notes`, `user_id`, `created_at`, `updated_at`) VALUES ('232', '86', 'in', '25.00', '0.00', '0.00', 'App\\Models\\Order', '40', 'Stok dikembalikan - Batal Order #INV-20260302-0024', '16', '2026-03-02 14:08:24', '2026-03-02 14:08:24');
INSERT INTO `stock_movements` (`id`, `material_id`, `type`, `quantity`, `unit_price`, `total_price`, `reference_type`, `reference_id`, `notes`, `user_id`, `created_at`, `updated_at`) VALUES ('233', '85', 'out', '16.00', '0.00', '0.00', 'App\\Models\\Order', '90', 'Order #INV-20260302-0074 - ngabubu 01-02', '19', '2026-03-02 14:10:00', '2026-03-02 14:10:00');
INSERT INTO `stock_movements` (`id`, `material_id`, `type`, `quantity`, `unit_price`, `total_price`, `reference_type`, `reference_id`, `notes`, `user_id`, `created_at`, `updated_at`) VALUES ('234', '85', 'out', '4.50', '0.00', '0.00', 'App\\Models\\Order', '90', 'Order #INV-20260302-0074 - ngabubu 03', '19', '2026-03-02 14:10:00', '2026-03-02 14:10:00');
INSERT INTO `stock_movements` (`id`, `material_id`, `type`, `quantity`, `unit_price`, `total_price`, `reference_type`, `reference_id`, `notes`, `user_id`, `created_at`, `updated_at`) VALUES ('235', '45', 'out', '5.00', '0.00', '0.00', 'App\\Models\\Order', '91', 'Order #INV-20260302-0075 - lamondo', '20', '2026-03-02 14:10:26', '2026-03-02 14:10:26');
INSERT INTO `stock_movements` (`id`, `material_id`, `type`, `quantity`, `unit_price`, `total_price`, `reference_type`, `reference_id`, `notes`, `user_id`, `created_at`, `updated_at`) VALUES ('236', '47', 'out', '1.00', '0.00', '0.00', 'App\\Models\\Order', '92', 'Order #INV-20260302-0076 - kotak build', '19', '2026-03-02 14:12:02', '2026-03-02 14:12:02');
INSERT INTO `stock_movements` (`id`, `material_id`, `type`, `quantity`, `unit_price`, `total_price`, `reference_type`, `reference_id`, `notes`, `user_id`, `created_at`, `updated_at`) VALUES ('237', '85', 'out', '1.00', '0.00', '0.00', 'App\\Models\\Order', '93', 'Order #INV-20260302-0077 - bazar jilbab', '19', '2026-03-02 14:15:48', '2026-03-02 14:15:48');
INSERT INTO `stock_movements` (`id`, `material_id`, `type`, `quantity`, `unit_price`, `total_price`, `reference_type`, `reference_id`, `notes`, `user_id`, `created_at`, `updated_at`) VALUES ('238', '57', 'out', '10.00', '0.00', '0.00', 'App\\Models\\Order', '94', 'Order #INV-20260302-0078 - faris barokah', '20', '2026-03-02 14:16:09', '2026-03-02 14:16:09');
INSERT INTO `stock_movements` (`id`, `material_id`, `type`, `quantity`, `unit_price`, `total_price`, `reference_type`, `reference_id`, `notes`, `user_id`, `created_at`, `updated_at`) VALUES ('239', '59', 'out', '100.00', '0.00', '0.00', 'App\\Models\\Order', '95', 'Order #INV-20260302-0079 - royal queen 2026', '19', '2026-03-02 14:20:43', '2026-03-02 14:20:43');
INSERT INTO `stock_movements` (`id`, `material_id`, `type`, `quantity`, `unit_price`, `total_price`, `reference_type`, `reference_id`, `notes`, `user_id`, `created_at`, `updated_at`) VALUES ('240', '91', 'out', '100.00', '0.00', '0.00', 'App\\Models\\Order', '95', 'Order #INV-20260302-0079 - royal queen 2026', '19', '2026-03-02 14:20:43', '2026-03-02 14:20:43');
INSERT INTO `stock_movements` (`id`, `material_id`, `type`, `quantity`, `unit_price`, `total_price`, `reference_type`, `reference_id`, `notes`, `user_id`, `created_at`, `updated_at`) VALUES ('241', '48', 'in', '1.00', '0.00', '0.00', 'App\\Models\\Order', '89', 'Stok dikembalikan - Edit Order #INV-20260302-0073', '23', '2026-03-02 14:23:23', '2026-03-02 14:23:23');
INSERT INTO `stock_movements` (`id`, `material_id`, `type`, `quantity`, `unit_price`, `total_price`, `reference_type`, `reference_id`, `notes`, `user_id`, `created_at`, `updated_at`) VALUES ('242', '57', 'out', '2.00', '0.00', '0.00', 'App\\Models\\Order', '96', 'Order #INV-20260302-0080 - kitchen rrr', '3', '2026-03-02 14:23:45', '2026-03-02 14:23:45');
INSERT INTO `stock_movements` (`id`, `material_id`, `type`, `quantity`, `unit_price`, `total_price`, `reference_type`, `reference_id`, `notes`, `user_id`, `created_at`, `updated_at`) VALUES ('243', '91', 'out', '2.00', '0.00', '0.00', 'App\\Models\\Order', '96', 'Order #INV-20260302-0080 - kitchen rrr', '3', '2026-03-02 14:23:45', '2026-03-02 14:23:45');
INSERT INTO `stock_movements` (`id`, `material_id`, `type`, `quantity`, `unit_price`, `total_price`, `reference_type`, `reference_id`, `notes`, `user_id`, `created_at`, `updated_at`) VALUES ('244', '57', 'out', '10.00', '0.00', '0.00', 'App\\Models\\Order', '97', 'Order #INV-20260302-0081 - akifa cakee', '20', '2026-03-02 14:32:49', '2026-03-02 14:32:49');
INSERT INTO `stock_movements` (`id`, `material_id`, `type`, `quantity`, `unit_price`, `total_price`, `reference_type`, `reference_id`, `notes`, `user_id`, `created_at`, `updated_at`) VALUES ('245', '91', 'out', '10.00', '0.00', '0.00', 'App\\Models\\Order', '97', 'Order #INV-20260302-0081 - akifa cakee', '20', '2026-03-02 14:32:49', '2026-03-02 14:32:49');
INSERT INTO `stock_movements` (`id`, `material_id`, `type`, `quantity`, `unit_price`, `total_price`, `reference_type`, `reference_id`, `notes`, `user_id`, `created_at`, `updated_at`) VALUES ('246', '48', 'out', '19.00', '0.00', '0.00', 'App\\Models\\Order', '98', 'Order #INV-20260302-0082 - briggs', '3', '2026-03-02 14:34:17', '2026-03-02 14:34:17');
INSERT INTO `stock_movements` (`id`, `material_id`, `type`, `quantity`, `unit_price`, `total_price`, `reference_type`, `reference_id`, `notes`, `user_id`, `created_at`, `updated_at`) VALUES ('247', '47', 'out', '73.00', '0.00', '0.00', 'App\\Models\\Order', '99', 'Order #INV-20260302-0083 - weton 1= 7, won 2 =13, weton 3=53', '20', '2026-03-02 14:35:56', '2026-03-02 14:35:56');
INSERT INTO `stock_movements` (`id`, `material_id`, `type`, `quantity`, `unit_price`, `total_price`, `reference_type`, `reference_id`, `notes`, `user_id`, `created_at`, `updated_at`) VALUES ('248', '47', 'in', '73.00', '0.00', '0.00', 'App\\Models\\Order', '99', 'Stok dikembalikan - Edit Order #INV-20260302-0083', '20', '2026-03-02 14:36:15', '2026-03-02 14:36:15');
INSERT INTO `stock_movements` (`id`, `material_id`, `type`, `quantity`, `unit_price`, `total_price`, `reference_type`, `reference_id`, `notes`, `user_id`, `created_at`, `updated_at`) VALUES ('249', '44', 'out', '86.00', '0.00', '0.00', 'App\\Models\\Order', '100', 'Order #INV-20260302-0084 - negeri cinta', '3', '2026-03-02 14:43:02', '2026-03-02 14:43:02');
INSERT INTO `stock_movements` (`id`, `material_id`, `type`, `quantity`, `unit_price`, `total_price`, `reference_type`, `reference_id`, `notes`, `user_id`, `created_at`, `updated_at`) VALUES ('250', '44', 'in', '86.00', '0.00', '0.00', 'App\\Models\\Order', '100', 'Stok dikembalikan - Edit Order #INV-20260302-0084', '3', '2026-03-02 14:43:34', '2026-03-02 14:43:34');
INSERT INTO `stock_movements` (`id`, `material_id`, `type`, `quantity`, `unit_price`, `total_price`, `reference_type`, `reference_id`, `notes`, `user_id`, `created_at`, `updated_at`) VALUES ('251', '44', 'out', '86.00', '0.00', '0.00', 'App\\Models\\Order', '100', 'Order #INV-20260302-0084 - negeri cinta', '3', '2026-03-02 14:43:34', '2026-03-02 14:43:34');
INSERT INTO `stock_movements` (`id`, `material_id`, `type`, `quantity`, `unit_price`, `total_price`, `reference_type`, `reference_id`, `notes`, `user_id`, `created_at`, `updated_at`) VALUES ('252', '59', 'in', '100.00', '0.00', '0.00', 'App\\Models\\Order', '95', 'Stok dikembalikan - Edit Order #INV-20260302-0079', '19', '2026-03-02 14:43:43', '2026-03-02 14:43:43');
INSERT INTO `stock_movements` (`id`, `material_id`, `type`, `quantity`, `unit_price`, `total_price`, `reference_type`, `reference_id`, `notes`, `user_id`, `created_at`, `updated_at`) VALUES ('253', '91', 'in', '100.00', '0.00', '0.00', 'App\\Models\\Order', '95', 'Stok dikembalikan - Edit Order #INV-20260302-0079', '19', '2026-03-02 14:43:43', '2026-03-02 14:43:43');
INSERT INTO `stock_movements` (`id`, `material_id`, `type`, `quantity`, `unit_price`, `total_price`, `reference_type`, `reference_id`, `notes`, `user_id`, `created_at`, `updated_at`) VALUES ('254', '44', 'in', '86.00', '0.00', '0.00', 'App\\Models\\Order', '100', 'Stok dikembalikan - Edit Order #INV-20260302-0084', '3', '2026-03-02 14:44:41', '2026-03-02 14:44:41');
INSERT INTO `stock_movements` (`id`, `material_id`, `type`, `quantity`, `unit_price`, `total_price`, `reference_type`, `reference_id`, `notes`, `user_id`, `created_at`, `updated_at`) VALUES ('255', '44', 'out', '86.00', '0.00', '0.00', 'App\\Models\\Order', '100', 'Order #INV-20260302-0084 - negeri cinta', '3', '2026-03-02 14:44:41', '2026-03-02 14:44:41');
INSERT INTO `stock_movements` (`id`, `material_id`, `type`, `quantity`, `unit_price`, `total_price`, `reference_type`, `reference_id`, `notes`, `user_id`, `created_at`, `updated_at`) VALUES ('256', '61', 'out', '0.80', '0.00', '0.00', 'App\\Models\\Order', '101', 'Order #INV-20260302-0085 - TDH FOOT', '20', '2026-03-02 14:53:13', '2026-03-02 14:53:13');
INSERT INTO `stock_movements` (`id`, `material_id`, `type`, `quantity`, `unit_price`, `total_price`, `reference_type`, `reference_id`, `notes`, `user_id`, `created_at`, `updated_at`) VALUES ('257', '61', 'out', '0.48', '0.00', '0.00', 'App\\Models\\Order', '101', 'Order #INV-20260302-0085 - HOUSE FOOT', '20', '2026-03-02 14:53:13', '2026-03-02 14:53:13');
INSERT INTO `stock_movements` (`id`, `material_id`, `type`, `quantity`, `unit_price`, `total_price`, `reference_type`, `reference_id`, `notes`, `user_id`, `created_at`, `updated_at`) VALUES ('258', '82', 'out', '0.80', '0.00', '0.00', 'App\\Models\\Order', '101', 'Order #INV-20260302-0085 - TDH FOOT', '20', '2026-03-02 14:53:13', '2026-03-02 14:53:13');
INSERT INTO `stock_movements` (`id`, `material_id`, `type`, `quantity`, `unit_price`, `total_price`, `reference_type`, `reference_id`, `notes`, `user_id`, `created_at`, `updated_at`) VALUES ('259', '82', 'out', '0.48', '0.00', '0.00', 'App\\Models\\Order', '101', 'Order #INV-20260302-0085 - HOUSEFOOT', '20', '2026-03-02 14:53:13', '2026-03-02 14:53:13');
INSERT INTO `stock_movements` (`id`, `material_id`, `type`, `quantity`, `unit_price`, `total_price`, `reference_type`, `reference_id`, `notes`, `user_id`, `created_at`, `updated_at`) VALUES ('260', '99', 'out', '1.28', '0.00', '0.00', 'App\\Models\\Order', '101', 'Order #INV-20260302-0085 - POTONGIN SEMUA', '20', '2026-03-02 14:53:13', '2026-03-02 14:53:13');
INSERT INTO `stock_movements` (`id`, `material_id`, `type`, `quantity`, `unit_price`, `total_price`, `reference_type`, `reference_id`, `notes`, `user_id`, `created_at`, `updated_at`) VALUES ('261', '57', 'out', '30.00', '0.00', '0.00', 'App\\Models\\Order', '102', 'Order #INV-20260302-0086 - boy fried 0203', '19', '2026-03-02 14:53:57', '2026-03-02 14:53:57');
INSERT INTO `stock_movements` (`id`, `material_id`, `type`, `quantity`, `unit_price`, `total_price`, `reference_type`, `reference_id`, `notes`, `user_id`, `created_at`, `updated_at`) VALUES ('262', '91', 'out', '30.00', '0.00', '0.00', 'App\\Models\\Order', '102', 'Order #INV-20260302-0086 - boy fried 0203', '19', '2026-03-02 14:53:57', '2026-03-02 14:53:57');
INSERT INTO `stock_movements` (`id`, `material_id`, `type`, `quantity`, `unit_price`, `total_price`, `reference_type`, `reference_id`, `notes`, `user_id`, `created_at`, `updated_at`) VALUES ('263', '61', 'in', '0.80', '0.00', '0.00', 'App\\Models\\Order', '101', 'Stok dikembalikan - Edit Order #INV-20260302-0085', '20', '2026-03-02 14:55:37', '2026-03-02 14:55:37');
INSERT INTO `stock_movements` (`id`, `material_id`, `type`, `quantity`, `unit_price`, `total_price`, `reference_type`, `reference_id`, `notes`, `user_id`, `created_at`, `updated_at`) VALUES ('264', '61', 'in', '0.48', '0.00', '0.00', 'App\\Models\\Order', '101', 'Stok dikembalikan - Edit Order #INV-20260302-0085', '20', '2026-03-02 14:55:37', '2026-03-02 14:55:37');
INSERT INTO `stock_movements` (`id`, `material_id`, `type`, `quantity`, `unit_price`, `total_price`, `reference_type`, `reference_id`, `notes`, `user_id`, `created_at`, `updated_at`) VALUES ('265', '82', 'in', '0.80', '0.00', '0.00', 'App\\Models\\Order', '101', 'Stok dikembalikan - Edit Order #INV-20260302-0085', '20', '2026-03-02 14:55:37', '2026-03-02 14:55:37');
INSERT INTO `stock_movements` (`id`, `material_id`, `type`, `quantity`, `unit_price`, `total_price`, `reference_type`, `reference_id`, `notes`, `user_id`, `created_at`, `updated_at`) VALUES ('266', '82', 'in', '0.48', '0.00', '0.00', 'App\\Models\\Order', '101', 'Stok dikembalikan - Edit Order #INV-20260302-0085', '20', '2026-03-02 14:55:37', '2026-03-02 14:55:37');
INSERT INTO `stock_movements` (`id`, `material_id`, `type`, `quantity`, `unit_price`, `total_price`, `reference_type`, `reference_id`, `notes`, `user_id`, `created_at`, `updated_at`) VALUES ('267', '99', 'in', '1.28', '0.00', '0.00', 'App\\Models\\Order', '101', 'Stok dikembalikan - Edit Order #INV-20260302-0085', '20', '2026-03-02 14:55:37', '2026-03-02 14:55:37');
INSERT INTO `stock_movements` (`id`, `material_id`, `type`, `quantity`, `unit_price`, `total_price`, `reference_type`, `reference_id`, `notes`, `user_id`, `created_at`, `updated_at`) VALUES ('268', '82', 'out', '1.28', '0.00', '0.00', 'App\\Models\\Order', '101', 'Order #INV-20260302-0085 - TDH FOOT', '20', '2026-03-02 14:55:37', '2026-03-02 14:55:37');
INSERT INTO `stock_movements` (`id`, `material_id`, `type`, `quantity`, `unit_price`, `total_price`, `reference_type`, `reference_id`, `notes`, `user_id`, `created_at`, `updated_at`) VALUES ('269', '82', 'in', '1.28', '0.00', '0.00', 'App\\Models\\Order', '101', 'Stok dikembalikan - Edit Order #INV-20260302-0085', '20', '2026-03-02 14:56:32', '2026-03-02 14:56:32');
INSERT INTO `stock_movements` (`id`, `material_id`, `type`, `quantity`, `unit_price`, `total_price`, `reference_type`, `reference_id`, `notes`, `user_id`, `created_at`, `updated_at`) VALUES ('270', '49', 'out', '135.00', '0.00', '0.00', 'App\\Models\\Order', '89', 'Order #INV-20260302-0073 - Undangan Hoki 6', '23', '2026-03-02 14:58:13', '2026-03-02 14:58:13');
INSERT INTO `stock_movements` (`id`, `material_id`, `type`, `quantity`, `unit_price`, `total_price`, `reference_type`, `reference_id`, `notes`, `user_id`, `created_at`, `updated_at`) VALUES ('271', '47', 'out', '9.00', '0.00', '0.00', 'App\\Models\\Order', '103', 'Order #INV-20260302-0087 - KUPON ZAKAT', '20', '2026-03-02 15:02:24', '2026-03-02 15:02:24');
INSERT INTO `stock_movements` (`id`, `material_id`, `type`, `quantity`, `unit_price`, `total_price`, `reference_type`, `reference_id`, `notes`, `user_id`, `created_at`, `updated_at`) VALUES ('272', '49', 'in', '720.00', '888.00', '639360.00', NULL, NULL, NULL, '8', '2026-03-02 15:12:40', '2026-03-02 15:12:40');
INSERT INTO `stock_movements` (`id`, `material_id`, `type`, `quantity`, `unit_price`, `total_price`, `reference_type`, `reference_id`, `notes`, `user_id`, `created_at`, `updated_at`) VALUES ('273', '57', 'out', '2.00', '0.00', '0.00', 'App\\Models\\Order', '104', 'Order #INV-20260302-0088 - cik ly', '19', '2026-03-02 15:49:40', '2026-03-02 15:49:40');
INSERT INTO `stock_movements` (`id`, `material_id`, `type`, `quantity`, `unit_price`, `total_price`, `reference_type`, `reference_id`, `notes`, `user_id`, `created_at`, `updated_at`) VALUES ('274', '68', 'out', '2.00', '0.00', '0.00', 'App\\Models\\Order', '104', 'Order #INV-20260302-0088 - cik ly', '19', '2026-03-02 15:49:40', '2026-03-02 15:49:40');
INSERT INTO `stock_movements` (`id`, `material_id`, `type`, `quantity`, `unit_price`, `total_price`, `reference_type`, `reference_id`, `notes`, `user_id`, `created_at`, `updated_at`) VALUES ('275', '103', 'in', '10000000.00', '1.00', '10000000.00', NULL, NULL, 'ONLINE', '8', '2026-03-02 15:52:47', '2026-03-02 15:52:47');
INSERT INTO `stock_movements` (`id`, `material_id`, `type`, `quantity`, `unit_price`, `total_price`, `reference_type`, `reference_id`, `notes`, `user_id`, `created_at`, `updated_at`) VALUES ('276', '59', 'out', '3.00', '0.00', '0.00', 'App\\Models\\Order', '105', 'Order #INV-20260302-0089 - DF PARFUME', '20', '2026-03-02 15:54:09', '2026-03-02 15:54:09');
INSERT INTO `stock_movements` (`id`, `material_id`, `type`, `quantity`, `unit_price`, `total_price`, `reference_type`, `reference_id`, `notes`, `user_id`, `created_at`, `updated_at`) VALUES ('277', '68', 'out', '3.00', '0.00', '0.00', 'App\\Models\\Order', '105', 'Order #INV-20260302-0089 - DF PARFUME', '20', '2026-03-02 15:54:09', '2026-03-02 15:54:09');
INSERT INTO `stock_movements` (`id`, `material_id`, `type`, `quantity`, `unit_price`, `total_price`, `reference_type`, `reference_id`, `notes`, `user_id`, `created_at`, `updated_at`) VALUES ('278', '91', 'out', '3.00', '0.00', '0.00', 'App\\Models\\Order', '105', 'Order #INV-20260302-0089 - DF PARFUME', '20', '2026-03-02 15:54:09', '2026-03-02 15:54:09');
INSERT INTO `stock_movements` (`id`, `material_id`, `type`, `quantity`, `unit_price`, `total_price`, `reference_type`, `reference_id`, `notes`, `user_id`, `created_at`, `updated_at`) VALUES ('279', '59', 'out', '9.00', '0.00', '0.00', 'App\\Models\\Order', '106', 'Order #INV-20260302-0090 - zainal stiker', '19', '2026-03-02 15:58:46', '2026-03-02 15:58:46');
INSERT INTO `stock_movements` (`id`, `material_id`, `type`, `quantity`, `unit_price`, `total_price`, `reference_type`, `reference_id`, `notes`, `user_id`, `created_at`, `updated_at`) VALUES ('280', '91', 'out', '9.00', '0.00', '0.00', 'App\\Models\\Order', '106', 'Order #INV-20260302-0090 - zainal stiker', '19', '2026-03-02 15:58:46', '2026-03-02 15:58:46');
INSERT INTO `stock_movements` (`id`, `material_id`, `type`, `quantity`, `unit_price`, `total_price`, `reference_type`, `reference_id`, `notes`, `user_id`, `created_at`, `updated_at`) VALUES ('281', '61', 'out', '0.24', '0.00', '0.00', 'App\\Models\\Order', '107', 'Order #INV-20260302-0091 - stop bullying', '3', '2026-03-02 15:59:33', '2026-03-02 15:59:33');
INSERT INTO `stock_movements` (`id`, `material_id`, `type`, `quantity`, `unit_price`, `total_price`, `reference_type`, `reference_id`, `notes`, `user_id`, `created_at`, `updated_at`) VALUES ('282', '50', 'out', '28.00', '0.00', '0.00', 'App\\Models\\Order', '108', 'Order #INV-20260302-0092 - shalinan', '19', '2026-03-02 16:01:50', '2026-03-02 16:01:50');
INSERT INTO `stock_movements` (`id`, `material_id`, `type`, `quantity`, `unit_price`, `total_price`, `reference_type`, `reference_id`, `notes`, `user_id`, `created_at`, `updated_at`) VALUES ('283', '44', 'out', '2.00', '0.00', '0.00', 'App\\Models\\Order', '109', 'Order #INV-20260302-0093 - voucher 1', '3', '2026-03-02 16:28:50', '2026-03-02 16:28:50');
INSERT INTO `stock_movements` (`id`, `material_id`, `type`, `quantity`, `unit_price`, `total_price`, `reference_type`, `reference_id`, `notes`, `user_id`, `created_at`, `updated_at`) VALUES ('284', '44', 'out', '20.00', '0.00', '0.00', 'App\\Models\\Order', '109', 'Order #INV-20260302-0093 - special 0203', '3', '2026-03-02 16:28:50', '2026-03-02 16:28:50');
INSERT INTO `stock_movements` (`id`, `material_id`, `type`, `quantity`, `unit_price`, `total_price`, `reference_type`, `reference_id`, `notes`, `user_id`, `created_at`, `updated_at`) VALUES ('285', '68', 'in', '9000.00', '150.00', '1350000.00', NULL, NULL, 'ONLINE', '8', '2026-03-02 16:29:25', '2026-03-02 16:29:25');
INSERT INTO `stock_movements` (`id`, `material_id`, `type`, `quantity`, `unit_price`, `total_price`, `reference_type`, `reference_id`, `notes`, `user_id`, `created_at`, `updated_at`) VALUES ('286', '47', 'out', '81.00', '0.00', '0.00', 'App\\Models\\Order', '110', 'Order #INV-20260302-0094 - yasin musni', '3', '2026-03-02 16:32:54', '2026-03-02 16:32:54');
INSERT INTO `stock_movements` (`id`, `material_id`, `type`, `quantity`, `unit_price`, `total_price`, `reference_type`, `reference_id`, `notes`, `user_id`, `created_at`, `updated_at`) VALUES ('287', '67', 'out', '81.00', '0.00', '0.00', 'App\\Models\\Order', '110', 'Order #INV-20260302-0094 - yasin musni', '3', '2026-03-02 16:32:54', '2026-03-02 16:32:54');
INSERT INTO `stock_movements` (`id`, `material_id`, `type`, `quantity`, `unit_price`, `total_price`, `reference_type`, `reference_id`, `notes`, `user_id`, `created_at`, `updated_at`) VALUES ('288', '103', 'out', '2.00', '0.00', '0.00', 'App\\Models\\Order', '111', 'Order #INV-20260302-0095 - wanga prz item', '19', '2026-03-02 16:35:03', '2026-03-02 16:35:03');
INSERT INTO `stock_movements` (`id`, `material_id`, `type`, `quantity`, `unit_price`, `total_price`, `reference_type`, `reference_id`, `notes`, `user_id`, `created_at`, `updated_at`) VALUES ('289', '61', 'out', '1.80', '0.00', '0.00', 'App\\Models\\Order', '112', 'Order #INV-20260302-0096 - stiker', '23', '2026-03-02 16:35:21', '2026-03-02 16:35:21');
INSERT INTO `stock_movements` (`id`, `material_id`, `type`, `quantity`, `unit_price`, `total_price`, `reference_type`, `reference_id`, `notes`, `user_id`, `created_at`, `updated_at`) VALUES ('290', '61', 'in', '1.80', '0.00', '0.00', 'App\\Models\\Order', '112', 'Stok dikembalikan - Edit Order #INV-20260302-0096', '23', '2026-03-02 16:35:41', '2026-03-02 16:35:41');
INSERT INTO `stock_movements` (`id`, `material_id`, `type`, `quantity`, `unit_price`, `total_price`, `reference_type`, `reference_id`, `notes`, `user_id`, `created_at`, `updated_at`) VALUES ('291', '49', 'out', '2.00', '0.00', '0.00', 'App\\Models\\Order', '113', 'Order #INV-20260302-0097 - hamperscake', '20', '2026-03-02 16:37:56', '2026-03-02 16:37:56');
INSERT INTO `stock_movements` (`id`, `material_id`, `type`, `quantity`, `unit_price`, `total_price`, `reference_type`, `reference_id`, `notes`, `user_id`, `created_at`, `updated_at`) VALUES ('292', '68', 'out', '2.00', '0.00', '0.00', 'App\\Models\\Order', '113', 'Order #INV-20260302-0097 - hamperscake', '20', '2026-03-02 16:37:56', '2026-03-02 16:37:56');
INSERT INTO `stock_movements` (`id`, `material_id`, `type`, `quantity`, `unit_price`, `total_price`, `reference_type`, `reference_id`, `notes`, `user_id`, `created_at`, `updated_at`) VALUES ('293', '85', 'out', '5.90', '0.00', '0.00', 'App\\Models\\Order', '114', 'Order #INV-20260302-0098 - folder visual motif', '23', '2026-03-02 16:40:32', '2026-03-02 16:40:32');
INSERT INTO `stock_movements` (`id`, `material_id`, `type`, `quantity`, `unit_price`, `total_price`, `reference_type`, `reference_id`, `notes`, `user_id`, `created_at`, `updated_at`) VALUES ('294', '85', 'out', '2.36', '0.00', '0.00', 'App\\Models\\Order', '114', 'Order #INV-20260302-0098 - folder visual motif', '23', '2026-03-02 16:40:32', '2026-03-02 16:40:32');
INSERT INTO `stock_movements` (`id`, `material_id`, `type`, `quantity`, `unit_price`, `total_price`, `reference_type`, `reference_id`, `notes`, `user_id`, `created_at`, `updated_at`) VALUES ('295', '85', 'out', '2.08', '0.00', '0.00', 'App\\Models\\Order', '114', 'Order #INV-20260302-0098 - folder visual motif', '23', '2026-03-02 16:40:32', '2026-03-02 16:40:32');
INSERT INTO `stock_movements` (`id`, `material_id`, `type`, `quantity`, `unit_price`, `total_price`, `reference_type`, `reference_id`, `notes`, `user_id`, `created_at`, `updated_at`) VALUES ('296', '85', 'out', '4.16', '0.00', '0.00', 'App\\Models\\Order', '114', 'Order #INV-20260302-0098 - folder visual motif', '23', '2026-03-02 16:40:32', '2026-03-02 16:40:32');
INSERT INTO `stock_movements` (`id`, `material_id`, `type`, `quantity`, `unit_price`, `total_price`, `reference_type`, `reference_id`, `notes`, `user_id`, `created_at`, `updated_at`) VALUES ('297', '85', 'out', '5.76', '0.00', '0.00', 'App\\Models\\Order', '114', 'Order #INV-20260302-0098 - folder visual motif', '23', '2026-03-02 16:40:32', '2026-03-02 16:40:32');
INSERT INTO `stock_movements` (`id`, `material_id`, `type`, `quantity`, `unit_price`, `total_price`, `reference_type`, `reference_id`, `notes`, `user_id`, `created_at`, `updated_at`) VALUES ('298', '85', 'out', '2.75', '0.00', '0.00', 'App\\Models\\Order', '114', 'Order #INV-20260302-0098 - folder visual motif', '23', '2026-03-02 16:40:32', '2026-03-02 16:40:32');
INSERT INTO `stock_movements` (`id`, `material_id`, `type`, `quantity`, `unit_price`, `total_price`, `reference_type`, `reference_id`, `notes`, `user_id`, `created_at`, `updated_at`) VALUES ('299', '59', 'out', '3.00', '0.00', '0.00', 'App\\Models\\Order', '115', 'Order #INV-20260302-0099 - MINI ONE 1', '3', '2026-03-02 16:43:56', '2026-03-02 16:43:56');
INSERT INTO `stock_movements` (`id`, `material_id`, `type`, `quantity`, `unit_price`, `total_price`, `reference_type`, `reference_id`, `notes`, `user_id`, `created_at`, `updated_at`) VALUES ('300', '91', 'out', '3.00', '0.00', '0.00', 'App\\Models\\Order', '115', 'Order #INV-20260302-0099 - MINI ONE 1', '3', '2026-03-02 16:43:56', '2026-03-02 16:43:56');
INSERT INTO `stock_movements` (`id`, `material_id`, `type`, `quantity`, `unit_price`, `total_price`, `reference_type`, `reference_id`, `notes`, `user_id`, `created_at`, `updated_at`) VALUES ('301', '61', 'out', '2.00', '0.00', '0.00', 'App\\Models\\Order', '116', 'Order #INV-20260302-0100 - M2REPAIR', '20', '2026-03-02 16:51:14', '2026-03-02 16:51:14');
INSERT INTO `stock_movements` (`id`, `material_id`, `type`, `quantity`, `unit_price`, `total_price`, `reference_type`, `reference_id`, `notes`, `user_id`, `created_at`, `updated_at`) VALUES ('302', '82', 'out', '2.00', '0.00', '0.00', 'App\\Models\\Order', '116', 'Order #INV-20260302-0100 - M2REPAIR', '20', '2026-03-02 16:51:14', '2026-03-02 16:51:14');
INSERT INTO `stock_movements` (`id`, `material_id`, `type`, `quantity`, `unit_price`, `total_price`, `reference_type`, `reference_id`, `notes`, `user_id`, `created_at`, `updated_at`) VALUES ('303', '61', 'in', '2.00', '0.00', '0.00', 'App\\Models\\Order', '116', 'Stok dikembalikan - Edit Order #INV-20260302-0100', '20', '2026-03-02 16:51:45', '2026-03-02 16:51:45');
INSERT INTO `stock_movements` (`id`, `material_id`, `type`, `quantity`, `unit_price`, `total_price`, `reference_type`, `reference_id`, `notes`, `user_id`, `created_at`, `updated_at`) VALUES ('304', '82', 'in', '2.00', '0.00', '0.00', 'App\\Models\\Order', '116', 'Stok dikembalikan - Edit Order #INV-20260302-0100', '20', '2026-03-02 16:51:45', '2026-03-02 16:51:45');
INSERT INTO `stock_movements` (`id`, `material_id`, `type`, `quantity`, `unit_price`, `total_price`, `reference_type`, `reference_id`, `notes`, `user_id`, `created_at`, `updated_at`) VALUES ('305', '61', 'out', '5.04', '0.00', '0.00', 'App\\Models\\Order', '117', 'Order #INV-20260302-0101 - HASIL BUMI', '20', '2026-03-02 16:56:05', '2026-03-02 16:56:05');
INSERT INTO `stock_movements` (`id`, `material_id`, `type`, `quantity`, `unit_price`, `total_price`, `reference_type`, `reference_id`, `notes`, `user_id`, `created_at`, `updated_at`) VALUES ('306', '82', 'out', '5.04', '0.00', '0.00', 'App\\Models\\Order', '117', 'Order #INV-20260302-0101 - HASIL BUMI', '20', '2026-03-02 16:56:05', '2026-03-02 16:56:05');
INSERT INTO `stock_movements` (`id`, `material_id`, `type`, `quantity`, `unit_price`, `total_price`, `reference_type`, `reference_id`, `notes`, `user_id`, `created_at`, `updated_at`) VALUES ('307', '61', 'in', '5.04', '0.00', '0.00', 'App\\Models\\Order', '117', 'Stok dikembalikan - Edit Order #INV-20260302-0101', '20', '2026-03-02 16:56:53', '2026-03-02 16:56:53');
INSERT INTO `stock_movements` (`id`, `material_id`, `type`, `quantity`, `unit_price`, `total_price`, `reference_type`, `reference_id`, `notes`, `user_id`, `created_at`, `updated_at`) VALUES ('308', '82', 'in', '5.04', '0.00', '0.00', 'App\\Models\\Order', '117', 'Stok dikembalikan - Edit Order #INV-20260302-0101', '20', '2026-03-02 16:56:53', '2026-03-02 16:56:53');
INSERT INTO `stock_movements` (`id`, `material_id`, `type`, `quantity`, `unit_price`, `total_price`, `reference_type`, `reference_id`, `notes`, `user_id`, `created_at`, `updated_at`) VALUES ('309', '61', 'out', '0.88', '0.00', '0.00', 'App\\Models\\Order', '118', 'Order #INV-20260302-0102 - LPG  SALIM', '20', '2026-03-02 16:59:33', '2026-03-02 16:59:33');
INSERT INTO `stock_movements` (`id`, `material_id`, `type`, `quantity`, `unit_price`, `total_price`, `reference_type`, `reference_id`, `notes`, `user_id`, `created_at`, `updated_at`) VALUES ('310', '82', 'out', '0.88', '0.00', '0.00', 'App\\Models\\Order', '118', 'Order #INV-20260302-0102 - LPG  SALIM', '20', '2026-03-02 16:59:33', '2026-03-02 16:59:33');
INSERT INTO `stock_movements` (`id`, `material_id`, `type`, `quantity`, `unit_price`, `total_price`, `reference_type`, `reference_id`, `notes`, `user_id`, `created_at`, `updated_at`) VALUES ('311', '85', 'out', '0.55', '0.00', '0.00', 'App\\Models\\Order', '119', 'Order #INV-20260302-0103 - 7 KEBIASAAN', '3', '2026-03-02 17:02:10', '2026-03-02 17:02:10');
INSERT INTO `stock_movements` (`id`, `material_id`, `type`, `quantity`, `unit_price`, `total_price`, `reference_type`, `reference_id`, `notes`, `user_id`, `created_at`, `updated_at`) VALUES ('312', '61', 'out', '1.70', '0.00', '0.00', 'App\\Models\\Order', '120', 'Order #INV-20260302-0104 - SUMBER NIAGA', '20', '2026-03-02 17:02:10', '2026-03-02 17:02:10');
INSERT INTO `stock_movements` (`id`, `material_id`, `type`, `quantity`, `unit_price`, `total_price`, `reference_type`, `reference_id`, `notes`, `user_id`, `created_at`, `updated_at`) VALUES ('313', '82', 'out', '1.70', '0.00', '0.00', 'App\\Models\\Order', '120', 'Order #INV-20260302-0104 - SUMBER NIAGA', '20', '2026-03-02 17:02:10', '2026-03-02 17:02:10');
INSERT INTO `stock_movements` (`id`, `material_id`, `type`, `quantity`, `unit_price`, `total_price`, `reference_type`, `reference_id`, `notes`, `user_id`, `created_at`, `updated_at`) VALUES ('314', '61', 'out', '1.72', '0.00', '0.00', 'App\\Models\\Order', '121', 'Order #INV-20260302-0105 - ELPIGI SALIM', '20', '2026-03-02 17:04:27', '2026-03-02 17:04:27');
INSERT INTO `stock_movements` (`id`, `material_id`, `type`, `quantity`, `unit_price`, `total_price`, `reference_type`, `reference_id`, `notes`, `user_id`, `created_at`, `updated_at`) VALUES ('315', '82', 'out', '1.72', '0.00', '0.00', 'App\\Models\\Order', '121', 'Order #INV-20260302-0105 - ELPIGI SALIM', '20', '2026-03-02 17:04:27', '2026-03-02 17:04:27');
INSERT INTO `stock_movements` (`id`, `material_id`, `type`, `quantity`, `unit_price`, `total_price`, `reference_type`, `reference_id`, `notes`, `user_id`, `created_at`, `updated_at`) VALUES ('316', '85', 'in', '0.55', '0.00', '0.00', 'App\\Models\\Order', '119', 'Stok dikembalikan - Edit Order #INV-20260302-0103', '3', '2026-03-02 17:04:33', '2026-03-02 17:04:33');
INSERT INTO `stock_movements` (`id`, `material_id`, `type`, `quantity`, `unit_price`, `total_price`, `reference_type`, `reference_id`, `notes`, `user_id`, `created_at`, `updated_at`) VALUES ('317', '85', 'out', '0.55', '0.00', '0.00', 'App\\Models\\Order', '119', 'Order #INV-20260302-0103 - 7 KEBIASAAN', '3', '2026-03-02 17:04:33', '2026-03-02 17:04:33');
INSERT INTO `stock_movements` (`id`, `material_id`, `type`, `quantity`, `unit_price`, `total_price`, `reference_type`, `reference_id`, `notes`, `user_id`, `created_at`, `updated_at`) VALUES ('318', '57', 'out', '21.00', '0.00', '0.00', 'App\\Models\\Order', '122', 'Order #INV-20260302-0106 - sogon', '20', '2026-03-02 17:11:01', '2026-03-02 17:11:01');
INSERT INTO `stock_movements` (`id`, `material_id`, `type`, `quantity`, `unit_price`, `total_price`, `reference_type`, `reference_id`, `notes`, `user_id`, `created_at`, `updated_at`) VALUES ('319', '57', 'in', '21.00', '0.00', '0.00', 'App\\Models\\Order', '122', 'Stok dikembalikan - Edit Order #INV-20260302-0106', '20', '2026-03-02 17:11:39', '2026-03-02 17:11:39');
INSERT INTO `stock_movements` (`id`, `material_id`, `type`, `quantity`, `unit_price`, `total_price`, `reference_type`, `reference_id`, `notes`, `user_id`, `created_at`, `updated_at`) VALUES ('320', '61', 'in', '1.72', '0.00', '0.00', 'App\\Models\\Order', '121', 'Stok dikembalikan - Edit Order #INV-20260302-0105', '1', '2026-03-03 02:23:52', '2026-03-03 02:23:52');
INSERT INTO `stock_movements` (`id`, `material_id`, `type`, `quantity`, `unit_price`, `total_price`, `reference_type`, `reference_id`, `notes`, `user_id`, `created_at`, `updated_at`) VALUES ('321', '82', 'in', '1.72', '0.00', '0.00', 'App\\Models\\Order', '121', 'Stok dikembalikan - Edit Order #INV-20260302-0105', '1', '2026-03-03 02:23:52', '2026-03-03 02:23:52');
INSERT INTO `stock_movements` (`id`, `material_id`, `type`, `quantity`, `unit_price`, `total_price`, `reference_type`, `reference_id`, `notes`, `user_id`, `created_at`, `updated_at`) VALUES ('322', '45', 'out', '13.00', '0.00', '0.00', 'App\\Models\\Order', '123', 'Order #INV-20260303-0001 - Belt Idul Fitri', '20', '2026-03-03 09:22:38', '2026-03-03 09:22:38');
INSERT INTO `stock_movements` (`id`, `material_id`, `type`, `quantity`, `unit_price`, `total_price`, `reference_type`, `reference_id`, `notes`, `user_id`, `created_at`, `updated_at`) VALUES ('323', '47', 'out', '8.00', '0.00', '0.00', 'App\\Models\\Order', '124', 'Order #INV-20260303-0002 - ucapan lebaran', '19', '2026-03-03 09:22:48', '2026-03-03 09:22:48');
INSERT INTO `stock_movements` (`id`, `material_id`, `type`, `quantity`, `unit_price`, `total_price`, `reference_type`, `reference_id`, `notes`, `user_id`, `created_at`, `updated_at`) VALUES ('324', '68', 'out', '8.00', '0.00', '0.00', 'App\\Models\\Order', '124', 'Order #INV-20260303-0002 - ucapan lebaran', '19', '2026-03-03 09:22:48', '2026-03-03 09:22:48');
INSERT INTO `stock_movements` (`id`, `material_id`, `type`, `quantity`, `unit_price`, `total_price`, `reference_type`, `reference_id`, `notes`, `user_id`, `created_at`, `updated_at`) VALUES ('325', '49', 'out', '7.00', '0.00', '0.00', 'App\\Models\\Order', '125', 'Order #INV-20260303-0003 - Card Lebaran', '20', '2026-03-03 09:24:01', '2026-03-03 09:24:01');
INSERT INTO `stock_movements` (`id`, `material_id`, `type`, `quantity`, `unit_price`, `total_price`, `reference_type`, `reference_id`, `notes`, `user_id`, `created_at`, `updated_at`) VALUES ('326', '59', 'out', '20.00', '0.00', '0.00', 'App\\Models\\Order', '126', 'Order #INV-20260303-0004 - cupten=10, arem= 5, lemper=5', '20', '2026-03-03 09:27:48', '2026-03-03 09:27:48');
INSERT INTO `stock_movements` (`id`, `material_id`, `type`, `quantity`, `unit_price`, `total_price`, `reference_type`, `reference_id`, `notes`, `user_id`, `created_at`, `updated_at`) VALUES ('327', '51', 'out', '72.00', '0.00', '0.00', 'App\\Models\\Order', '127', 'Order #INV-20260303-0005 - HAIKAL (1) - HAIKAL ( 18 )', '3', '2026-03-03 09:29:44', '2026-03-03 09:29:44');
INSERT INTO `stock_movements` (`id`, `material_id`, `type`, `quantity`, `unit_price`, `total_price`, `reference_type`, `reference_id`, `notes`, `user_id`, `created_at`, `updated_at`) VALUES ('328', '57', 'out', '10.00', '0.00', '0.00', 'App\\Models\\Order', '128', 'Order #INV-20260303-0006 - Hana MAt=5 Peony =5', '20', '2026-03-03 09:29:53', '2026-03-03 09:29:53');
INSERT INTO `stock_movements` (`id`, `material_id`, `type`, `quantity`, `unit_price`, `total_price`, `reference_type`, `reference_id`, `notes`, `user_id`, `created_at`, `updated_at`) VALUES ('329', '49', 'out', '8.00', '0.00', '0.00', 'App\\Models\\Order', '129', 'Order #INV-20260303-0007 - elty card', '20', '2026-03-03 09:32:55', '2026-03-03 09:32:55');
INSERT INTO `stock_movements` (`id`, `material_id`, `type`, `quantity`, `unit_price`, `total_price`, `reference_type`, `reference_id`, `notes`, `user_id`, `created_at`, `updated_at`) VALUES ('330', '67', 'out', '8.00', '0.00', '0.00', 'App\\Models\\Order', '129', 'Order #INV-20260303-0007 - elty card', '20', '2026-03-03 09:32:55', '2026-03-03 09:32:55');
INSERT INTO `stock_movements` (`id`, `material_id`, `type`, `quantity`, `unit_price`, `total_price`, `reference_type`, `reference_id`, `notes`, `user_id`, `created_at`, `updated_at`) VALUES ('331', '47', 'out', '34.00', '0.00', '0.00', 'App\\Models\\Order', '130', 'Order #INV-20260303-0008 - shafin', '19', '2026-03-03 09:33:34', '2026-03-03 09:33:34');
INSERT INTO `stock_movements` (`id`, `material_id`, `type`, `quantity`, `unit_price`, `total_price`, `reference_type`, `reference_id`, `notes`, `user_id`, `created_at`, `updated_at`) VALUES ('332', '47', 'out', '18.00', '0.00', '0.00', 'App\\Models\\Order', '131', 'Order #INV-20260303-0009 - menu oliv 0303', '3', '2026-03-03 09:35:11', '2026-03-03 09:35:11');
INSERT INTO `stock_movements` (`id`, `material_id`, `type`, `quantity`, `unit_price`, `total_price`, `reference_type`, `reference_id`, `notes`, `user_id`, `created_at`, `updated_at`) VALUES ('333', '67', 'out', '18.00', '0.00', '0.00', 'App\\Models\\Order', '131', 'Order #INV-20260303-0009 - menu oliv 0303', '3', '2026-03-03 09:35:11', '2026-03-03 09:35:11');
INSERT INTO `stock_movements` (`id`, `material_id`, `type`, `quantity`, `unit_price`, `total_price`, `reference_type`, `reference_id`, `notes`, `user_id`, `created_at`, `updated_at`) VALUES ('334', '53', 'out', '37.00', '0.00', '0.00', 'App\\Models\\Order', '132', 'Order #INV-20260303-0010 - sertif nur khozin', '19', '2026-03-03 09:37:22', '2026-03-03 09:37:22');
INSERT INTO `stock_movements` (`id`, `material_id`, `type`, `quantity`, `unit_price`, `total_price`, `reference_type`, `reference_id`, `notes`, `user_id`, `created_at`, `updated_at`) VALUES ('335', '49', 'out', '2.00', '0.00', '0.00', 'App\\Models\\Order', '133', 'Order #INV-20260303-0011 - crown heart', '20', '2026-03-03 09:38:06', '2026-03-03 09:38:06');
INSERT INTO `stock_movements` (`id`, `material_id`, `type`, `quantity`, `unit_price`, `total_price`, `reference_type`, `reference_id`, `notes`, `user_id`, `created_at`, `updated_at`) VALUES ('336', '44', 'out', '8.00', '0.00', '0.00', 'App\\Models\\Order', '134', 'Order #INV-20260303-0012 - planet 0303', '3', '2026-03-03 09:41:27', '2026-03-03 09:41:27');
INSERT INTO `stock_movements` (`id`, `material_id`, `type`, `quantity`, `unit_price`, `total_price`, `reference_type`, `reference_id`, `notes`, `user_id`, `created_at`, `updated_at`) VALUES ('337', '47', 'out', '4.00', '0.00', '0.00', 'App\\Models\\Order', '135', 'Order #INV-20260303-0013 - ari kurniawan', '19', '2026-03-03 09:44:42', '2026-03-03 09:44:42');
INSERT INTO `stock_movements` (`id`, `material_id`, `type`, `quantity`, `unit_price`, `total_price`, `reference_type`, `reference_id`, `notes`, `user_id`, `created_at`, `updated_at`) VALUES ('338', '85', 'out', '2.00', '0.00', '0.00', 'App\\Models\\Order', '136', 'Order #INV-20260303-0014 - pesantren ramadan', '19', '2026-03-03 09:45:23', '2026-03-03 09:45:23');
INSERT INTO `stock_movements` (`id`, `material_id`, `type`, `quantity`, `unit_price`, `total_price`, `reference_type`, `reference_id`, `notes`, `user_id`, `created_at`, `updated_at`) VALUES ('339', '57', 'out', '3.00', '0.00', '0.00', 'App\\Models\\Order', '137', 'Order #INV-20260303-0015 - KURMA BEBEK', '23', '2026-03-03 09:45:39', '2026-03-03 09:45:39');
INSERT INTO `stock_movements` (`id`, `material_id`, `type`, `quantity`, `unit_price`, `total_price`, `reference_type`, `reference_id`, `notes`, `user_id`, `created_at`, `updated_at`) VALUES ('340', '57', 'in', '3.00', '0.00', '0.00', 'App\\Models\\Order', '137', 'Stok dikembalikan - Edit Order #INV-20260303-0015', '23', '2026-03-03 09:46:52', '2026-03-03 09:46:52');
INSERT INTO `stock_movements` (`id`, `material_id`, `type`, `quantity`, `unit_price`, `total_price`, `reference_type`, `reference_id`, `notes`, `user_id`, `created_at`, `updated_at`) VALUES ('341', '57', 'out', '3.00', '0.00', '0.00', 'App\\Models\\Order', '137', 'Order #INV-20260303-0015 - KURMA BEBEK', '23', '2026-03-03 09:46:52', '2026-03-03 09:46:52');
INSERT INTO `stock_movements` (`id`, `material_id`, `type`, `quantity`, `unit_price`, `total_price`, `reference_type`, `reference_id`, `notes`, `user_id`, `created_at`, `updated_at`) VALUES ('342', '86', 'out', '4.50', '0.00', '0.00', 'App\\Models\\Order', '138', 'Order #INV-20260303-0016 - setia nada 01', '19', '2026-03-03 09:48:46', '2026-03-03 09:48:46');
INSERT INTO `stock_movements` (`id`, `material_id`, `type`, `quantity`, `unit_price`, `total_price`, `reference_type`, `reference_id`, `notes`, `user_id`, `created_at`, `updated_at`) VALUES ('343', '86', 'out', '1.20', '0.00', '0.00', 'App\\Models\\Order', '138', 'Order #INV-20260303-0016 - setia nada 02', '19', '2026-03-03 09:48:46', '2026-03-03 09:48:46');
INSERT INTO `stock_movements` (`id`, `material_id`, `type`, `quantity`, `unit_price`, `total_price`, `reference_type`, `reference_id`, `notes`, `user_id`, `created_at`, `updated_at`) VALUES ('344', '86', 'in', '4.50', '0.00', '0.00', 'App\\Models\\Order', '138', 'Stok dikembalikan - Edit Order #INV-20260303-0016', '19', '2026-03-03 09:49:11', '2026-03-03 09:49:11');
INSERT INTO `stock_movements` (`id`, `material_id`, `type`, `quantity`, `unit_price`, `total_price`, `reference_type`, `reference_id`, `notes`, `user_id`, `created_at`, `updated_at`) VALUES ('345', '86', 'in', '1.20', '0.00', '0.00', 'App\\Models\\Order', '138', 'Stok dikembalikan - Edit Order #INV-20260303-0016', '19', '2026-03-03 09:49:11', '2026-03-03 09:49:11');
INSERT INTO `stock_movements` (`id`, `material_id`, `type`, `quantity`, `unit_price`, `total_price`, `reference_type`, `reference_id`, `notes`, `user_id`, `created_at`, `updated_at`) VALUES ('346', '103', 'out', '3.00', '0.00', '0.00', 'App\\Models\\Order', '139', 'Order #INV-20260303-0017 - STK MERCON', '20', '2026-03-03 09:50:08', '2026-03-03 09:50:08');
INSERT INTO `stock_movements` (`id`, `material_id`, `type`, `quantity`, `unit_price`, `total_price`, `reference_type`, `reference_id`, `notes`, `user_id`, `created_at`, `updated_at`) VALUES ('347', '47', 'out', '2.00', '0.00', '0.00', 'App\\Models\\Order', '140', 'Order #INV-20260303-0018 - TENDA 2026 BIRU', '23', '2026-03-03 09:52:48', '2026-03-03 09:52:48');
INSERT INTO `stock_movements` (`id`, `material_id`, `type`, `quantity`, `unit_price`, `total_price`, `reference_type`, `reference_id`, `notes`, `user_id`, `created_at`, `updated_at`) VALUES ('348', '47', 'in', '2.00', '0.00', '0.00', 'App\\Models\\Order', '140', 'Stok dikembalikan - Edit Order #INV-20260303-0018', '23', '2026-03-03 09:53:16', '2026-03-03 09:53:16');
INSERT INTO `stock_movements` (`id`, `material_id`, `type`, `quantity`, `unit_price`, `total_price`, `reference_type`, `reference_id`, `notes`, `user_id`, `created_at`, `updated_at`) VALUES ('349', '103', 'out', '1.00', '0.00', '0.00', 'App\\Models\\Order', '141', 'Order #INV-20260303-0019 - wanga 0303', '19', '2026-03-03 09:53:47', '2026-03-03 09:53:47');
INSERT INTO `stock_movements` (`id`, `material_id`, `type`, `quantity`, `unit_price`, `total_price`, `reference_type`, `reference_id`, `notes`, `user_id`, `created_at`, `updated_at`) VALUES ('350', '57', 'out', '3.00', '0.00', '0.00', 'App\\Models\\Order', '142', 'Order #INV-20260303-0020 - ienoeycake 1', '3', '2026-03-03 10:00:56', '2026-03-03 10:00:56');
INSERT INTO `stock_movements` (`id`, `material_id`, `type`, `quantity`, `unit_price`, `total_price`, `reference_type`, `reference_id`, `notes`, `user_id`, `created_at`, `updated_at`) VALUES ('351', '68', 'out', '3.00', '0.00', '0.00', 'App\\Models\\Order', '142', 'Order #INV-20260303-0020 - ienoeycake 1', '3', '2026-03-03 10:00:56', '2026-03-03 10:00:56');
INSERT INTO `stock_movements` (`id`, `material_id`, `type`, `quantity`, `unit_price`, `total_price`, `reference_type`, `reference_id`, `notes`, `user_id`, `created_at`, `updated_at`) VALUES ('352', '91', 'out', '3.00', '0.00', '0.00', 'App\\Models\\Order', '142', 'Order #INV-20260303-0020 - ienoeycake 1', '3', '2026-03-03 10:00:56', '2026-03-03 10:00:56');
INSERT INTO `stock_movements` (`id`, `material_id`, `type`, `quantity`, `unit_price`, `total_price`, `reference_type`, `reference_id`, `notes`, `user_id`, `created_at`, `updated_at`) VALUES ('353', '103', 'out', '5.00', '0.00', '0.00', 'App\\Models\\Order', '143', 'Order #INV-20260303-0021 - sosis ayub', '20', '2026-03-03 10:01:30', '2026-03-03 10:01:30');
INSERT INTO `stock_movements` (`id`, `material_id`, `type`, `quantity`, `unit_price`, `total_price`, `reference_type`, `reference_id`, `notes`, `user_id`, `created_at`, `updated_at`) VALUES ('354', '57', 'out', '50.00', '0.00', '0.00', 'App\\Models\\Order', '144', 'Order #INV-20260303-0022 - razha 0303', '3', '2026-03-03 10:02:54', '2026-03-03 10:02:54');
INSERT INTO `stock_movements` (`id`, `material_id`, `type`, `quantity`, `unit_price`, `total_price`, `reference_type`, `reference_id`, `notes`, `user_id`, `created_at`, `updated_at`) VALUES ('355', '60', 'out', '19.00', '0.00', '0.00', 'App\\Models\\Order', '145', 'Order #INV-20260303-0023 - OTAK ZOMBIE', '20', '2026-03-03 10:07:36', '2026-03-03 10:07:36');
INSERT INTO `stock_movements` (`id`, `material_id`, `type`, `quantity`, `unit_price`, `total_price`, `reference_type`, `reference_id`, `notes`, `user_id`, `created_at`, `updated_at`) VALUES ('356', '54', 'out', '4.00', '0.00', '0.00', 'App\\Models\\Order', '146', 'Order #INV-20260303-0024 - himbarsi', '19', '2026-03-03 10:09:15', '2026-03-03 10:09:15');
INSERT INTO `stock_movements` (`id`, `material_id`, `type`, `quantity`, `unit_price`, `total_price`, `reference_type`, `reference_id`, `notes`, `user_id`, `created_at`, `updated_at`) VALUES ('357', '54', 'out', '15.00', '0.00', '0.00', 'App\\Models\\Order', '146', 'Order #INV-20260303-0024 - himbarsi', '19', '2026-03-03 10:09:15', '2026-03-03 10:09:15');
INSERT INTO `stock_movements` (`id`, `material_id`, `type`, `quantity`, `unit_price`, `total_price`, `reference_type`, `reference_id`, `notes`, `user_id`, `created_at`, `updated_at`) VALUES ('358', '92', 'out', '15.00', '0.00', '0.00', 'App\\Models\\Order', '146', 'Order #INV-20260303-0024 - himbarsi', '19', '2026-03-03 10:09:16', '2026-03-03 10:09:16');
INSERT INTO `stock_movements` (`id`, `material_id`, `type`, `quantity`, `unit_price`, `total_price`, `reference_type`, `reference_id`, `notes`, `user_id`, `created_at`, `updated_at`) VALUES ('359', '54', 'in', '4.00', '0.00', '0.00', 'App\\Models\\Order', '146', 'Stok dikembalikan - Edit Order #INV-20260303-0024', '19', '2026-03-03 10:10:38', '2026-03-03 10:10:38');
INSERT INTO `stock_movements` (`id`, `material_id`, `type`, `quantity`, `unit_price`, `total_price`, `reference_type`, `reference_id`, `notes`, `user_id`, `created_at`, `updated_at`) VALUES ('360', '54', 'in', '15.00', '0.00', '0.00', 'App\\Models\\Order', '146', 'Stok dikembalikan - Edit Order #INV-20260303-0024', '19', '2026-03-03 10:10:38', '2026-03-03 10:10:38');
INSERT INTO `stock_movements` (`id`, `material_id`, `type`, `quantity`, `unit_price`, `total_price`, `reference_type`, `reference_id`, `notes`, `user_id`, `created_at`, `updated_at`) VALUES ('361', '92', 'in', '15.00', '0.00', '0.00', 'App\\Models\\Order', '146', 'Stok dikembalikan - Edit Order #INV-20260303-0024', '19', '2026-03-03 10:10:38', '2026-03-03 10:10:38');
INSERT INTO `stock_movements` (`id`, `material_id`, `type`, `quantity`, `unit_price`, `total_price`, `reference_type`, `reference_id`, `notes`, `user_id`, `created_at`, `updated_at`) VALUES ('362', '48', 'out', '15.00', '0.00', '0.00', 'App\\Models\\Order', '146', 'Order #INV-20260303-0024 - himbarsi', '19', '2026-03-03 10:10:38', '2026-03-03 10:10:38');
INSERT INTO `stock_movements` (`id`, `material_id`, `type`, `quantity`, `unit_price`, `total_price`, `reference_type`, `reference_id`, `notes`, `user_id`, `created_at`, `updated_at`) VALUES ('363', '57', 'out', '4.00', '0.00', '0.00', 'App\\Models\\Order', '147', 'Order #INV-20260303-0025 - joan coffe stk', '19', '2026-03-03 10:11:04', '2026-03-03 10:11:04');
INSERT INTO `stock_movements` (`id`, `material_id`, `type`, `quantity`, `unit_price`, `total_price`, `reference_type`, `reference_id`, `notes`, `user_id`, `created_at`, `updated_at`) VALUES ('364', '50', 'out', '6.00', '0.00', '0.00', 'App\\Models\\Order', '148', 'Order #INV-20260303-0026 - green 1', '3', '2026-03-03 10:12:29', '2026-03-03 10:12:29');
INSERT INTO `stock_movements` (`id`, `material_id`, `type`, `quantity`, `unit_price`, `total_price`, `reference_type`, `reference_id`, `notes`, `user_id`, `created_at`, `updated_at`) VALUES ('365', '50', 'out', '6.00', '0.00', '0.00', 'App\\Models\\Order', '149', 'Order #INV-20260303-0027 - green 1', '3', '2026-03-03 10:12:31', '2026-03-03 10:12:31');
INSERT INTO `stock_movements` (`id`, `material_id`, `type`, `quantity`, `unit_price`, `total_price`, `reference_type`, `reference_id`, `notes`, `user_id`, `created_at`, `updated_at`) VALUES ('366', '50', 'out', '6.00', '0.00', '0.00', 'App\\Models\\Order', '150', 'Order #INV-20260303-0028 - green 1', '3', '2026-03-03 10:12:34', '2026-03-03 10:12:34');
INSERT INTO `stock_movements` (`id`, `material_id`, `type`, `quantity`, `unit_price`, `total_price`, `reference_type`, `reference_id`, `notes`, `user_id`, `created_at`, `updated_at`) VALUES ('367', '85', 'out', '4.00', '0.00', '0.00', 'App\\Models\\Order', '151', 'Order #INV-20260303-0029 - TANTOWI 1, TANTOWI 2', '20', '2026-03-03 10:15:42', '2026-03-03 10:15:42');
INSERT INTO `stock_movements` (`id`, `material_id`, `type`, `quantity`, `unit_price`, `total_price`, `reference_type`, `reference_id`, `notes`, `user_id`, `created_at`, `updated_at`) VALUES ('368', '85', 'out', '2.70', '0.00', '0.00', 'App\\Models\\Order', '152', 'Order #INV-20260303-0030 - STR PSW', '20', '2026-03-03 10:18:27', '2026-03-03 10:18:27');
INSERT INTO `stock_movements` (`id`, `material_id`, `type`, `quantity`, `unit_price`, `total_price`, `reference_type`, `reference_id`, `notes`, `user_id`, `created_at`, `updated_at`) VALUES ('369', '87', 'out', '4.00', '0.00', '0.00', 'App\\Models\\Order', '153', 'Order #INV-20260303-0031 - SINGGAH PANJI', '3', '2026-03-03 10:19:24', '2026-03-03 10:19:24');
INSERT INTO `stock_movements` (`id`, `material_id`, `type`, `quantity`, `unit_price`, `total_price`, `reference_type`, `reference_id`, `notes`, `user_id`, `created_at`, `updated_at`) VALUES ('370', '85', 'out', '3.50', '0.00', '0.00', 'App\\Models\\Order', '154', 'Order #INV-20260303-0032 - DINAS UPTD', '20', '2026-03-03 10:21:23', '2026-03-03 10:21:23');
INSERT INTO `stock_movements` (`id`, `material_id`, `type`, `quantity`, `unit_price`, `total_price`, `reference_type`, `reference_id`, `notes`, `user_id`, `created_at`, `updated_at`) VALUES ('371', '85', 'out', '4.00', '0.00', '0.00', 'App\\Models\\Order', '155', 'Order #INV-20260303-0033 - SINGGAH LIUBERTY', '3', '2026-03-03 10:22:43', '2026-03-03 10:22:43');
INSERT INTO `stock_movements` (`id`, `material_id`, `type`, `quantity`, `unit_price`, `total_price`, `reference_type`, `reference_id`, `notes`, `user_id`, `created_at`, `updated_at`) VALUES ('372', '85', 'out', '6.00', '0.00', '0.00', 'App\\Models\\Order', '156', 'Order #INV-20260303-0034 - monitoring 01-02', '19', '2026-03-03 10:23:40', '2026-03-03 10:23:40');
INSERT INTO `stock_movements` (`id`, `material_id`, `type`, `quantity`, `unit_price`, `total_price`, `reference_type`, `reference_id`, `notes`, `user_id`, `created_at`, `updated_at`) VALUES ('373', '85', 'out', '5.00', '0.00', '0.00', 'App\\Models\\Order', '156', 'Order #INV-20260303-0034 - monitoring 03-07', '19', '2026-03-03 10:23:40', '2026-03-03 10:23:40');
INSERT INTO `stock_movements` (`id`, `material_id`, `type`, `quantity`, `unit_price`, `total_price`, `reference_type`, `reference_id`, `notes`, `user_id`, `created_at`, `updated_at`) VALUES ('374', '85', 'out', '8.00', '0.00', '0.00', 'App\\Models\\Order', '156', 'Order #INV-20260303-0034 - gpib 01', '19', '2026-03-03 10:23:40', '2026-03-03 10:23:40');
INSERT INTO `stock_movements` (`id`, `material_id`, `type`, `quantity`, `unit_price`, `total_price`, `reference_type`, `reference_id`, `notes`, `user_id`, `created_at`, `updated_at`) VALUES ('375', '85', 'out', '4.00', '0.00', '0.00', 'App\\Models\\Order', '156', 'Order #INV-20260303-0034 - gpib 02', '19', '2026-03-03 10:23:40', '2026-03-03 10:23:40');
INSERT INTO `stock_movements` (`id`, `material_id`, `type`, `quantity`, `unit_price`, `total_price`, `reference_type`, `reference_id`, `notes`, `user_id`, `created_at`, `updated_at`) VALUES ('376', '61', 'out', '0.85', '0.00', '0.00', 'App\\Models\\Order', '157', 'Order #INV-20260303-0035 - licht 1', '3', '2026-03-03 10:24:28', '2026-03-03 10:24:28');
INSERT INTO `stock_movements` (`id`, `material_id`, `type`, `quantity`, `unit_price`, `total_price`, `reference_type`, `reference_id`, `notes`, `user_id`, `created_at`, `updated_at`) VALUES ('377', '82', 'out', '0.85', '0.00', '0.00', 'App\\Models\\Order', '157', 'Order #INV-20260303-0035 - licht 1', '3', '2026-03-03 10:24:28', '2026-03-03 10:24:28');
INSERT INTO `stock_movements` (`id`, `material_id`, `type`, `quantity`, `unit_price`, `total_price`, `reference_type`, `reference_id`, `notes`, `user_id`, `created_at`, `updated_at`) VALUES ('378', '103', 'out', '3.00', '0.00', '0.00', 'App\\Models\\Order', '158', 'Order #INV-20260303-0036 - label angel', '20', '2026-03-03 10:26:05', '2026-03-03 10:26:05');
INSERT INTO `stock_movements` (`id`, `material_id`, `type`, `quantity`, `unit_price`, `total_price`, `reference_type`, `reference_id`, `notes`, `user_id`, `created_at`, `updated_at`) VALUES ('379', '85', 'in', '3.50', '0.00', '0.00', 'App\\Models\\Order', '154', 'Stok dikembalikan - Edit Order #INV-20260303-0032', '20', '2026-03-03 10:42:36', '2026-03-03 10:42:36');
INSERT INTO `stock_movements` (`id`, `material_id`, `type`, `quantity`, `unit_price`, `total_price`, `reference_type`, `reference_id`, `notes`, `user_id`, `created_at`, `updated_at`) VALUES ('380', '88', 'out', '3.50', '0.00', '0.00', 'App\\Models\\Order', '154', 'Order #INV-20260303-0032 - DINAS UPTD', '20', '2026-03-03 10:42:36', '2026-03-03 10:42:36');
INSERT INTO `stock_movements` (`id`, `material_id`, `type`, `quantity`, `unit_price`, `total_price`, `reference_type`, `reference_id`, `notes`, `user_id`, `created_at`, `updated_at`) VALUES ('381', '50', 'out', '50.00', '0.00', '0.00', 'App\\Models\\Order', '159', 'Order #INV-20260303-0037 - sun 0303', '3', '2026-03-03 10:43:38', '2026-03-03 10:43:38');
INSERT INTO `stock_movements` (`id`, `material_id`, `type`, `quantity`, `unit_price`, `total_price`, `reference_type`, `reference_id`, `notes`, `user_id`, `created_at`, `updated_at`) VALUES ('382', '47', 'out', '18.00', '0.00', '0.00', 'App\\Models\\Order', '160', 'Order #INV-20260303-0038 - kadiso', '20', '2026-03-03 10:50:39', '2026-03-03 10:50:39');
INSERT INTO `stock_movements` (`id`, `material_id`, `type`, `quantity`, `unit_price`, `total_price`, `reference_type`, `reference_id`, `notes`, `user_id`, `created_at`, `updated_at`) VALUES ('383', '44', 'out', '12.00', '0.00', '0.00', 'App\\Models\\Order', '161', 'Order #INV-20260303-0039 - kinenjoy', '20', '2026-03-03 10:54:03', '2026-03-03 10:54:03');
INSERT INTO `stock_movements` (`id`, `material_id`, `type`, `quantity`, `unit_price`, `total_price`, `reference_type`, `reference_id`, `notes`, `user_id`, `created_at`, `updated_at`) VALUES ('384', '86', 'out', '25.00', '0.00', '0.00', 'App\\Models\\Order', '162', 'Order #INV-20260303-0040 - PT ANUGERAH 1', '3', '2026-03-03 10:55:35', '2026-03-03 10:55:35');
INSERT INTO `stock_movements` (`id`, `material_id`, `type`, `quantity`, `unit_price`, `total_price`, `reference_type`, `reference_id`, `notes`, `user_id`, `created_at`, `updated_at`) VALUES ('385', '47', 'out', '40.00', '0.00', '0.00', 'App\\Models\\Order', '163', 'Order #INV-20260303-0041 - kotak 10ml', '19', '2026-03-03 10:59:14', '2026-03-03 10:59:14');
INSERT INTO `stock_movements` (`id`, `material_id`, `type`, `quantity`, `unit_price`, `total_price`, `reference_type`, `reference_id`, `notes`, `user_id`, `created_at`, `updated_at`) VALUES ('386', '85', 'out', '1.80', '0.00', '0.00', 'App\\Models\\Order', '164', 'Order #INV-20260303-0042 - LOKA 1 DAN 2', '3', '2026-03-03 10:59:34', '2026-03-03 10:59:34');
INSERT INTO `stock_movements` (`id`, `material_id`, `type`, `quantity`, `unit_price`, `total_price`, `reference_type`, `reference_id`, `notes`, `user_id`, `created_at`, `updated_at`) VALUES ('387', '85', 'out', '2.00', '0.00', '0.00', 'App\\Models\\Order', '164', 'Order #INV-20260303-0042 - LOKAWISATA', '3', '2026-03-03 10:59:34', '2026-03-03 10:59:34');
INSERT INTO `stock_movements` (`id`, `material_id`, `type`, `quantity`, `unit_price`, `total_price`, `reference_type`, `reference_id`, `notes`, `user_id`, `created_at`, `updated_at`) VALUES ('388', '103', 'out', '10.00', '0.00', '0.00', 'App\\Models\\Order', '165', 'Order #INV-20260303-0043 - KEDAI UMAMAH', '20', '2026-03-03 10:59:35', '2026-03-03 10:59:35');
INSERT INTO `stock_movements` (`id`, `material_id`, `type`, `quantity`, `unit_price`, `total_price`, `reference_type`, `reference_id`, `notes`, `user_id`, `created_at`, `updated_at`) VALUES ('389', '48', 'in', '15.00', '0.00', '0.00', 'App\\Models\\Order', '146', 'Stok dikembalikan - Edit Order #INV-20260303-0024', '19', '2026-03-03 11:00:49', '2026-03-03 11:00:49');
INSERT INTO `stock_movements` (`id`, `material_id`, `type`, `quantity`, `unit_price`, `total_price`, `reference_type`, `reference_id`, `notes`, `user_id`, `created_at`, `updated_at`) VALUES ('390', '48', 'out', '4.00', '0.00', '0.00', 'App\\Models\\Order', '146', 'Order #INV-20260303-0024 - himbarsi', '19', '2026-03-03 11:00:49', '2026-03-03 11:00:49');
INSERT INTO `stock_movements` (`id`, `material_id`, `type`, `quantity`, `unit_price`, `total_price`, `reference_type`, `reference_id`, `notes`, `user_id`, `created_at`, `updated_at`) VALUES ('391', '44', 'out', '7.00', '0.00', '0.00', 'App\\Models\\Order', '166', 'Order #INV-20260303-0044 - BELT ANGEL', '20', '2026-03-03 11:01:29', '2026-03-03 11:01:29');
INSERT INTO `stock_movements` (`id`, `material_id`, `type`, `quantity`, `unit_price`, `total_price`, `reference_type`, `reference_id`, `notes`, `user_id`, `created_at`, `updated_at`) VALUES ('392', '47', 'out', '2.00', '0.00', '0.00', 'App\\Models\\Order', '167', 'Order #INV-20260303-0045 - DAVIN ASKA', '20', '2026-03-03 11:04:05', '2026-03-03 11:04:05');
INSERT INTO `stock_movements` (`id`, `material_id`, `type`, `quantity`, `unit_price`, `total_price`, `reference_type`, `reference_id`, `notes`, `user_id`, `created_at`, `updated_at`) VALUES ('393', '57', 'out', '18.00', '0.00', '0.00', 'App\\Models\\Order', '168', 'Order #INV-20260303-0046 - cetakan livina', '19', '2026-03-03 11:05:15', '2026-03-03 11:05:15');
INSERT INTO `stock_movements` (`id`, `material_id`, `type`, `quantity`, `unit_price`, `total_price`, `reference_type`, `reference_id`, `notes`, `user_id`, `created_at`, `updated_at`) VALUES ('394', '103', 'out', '5.00', '0.00', '0.00', 'App\\Models\\Order', '168', 'Order #INV-20260303-0046 - cetakan livina', '19', '2026-03-03 11:05:15', '2026-03-03 11:05:15');
INSERT INTO `stock_movements` (`id`, `material_id`, `type`, `quantity`, `unit_price`, `total_price`, `reference_type`, `reference_id`, `notes`, `user_id`, `created_at`, `updated_at`) VALUES ('395', '50', 'out', '8.00', '0.00', '0.00', 'App\\Models\\Order', '169', 'Order #INV-20260303-0047 - hetix print', '19', '2026-03-03 11:06:56', '2026-03-03 11:06:56');
INSERT INTO `stock_movements` (`id`, `material_id`, `type`, `quantity`, `unit_price`, `total_price`, `reference_type`, `reference_id`, `notes`, `user_id`, `created_at`, `updated_at`) VALUES ('396', '103', 'out', '3.00', '0.00', '0.00', 'App\\Models\\Order', '170', 'Order #INV-20260303-0048 - maka cheeze 0303', '19', '2026-03-03 11:09:23', '2026-03-03 11:09:23');
INSERT INTO `stock_movements` (`id`, `material_id`, `type`, `quantity`, `unit_price`, `total_price`, `reference_type`, `reference_id`, `notes`, `user_id`, `created_at`, `updated_at`) VALUES ('397', '61', 'out', '4.20', '0.00', '0.00', 'App\\Models\\Order', '171', 'Order #INV-20260303-0049 - RAMADHAN KAREEM', '20', '2026-03-03 11:11:08', '2026-03-03 11:11:08');
INSERT INTO `stock_movements` (`id`, `material_id`, `type`, `quantity`, `unit_price`, `total_price`, `reference_type`, `reference_id`, `notes`, `user_id`, `created_at`, `updated_at`) VALUES ('398', '82', 'out', '4.20', '0.00', '0.00', 'App\\Models\\Order', '171', 'Order #INV-20260303-0049 - RAMADHAN KAREEM', '20', '2026-03-03 11:11:08', '2026-03-03 11:11:08');
INSERT INTO `stock_movements` (`id`, `material_id`, `type`, `quantity`, `unit_price`, `total_price`, `reference_type`, `reference_id`, `notes`, `user_id`, `created_at`, `updated_at`) VALUES ('399', '57', 'out', '30.00', '0.00', '0.00', 'App\\Models\\Order', '172', 'Order #INV-20260303-0050 - keyna flo 0303', '19', '2026-03-03 11:15:39', '2026-03-03 11:15:39');
INSERT INTO `stock_movements` (`id`, `material_id`, `type`, `quantity`, `unit_price`, `total_price`, `reference_type`, `reference_id`, `notes`, `user_id`, `created_at`, `updated_at`) VALUES ('400', '61', 'out', '1.65', '0.00', '0.00', 'App\\Models\\Order', '173', 'Order #INV-20260303-0051 - Gallery revisi', '3', '2026-03-03 11:15:52', '2026-03-03 11:15:52');
INSERT INTO `stock_movements` (`id`, `material_id`, `type`, `quantity`, `unit_price`, `total_price`, `reference_type`, `reference_id`, `notes`, `user_id`, `created_at`, `updated_at`) VALUES ('401', '82', 'out', '1.65', '0.00', '0.00', 'App\\Models\\Order', '173', 'Order #INV-20260303-0051 - Gallery revisi', '3', '2026-03-03 11:15:52', '2026-03-03 11:15:52');
INSERT INTO `stock_movements` (`id`, `material_id`, `type`, `quantity`, `unit_price`, `total_price`, `reference_type`, `reference_id`, `notes`, `user_id`, `created_at`, `updated_at`) VALUES ('402', '98', 'out', '1.65', '0.00', '0.00', 'App\\Models\\Order', '173', 'Order #INV-20260303-0051 - Gallery revisi', '3', '2026-03-03 11:15:52', '2026-03-03 11:15:52');
INSERT INTO `stock_movements` (`id`, `material_id`, `type`, `quantity`, `unit_price`, `total_price`, `reference_type`, `reference_id`, `notes`, `user_id`, `created_at`, `updated_at`) VALUES ('403', '86', 'out', '6.00', '0.00', '0.00', 'App\\Models\\Order', '174', 'Order #INV-20260303-0052 - bimbel kasih bangsa', '19', '2026-03-03 11:23:32', '2026-03-03 11:23:32');
INSERT INTO `stock_movements` (`id`, `material_id`, `type`, `quantity`, `unit_price`, `total_price`, `reference_type`, `reference_id`, `notes`, `user_id`, `created_at`, `updated_at`) VALUES ('404', '53', 'out', '1.00', '0.00', '0.00', 'App\\Models\\Order', '175', 'Order #INV-20260303-0053 - CELINE JASMINE', '20', '2026-03-03 11:23:43', '2026-03-03 11:23:43');
INSERT INTO `stock_movements` (`id`, `material_id`, `type`, `quantity`, `unit_price`, `total_price`, `reference_type`, `reference_id`, `notes`, `user_id`, `created_at`, `updated_at`) VALUES ('405', '47', 'in', '40.00', '0.00', '0.00', 'App\\Models\\Order', '163', 'Stok dikembalikan - Edit Order #INV-20260303-0041', '19', '2026-03-03 11:26:32', '2026-03-03 11:26:32');
INSERT INTO `stock_movements` (`id`, `material_id`, `type`, `quantity`, `unit_price`, `total_price`, `reference_type`, `reference_id`, `notes`, `user_id`, `created_at`, `updated_at`) VALUES ('406', '49', 'out', '5.00', '0.00', '0.00', 'App\\Models\\Order', '176', 'Order #INV-20260303-0054 - keyna card', '20', '2026-03-03 11:32:52', '2026-03-03 11:32:52');
INSERT INTO `stock_movements` (`id`, `material_id`, `type`, `quantity`, `unit_price`, `total_price`, `reference_type`, `reference_id`, `notes`, `user_id`, `created_at`, `updated_at`) VALUES ('407', '47', 'out', '2.00', '0.00', '0.00', 'App\\Models\\Order', '177', 'Order #INV-20260303-0055 - deshop', '19', '2026-03-03 11:34:12', '2026-03-03 11:34:12');
INSERT INTO `stock_movements` (`id`, `material_id`, `type`, `quantity`, `unit_price`, `total_price`, `reference_type`, `reference_id`, `notes`, `user_id`, `created_at`, `updated_at`) VALUES ('408', '95', 'out', '12.00', '0.00', '0.00', 'App\\Models\\Order', '178', 'Order #INV-20260303-0056 - ID VIQI 1', '3', '2026-03-03 11:37:26', '2026-03-03 11:37:26');
INSERT INTO `stock_movements` (`id`, `material_id`, `type`, `quantity`, `unit_price`, `total_price`, `reference_type`, `reference_id`, `notes`, `user_id`, `created_at`, `updated_at`) VALUES ('409', '103', 'out', '5.00', '0.00', '0.00', 'App\\Models\\Order', '179', 'Order #INV-20260303-0057 - AQUA53', '20', '2026-03-03 11:38:30', '2026-03-03 11:38:30');
INSERT INTO `stock_movements` (`id`, `material_id`, `type`, `quantity`, `unit_price`, `total_price`, `reference_type`, `reference_id`, `notes`, `user_id`, `created_at`, `updated_at`) VALUES ('410', '75', 'out', '0.35', '0.00', '0.00', 'App\\Models\\Order', '180', 'Order #INV-20260303-0058 - PROMO SPESIAL', '3', '2026-03-03 11:41:05', '2026-03-03 11:41:05');
INSERT INTO `stock_movements` (`id`, `material_id`, `type`, `quantity`, `unit_price`, `total_price`, `reference_type`, `reference_id`, `notes`, `user_id`, `created_at`, `updated_at`) VALUES ('411', '61', 'out', '0.35', '0.00', '0.00', 'App\\Models\\Order', '180', 'Order #INV-20260303-0058 - PROMO SPESIAL', '3', '2026-03-03 11:41:05', '2026-03-03 11:41:05');
INSERT INTO `stock_movements` (`id`, `material_id`, `type`, `quantity`, `unit_price`, `total_price`, `reference_type`, `reference_id`, `notes`, `user_id`, `created_at`, `updated_at`) VALUES ('412', '75', 'in', '0.35', '0.00', '0.00', 'App\\Models\\Order', '180', 'Stok dikembalikan - Edit Order #INV-20260303-0058', '3', '2026-03-03 11:42:32', '2026-03-03 11:42:32');
INSERT INTO `stock_movements` (`id`, `material_id`, `type`, `quantity`, `unit_price`, `total_price`, `reference_type`, `reference_id`, `notes`, `user_id`, `created_at`, `updated_at`) VALUES ('413', '61', 'in', '0.35', '0.00', '0.00', 'App\\Models\\Order', '180', 'Stok dikembalikan - Edit Order #INV-20260303-0058', '3', '2026-03-03 11:42:32', '2026-03-03 11:42:32');
INSERT INTO `stock_movements` (`id`, `material_id`, `type`, `quantity`, `unit_price`, `total_price`, `reference_type`, `reference_id`, `notes`, `user_id`, `created_at`, `updated_at`) VALUES ('414', '75', 'out', '0.35', '0.00', '0.00', 'App\\Models\\Order', '180', 'Order #INV-20260303-0058 - PROMO SPESIAL', '3', '2026-03-03 11:42:32', '2026-03-03 11:42:32');
INSERT INTO `stock_movements` (`id`, `material_id`, `type`, `quantity`, `unit_price`, `total_price`, `reference_type`, `reference_id`, `notes`, `user_id`, `created_at`, `updated_at`) VALUES ('415', '61', 'out', '0.35', '0.00', '0.00', 'App\\Models\\Order', '180', 'Order #INV-20260303-0058 - PROMO SPESIAL', '3', '2026-03-03 11:42:32', '2026-03-03 11:42:32');
INSERT INTO `stock_movements` (`id`, `material_id`, `type`, `quantity`, `unit_price`, `total_price`, `reference_type`, `reference_id`, `notes`, `user_id`, `created_at`, `updated_at`) VALUES ('416', '103', 'out', '10.00', '0.00', '0.00', 'App\\Models\\Order', '181', 'Order #INV-20260303-0059 - khalila food', '19', '2026-03-03 11:42:47', '2026-03-03 11:42:47');
INSERT INTO `stock_movements` (`id`, `material_id`, `type`, `quantity`, `unit_price`, `total_price`, `reference_type`, `reference_id`, `notes`, `user_id`, `created_at`, `updated_at`) VALUES ('417', '59', 'out', '1.00', '0.00', '0.00', 'App\\Models\\Order', '182', 'Order #INV-20260303-0060 - capcin gemoy', '19', '2026-03-03 11:50:11', '2026-03-03 11:50:11');
INSERT INTO `stock_movements` (`id`, `material_id`, `type`, `quantity`, `unit_price`, `total_price`, `reference_type`, `reference_id`, `notes`, `user_id`, `created_at`, `updated_at`) VALUES ('418', '91', 'out', '1.00', '0.00', '0.00', 'App\\Models\\Order', '182', 'Order #INV-20260303-0060 - capcin gemoy', '19', '2026-03-03 11:50:11', '2026-03-03 11:50:11');
INSERT INTO `stock_movements` (`id`, `material_id`, `type`, `quantity`, `unit_price`, `total_price`, `reference_type`, `reference_id`, `notes`, `user_id`, `created_at`, `updated_at`) VALUES ('419', '103', 'out', '4.00', '0.00', '0.00', 'App\\Models\\Order', '183', 'Order #INV-20260303-0061 - dapur ada', '3', '2026-03-03 11:51:47', '2026-03-03 11:51:47');
INSERT INTO `stock_movements` (`id`, `material_id`, `type`, `quantity`, `unit_price`, `total_price`, `reference_type`, `reference_id`, `notes`, `user_id`, `created_at`, `updated_at`) VALUES ('420', '103', 'out', '25.00', '0.00', '0.00', 'App\\Models\\Order', '184', 'Order #INV-20260303-0062 - SULE PUTRA BUNSU', '20', '2026-03-03 11:52:37', '2026-03-03 11:52:37');
INSERT INTO `stock_movements` (`id`, `material_id`, `type`, `quantity`, `unit_price`, `total_price`, `reference_type`, `reference_id`, `notes`, `user_id`, `created_at`, `updated_at`) VALUES ('421', '59', 'out', '4.00', '0.00', '0.00', 'App\\Models\\Order', '185', 'Order #INV-20260303-0063 - wongsolo 1', '3', '2026-03-03 11:56:06', '2026-03-03 11:56:06');
INSERT INTO `stock_movements` (`id`, `material_id`, `type`, `quantity`, `unit_price`, `total_price`, `reference_type`, `reference_id`, `notes`, `user_id`, `created_at`, `updated_at`) VALUES ('422', '91', 'out', '4.00', '0.00', '0.00', 'App\\Models\\Order', '185', 'Order #INV-20260303-0063 - wongsolo 1', '3', '2026-03-03 11:56:06', '2026-03-03 11:56:06');
INSERT INTO `stock_movements` (`id`, `material_id`, `type`, `quantity`, `unit_price`, `total_price`, `reference_type`, `reference_id`, `notes`, `user_id`, `created_at`, `updated_at`) VALUES ('423', '103', 'out', '4.00', '0.00', '0.00', 'App\\Models\\Order', '186', 'Order #INV-20260303-0064 - TAKORU', '20', '2026-03-03 11:56:10', '2026-03-03 11:56:10');
INSERT INTO `stock_movements` (`id`, `material_id`, `type`, `quantity`, `unit_price`, `total_price`, `reference_type`, `reference_id`, `notes`, `user_id`, `created_at`, `updated_at`) VALUES ('424', '54', 'out', '8.00', '0.00', '0.00', 'App\\Models\\Order', '187', 'Order #INV-20260303-0065 - aqifah 1', '3', '2026-03-03 12:05:04', '2026-03-03 12:05:04');
INSERT INTO `stock_movements` (`id`, `material_id`, `type`, `quantity`, `unit_price`, `total_price`, `reference_type`, `reference_id`, `notes`, `user_id`, `created_at`, `updated_at`) VALUES ('425', '54', 'out', '8.00', '0.00', '0.00', 'App\\Models\\Order', '188', 'Order #INV-20260303-0066 - aqifah 1', '3', '2026-03-03 12:05:05', '2026-03-03 12:05:05');
INSERT INTO `stock_movements` (`id`, `material_id`, `type`, `quantity`, `unit_price`, `total_price`, `reference_type`, `reference_id`, `notes`, `user_id`, `created_at`, `updated_at`) VALUES ('426', '47', 'out', '8.00', '0.00', '0.00', 'App\\Models\\Order', '189', 'Order #INV-20260303-0067 - sensus ekonomi', '19', '2026-03-03 12:07:27', '2026-03-03 12:07:27');
INSERT INTO `stock_movements` (`id`, `material_id`, `type`, `quantity`, `unit_price`, `total_price`, `reference_type`, `reference_id`, `notes`, `user_id`, `created_at`, `updated_at`) VALUES ('427', '92', 'out', '8.00', '0.00', '0.00', 'App\\Models\\Order', '189', 'Order #INV-20260303-0067 - sensus ekonomi', '19', '2026-03-03 12:07:27', '2026-03-03 12:07:27');
INSERT INTO `stock_movements` (`id`, `material_id`, `type`, `quantity`, `unit_price`, `total_price`, `reference_type`, `reference_id`, `notes`, `user_id`, `created_at`, `updated_at`) VALUES ('428', '47', 'out', '2.00', '0.00', '0.00', 'App\\Models\\Order', '190', 'Order #INV-20260303-0068 - idul fitri 0303', '3', '2026-03-03 12:08:49', '2026-03-03 12:08:49');
INSERT INTO `stock_movements` (`id`, `material_id`, `type`, `quantity`, `unit_price`, `total_price`, `reference_type`, `reference_id`, `notes`, `user_id`, `created_at`, `updated_at`) VALUES ('429', '50', 'in', '6.00', '0.00', '0.00', 'App\\Models\\Order', '149', 'Stok dikembalikan - Batal Order #INV-20260303-0027', '8', '2026-03-03 13:03:38', '2026-03-03 13:03:38');
INSERT INTO `stock_movements` (`id`, `material_id`, `type`, `quantity`, `unit_price`, `total_price`, `reference_type`, `reference_id`, `notes`, `user_id`, `created_at`, `updated_at`) VALUES ('430', '100', 'out', '1.00', '0.00', '0.00', 'App\\Models\\Order', '191', 'Order #INV-20260303-0069 - KUPON', '8', '2026-03-03 13:05:50', '2026-03-03 13:05:50');
INSERT INTO `stock_movements` (`id`, `material_id`, `type`, `quantity`, `unit_price`, `total_price`, `reference_type`, `reference_id`, `notes`, `user_id`, `created_at`, `updated_at`) VALUES ('431', '57', 'out', '20.00', '0.00', '0.00', 'App\\Models\\Order', '192', 'Order #INV-20260303-0070 - vercing0329', '20', '2026-03-03 13:11:03', '2026-03-03 13:11:03');
INSERT INTO `stock_movements` (`id`, `material_id`, `type`, `quantity`, `unit_price`, `total_price`, `reference_type`, `reference_id`, `notes`, `user_id`, `created_at`, `updated_at`) VALUES ('432', '82', 'in', '1.65', '0.00', '0.00', 'App\\Models\\Order', '173', 'Stok dikembalikan - Batal Item Order #INV-20260303-0051', '8', '2026-03-03 13:13:51', '2026-03-03 13:13:51');
INSERT INTO `stock_movements` (`id`, `material_id`, `type`, `quantity`, `unit_price`, `total_price`, `reference_type`, `reference_id`, `notes`, `user_id`, `created_at`, `updated_at`) VALUES ('433', '85', 'out', '7.50', '0.00', '0.00', 'App\\Models\\Order', '193', 'Order #INV-20260303-0071 - SMA MAARIF', '3', '2026-03-03 13:20:16', '2026-03-03 13:20:16');
INSERT INTO `stock_movements` (`id`, `material_id`, `type`, `quantity`, `unit_price`, `total_price`, `reference_type`, `reference_id`, `notes`, `user_id`, `created_at`, `updated_at`) VALUES ('434', '103', 'out', '1.00', '0.00', '0.00', 'App\\Models\\Order', '194', 'Order #INV-20260303-0072 - belt ramadan', '20', '2026-03-03 13:20:33', '2026-03-03 13:20:33');
INSERT INTO `stock_movements` (`id`, `material_id`, `type`, `quantity`, `unit_price`, `total_price`, `reference_type`, `reference_id`, `notes`, `user_id`, `created_at`, `updated_at`) VALUES ('435', '48', 'out', '27.00', '0.00', '0.00', 'App\\Models\\Order', '195', 'Order #INV-20260303-0073 - dinda veru', '19', '2026-03-03 13:20:47', '2026-03-03 13:20:47');
INSERT INTO `stock_movements` (`id`, `material_id`, `type`, `quantity`, `unit_price`, `total_price`, `reference_type`, `reference_id`, `notes`, `user_id`, `created_at`, `updated_at`) VALUES ('436', '45', 'out', '4.00', '0.00', '0.00', 'App\\Models\\Order', '196', 'Order #INV-20260303-0074 - vapeco', '20', '2026-03-03 13:23:34', '2026-03-03 13:23:34');
INSERT INTO `stock_movements` (`id`, `material_id`, `type`, `quantity`, `unit_price`, `total_price`, `reference_type`, `reference_id`, `notes`, `user_id`, `created_at`, `updated_at`) VALUES ('437', '45', 'in', '4.00', '0.00', '0.00', 'App\\Models\\Order', '196', 'Stok dikembalikan - Edit Order #INV-20260303-0074', '20', '2026-03-03 13:24:09', '2026-03-03 13:24:09');
INSERT INTO `stock_movements` (`id`, `material_id`, `type`, `quantity`, `unit_price`, `total_price`, `reference_type`, `reference_id`, `notes`, `user_id`, `created_at`, `updated_at`) VALUES ('438', '45', 'out', '15.00', '0.00', '0.00', 'App\\Models\\Order', '197', 'Order #INV-20260303-0075 - amplop thr', '3', '2026-03-03 13:24:52', '2026-03-03 13:24:52');
INSERT INTO `stock_movements` (`id`, `material_id`, `type`, `quantity`, `unit_price`, `total_price`, `reference_type`, `reference_id`, `notes`, `user_id`, `created_at`, `updated_at`) VALUES ('439', '49', 'out', '5.00', '0.00', '0.00', 'App\\Models\\Order', '198', 'Order #INV-20260303-0076 - kh 0303 A', '19', '2026-03-03 13:26:54', '2026-03-03 13:26:54');
INSERT INTO `stock_movements` (`id`, `material_id`, `type`, `quantity`, `unit_price`, `total_price`, `reference_type`, `reference_id`, `notes`, `user_id`, `created_at`, `updated_at`) VALUES ('440', '49', 'out', '8.00', '0.00', '0.00', 'App\\Models\\Order', '198', 'Order #INV-20260303-0076 - kh 0303 B', '19', '2026-03-03 13:26:54', '2026-03-03 13:26:54');
INSERT INTO `stock_movements` (`id`, `material_id`, `type`, `quantity`, `unit_price`, `total_price`, `reference_type`, `reference_id`, `notes`, `user_id`, `created_at`, `updated_at`) VALUES ('441', '57', 'out', '5.00', '0.00', '0.00', 'App\\Models\\Order', '198', 'Order #INV-20260303-0076 - kh 0303 C', '19', '2026-03-03 13:26:54', '2026-03-03 13:26:54');
INSERT INTO `stock_movements` (`id`, `material_id`, `type`, `quantity`, `unit_price`, `total_price`, `reference_type`, `reference_id`, `notes`, `user_id`, `created_at`, `updated_at`) VALUES ('442', '59', 'out', '75.00', '0.00', '0.00', 'App\\Models\\Order', '198', 'Order #INV-20260303-0076 - kh 0303 D = 30, kh 0303 E = 42, kh 0303 F = 3', '19', '2026-03-03 13:26:54', '2026-03-03 13:26:54');
INSERT INTO `stock_movements` (`id`, `material_id`, `type`, `quantity`, `unit_price`, `total_price`, `reference_type`, `reference_id`, `notes`, `user_id`, `created_at`, `updated_at`) VALUES ('443', '57', 'out', '20.00', '0.00', '0.00', 'App\\Models\\Order', '198', 'Order #INV-20260303-0076 - kh 0303 G', '19', '2026-03-03 13:26:54', '2026-03-03 13:26:54');
INSERT INTO `stock_movements` (`id`, `material_id`, `type`, `quantity`, `unit_price`, `total_price`, `reference_type`, `reference_id`, `notes`, `user_id`, `created_at`, `updated_at`) VALUES ('444', '59', 'out', '6.00', '0.00', '0.00', 'App\\Models\\Order', '199', 'Order #INV-20260303-0077 - teman lauk', '3', '2026-03-03 13:27:15', '2026-03-03 13:27:15');
INSERT INTO `stock_movements` (`id`, `material_id`, `type`, `quantity`, `unit_price`, `total_price`, `reference_type`, `reference_id`, `notes`, `user_id`, `created_at`, `updated_at`) VALUES ('445', '59', 'out', '3.00', '0.00', '0.00', 'App\\Models\\Order', '200', 'Order #INV-20260303-0078 - griya mix', '19', '2026-03-03 13:32:58', '2026-03-03 13:32:58');
INSERT INTO `stock_movements` (`id`, `material_id`, `type`, `quantity`, `unit_price`, `total_price`, `reference_type`, `reference_id`, `notes`, `user_id`, `created_at`, `updated_at`) VALUES ('446', '47', 'out', '50.00', '0.00', '0.00', 'App\\Models\\Order', '201', 'Order #INV-20260303-0079 - global media kotak', '23', '2026-03-03 13:36:56', '2026-03-03 13:36:56');
INSERT INTO `stock_movements` (`id`, `material_id`, `type`, `quantity`, `unit_price`, `total_price`, `reference_type`, `reference_id`, `notes`, `user_id`, `created_at`, `updated_at`) VALUES ('447', '92', 'out', '50.00', '0.00', '0.00', 'App\\Models\\Order', '201', 'Order #INV-20260303-0079 - global media kotak', '23', '2026-03-03 13:36:56', '2026-03-03 13:36:56');
INSERT INTO `stock_movements` (`id`, `material_id`, `type`, `quantity`, `unit_price`, `total_price`, `reference_type`, `reference_id`, `notes`, `user_id`, `created_at`, `updated_at`) VALUES ('448', '59', 'out', '2.00', '0.00', '0.00', 'App\\Models\\Order', '202', 'Order #INV-20260303-0080 - she fglowing revisi', '3', '2026-03-03 13:40:08', '2026-03-03 13:40:08');
INSERT INTO `stock_movements` (`id`, `material_id`, `type`, `quantity`, `unit_price`, `total_price`, `reference_type`, `reference_id`, `notes`, `user_id`, `created_at`, `updated_at`) VALUES ('449', '59', 'in', '2.00', '0.00', '0.00', 'App\\Models\\Order', '202', 'Stok dikembalikan - Edit Order #INV-20260303-0080', '3', '2026-03-03 13:40:28', '2026-03-03 13:40:28');
INSERT INTO `stock_movements` (`id`, `material_id`, `type`, `quantity`, `unit_price`, `total_price`, `reference_type`, `reference_id`, `notes`, `user_id`, `created_at`, `updated_at`) VALUES ('450', '59', 'out', '2.00', '0.00', '0.00', 'App\\Models\\Order', '202', 'Order #INV-20260303-0080 - she glowing revisi', '3', '2026-03-03 13:40:28', '2026-03-03 13:40:28');
INSERT INTO `stock_movements` (`id`, `material_id`, `type`, `quantity`, `unit_price`, `total_price`, `reference_type`, `reference_id`, `notes`, `user_id`, `created_at`, `updated_at`) VALUES ('451', '103', 'out', '5.00', '0.00', '0.00', 'App\\Models\\Order', '203', 'Order #INV-20260303-0081 - blikopi21', '20', '2026-03-03 13:42:38', '2026-03-03 13:42:38');
INSERT INTO `stock_movements` (`id`, `material_id`, `type`, `quantity`, `unit_price`, `total_price`, `reference_type`, `reference_id`, `notes`, `user_id`, `created_at`, `updated_at`) VALUES ('452', '53', 'out', '2.00', '0.00', '0.00', 'App\\Models\\Order', '204', 'Order #INV-20260303-0082 - webinar', '19', '2026-03-03 13:42:46', '2026-03-03 13:42:46');
INSERT INTO `stock_movements` (`id`, `material_id`, `type`, `quantity`, `unit_price`, `total_price`, `reference_type`, `reference_id`, `notes`, `user_id`, `created_at`, `updated_at`) VALUES ('453', '45', 'out', '89.00', '0.00', '0.00', 'App\\Models\\Order', '205', 'Order #INV-20260303-0083 - hari raya 0303', '3', '2026-03-03 13:43:28', '2026-03-03 13:43:28');
INSERT INTO `stock_movements` (`id`, `material_id`, `type`, `quantity`, `unit_price`, `total_price`, `reference_type`, `reference_id`, `notes`, `user_id`, `created_at`, `updated_at`) VALUES ('454', '48', 'out', '10.00', '0.00', '0.00', 'App\\Models\\Order', '206', 'Order #INV-20260303-0084 - PKS KERJA', '20', '2026-03-03 13:45:09', '2026-03-03 13:45:09');
INSERT INTO `stock_movements` (`id`, `material_id`, `type`, `quantity`, `unit_price`, `total_price`, `reference_type`, `reference_id`, `notes`, `user_id`, `created_at`, `updated_at`) VALUES ('455', '61', 'out', '0.50', '0.00', '0.00', 'App\\Models\\Order', '207', 'Order #INV-20260303-0085 - pojok baca', '19', '2026-03-03 13:46:06', '2026-03-03 13:46:06');
INSERT INTO `stock_movements` (`id`, `material_id`, `type`, `quantity`, `unit_price`, `total_price`, `reference_type`, `reference_id`, `notes`, `user_id`, `created_at`, `updated_at`) VALUES ('456', '82', 'out', '0.50', '0.00', '0.00', 'App\\Models\\Order', '207', 'Order #INV-20260303-0085 - pojok baca', '19', '2026-03-03 13:46:06', '2026-03-03 13:46:06');
INSERT INTO `stock_movements` (`id`, `material_id`, `type`, `quantity`, `unit_price`, `total_price`, `reference_type`, `reference_id`, `notes`, `user_id`, `created_at`, `updated_at`) VALUES ('457', '99', 'out', '0.50', '0.00', '0.00', 'App\\Models\\Order', '207', 'Order #INV-20260303-0085 - pojok baca', '19', '2026-03-03 13:46:06', '2026-03-03 13:46:06');
INSERT INTO `stock_movements` (`id`, `material_id`, `type`, `quantity`, `unit_price`, `total_price`, `reference_type`, `reference_id`, `notes`, `user_id`, `created_at`, `updated_at`) VALUES ('458', '86', 'out', '2.00', '0.00', '0.00', 'App\\Models\\Order', '208', 'Order #INV-20260303-0086 - PR FAREL', '20', '2026-03-03 13:49:05', '2026-03-03 13:49:05');
INSERT INTO `stock_movements` (`id`, `material_id`, `type`, `quantity`, `unit_price`, `total_price`, `reference_type`, `reference_id`, `notes`, `user_id`, `created_at`, `updated_at`) VALUES ('459', '58', 'out', '15.00', '0.00', '0.00', 'App\\Models\\Order', '209', 'Order #INV-20260303-0087 - havvla 0303', '19', '2026-03-03 13:54:52', '2026-03-03 13:54:52');
INSERT INTO `stock_movements` (`id`, `material_id`, `type`, `quantity`, `unit_price`, `total_price`, `reference_type`, `reference_id`, `notes`, `user_id`, `created_at`, `updated_at`) VALUES ('460', '57', 'out', '4.00', '0.00', '0.00', 'App\\Models\\Order', '209', 'Order #INV-20260303-0087 - havvla 0303', '19', '2026-03-03 13:54:52', '2026-03-03 13:54:52');
INSERT INTO `stock_movements` (`id`, `material_id`, `type`, `quantity`, `unit_price`, `total_price`, `reference_type`, `reference_id`, `notes`, `user_id`, `created_at`, `updated_at`) VALUES ('461', '47', 'out', '20.00', '0.00', '0.00', 'App\\Models\\Order', '210', 'Order #INV-20260303-0088 - NASTY BAKE', '20', '2026-03-03 14:02:17', '2026-03-03 14:02:17');
INSERT INTO `stock_movements` (`id`, `material_id`, `type`, `quantity`, `unit_price`, `total_price`, `reference_type`, `reference_id`, `notes`, `user_id`, `created_at`, `updated_at`) VALUES ('462', '47', 'in', '2.00', '0.00', '0.00', 'App\\Models\\Order', '177', 'Stok dikembalikan - Edit Order #INV-20260303-0055', '19', '2026-03-03 14:29:38', '2026-03-03 14:29:38');
INSERT INTO `stock_movements` (`id`, `material_id`, `type`, `quantity`, `unit_price`, `total_price`, `reference_type`, `reference_id`, `notes`, `user_id`, `created_at`, `updated_at`) VALUES ('463', '54', 'out', '1.00', '0.00', '0.00', 'App\\Models\\Order', '211', 'Order #INV-20260303-0089 - motif foto', '19', '2026-03-03 14:31:43', '2026-03-03 14:31:43');
INSERT INTO `stock_movements` (`id`, `material_id`, `type`, `quantity`, `unit_price`, `total_price`, `reference_type`, `reference_id`, `notes`, `user_id`, `created_at`, `updated_at`) VALUES ('464', '53', 'in', '37.00', '0.00', '0.00', 'App\\Models\\Order', '132', 'Stok dikembalikan - Edit Order #INV-20260303-0010', '19', '2026-03-03 14:33:20', '2026-03-03 14:33:20');
INSERT INTO `stock_movements` (`id`, `material_id`, `type`, `quantity`, `unit_price`, `total_price`, `reference_type`, `reference_id`, `notes`, `user_id`, `created_at`, `updated_at`) VALUES ('465', '62', 'out', '4.08', '0.00', '0.00', 'App\\Models\\Order', '212', 'Order #INV-20260303-0090 - petunjuk pengisian', '19', '2026-03-03 14:36:00', '2026-03-03 14:36:00');
INSERT INTO `stock_movements` (`id`, `material_id`, `type`, `quantity`, `unit_price`, `total_price`, `reference_type`, `reference_id`, `notes`, `user_id`, `created_at`, `updated_at`) VALUES ('466', '47', 'out', '5.00', '0.00', '0.00', 'App\\Models\\Order', '213', 'Order #INV-20260303-0091 - NGABUTRIF', '20', '2026-03-03 14:40:40', '2026-03-03 14:40:40');
INSERT INTO `stock_movements` (`id`, `material_id`, `type`, `quantity`, `unit_price`, `total_price`, `reference_type`, `reference_id`, `notes`, `user_id`, `created_at`, `updated_at`) VALUES ('467', '85', 'out', '6.00', '0.00', '0.00', 'App\\Models\\Order', '214', 'Order #INV-20260303-0092 - nuzulul quran 01', '19', '2026-03-03 14:54:06', '2026-03-03 14:54:06');
INSERT INTO `stock_movements` (`id`, `material_id`, `type`, `quantity`, `unit_price`, `total_price`, `reference_type`, `reference_id`, `notes`, `user_id`, `created_at`, `updated_at`) VALUES ('468', '85', 'out', '3.20', '0.00', '0.00', 'App\\Models\\Order', '214', 'Order #INV-20260303-0092 - nuzulul quran 02', '19', '2026-03-03 14:54:06', '2026-03-03 14:54:06');
INSERT INTO `stock_movements` (`id`, `material_id`, `type`, `quantity`, `unit_price`, `total_price`, `reference_type`, `reference_id`, `notes`, `user_id`, `created_at`, `updated_at`) VALUES ('469', '50', 'out', '9.00', '0.00', '0.00', 'App\\Models\\Order', '215', 'Order #INV-20260303-0093 - pop chain', '3', '2026-03-03 14:54:12', '2026-03-03 14:54:12');
INSERT INTO `stock_movements` (`id`, `material_id`, `type`, `quantity`, `unit_price`, `total_price`, `reference_type`, `reference_id`, `notes`, `user_id`, `created_at`, `updated_at`) VALUES ('470', '92', 'out', '9.00', '0.00', '0.00', 'App\\Models\\Order', '215', 'Order #INV-20260303-0093 - pop chain', '3', '2026-03-03 14:54:12', '2026-03-03 14:54:12');
INSERT INTO `stock_movements` (`id`, `material_id`, `type`, `quantity`, `unit_price`, `total_price`, `reference_type`, `reference_id`, `notes`, `user_id`, `created_at`, `updated_at`) VALUES ('471', '50', 'out', '2.00', '0.00', '0.00', 'App\\Models\\Order', '216', 'Order #INV-20260303-0094 - adit eid', '20', '2026-03-03 14:56:01', '2026-03-03 14:56:01');
INSERT INTO `stock_movements` (`id`, `material_id`, `type`, `quantity`, `unit_price`, `total_price`, `reference_type`, `reference_id`, `notes`, `user_id`, `created_at`, `updated_at`) VALUES ('472', '92', 'out', '2.00', '0.00', '0.00', 'App\\Models\\Order', '216', 'Order #INV-20260303-0094 - adit eid', '20', '2026-03-03 14:56:01', '2026-03-03 14:56:01');
INSERT INTO `stock_movements` (`id`, `material_id`, `type`, `quantity`, `unit_price`, `total_price`, `reference_type`, `reference_id`, `notes`, `user_id`, `created_at`, `updated_at`) VALUES ('473', '60', 'out', '10.00', '0.00', '0.00', 'App\\Models\\Order', '217', 'Order #INV-20260303-0095 - RAJA RIZAR', '20', '2026-03-03 14:59:07', '2026-03-03 14:59:07');
INSERT INTO `stock_movements` (`id`, `material_id`, `type`, `quantity`, `unit_price`, `total_price`, `reference_type`, `reference_id`, `notes`, `user_id`, `created_at`, `updated_at`) VALUES ('474', '86', 'out', '2.00', '0.00', '0.00', 'App\\Models\\Order', '218', 'Order #INV-20260303-0096 - madani trans', '19', '2026-03-03 15:06:16', '2026-03-03 15:06:16');
INSERT INTO `stock_movements` (`id`, `material_id`, `type`, `quantity`, `unit_price`, `total_price`, `reference_type`, `reference_id`, `notes`, `user_id`, `created_at`, `updated_at`) VALUES ('475', '47', 'out', '3.00', '0.00', '0.00', 'App\\Models\\Order', '219', 'Order #INV-20260303-0097 - EID ERCIA', '20', '2026-03-03 15:06:54', '2026-03-03 15:06:54');
INSERT INTO `stock_movements` (`id`, `material_id`, `type`, `quantity`, `unit_price`, `total_price`, `reference_type`, `reference_id`, `notes`, `user_id`, `created_at`, `updated_at`) VALUES ('476', '65', 'out', '0.25', '0.00', '0.00', 'App\\Models\\Order', '220', 'Order #INV-20260303-0098 - charm', '3', '2026-03-03 15:08:05', '2026-03-03 15:08:05');
INSERT INTO `stock_movements` (`id`, `material_id`, `type`, `quantity`, `unit_price`, `total_price`, `reference_type`, `reference_id`, `notes`, `user_id`, `created_at`, `updated_at`) VALUES ('477', '57', 'out', '3.00', '0.00', '0.00', 'App\\Models\\Order', '221', 'Order #INV-20260303-0099 - FROM YANTI', '20', '2026-03-03 15:08:35', '2026-03-03 15:08:35');
INSERT INTO `stock_movements` (`id`, `material_id`, `type`, `quantity`, `unit_price`, `total_price`, `reference_type`, `reference_id`, `notes`, `user_id`, `created_at`, `updated_at`) VALUES ('478', '51', 'out', '8.00', '0.00', '0.00', 'App\\Models\\Order', '222', 'Order #INV-20260303-0100 - bakso anak', '3', '2026-03-03 15:09:56', '2026-03-03 15:09:56');
INSERT INTO `stock_movements` (`id`, `material_id`, `type`, `quantity`, `unit_price`, `total_price`, `reference_type`, `reference_id`, `notes`, `user_id`, `created_at`, `updated_at`) VALUES ('479', '57', 'out', '5.00', '0.00', '0.00', 'App\\Models\\Order', '223', 'Order #INV-20260303-0101 - semoga 1', '3', '2026-03-03 15:15:14', '2026-03-03 15:15:14');
INSERT INTO `stock_movements` (`id`, `material_id`, `type`, `quantity`, `unit_price`, `total_price`, `reference_type`, `reference_id`, `notes`, `user_id`, `created_at`, `updated_at`) VALUES ('480', '57', 'in', '5.00', '0.00', '0.00', 'App\\Models\\Order', '223', 'Stok dikembalikan - Edit Order #INV-20260303-0101', '3', '2026-03-03 15:16:12', '2026-03-03 15:16:12');
INSERT INTO `stock_movements` (`id`, `material_id`, `type`, `quantity`, `unit_price`, `total_price`, `reference_type`, `reference_id`, `notes`, `user_id`, `created_at`, `updated_at`) VALUES ('481', '57', 'out', '5.00', '0.00', '0.00', 'App\\Models\\Order', '223', 'Order #INV-20260303-0101 - semoga 1', '3', '2026-03-03 15:16:12', '2026-03-03 15:16:12');
INSERT INTO `stock_movements` (`id`, `material_id`, `type`, `quantity`, `unit_price`, `total_price`, `reference_type`, `reference_id`, `notes`, `user_id`, `created_at`, `updated_at`) VALUES ('482', '95', 'out', '1.00', '0.00', '0.00', 'App\\Models\\Order', '224', 'Order #INV-20260303-0102 - MY PERTAMINA', '3', '2026-03-03 15:18:24', '2026-03-03 15:18:24');
INSERT INTO `stock_movements` (`id`, `material_id`, `type`, `quantity`, `unit_price`, `total_price`, `reference_type`, `reference_id`, `notes`, `user_id`, `created_at`, `updated_at`) VALUES ('483', '44', 'out', '4.00', '0.00', '0.00', 'App\\Models\\Order', '225', 'Order #INV-20260303-0103 - belt 0303', '19', '2026-03-03 15:19:50', '2026-03-03 15:19:50');
INSERT INTO `stock_movements` (`id`, `material_id`, `type`, `quantity`, `unit_price`, `total_price`, `reference_type`, `reference_id`, `notes`, `user_id`, `created_at`, `updated_at`) VALUES ('484', '45', 'out', '2.00', '0.00', '0.00', 'App\\Models\\Order', '226', 'Order #INV-20260303-0104 - lamondo', '19', '2026-03-03 15:21:33', '2026-03-03 15:21:33');
INSERT INTO `stock_movements` (`id`, `material_id`, `type`, `quantity`, `unit_price`, `total_price`, `reference_type`, `reference_id`, `notes`, `user_id`, `created_at`, `updated_at`) VALUES ('485', '57', 'out', '26.00', '0.00', '0.00', 'App\\Models\\Order', '227', 'Order #INV-20260303-0105 - super clean 0303', '3', '2026-03-03 15:23:21', '2026-03-03 15:23:21');
INSERT INTO `stock_movements` (`id`, `material_id`, `type`, `quantity`, `unit_price`, `total_price`, `reference_type`, `reference_id`, `notes`, `user_id`, `created_at`, `updated_at`) VALUES ('486', '57', 'out', '6.00', '0.00', '0.00', 'App\\Models\\Order', '228', 'Order #INV-20260303-0106 - ingvena 6', '23', '2026-03-03 15:26:12', '2026-03-03 15:26:12');
INSERT INTO `stock_movements` (`id`, `material_id`, `type`, `quantity`, `unit_price`, `total_price`, `reference_type`, `reference_id`, `notes`, `user_id`, `created_at`, `updated_at`) VALUES ('487', '61', 'in', '0.50', '0.00', '0.00', 'App\\Models\\Order', '207', 'Stok dikembalikan - Edit Order #INV-20260303-0085', '19', '2026-03-03 15:42:17', '2026-03-03 15:42:17');
INSERT INTO `stock_movements` (`id`, `material_id`, `type`, `quantity`, `unit_price`, `total_price`, `reference_type`, `reference_id`, `notes`, `user_id`, `created_at`, `updated_at`) VALUES ('488', '82', 'in', '0.50', '0.00', '0.00', 'App\\Models\\Order', '207', 'Stok dikembalikan - Edit Order #INV-20260303-0085', '19', '2026-03-03 15:42:17', '2026-03-03 15:42:17');
INSERT INTO `stock_movements` (`id`, `material_id`, `type`, `quantity`, `unit_price`, `total_price`, `reference_type`, `reference_id`, `notes`, `user_id`, `created_at`, `updated_at`) VALUES ('489', '99', 'in', '0.50', '0.00', '0.00', 'App\\Models\\Order', '207', 'Stok dikembalikan - Edit Order #INV-20260303-0085', '19', '2026-03-03 15:42:17', '2026-03-03 15:42:17');
INSERT INTO `stock_movements` (`id`, `material_id`, `type`, `quantity`, `unit_price`, `total_price`, `reference_type`, `reference_id`, `notes`, `user_id`, `created_at`, `updated_at`) VALUES ('490', '101', 'out', '1.00', '0.00', '0.00', 'App\\Models\\Order', '207', 'Order #INV-20260303-0085 - pojok baca', '19', '2026-03-03 15:42:17', '2026-03-03 15:42:17');
INSERT INTO `stock_movements` (`id`, `material_id`, `type`, `quantity`, `unit_price`, `total_price`, `reference_type`, `reference_id`, `notes`, `user_id`, `created_at`, `updated_at`) VALUES ('491', '57', 'out', '10.00', '0.00', '0.00', 'App\\Models\\Order', '229', 'Order #INV-20260303-0107 - pisal 1', '3', '2026-03-03 15:46:13', '2026-03-03 15:46:13');
INSERT INTO `stock_movements` (`id`, `material_id`, `type`, `quantity`, `unit_price`, `total_price`, `reference_type`, `reference_id`, `notes`, `user_id`, `created_at`, `updated_at`) VALUES ('492', '57', 'out', '10.00', '0.00', '0.00', 'App\\Models\\Order', '230', 'Order #INV-20260303-0108 - pisal 1', '3', '2026-03-03 15:46:14', '2026-03-03 15:46:14');
INSERT INTO `stock_movements` (`id`, `material_id`, `type`, `quantity`, `unit_price`, `total_price`, `reference_type`, `reference_id`, `notes`, `user_id`, `created_at`, `updated_at`) VALUES ('493', '57', 'out', '5.00', '0.00', '0.00', 'App\\Models\\Order', '231', 'Order #INV-20260303-0109 - jp drink', '20', '2026-03-03 15:46:39', '2026-03-03 15:46:39');
INSERT INTO `stock_movements` (`id`, `material_id`, `type`, `quantity`, `unit_price`, `total_price`, `reference_type`, `reference_id`, `notes`, `user_id`, `created_at`, `updated_at`) VALUES ('494', '57', 'in', '5.00', '0.00', '0.00', 'App\\Models\\Order', '231', 'Stok dikembalikan - Edit Order #INV-20260303-0109', '20', '2026-03-03 15:47:25', '2026-03-03 15:47:25');
INSERT INTO `stock_movements` (`id`, `material_id`, `type`, `quantity`, `unit_price`, `total_price`, `reference_type`, `reference_id`, `notes`, `user_id`, `created_at`, `updated_at`) VALUES ('495', '57', 'out', '5.00', '0.00', '0.00', 'App\\Models\\Order', '231', 'Order #INV-20260303-0109 - jp drink', '20', '2026-03-03 15:47:25', '2026-03-03 15:47:25');
INSERT INTO `stock_movements` (`id`, `material_id`, `type`, `quantity`, `unit_price`, `total_price`, `reference_type`, `reference_id`, `notes`, `user_id`, `created_at`, `updated_at`) VALUES ('496', '59', 'out', '8.00', '0.00', '0.00', 'App\\Models\\Order', '232', 'Order #INV-20260303-0110 - she glowing revisi', '3', '2026-03-03 15:48:35', '2026-03-03 15:48:35');
INSERT INTO `stock_movements` (`id`, `material_id`, `type`, `quantity`, `unit_price`, `total_price`, `reference_type`, `reference_id`, `notes`, `user_id`, `created_at`, `updated_at`) VALUES ('497', '45', 'out', '25.00', '0.00', '0.00', 'App\\Models\\Order', '233', 'Order #INV-20260303-0111 - umroh lampung', '3', '2026-03-03 15:52:23', '2026-03-03 15:52:23');
INSERT INTO `stock_movements` (`id`, `material_id`, `type`, `quantity`, `unit_price`, `total_price`, `reference_type`, `reference_id`, `notes`, `user_id`, `created_at`, `updated_at`) VALUES ('498', '57', 'out', '2.00', '0.00', '0.00', 'App\\Models\\Order', '234', 'Order #INV-20260303-0112 - dapoer ibun', '19', '2026-03-03 15:53:34', '2026-03-03 15:53:34');
INSERT INTO `stock_movements` (`id`, `material_id`, `type`, `quantity`, `unit_price`, `total_price`, `reference_type`, `reference_id`, `notes`, `user_id`, `created_at`, `updated_at`) VALUES ('499', '45', 'out', '12.00', '0.00', '0.00', 'App\\Models\\Order', '235', 'Order #INV-20260303-0113 - negeri cinta', '3', '2026-03-03 15:55:13', '2026-03-03 15:55:13');
INSERT INTO `stock_movements` (`id`, `material_id`, `type`, `quantity`, `unit_price`, `total_price`, `reference_type`, `reference_id`, `notes`, `user_id`, `created_at`, `updated_at`) VALUES ('500', '47', 'out', '10.00', '0.00', '0.00', 'App\\Models\\Order', '236', 'Order #INV-20260303-0114 - sibin 1', '3', '2026-03-03 15:58:50', '2026-03-03 15:58:50');
INSERT INTO `stock_movements` (`id`, `material_id`, `type`, `quantity`, `unit_price`, `total_price`, `reference_type`, `reference_id`, `notes`, `user_id`, `created_at`, `updated_at`) VALUES ('501', '57', 'out', '1.00', '0.00', '0.00', 'App\\Models\\Order', '237', 'Order #INV-20260303-0115 - stiker eid', '19', '2026-03-03 16:04:57', '2026-03-03 16:04:57');
INSERT INTO `stock_movements` (`id`, `material_id`, `type`, `quantity`, `unit_price`, `total_price`, `reference_type`, `reference_id`, `notes`, `user_id`, `created_at`, `updated_at`) VALUES ('502', '57', 'in', '1.00', '0.00', '0.00', 'App\\Models\\Order', '237', 'Stok dikembalikan - Edit Order #INV-20260303-0115', '19', '2026-03-03 16:05:29', '2026-03-03 16:05:29');
INSERT INTO `stock_movements` (`id`, `material_id`, `type`, `quantity`, `unit_price`, `total_price`, `reference_type`, `reference_id`, `notes`, `user_id`, `created_at`, `updated_at`) VALUES ('503', '57', 'out', '2.00', '0.00', '0.00', 'App\\Models\\Order', '238', 'Order #INV-20260303-0116 - mie ayam 21', '19', '2026-03-03 16:07:10', '2026-03-03 16:07:10');
INSERT INTO `stock_movements` (`id`, `material_id`, `type`, `quantity`, `unit_price`, `total_price`, `reference_type`, `reference_id`, `notes`, `user_id`, `created_at`, `updated_at`) VALUES ('504', '47', 'out', '15.00', '0.00', '0.00', 'App\\Models\\Order', '239', 'Order #INV-20260303-0117 - PAPER1=13@1, ATIRE2=2', '20', '2026-03-03 16:08:21', '2026-03-03 16:08:21');
INSERT INTO `stock_movements` (`id`, `material_id`, `type`, `quantity`, `unit_price`, `total_price`, `reference_type`, `reference_id`, `notes`, `user_id`, `created_at`, `updated_at`) VALUES ('505', '57', 'out', '14.00', '0.00', '0.00', 'App\\Models\\Order', '240', 'Order #INV-20260303-0118 - wip bakery', '3', '2026-03-03 16:13:47', '2026-03-03 16:13:47');
INSERT INTO `stock_movements` (`id`, `material_id`, `type`, `quantity`, `unit_price`, `total_price`, `reference_type`, `reference_id`, `notes`, `user_id`, `created_at`, `updated_at`) VALUES ('506', '59', 'out', '30.00', '0.00', '0.00', 'App\\Models\\Order', '241', 'Order #INV-20260303-0119 - MIE BAGAS', '20', '2026-03-03 16:22:02', '2026-03-03 16:22:02');
INSERT INTO `stock_movements` (`id`, `material_id`, `type`, `quantity`, `unit_price`, `total_price`, `reference_type`, `reference_id`, `notes`, `user_id`, `created_at`, `updated_at`) VALUES ('507', '50', 'out', '1.00', '0.00', '0.00', 'App\\Models\\Order', '242', 'Order #INV-20260303-0120 - KLD IMAM', '20', '2026-03-03 16:26:31', '2026-03-03 16:26:31');
INSERT INTO `stock_movements` (`id`, `material_id`, `type`, `quantity`, `unit_price`, `total_price`, `reference_type`, `reference_id`, `notes`, `user_id`, `created_at`, `updated_at`) VALUES ('508', '47', 'out', '5.00', '0.00', '0.00', 'App\\Models\\Order', '243', 'Order #INV-20260303-0121 - ns cetak', '19', '2026-03-03 16:31:26', '2026-03-03 16:31:26');
INSERT INTO `stock_movements` (`id`, `material_id`, `type`, `quantity`, `unit_price`, `total_price`, `reference_type`, `reference_id`, `notes`, `user_id`, `created_at`, `updated_at`) VALUES ('509', '92', 'out', '5.00', '0.00', '0.00', 'App\\Models\\Order', '243', 'Order #INV-20260303-0121 - ns cetak', '19', '2026-03-03 16:31:26', '2026-03-03 16:31:26');
INSERT INTO `stock_movements` (`id`, `material_id`, `type`, `quantity`, `unit_price`, `total_price`, `reference_type`, `reference_id`, `notes`, `user_id`, `created_at`, `updated_at`) VALUES ('510', '59', 'out', '2.00', '0.00', '0.00', 'App\\Models\\Order', '244', 'Order #INV-20260303-0122 - ns cetak', '19', '2026-03-03 16:32:03', '2026-03-03 16:32:03');
INSERT INTO `stock_movements` (`id`, `material_id`, `type`, `quantity`, `unit_price`, `total_price`, `reference_type`, `reference_id`, `notes`, `user_id`, `created_at`, `updated_at`) VALUES ('511', '92', 'out', '2.00', '0.00', '0.00', 'App\\Models\\Order', '244', 'Order #INV-20260303-0122 - ns cetak', '19', '2026-03-03 16:32:03', '2026-03-03 16:32:03');
INSERT INTO `stock_movements` (`id`, `material_id`, `type`, `quantity`, `unit_price`, `total_price`, `reference_type`, `reference_id`, `notes`, `user_id`, `created_at`, `updated_at`) VALUES ('512', '100', 'out', '1.00', '0.00', '0.00', 'App\\Models\\Order', '245', 'Order #INV-20260303-0123 - ongkir', '16', '2026-03-03 16:33:01', '2026-03-03 16:33:01');
INSERT INTO `stock_movements` (`id`, `material_id`, `type`, `quantity`, `unit_price`, `total_price`, `reference_type`, `reference_id`, `notes`, `user_id`, `created_at`, `updated_at`) VALUES ('513', '51', 'out', '12.00', '0.00', '0.00', 'App\\Models\\Order', '246', 'Order #INV-20260303-0124 - isi yasin sibin', '3', '2026-03-03 16:55:08', '2026-03-03 16:55:08');
INSERT INTO `stock_movements` (`id`, `material_id`, `type`, `quantity`, `unit_price`, `total_price`, `reference_type`, `reference_id`, `notes`, `user_id`, `created_at`, `updated_at`) VALUES ('514', '59', 'damaged', '7.00', '0.00', '0.00', NULL, NULL, 'cuttingannya lari', '17', '2026-03-03 17:02:17', '2026-03-03 17:02:17');

-- Table: suppliers
CREATE TABLE `suppliers` (
  `id` bigint(20) unsigned NOT NULL AUTO_INCREMENT,
  `name` varchar(255) NOT NULL,
  `phone` varchar(255) DEFAULT NULL,
  `address` varchar(255) DEFAULT NULL,
  `notes` text DEFAULT NULL,
  `is_active` tinyint(1) NOT NULL DEFAULT 1,
  `created_at` timestamp NULL DEFAULT NULL,
  `updated_at` timestamp NULL DEFAULT NULL,
  PRIMARY KEY (`id`)
) ENGINE=InnoDB AUTO_INCREMENT=12 DEFAULT CHARSET=utf8mb4 COLLATE=utf8mb4_unicode_ci;

INSERT INTO `suppliers` (`id`, `name`, `phone`, `address`, `notes`, `is_active`, `created_at`, `updated_at`) VALUES ('6', 'INDAH SARI ABADI', '123654789', 'JL. TENGKU UMAR, KEDATON. BANDAR LAMPUNG', NULL, '1', '2026-02-13 06:25:31', '2026-02-13 06:25:31');
INSERT INTO `suppliers` (`id`, `name`, `phone`, `address`, `notes`, `is_active`, `created_at`, `updated_at`) VALUES ('7', 'VISI MEDIA', NULL, 'BANDAR LAMPUNG', NULL, '1', '2026-02-28 16:34:15', '2026-02-28 16:34:15');
INSERT INTO `suppliers` (`id`, `name`, `phone`, `address`, `notes`, `is_active`, `created_at`, `updated_at`) VALUES ('8', 'PRINTMATE', NULL, 'BANDAR LAMPUNG', NULL, '1', '2026-03-01 07:06:32', '2026-03-01 07:06:32');
INSERT INTO `suppliers` (`id`, `name`, `phone`, `address`, `notes`, `is_active`, `created_at`, `updated_at`) VALUES ('9', 'IQBAL SUPLAYER', NULL, 'BAANDAR LAMPUNG', NULL, '1', '2026-03-01 07:07:50', '2026-03-01 07:07:50');
INSERT INTO `suppliers` (`id`, `name`, `phone`, `address`, `notes`, `is_active`, `created_at`, `updated_at`) VALUES ('10', 'RWC SUPLAYER TINTA', NULL, 'BANDAR LAMPUNG', NULL, '1', '2026-03-01 07:08:25', '2026-03-01 07:08:25');
INSERT INTO `suppliers` (`id`, `name`, `phone`, `address`, `notes`, `is_active`, `created_at`, `updated_at`) VALUES ('11', 'TOKO KERTAS SEJATI', NULL, 'BANDAR LAMPUNG', NULL, '1', '2026-03-01 07:09:09', '2026-03-01 07:09:09');

-- Table: units
CREATE TABLE `units` (
  `id` bigint(20) unsigned NOT NULL AUTO_INCREMENT,
  `name` varchar(100) NOT NULL,
  `symbol` varchar(20) NOT NULL,
  `is_active` tinyint(1) NOT NULL DEFAULT 1,
  `created_at` timestamp NULL DEFAULT NULL,
  `updated_at` timestamp NULL DEFAULT NULL,
  PRIMARY KEY (`id`)
) ENGINE=InnoDB AUTO_INCREMENT=8 DEFAULT CHARSET=utf8mb4 COLLATE=utf8mb4_unicode_ci;

INSERT INTO `units` (`id`, `name`, `symbol`, `is_active`, `created_at`, `updated_at`) VALUES ('1', 'm²', 'm2', '1', '2026-02-09 13:27:05', '2026-02-09 13:27:05');
INSERT INTO `units` (`id`, `name`, `symbol`, `is_active`, `created_at`, `updated_at`) VALUES ('2', 'pcs', 'pcs', '1', '2026-02-09 13:27:05', '2026-02-09 13:27:05');
INSERT INTO `units` (`id`, `name`, `symbol`, `is_active`, `created_at`, `updated_at`) VALUES ('3', 'lembar', 'lbr', '1', '2026-02-09 13:27:05', '2026-02-09 13:27:05');
INSERT INTO `units` (`id`, `name`, `symbol`, `is_active`, `created_at`, `updated_at`) VALUES ('4', 'meter', 'm', '1', '2026-02-09 13:27:05', '2026-02-09 13:27:05');
INSERT INTO `units` (`id`, `name`, `symbol`, `is_active`, `created_at`, `updated_at`) VALUES ('5', 'roll', 'roll', '1', '2026-02-09 13:27:05', '2026-02-09 13:27:05');
INSERT INTO `units` (`id`, `name`, `symbol`, `is_active`, `created_at`, `updated_at`) VALUES ('6', 'pak', 'pak', '1', '2026-02-09 13:27:05', '2026-02-09 13:27:05');
INSERT INTO `units` (`id`, `name`, `symbol`, `is_active`, `created_at`, `updated_at`) VALUES ('7', 'kg', 'kg', '1', '2026-02-27 13:51:38', '2026-02-27 13:51:38');

