INSERT INTO `orders` (`id`, `invoice_number`, `customer_id`, `customer_name`, `customer_phone`, `notes`, `total_price`, `paid_amount`, `change_amount`, `payment_status`, `is_credit`, `paid_at`, `production_status`, `pickup_status`, `picked_up_at`, `started_at`, `finished_at`, `wa_sent`, `wa_notified_at`, `designer_id`, `cashier_id`, `operator_id`, `finishing_operator_id`, `spk_printed`, `spk_printed_at`, `is_cancelled`, `cancelled_at`, `created_at`, `updated_at`, `cancelled_by`, `cancel_reason`) VALUES ('463', 'INV-20260305-0101', '100', 'Ercia Grafis', '081295595888', 'page 1 = 5, page 2 = 2', '18900.00', '0.00', '0.00', 'unpaid', '1', NULL, 'selesai', 'picked_up', '2026-03-06 11:21:26', '2026-03-05 17:14:18', '2026-03-05 17:27:43', '0', NULL, '19', NULL, '17', '17', '1', '2026-03-05 16:38:14', '0', NULL, '2026-03-05 16:38:01', '2026-03-06 11:21:26', NULL, NULL);
INSERT INTO `orders` (`id`, `invoice_number`, `customer_id`, `customer_name`, `customer_phone`, `notes`, `total_price`, `paid_amount`, `change_amount`, `payment_status`, `is_credit`, `paid_at`, `production_status`, `pickup_status`, `picked_up_at`, `started_at`, `finished_at`, `wa_sent`, `wa_notified_at`, `designer_id`, `cashier_id`, `operator_id`, `finishing_operator_id`, `spk_printed`, `spk_printed_at`, `is_cancelled`, `cancelled_at`, `created_at`, `updated_at`, `cancelled_by`, `cancel_reason`) VALUES ('464', 'INV-20260305-0102', '100', 'Ercia Grafis', '081295595888', 'ditunggu', '3600.00', '0.00', '0.00', 'unpaid', '1', NULL, 'selesai', 'picked_up', '2026-03-06 11:21:21', '2026-03-05 17:13:20', '2026-03-05 17:27:25', '0', '2026-03-06 10:10:20', '19', NULL, '17', '17', '1', '2026-03-05 16:38:38', '0', NULL, '2026-03-05 16:38:33', '2026-03-06 11:21:21', NULL, NULL);
INSERT INTO `orders` (`id`, `invoice_number`, `customer_id`, `customer_name`, `customer_phone`, `notes`, `total_price`, `paid_amount`, `change_amount`, `payment_status`, `is_credit`, `paid_at`, `production_status`, `pickup_status`, `picked_up_at`, `started_at`, `finished_at`, `wa_sent`, `wa_notified_at`, `designer_id`, `cashier_id`, `operator_id`, `finishing_operator_id`, `spk_printed`, `spk_printed_at`, `is_cancelled`, `cancelled_at`, `created_at`, `updated_at`, `cancelled_by`, `cancel_reason`) VALUES ('465', 'INV-20260305-0103', '249', 'Ringgit', '081373830208', NULL, '62400.00', '0.00', '0.00', 'unpaid', '1', NULL, 'selesai', 'not_picked_up', NULL, '2026-03-05 17:15:47', '2026-03-05 17:27:47', '0', '2026-03-06 14:51:25', '3', NULL, '17', '17', '0', NULL, '0', NULL, '2026-03-05 16:39:22', '2026-03-06 14:51:25', NULL, NULL);
INSERT INTO `orders` (`id`, `invoice_number`, `customer_id`, `customer_name`, `customer_phone`, `notes`, `total_price`, `paid_amount`, `change_amount`, `payment_status`, `is_credit`, `paid_at`, `production_status`, `pickup_status`, `picked_up_at`, `started_at`, `finished_at`, `wa_sent`, `wa_notified_at`, `designer_id`, `cashier_id`, `operator_id`, `finishing_operator_id`, `spk_printed`, `spk_printed_at`, `is_cancelled`, `cancelled_at`, `created_at`, `updated_at`, `cancelled_by`, `cancel_reason`) VALUES ('466', 'INV-20260305-0104', '249', 'Ringgit', '081373830208', NULL, '62400.00', '0.00', '0.00', 'unpaid', '1', NULL, 'selesai', 'not_picked_up', NULL, '2026-03-05 17:16:01', '2026-03-05 17:27:51', '0', '2026-03-06 14:51:50', '3', NULL, '17', '17', '1', '2026-03-05 16:39:51', '0', NULL, '2026-03-05 16:39:23', '2026-03-06 14:51:50', NULL, NULL);
INSERT INTO `orders` (`id`, `invoice_number`, `customer_id`, `customer_name`, `customer_phone`, `notes`, `total_price`, `paid_amount`, `change_amount`, `payment_status`, `is_credit`, `paid_at`, `production_status`, `pickup_status`, `picked_up_at`, `started_at`, `finished_at`, `wa_sent`, `wa_notified_at`, `designer_id`, `cashier_id`, `operator_id`, `finishing_operator_id`, `spk_printed`, `spk_printed_at`, `is_cancelled`, `cancelled_at`, `created_at`, `updated_at`, `cancelled_by`, `cancel_reason`) VALUES ('467', 'INV-20260305-0105', '225', 'Perc Rymadani', '085368371705', NULL, '150000.00', '0.00', '0.00', 'unpaid', '1', NULL, 'selesai', 'not_picked_up', NULL, '2026-03-05 17:15:55', '2026-03-06 13:50:28', '0', '2026-03-06 14:53:07', '3', NULL, '17', '21', '0', NULL, '0', NULL, '2026-03-05 16:59:13', '2026-03-06 14:53:07', NULL, NULL);
INSERT INTO `orders` (`id`, `invoice_number`, `customer_id`, `customer_name`, `customer_phone`, `notes`, `total_price`, `paid_amount`, `change_amount`, `payment_status`, `is_credit`, `paid_at`, `production_status`, `pickup_status`, `picked_up_at`, `started_at`, `finished_at`, `wa_sent`, `wa_notified_at`, `designer_id`, `cashier_id`, `operator_id`, `finishing_operator_id`, `spk_printed`, `spk_printed_at`, `is_cancelled`, `cancelled_at`, `created_at`, `updated_at`, `cancelled_by`, `cancel_reason`) VALUES ('468', 'INV-20260306-0001', '250', 'DWI AGUSTIANA', '0896-1597-5830', NULL, '15000.00', '0.00', '0.00', 'unpaid', '1', NULL, 'selesai', 'not_picked_up', NULL, '2026-03-06 14:30:29', '2026-03-06 16:00:47', '0', NULL, '20', NULL, '22', '21', '1', '2026-03-06 09:18:08', '0', NULL, '2026-03-06 09:18:05', '2026-03-06 16:00:47', NULL, NULL);
INSERT INTO `orders` (`id`, `invoice_number`, `customer_id`, `customer_name`, `customer_phone`, `notes`, `total_price`, `paid_amount`, `change_amount`, `payment_status`, `is_credit`, `paid_at`, `production_status`, `pickup_status`, `picked_up_at`, `started_at`, `finished_at`, `wa_sent`, `wa_notified_at`, `designer_id`, `cashier_id`, `operator_id`, `finishing_operator_id`, `spk_printed`, `spk_printed_at`, `is_cancelled`, `cancelled_at`, `created_at`, `updated_at`, `cancelled_by`, `cancel_reason`) VALUES ('469', 'INV-20260306-0002', '251', 'Jaya Warna', '081398647247', 'page  1 = 15 , page 2 = 20', '70000.00', '100000.00', '30000.00', 'paid', '1', '2026-03-06 09:24:14', 'selesai', 'not_picked_up', NULL, '2026-03-06 09:30:34', '2026-03-06 15:39:19', '0', NULL, '19', '5', '17', '17', '1', '2026-03-06 09:21:14', '0', NULL, '2026-03-06 09:21:09', '2026-03-06 15:39:19', NULL, NULL);
INSERT INTO `orders` (`id`, `invoice_number`, `customer_id`, `customer_name`, `customer_phone`, `notes`, `total_price`, `paid_amount`, `change_amount`, `payment_status`, `is_credit`, `paid_at`, `production_status`, `pickup_status`, `picked_up_at`, `started_at`, `finished_at`, `wa_sent`, `wa_notified_at`, `designer_id`, `cashier_id`, `operator_id`, `finishing_operator_id`, `spk_printed`, `spk_printed_at`, `is_cancelled`, `cancelled_at`, `created_at`, `updated_at`, `cancelled_by`, `cancel_reason`) VALUES ('470', 'INV-20260306-0003', '252', 'ANES', '+62 812-7975-5554', NULL, '2900.00', '2900.00', '0.00', 'paid', '1', '2026-03-06 13:23:21', 'selesai', 'not_picked_up', NULL, '2026-03-06 09:33:03', '2026-03-06 15:35:04', '0', '2026-03-06 15:45:54', '20', '16', '17', '17', '1', '2026-03-06 09:21:51', '0', NULL, '2026-03-06 09:21:44', '2026-03-06 15:45:54', NULL, NULL);
INSERT INTO `orders` (`id`, `invoice_number`, `customer_id`, `customer_name`, `customer_phone`, `notes`, `total_price`, `paid_amount`, `change_amount`, `payment_status`, `is_credit`, `paid_at`, `production_status`, `pickup_status`, `picked_up_at`, `started_at`, `finished_at`, `wa_sent`, `wa_notified_at`, `designer_id`, `cashier_id`, `operator_id`, `finishing_operator_id`, `spk_printed`, `spk_printed_at`, `is_cancelled`, `cancelled_at`, `created_at`, `updated_at`, `cancelled_by`, `cancel_reason`) VALUES ('471', 'INV-20260306-0004', '33', 'Adi jogja', '081377576651', NULL, '33800.00', '0.00', '0.00', 'paid', '1', '2026-03-06 13:33:33', 'selesai', 'picked_up', '2026-03-06 13:47:00', '2026-03-06 09:33:42', '2026-03-06 10:28:03', '0', '2026-03-06 10:38:20', '3', '16', '17', '17', '1', '2026-03-06 09:23:10', '0', NULL, '2026-03-06 09:23:08', '2026-03-06 13:47:00', NULL, NULL);
INSERT INTO `orders` (`id`, `invoice_number`, `customer_id`, `customer_name`, `customer_phone`, `notes`, `total_price`, `paid_amount`, `change_amount`, `payment_status`, `is_credit`, `paid_at`, `production_status`, `pickup_status`, `picked_up_at`, `started_at`, `finished_at`, `wa_sent`, `wa_notified_at`, `designer_id`, `cashier_id`, `operator_id`, `finishing_operator_id`, `spk_printed`, `spk_printed_at`, `is_cancelled`, `cancelled_at`, `created_at`, `updated_at`, `cancelled_by`, `cancel_reason`) VALUES ('472', 'INV-20260306-0005', '158', 'Arfan', '081281055929', NULL, '30000.00', '0.00', '0.00', 'unpaid', '1', NULL, 'finishing', 'not_picked_up', NULL, '2026-03-06 14:29:50', NULL, '0', NULL, '20', NULL, '22', NULL, '1', '2026-03-06 09:25:37', '0', NULL, '2026-03-06 09:25:30', '2026-03-06 14:32:51', NULL, NULL);
INSERT INTO `orders` (`id`, `invoice_number`, `customer_id`, `customer_name`, `customer_phone`, `notes`, `total_price`, `paid_amount`, `change_amount`, `payment_status`, `is_credit`, `paid_at`, `production_status`, `pickup_status`, `picked_up_at`, `started_at`, `finished_at`, `wa_sent`, `wa_notified_at`, `designer_id`, `cashier_id`, `operator_id`, `finishing_operator_id`, `spk_printed`, `spk_printed_at`, `is_cancelled`, `cancelled_at`, `created_at`, `updated_at`, `cancelled_by`, `cancel_reason`) VALUES ('473', 'INV-20260306-0006', '256', 'Hermawan', '082280365649', NULL, '265000.00', '0.00', '0.00', 'unpaid', '1', NULL, 'selesai', 'not_picked_up', NULL, '2026-03-06 13:57:02', '2026-03-06 15:35:50', '0', '2026-03-06 15:47:45', '3', NULL, '17', '17', '1', '2026-03-06 09:26:10', '0', NULL, '2026-03-06 09:26:08', '2026-03-06 15:47:45', NULL, NULL);
INSERT INTO `orders` (`id`, `invoice_number`, `customer_id`, `customer_name`, `customer_phone`, `notes`, `total_price`, `paid_amount`, `change_amount`, `payment_status`, `is_credit`, `paid_at`, `production_status`, `pickup_status`, `picked_up_at`, `started_at`, `finished_at`, `wa_sent`, `wa_notified_at`, `designer_id`, `cashier_id`, `operator_id`, `finishing_operator_id`, `spk_printed`, `spk_printed_at`, `is_cancelled`, `cancelled_at`, `created_at`, `updated_at`, `cancelled_by`, `cancel_reason`) VALUES ('474', 'INV-20260306-0007', '158', 'Arfan', '081281055929', NULL, '120000.00', '0.00', '0.00', 'unpaid', '1', NULL, 'selesai', 'not_picked_up', NULL, '2026-03-06 10:54:07', '2026-03-06 13:51:11', '0', '2026-03-06 14:53:48', '20', NULL, '22', '21', '1', '2026-03-06 09:27:57', '0', NULL, '2026-03-06 09:27:53', '2026-03-06 14:53:48', NULL, NULL);
INSERT INTO `orders` (`id`, `invoice_number`, `customer_id`, `customer_name`, `customer_phone`, `notes`, `total_price`, `paid_amount`, `change_amount`, `payment_status`, `is_credit`, `paid_at`, `production_status`, `pickup_status`, `picked_up_at`, `started_at`, `finished_at`, `wa_sent`, `wa_notified_at`, `designer_id`, `cashier_id`, `operator_id`, `finishing_operator_id`, `spk_printed`, `spk_printed_at`, `is_cancelled`, `cancelled_at`, `created_at`, `updated_at`, `cancelled_by`, `cancel_reason`) VALUES ('475', 'INV-20260306-0008', '257', 'Son', '082180499591', NULL, '70000.00', '0.00', '0.00', 'unpaid', '1', NULL, 'selesai', 'not_picked_up', NULL, '2026-03-06 14:13:11', '2026-03-06 15:42:24', '0', NULL, '3', NULL, '6', '17', '1', '2026-03-06 09:29:13', '0', NULL, '2026-03-06 09:29:07', '2026-03-06 15:42:24', NULL, NULL);
INSERT INTO `orders` (`id`, `invoice_number`, `customer_id`, `customer_name`, `customer_phone`, `notes`, `total_price`, `paid_amount`, `change_amount`, `payment_status`, `is_credit`, `paid_at`, `production_status`, `pickup_status`, `picked_up_at`, `started_at`, `finished_at`, `wa_sent`, `wa_notified_at`, `designer_id`, `cashier_id`, `operator_id`, `finishing_operator_id`, `spk_printed`, `spk_printed_at`, `is_cancelled`, `cancelled_at`, `created_at`, `updated_at`, `cancelled_by`, `cancel_reason`) VALUES ('476', 'INV-20260306-0009', '258', 'Sita', '088286229622', NULL, '87550.00', '0.00', '0.00', 'unpaid', '1', NULL, 'selesai', 'not_picked_up', NULL, '2026-03-06 14:12:19', '2026-03-06 14:39:35', '0', '2026-03-06 15:08:59', '3', NULL, '6', '18', '1', '2026-03-06 09:31:34', '0', NULL, '2026-03-06 09:31:32', '2026-03-06 15:08:59', NULL, NULL);
INSERT INTO `orders` (`id`, `invoice_number`, `customer_id`, `customer_name`, `customer_phone`, `notes`, `total_price`, `paid_amount`, `change_amount`, `payment_status`, `is_credit`, `paid_at`, `production_status`, `pickup_status`, `picked_up_at`, `started_at`, `finished_at`, `wa_sent`, `wa_notified_at`, `designer_id`, `cashier_id`, `operator_id`, `finishing_operator_id`, `spk_printed`, `spk_printed_at`, `is_cancelled`, `cancelled_at`, `created_at`, `updated_at`, `cancelled_by`, `cancel_reason`) VALUES ('477', 'INV-20260306-0010', '281', 'ALESHA', '085357560730', NULL, '50000.00', '0.00', '0.00', 'unpaid', '1', NULL, 'finishing', 'not_picked_up', NULL, '2026-03-06 13:57:19', NULL, '0', NULL, '20', NULL, '17', NULL, '1', '2026-03-06 09:32:18', '0', NULL, '2026-03-06 09:32:12', '2026-03-06 14:06:16', NULL, NULL);
INSERT INTO `orders` (`id`, `invoice_number`, `customer_id`, `customer_name`, `customer_phone`, `notes`, `total_price`, `paid_amount`, `change_amount`, `payment_status`, `is_credit`, `paid_at`, `production_status`, `pickup_status`, `picked_up_at`, `started_at`, `finished_at`, `wa_sent`, `wa_notified_at`, `designer_id`, `cashier_id`, `operator_id`, `finishing_operator_id`, `spk_printed`, `spk_printed_at`, `is_cancelled`, `cancelled_at`, `created_at`, `updated_at`, `cancelled_by`, `cancel_reason`) VALUES ('478', 'INV-20260306-0011', '215', 'Damake Snack', '083168341789', NULL, '13200.00', '0.00', '0.00', 'unpaid', '1', NULL, 'selesai', 'not_picked_up', NULL, '2026-03-06 09:58:37', '2026-03-06 15:38:51', '0', NULL, '19', NULL, '17', '17', '1', '2026-03-06 09:33:36', '0', NULL, '2026-03-06 09:33:33', '2026-03-06 15:38:51', NULL, NULL);
INSERT INTO `orders` (`id`, `invoice_number`, `customer_id`, `customer_name`, `customer_phone`, `notes`, `total_price`, `paid_amount`, `change_amount`, `payment_status`, `is_credit`, `paid_at`, `production_status`, `pickup_status`, `picked_up_at`, `started_at`, `finished_at`, `wa_sent`, `wa_notified_at`, `designer_id`, `cashier_id`, `operator_id`, `finishing_operator_id`, `spk_printed`, `spk_printed_at`, `is_cancelled`, `cancelled_at`, `created_at`, `updated_at`, `cancelled_by`, `cancel_reason`) VALUES ('479', 'INV-20260306-0012', '140', 'Abror', '081273589495', NULL, '25000.00', '0.00', '0.00', 'unpaid', '1', NULL, 'proses_cetak', 'not_picked_up', NULL, '2026-03-06 10:16:40', NULL, '0', NULL, '19', NULL, '17', NULL, '1', '2026-03-06 09:34:28', '0', NULL, '2026-03-06 09:34:26', '2026-03-06 10:16:40', NULL, NULL);
INSERT INTO `orders` (`id`, `invoice_number`, `customer_id`, `customer_name`, `customer_phone`, `notes`, `total_price`, `paid_amount`, `change_amount`, `payment_status`, `is_credit`, `paid_at`, `production_status`, `pickup_status`, `picked_up_at`, `started_at`, `finished_at`, `wa_sent`, `wa_notified_at`, `designer_id`, `cashier_id`, `operator_id`, `finishing_operator_id`, `spk_printed`, `spk_printed_at`, `is_cancelled`, `cancelled_at`, `created_at`, `updated_at`, `cancelled_by`, `cancel_reason`) VALUES ('480', 'INV-20260306-0013', '89', 'Nopan', '085379057575', NULL, '360000.00', '360000.00', '0.00', 'paid', '1', '2026-03-06 10:51:56', 'selesai', 'not_picked_up', NULL, '2026-03-06 10:18:08', '2026-03-06 15:41:31', '0', NULL, '3', '16', '17', '17', '1', '2026-03-06 09:35:29', '0', NULL, '2026-03-06 09:35:26', '2026-03-06 15:41:31', NULL, NULL);
INSERT INTO `orders` (`id`, `invoice_number`, `customer_id`, `customer_name`, `customer_phone`, `notes`, `total_price`, `paid_amount`, `change_amount`, `payment_status`, `is_credit`, `paid_at`, `production_status`, `pickup_status`, `picked_up_at`, `started_at`, `finished_at`, `wa_sent`, `wa_notified_at`, `designer_id`, `cashier_id`, `operator_id`, `finishing_operator_id`, `spk_printed`, `spk_printed_at`, `is_cancelled`, `cancelled_at`, `created_at`, `updated_at`, `cancelled_by`, `cancel_reason`) VALUES ('481', 'INV-20260306-0014', '259', 'Toko Polim', '085279992212', NULL, '65000.00', '100000.00', '35000.00', 'paid', '1', '2026-03-06 10:59:21', 'selesai', 'not_picked_up', NULL, '2026-03-06 10:06:13', '2026-03-06 15:38:43', '0', NULL, '3', '16', '17', '17', '1', '2026-03-06 09:36:58', '0', NULL, '2026-03-06 09:36:56', '2026-03-06 15:38:43', NULL, NULL);
INSERT INTO `orders` (`id`, `invoice_number`, `customer_id`, `customer_name`, `customer_phone`, `notes`, `total_price`, `paid_amount`, `change_amount`, `payment_status`, `is_credit`, `paid_at`, `production_status`, `pickup_status`, `picked_up_at`, `started_at`, `finished_at`, `wa_sent`, `wa_notified_at`, `designer_id`, `cashier_id`, `operator_id`, `finishing_operator_id`, `spk_printed`, `spk_printed_at`, `is_cancelled`, `cancelled_at`, `created_at`, `updated_at`, `cancelled_by`, `cancel_reason`) VALUES ('482', 'INV-20260306-0015', '35', 'Mas Soleh', '083846921469', NULL, '20000.00', '0.00', '0.00', 'unpaid', '1', NULL, 'selesai', 'not_picked_up', NULL, '2026-03-06 10:15:28', '2026-03-06 15:28:19', '0', '2026-03-06 15:39:05', '19', NULL, '17', '17', '1', '2026-03-06 09:38:09', '0', NULL, '2026-03-06 09:38:06', '2026-03-06 15:39:05', NULL, NULL);
INSERT INTO `orders` (`id`, `invoice_number`, `customer_id`, `customer_name`, `customer_phone`, `notes`, `total_price`, `paid_amount`, `change_amount`, `payment_status`, `is_credit`, `paid_at`, `production_status`, `pickup_status`, `picked_up_at`, `started_at`, `finished_at`, `wa_sent`, `wa_notified_at`, `designer_id`, `cashier_id`, `operator_id`, `finishing_operator_id`, `spk_printed`, `spk_printed_at`, `is_cancelled`, `cancelled_at`, `created_at`, `updated_at`, `cancelled_by`, `cancel_reason`) VALUES ('483', 'INV-20260306-0016', '260', 'Dedi Solihin', '085768438850', 'page 1', '23100.00', '0.00', '0.00', 'paid', '1', '2026-03-06 09:42:44', 'selesai', 'not_picked_up', NULL, '2026-03-06 09:52:38', '2026-03-06 15:38:18', '0', NULL, '19', '5', '17', '17', '1', '2026-03-06 09:41:11', '0', NULL, '2026-03-06 09:41:08', '2026-03-06 15:38:18', NULL, NULL);
INSERT INTO `orders` (`id`, `invoice_number`, `customer_id`, `customer_name`, `customer_phone`, `notes`, `total_price`, `paid_amount`, `change_amount`, `payment_status`, `is_credit`, `paid_at`, `production_status`, `pickup_status`, `picked_up_at`, `started_at`, `finished_at`, `wa_sent`, `wa_notified_at`, `designer_id`, `cashier_id`, `operator_id`, `finishing_operator_id`, `spk_printed`, `spk_printed_at`, `is_cancelled`, `cancelled_at`, `created_at`, `updated_at`, `cancelled_by`, `cancel_reason`) VALUES ('484', 'INV-20260306-0017', '260', 'Dedi Solihin', '085768438850', 'page 2', '90000.00', '0.00', '0.00', 'paid', '1', '2026-03-06 09:42:44', 'finishing', 'not_picked_up', NULL, '2026-03-06 09:52:54', NULL, '0', NULL, '19', '5', '17', NULL, '1', '2026-03-06 09:41:35', '0', NULL, '2026-03-06 09:41:32', '2026-03-06 09:55:59', NULL, NULL);
INSERT INTO `orders` (`id`, `invoice_number`, `customer_id`, `customer_name`, `customer_phone`, `notes`, `total_price`, `paid_amount`, `change_amount`, `payment_status`, `is_credit`, `paid_at`, `production_status`, `pickup_status`, `picked_up_at`, `started_at`, `finished_at`, `wa_sent`, `wa_notified_at`, `designer_id`, `cashier_id`, `operator_id`, `finishing_operator_id`, `spk_printed`, `spk_printed_at`, `is_cancelled`, `cancelled_at`, `created_at`, `updated_at`, `cancelled_by`, `cancel_reason`) VALUES ('485', 'INV-20260306-0018', '261', 'DR. SALAD BUAH', '08982555812', NULL, '100000.00', '0.00', '0.00', 'unpaid', '1', NULL, 'selesai', 'not_picked_up', NULL, '2026-03-06 10:42:50', '2026-03-06 15:34:55', '0', '2026-03-06 15:45:42', '20', NULL, '8', '17', '1', '2026-03-06 09:43:31', '0', NULL, '2026-03-06 09:43:25', '2026-03-06 15:45:42', NULL, NULL);
INSERT INTO `orders` (`id`, `invoice_number`, `customer_id`, `customer_name`, `customer_phone`, `notes`, `total_price`, `paid_amount`, `change_amount`, `payment_status`, `is_credit`, `paid_at`, `production_status`, `pickup_status`, `picked_up_at`, `started_at`, `finished_at`, `wa_sent`, `wa_notified_at`, `designer_id`, `cashier_id`, `operator_id`, `finishing_operator_id`, `spk_printed`, `spk_printed_at`, `is_cancelled`, `cancelled_at`, `created_at`, `updated_at`, `cancelled_by`, `cancel_reason`) VALUES ('486', 'INV-20260306-0019', '91', 'ANGEL', '081369190425', NULL, '20000.00', '0.00', '0.00', 'unpaid', '1', NULL, 'finishing', 'not_picked_up', NULL, '2026-03-06 10:17:30', NULL, '0', NULL, '3', NULL, '17', NULL, '1', '2026-03-06 09:45:26', '0', NULL, '2026-03-06 09:45:23', '2026-03-06 10:17:42', NULL, NULL);
INSERT INTO `orders` (`id`, `invoice_number`, `customer_id`, `customer_name`, `customer_phone`, `notes`, `total_price`, `paid_amount`, `change_amount`, `payment_status`, `is_credit`, `paid_at`, `production_status`, `pickup_status`, `picked_up_at`, `started_at`, `finished_at`, `wa_sent`, `wa_notified_at`, `designer_id`, `cashier_id`, `operator_id`, `finishing_operator_id`, `spk_printed`, `spk_printed_at`, `is_cancelled`, `cancelled_at`, `created_at`, `updated_at`, `cancelled_by`, `cancel_reason`) VALUES ('487', 'INV-20260306-0020', '262', 'M Rasyid', '08999800111', NULL, '300000.00', '0.00', '0.00', 'paid', '1', '2026-03-06 14:29:28', 'selesai', 'not_picked_up', NULL, '2026-03-06 10:25:05', '2026-03-06 15:32:47', '0', '2026-03-06 15:40:39', '19', '16', '17', '17', '1', '2026-03-06 09:46:17', '0', NULL, '2026-03-06 09:46:14', '2026-03-06 15:40:39', NULL, NULL);
INSERT INTO `orders` (`id`, `invoice_number`, `customer_id`, `customer_name`, `customer_phone`, `notes`, `total_price`, `paid_amount`, `change_amount`, `payment_status`, `is_credit`, `paid_at`, `production_status`, `pickup_status`, `picked_up_at`, `started_at`, `finished_at`, `wa_sent`, `wa_notified_at`, `designer_id`, `cashier_id`, `operator_id`, `finishing_operator_id`, `spk_printed`, `spk_printed_at`, `is_cancelled`, `cancelled_at`, `created_at`, `updated_at`, `cancelled_by`, `cancel_reason`) VALUES ('488', 'INV-20260306-0021', '263', 'ASEP', '08996409914', NULL, '30000.00', '0.00', '0.00', 'unpaid', '1', NULL, 'selesai', 'not_picked_up', NULL, '2026-03-06 11:39:41', '2026-03-06 13:27:31', '0', '2026-03-06 14:52:48', '20', NULL, '22', '21', '1', '2026-03-06 09:47:22', '0', NULL, '2026-03-06 09:47:15', '2026-03-06 14:52:48', NULL, NULL);
INSERT INTO `orders` (`id`, `invoice_number`, `customer_id`, `customer_name`, `customer_phone`, `notes`, `total_price`, `paid_amount`, `change_amount`, `payment_status`, `is_credit`, `paid_at`, `production_status`, `pickup_status`, `picked_up_at`, `started_at`, `finished_at`, `wa_sent`, `wa_notified_at`, `designer_id`, `cashier_id`, `operator_id`, `finishing_operator_id`, `spk_printed`, `spk_printed_at`, `is_cancelled`, `cancelled_at`, `created_at`, `updated_at`, `cancelled_by`, `cancel_reason`) VALUES ('489', 'INV-20260306-0022', '91', 'ANGEL', '081369190425', NULL, '6600.00', '0.00', '0.00', 'unpaid', '1', NULL, 'selesai', 'not_picked_up', NULL, '2026-03-06 10:24:08', '2026-03-06 15:41:01', '0', NULL, '3', NULL, '17', '17', '1', '2026-03-06 09:47:55', '0', NULL, '2026-03-06 09:47:53', '2026-03-06 15:41:01', NULL, NULL);
INSERT INTO `orders` (`id`, `invoice_number`, `customer_id`, `customer_name`, `customer_phone`, `notes`, `total_price`, `paid_amount`, `change_amount`, `payment_status`, `is_credit`, `paid_at`, `production_status`, `pickup_status`, `picked_up_at`, `started_at`, `finished_at`, `wa_sent`, `wa_notified_at`, `designer_id`, `cashier_id`, `operator_id`, `finishing_operator_id`, `spk_printed`, `spk_printed_at`, `is_cancelled`, `cancelled_at`, `created_at`, `updated_at`, `cancelled_by`, `cancel_reason`) VALUES ('490', 'INV-20260306-0023', '262', 'M Rasyid', '08999800111', NULL, '60000.00', '0.00', '0.00', 'paid', '1', '2026-03-06 14:29:28', 'selesai', 'not_picked_up', NULL, '2026-03-06 14:47:15', '2026-03-06 15:28:39', '0', '2026-03-06 15:39:31', '19', '16', '17', '17', '1', '2026-03-06 09:47:56', '0', NULL, '2026-03-06 09:47:54', '2026-03-06 15:39:31', NULL, NULL);
INSERT INTO `orders` (`id`, `invoice_number`, `customer_id`, `customer_name`, `customer_phone`, `notes`, `total_price`, `paid_amount`, `change_amount`, `payment_status`, `is_credit`, `paid_at`, `production_status`, `pickup_status`, `picked_up_at`, `started_at`, `finished_at`, `wa_sent`, `wa_notified_at`, `designer_id`, `cashier_id`, `operator_id`, `finishing_operator_id`, `spk_printed`, `spk_printed_at`, `is_cancelled`, `cancelled_at`, `created_at`, `updated_at`, `cancelled_by`, `cancel_reason`) VALUES ('491', 'INV-20260306-0024', '176', 'WAWAN RK', '085758360228', NULL, '70000.00', '0.00', '0.00', 'unpaid', '1', NULL, 'selesai', 'picked_up', '2026-03-06 12:06:53', '2026-03-06 10:31:25', '2026-03-06 11:27:21', '0', NULL, '19', NULL, '6', '18', '1', '2026-03-06 09:51:10', '0', NULL, '2026-03-06 09:51:07', '2026-03-06 12:06:53', NULL, NULL);
INSERT INTO `orders` (`id`, `invoice_number`, `customer_id`, `customer_name`, `customer_phone`, `notes`, `total_price`, `paid_amount`, `change_amount`, `payment_status`, `is_credit`, `paid_at`, `production_status`, `pickup_status`, `picked_up_at`, `started_at`, `finished_at`, `wa_sent`, `wa_notified_at`, `designer_id`, `cashier_id`, `operator_id`, `finishing_operator_id`, `spk_printed`, `spk_printed_at`, `is_cancelled`, `cancelled_at`, `created_at`, `updated_at`, `cancelled_by`, `cancel_reason`) VALUES ('492', 'INV-20260306-0025', '264', 'CSO Fariz', '081274764545', NULL, '210000.00', '0.00', '0.00', 'unpaid', '1', NULL, 'finishing', 'not_picked_up', NULL, '2026-03-06 13:45:05', NULL, '0', NULL, '3', NULL, '22', NULL, '1', '2026-03-06 09:51:59', '0', NULL, '2026-03-06 09:51:12', '2026-03-06 14:16:35', NULL, NULL);
INSERT INTO `orders` (`id`, `invoice_number`, `customer_id`, `customer_name`, `customer_phone`, `notes`, `total_price`, `paid_amount`, `change_amount`, `payment_status`, `is_credit`, `paid_at`, `production_status`, `pickup_status`, `picked_up_at`, `started_at`, `finished_at`, `wa_sent`, `wa_notified_at`, `designer_id`, `cashier_id`, `operator_id`, `finishing_operator_id`, `spk_printed`, `spk_printed_at`, `is_cancelled`, `cancelled_at`, `created_at`, `updated_at`, `cancelled_by`, `cancel_reason`) VALUES ('493', 'INV-20260306-0026', '4', 'RIZFAL', '+62 857-6807-2505', NULL, '121000.00', '0.00', '0.00', 'unpaid', '1', NULL, 'finishing', 'not_picked_up', NULL, '2026-03-06 10:47:20', NULL, '0', NULL, '20', NULL, '17', NULL, '1', '2026-03-06 09:52:20', '0', NULL, '2026-03-06 09:52:17', '2026-03-06 15:10:46', NULL, NULL);
INSERT INTO `orders` (`id`, `invoice_number`, `customer_id`, `customer_name`, `customer_phone`, `notes`, `total_price`, `paid_amount`, `change_amount`, `payment_status`, `is_credit`, `paid_at`, `production_status`, `pickup_status`, `picked_up_at`, `started_at`, `finished_at`, `wa_sent`, `wa_notified_at`, `designer_id`, `cashier_id`, `operator_id`, `finishing_operator_id`, `spk_printed`, `spk_printed_at`, `is_cancelled`, `cancelled_at`, `created_at`, `updated_at`, `cancelled_by`, `cancel_reason`) VALUES ('494', 'INV-20260306-0027', '254', 'Kandra', '085381156955', NULL, '10400.00', '0.00', '0.00', 'unpaid', '1', NULL, 'selesai', 'not_picked_up', NULL, '2026-03-06 10:35:09', '2026-03-06 15:37:28', '0', '2026-03-06 15:48:06', '19', NULL, '17', '17', '1', '2026-03-06 09:54:20', '0', NULL, '2026-03-06 09:54:17', '2026-03-06 15:48:06', NULL, NULL);
INSERT INTO `orders` (`id`, `invoice_number`, `customer_id`, `customer_name`, `customer_phone`, `notes`, `total_price`, `paid_amount`, `change_amount`, `payment_status`, `is_credit`, `paid_at`, `production_status`, `pickup_status`, `picked_up_at`, `started_at`, `finished_at`, `wa_sent`, `wa_notified_at`, `designer_id`, `cashier_id`, `operator_id`, `finishing_operator_id`, `spk_printed`, `spk_printed_at`, `is_cancelled`, `cancelled_at`, `created_at`, `updated_at`, `cancelled_by`, `cancel_reason`) VALUES ('495', 'INV-20260306-0028', '253', 'Seno Media', '083182373864', NULL, '30000.00', '0.00', '0.00', 'unpaid', '1', NULL, 'selesai', 'not_picked_up', NULL, '2026-03-06 15:03:05', '2026-03-06 16:03:56', '0', NULL, '19', NULL, '22', '21', '1', '2026-03-06 09:56:08', '0', NULL, '2026-03-06 09:56:05', '2026-03-06 16:03:56', NULL, NULL);
INSERT INTO `orders` (`id`, `invoice_number`, `customer_id`, `customer_name`, `customer_phone`, `notes`, `total_price`, `paid_amount`, `change_amount`, `payment_status`, `is_credit`, `paid_at`, `production_status`, `pickup_status`, `picked_up_at`, `started_at`, `finished_at`, `wa_sent`, `wa_notified_at`, `designer_id`, `cashier_id`, `operator_id`, `finishing_operator_id`, `spk_printed`, `spk_printed_at`, `is_cancelled`, `cancelled_at`, `created_at`, `updated_at`, `cancelled_by`, `cancel_reason`) VALUES ('496', 'INV-20260306-0029', '209', 'Ipung', '089615469542', NULL, '12100.00', '0.00', '0.00', 'unpaid', '1', NULL, 'finishing', 'not_picked_up', NULL, '2026-03-06 13:57:42', NULL, '0', NULL, '3', NULL, '17', NULL, '1', '2026-03-06 09:56:22', '0', NULL, '2026-03-06 09:56:19', '2026-03-06 14:26:59', NULL, NULL);
INSERT INTO `orders` (`id`, `invoice_number`, `customer_id`, `customer_name`, `customer_phone`, `notes`, `total_price`, `paid_amount`, `change_amount`, `payment_status`, `is_credit`, `paid_at`, `production_status`, `pickup_status`, `picked_up_at`, `started_at`, `finished_at`, `wa_sent`, `wa_notified_at`, `designer_id`, `cashier_id`, `operator_id`, `finishing_operator_id`, `spk_printed`, `spk_printed_at`, `is_cancelled`, `cancelled_at`, `created_at`, `updated_at`, `cancelled_by`, `cancel_reason`) VALUES ('497', 'INV-20260306-0030', '266', 'Azi Ardiansyah', '0895705008084', NULL, '3300.00', '0.00', '0.00', 'unpaid', '1', NULL, 'selesai', 'not_picked_up', NULL, '2026-03-06 10:37:33', '2026-03-06 15:39:49', '0', NULL, '3', NULL, '17', '17', '1', '2026-03-06 09:59:23', '0', NULL, '2026-03-06 09:59:20', '2026-03-06 15:39:49', NULL, NULL);
INSERT INTO `orders` (`id`, `invoice_number`, `customer_id`, `customer_name`, `customer_phone`, `notes`, `total_price`, `paid_amount`, `change_amount`, `payment_status`, `is_credit`, `paid_at`, `production_status`, `pickup_status`, `picked_up_at`, `started_at`, `finished_at`, `wa_sent`, `wa_notified_at`, `designer_id`, `cashier_id`, `operator_id`, `finishing_operator_id`, `spk_printed`, `spk_printed_at`, `is_cancelled`, `cancelled_at`, `created_at`, `updated_at`, `cancelled_by`, `cancel_reason`) VALUES ('498', 'INV-20260306-0031', '267', 'Taruna Pos', '08127268603', NULL, '90000.00', '0.00', '0.00', 'unpaid', '1', NULL, 'selesai', 'not_picked_up', NULL, '2026-03-06 14:33:46', '2026-03-06 15:35:25', '0', '2026-03-06 15:47:30', '19', NULL, '22', '21', '1', '2026-03-06 10:01:10', '0', NULL, '2026-03-06 10:01:08', '2026-03-06 15:47:30', NULL, NULL);
INSERT INTO `orders` (`id`, `invoice_number`, `customer_id`, `customer_name`, `customer_phone`, `notes`, `total_price`, `paid_amount`, `change_amount`, `payment_status`, `is_credit`, `paid_at`, `production_status`, `pickup_status`, `picked_up_at`, `started_at`, `finished_at`, `wa_sent`, `wa_notified_at`, `designer_id`, `cashier_id`, `operator_id`, `finishing_operator_id`, `spk_printed`, `spk_printed_at`, `is_cancelled`, `cancelled_at`, `created_at`, `updated_at`, `cancelled_by`, `cancel_reason`) VALUES ('499', 'INV-20260306-0032', '266', 'Azi Ardiansyah', '0895705008084', NULL, '30000.00', '0.00', '0.00', 'unpaid', '1', NULL, 'selesai', 'not_picked_up', NULL, '2026-03-06 10:54:59', '2026-03-06 11:29:22', '0', '2026-03-06 14:52:09', '3', NULL, '22', '21', '1', '2026-03-06 10:02:01', '0', NULL, '2026-03-06 10:01:58', '2026-03-06 14:52:09', NULL, NULL);
INSERT INTO `orders` (`id`, `invoice_number`, `customer_id`, `customer_name`, `customer_phone`, `notes`, `total_price`, `paid_amount`, `change_amount`, `payment_status`, `is_credit`, `paid_at`, `production_status`, `pickup_status`, `picked_up_at`, `started_at`, `finished_at`, `wa_sent`, `wa_notified_at`, `designer_id`, `cashier_id`, `operator_id`, `finishing_operator_id`, `spk_printed`, `spk_printed_at`, `is_cancelled`, `cancelled_at`, `created_at`, `updated_at`, `cancelled_by`, `cancel_reason`) VALUES ('500', 'INV-20260306-0033', '20', 'RIAS PRINTING', '082281106682', NULL, '25000.00', '0.00', '0.00', 'unpaid', '1', NULL, 'finishing', 'not_picked_up', NULL, '2026-03-06 10:43:10', NULL, '0', NULL, '20', NULL, '8', NULL, '1', '2026-03-06 10:02:23', '0', NULL, '2026-03-06 10:02:18', '2026-03-06 13:59:54', NULL, NULL);
INSERT INTO `orders` (`id`, `invoice_number`, `customer_id`, `customer_name`, `customer_phone`, `notes`, `total_price`, `paid_amount`, `change_amount`, `payment_status`, `is_credit`, `paid_at`, `production_status`, `pickup_status`, `picked_up_at`, `started_at`, `finished_at`, `wa_sent`, `wa_notified_at`, `designer_id`, `cashier_id`, `operator_id`, `finishing_operator_id`, `spk_printed`, `spk_printed_at`, `is_cancelled`, `cancelled_at`, `created_at`, `updated_at`, `cancelled_by`, `cancel_reason`) VALUES ('501', 'INV-20260306-0034', '268', 'Herti Azkiya', '089632171689', NULL, '5000.00', '0.00', '0.00', 'unpaid', '1', NULL, 'selesai', 'not_picked_up', NULL, '2026-03-06 13:57:53', '2026-03-06 15:34:26', '0', '2026-03-06 15:41:37', '3', NULL, '17', '17', '1', '2026-03-06 10:04:42', '0', NULL, '2026-03-06 10:04:40', '2026-03-06 15:41:37', NULL, NULL);
INSERT INTO `orders` (`id`, `invoice_number`, `customer_id`, `customer_name`, `customer_phone`, `notes`, `total_price`, `paid_amount`, `change_amount`, `payment_status`, `is_credit`, `paid_at`, `production_status`, `pickup_status`, `picked_up_at`, `started_at`, `finished_at`, `wa_sent`, `wa_notified_at`, `designer_id`, `cashier_id`, `operator_id`, `finishing_operator_id`, `spk_printed`, `spk_printed_at`, `is_cancelled`, `cancelled_at`, `created_at`, `updated_at`, `cancelled_by`, `cancel_reason`) VALUES ('502', 'INV-20260306-0035', '269', 'Tria Oktavia', '089615469542', 'page 1 = 24, page 2=13, page 3=10, page 4=1', '115200.00', '0.00', '0.00', 'unpaid', '1', NULL, 'finishing', 'not_picked_up', NULL, '2026-03-06 10:32:08', NULL, '0', NULL, '19', NULL, '17', NULL, '1', '2026-03-06 10:06:53', '0', NULL, '2026-03-06 10:06:51', '2026-03-06 14:05:47', NULL, NULL);
INSERT INTO `orders` (`id`, `invoice_number`, `customer_id`, `customer_name`, `customer_phone`, `notes`, `total_price`, `paid_amount`, `change_amount`, `payment_status`, `is_credit`, `paid_at`, `production_status`, `pickup_status`, `picked_up_at`, `started_at`, `finished_at`, `wa_sent`, `wa_notified_at`, `designer_id`, `cashier_id`, `operator_id`, `finishing_operator_id`, `spk_printed`, `spk_printed_at`, `is_cancelled`, `cancelled_at`, `created_at`, `updated_at`, `cancelled_by`, `cancel_reason`) VALUES ('503', 'INV-20260306-0036', '10', 'Asrofi', '082181926820', NULL, '3300.00', '0.00', '0.00', 'unpaid', '1', NULL, 'finishing', 'not_picked_up', NULL, '2026-03-06 10:17:12', NULL, '0', NULL, '19', NULL, '17', NULL, '1', '2026-03-06 10:07:54', '0', NULL, '2026-03-06 10:07:52', '2026-03-06 10:42:52', NULL, NULL);
INSERT INTO `orders` (`id`, `invoice_number`, `customer_id`, `customer_name`, `customer_phone`, `notes`, `total_price`, `paid_amount`, `change_amount`, `payment_status`, `is_credit`, `paid_at`, `production_status`, `pickup_status`, `picked_up_at`, `started_at`, `finished_at`, `wa_sent`, `wa_notified_at`, `designer_id`, `cashier_id`, `operator_id`, `finishing_operator_id`, `spk_printed`, `spk_printed_at`, `is_cancelled`, `cancelled_at`, `created_at`, `updated_at`, `cancelled_by`, `cancel_reason`) VALUES ('504', 'INV-20260306-0037', '267', 'Taruna Pos', '08127268603', NULL, '60000.00', '0.00', '0.00', 'unpaid', '1', NULL, 'selesai', 'not_picked_up', NULL, '2026-03-06 14:33:57', '2026-03-06 15:35:58', '0', '2026-03-06 15:47:56', '20', NULL, '22', '21', '1', '2026-03-06 10:08:47', '0', NULL, '2026-03-06 10:08:34', '2026-03-06 15:47:56', NULL, NULL);
INSERT INTO `orders` (`id`, `invoice_number`, `customer_id`, `customer_name`, `customer_phone`, `notes`, `total_price`, `paid_amount`, `change_amount`, `payment_status`, `is_credit`, `paid_at`, `production_status`, `pickup_status`, `picked_up_at`, `started_at`, `finished_at`, `wa_sent`, `wa_notified_at`, `designer_id`, `cashier_id`, `operator_id`, `finishing_operator_id`, `spk_printed`, `spk_printed_at`, `is_cancelled`, `cancelled_at`, `created_at`, `updated_at`, `cancelled_by`, `cancel_reason`) VALUES ('505', 'INV-20260306-0038', '258', 'Sita', '088286229622', NULL, '503900.00', '0.00', '0.00', 'unpaid', '1', NULL, 'selesai', 'not_picked_up', NULL, '2026-03-06 14:54:36', '2026-03-06 15:22:56', '0', '2026-03-06 15:38:15', '3', NULL, '6', '18', '1', '2026-03-06 10:09:23', '0', NULL, '2026-03-06 10:09:17', '2026-03-06 15:38:15', NULL, NULL);
INSERT INTO `orders` (`id`, `invoice_number`, `customer_id`, `customer_name`, `customer_phone`, `notes`, `total_price`, `paid_amount`, `change_amount`, `payment_status`, `is_credit`, `paid_at`, `production_status`, `pickup_status`, `picked_up_at`, `started_at`, `finished_at`, `wa_sent`, `wa_notified_at`, `designer_id`, `cashier_id`, `operator_id`, `finishing_operator_id`, `spk_printed`, `spk_printed_at`, `is_cancelled`, `cancelled_at`, `created_at`, `updated_at`, `cancelled_by`, `cancel_reason`) VALUES ('506', 'INV-20260306-0039', '255', 'Rahmat Mahfudin', '082306056184', 'page 1-2 = @2, page 3-7 = @1', '45000.00', '45000.00', '0.00', 'paid', '1', '2026-03-06 10:12:52', 'finishing', 'not_picked_up', NULL, '2026-03-06 11:21:02', NULL, '0', NULL, '19', '16', '17', NULL, '1', '2026-03-06 10:11:07', '0', NULL, '2026-03-06 10:11:05', '2026-03-06 11:21:07', NULL, NULL);
INSERT INTO `orders` (`id`, `invoice_number`, `customer_id`, `customer_name`, `customer_phone`, `notes`, `total_price`, `paid_amount`, `change_amount`, `payment_status`, `is_credit`, `paid_at`, `production_status`, `pickup_status`, `picked_up_at`, `started_at`, `finished_at`, `wa_sent`, `wa_notified_at`, `designer_id`, `cashier_id`, `operator_id`, `finishing_operator_id`, `spk_printed`, `spk_printed_at`, `is_cancelled`, `cancelled_at`, `created_at`, `updated_at`, `cancelled_by`, `cancel_reason`) VALUES ('507', 'INV-20260306-0040', '224', 'ADLI RK', '081379830275', NULL, '754400.00', '0.00', '0.00', 'unpaid', '1', NULL, 'finishing', 'not_picked_up', NULL, '2026-03-06 13:58:31', NULL, '0', NULL, '23', NULL, '17', NULL, '1', '2026-03-06 10:11:36', '0', NULL, '2026-03-06 10:11:17', '2026-03-06 14:06:52', NULL, NULL);
INSERT INTO `orders` (`id`, `invoice_number`, `customer_id`, `customer_name`, `customer_phone`, `notes`, `total_price`, `paid_amount`, `change_amount`, `payment_status`, `is_credit`, `paid_at`, `production_status`, `pickup_status`, `picked_up_at`, `started_at`, `finished_at`, `wa_sent`, `wa_notified_at`, `designer_id`, `cashier_id`, `operator_id`, `finishing_operator_id`, `spk_printed`, `spk_printed_at`, `is_cancelled`, `cancelled_at`, `created_at`, `updated_at`, `cancelled_by`, `cancel_reason`) VALUES ('508', 'INV-20260306-0041', '267', 'Taruna Pos', '08127268603', NULL, '30000.00', '0.00', '0.00', 'unpaid', '1', NULL, 'selesai', 'not_picked_up', NULL, '2026-03-06 14:34:09', '2026-03-06 14:58:47', '0', '2026-03-06 15:13:19', '20', NULL, '22', '21', '1', '2026-03-06 10:12:59', '0', NULL, '2026-03-06 10:12:52', '2026-03-06 15:13:19', NULL, NULL);
INSERT INTO `orders` (`id`, `invoice_number`, `customer_id`, `customer_name`, `customer_phone`, `notes`, `total_price`, `paid_amount`, `change_amount`, `payment_status`, `is_credit`, `paid_at`, `production_status`, `pickup_status`, `picked_up_at`, `started_at`, `finished_at`, `wa_sent`, `wa_notified_at`, `designer_id`, `cashier_id`, `operator_id`, `finishing_operator_id`, `spk_printed`, `spk_printed_at`, `is_cancelled`, `cancelled_at`, `created_at`, `updated_at`, `cancelled_by`, `cancel_reason`) VALUES ('509', 'INV-20260306-0042', '67', 'Yogi Grafika', '082182136011', NULL, '3800.00', '0.00', '0.00', 'unpaid', '1', NULL, 'finishing', 'not_picked_up', NULL, '2026-03-06 10:53:52', NULL, '0', NULL, '20', NULL, '17', NULL, '1', '2026-03-06 10:14:48', '0', NULL, '2026-03-06 10:14:42', '2026-03-06 10:53:57', NULL, NULL);
INSERT INTO `orders` (`id`, `invoice_number`, `customer_id`, `customer_name`, `customer_phone`, `notes`, `total_price`, `paid_amount`, `change_amount`, `payment_status`, `is_credit`, `paid_at`, `production_status`, `pickup_status`, `picked_up_at`, `started_at`, `finished_at`, `wa_sent`, `wa_notified_at`, `designer_id`, `cashier_id`, `operator_id`, `finishing_operator_id`, `spk_printed`, `spk_printed_at`, `is_cancelled`, `cancelled_at`, `created_at`, `updated_at`, `cancelled_by`, `cancel_reason`) VALUES ('510', 'INV-20260306-0043', '37', 'Septa N3', '087799642394', NULL, '25000.00', '25000.00', '0.00', 'paid', '1', '2026-03-06 13:21:49', 'selesai', 'not_picked_up', NULL, '2026-03-06 10:49:23', '2026-03-06 15:49:54', '0', NULL, '3', '16', '17', '17', '1', '2026-03-06 10:16:16', '0', NULL, '2026-03-06 10:16:14', '2026-03-06 15:49:54', NULL, NULL);
INSERT INTO `orders` (`id`, `invoice_number`, `customer_id`, `customer_name`, `customer_phone`, `notes`, `total_price`, `paid_amount`, `change_amount`, `payment_status`, `is_credit`, `paid_at`, `production_status`, `pickup_status`, `picked_up_at`, `started_at`, `finished_at`, `wa_sent`, `wa_notified_at`, `designer_id`, `cashier_id`, `operator_id`, `finishing_operator_id`, `spk_printed`, `spk_printed_at`, `is_cancelled`, `cancelled_at`, `created_at`, `updated_at`, `cancelled_by`, `cancel_reason`) VALUES ('511', 'INV-20260306-0044', '100', 'Ercia Grafis', '081295595888', NULL, '105000.00', '0.00', '0.00', 'unpaid', '1', NULL, 'proses_cetak', 'not_picked_up', NULL, '2026-03-06 14:03:11', NULL, '0', NULL, '3', NULL, '17', NULL, '1', '2026-03-06 10:21:35', '0', NULL, '2026-03-06 10:21:32', '2026-03-06 14:03:11', NULL, NULL);
INSERT INTO `orders` (`id`, `invoice_number`, `customer_id`, `customer_name`, `customer_phone`, `notes`, `total_price`, `paid_amount`, `change_amount`, `payment_status`, `is_credit`, `paid_at`, `production_status`, `pickup_status`, `picked_up_at`, `started_at`, `finished_at`, `wa_sent`, `wa_notified_at`, `designer_id`, `cashier_id`, `operator_id`, `finishing_operator_id`, `spk_printed`, `spk_printed_at`, `is_cancelled`, `cancelled_at`, `created_at`, `updated_at`, `cancelled_by`, `cancel_reason`) VALUES ('512', 'INV-20260306-0045', '270', 'Herwan', '08', NULL, '600000.00', '0.00', '0.00', 'unpaid', '1', NULL, 'selesai', 'not_picked_up', NULL, '2026-03-06 11:18:45', '2026-03-06 14:02:23', '0', '2026-03-06 15:07:43', '3', NULL, '22', '21', '1', '2026-03-06 10:22:49', '0', NULL, '2026-03-06 10:22:41', '2026-03-06 15:07:43', NULL, NULL);
INSERT INTO `orders` (`id`, `invoice_number`, `customer_id`, `customer_name`, `customer_phone`, `notes`, `total_price`, `paid_amount`, `change_amount`, `payment_status`, `is_credit`, `paid_at`, `production_status`, `pickup_status`, `picked_up_at`, `started_at`, `finished_at`, `wa_sent`, `wa_notified_at`, `designer_id`, `cashier_id`, `operator_id`, `finishing_operator_id`, `spk_printed`, `spk_printed_at`, `is_cancelled`, `cancelled_at`, `created_at`, `updated_at`, `cancelled_by`, `cancel_reason`) VALUES ('513', 'INV-20260306-0046', '93', 'BEBEK BELUR', '089509039553', NULL, '25000.00', '0.00', '0.00', 'unpaid', '1', NULL, 'finishing', 'not_picked_up', NULL, '2026-03-06 14:01:54', NULL, '0', NULL, '23', NULL, '17', NULL, '1', '2026-03-06 10:23:05', '0', NULL, '2026-03-06 10:23:02', '2026-03-06 14:19:37', NULL, NULL);
INSERT INTO `orders` (`id`, `invoice_number`, `customer_id`, `customer_name`, `customer_phone`, `notes`, `total_price`, `paid_amount`, `change_amount`, `payment_status`, `is_credit`, `paid_at`, `production_status`, `pickup_status`, `picked_up_at`, `started_at`, `finished_at`, `wa_sent`, `wa_notified_at`, `designer_id`, `cashier_id`, `operator_id`, `finishing_operator_id`, `spk_printed`, `spk_printed_at`, `is_cancelled`, `cancelled_at`, `created_at`, `updated_at`, `cancelled_by`, `cancel_reason`) VALUES ('514', 'INV-20260306-0047', '228', 'Alya', '085267546246', NULL, '37500.00', '37500.00', '0.00', 'paid', '1', '2026-03-06 14:01:21', 'selesai', 'not_picked_up', NULL, '2026-03-06 10:55:14', '2026-03-06 11:29:27', '0', '2026-03-06 14:52:33', '19', '16', '22', '21', '1', '2026-03-06 10:24:33', '0', NULL, '2026-03-06 10:24:31', '2026-03-06 14:52:33', NULL, NULL);
INSERT INTO `orders` (`id`, `invoice_number`, `customer_id`, `customer_name`, `customer_phone`, `notes`, `total_price`, `paid_amount`, `change_amount`, `payment_status`, `is_credit`, `paid_at`, `production_status`, `pickup_status`, `picked_up_at`, `started_at`, `finished_at`, `wa_sent`, `wa_notified_at`, `designer_id`, `cashier_id`, `operator_id`, `finishing_operator_id`, `spk_printed`, `spk_printed_at`, `is_cancelled`, `cancelled_at`, `created_at`, `updated_at`, `cancelled_by`, `cancel_reason`) VALUES ('515', 'INV-20260306-0048', '272', 'Anas Brewok', '085838617409', 'file lama', '33000.00', '33000.00', '0.00', 'paid', '1', '2026-03-06 11:26:05', 'selesai', 'not_picked_up', NULL, '2026-03-06 11:29:42', '2026-03-06 15:50:14', '0', NULL, '19', '16', '17', '17', '1', '2026-03-06 10:26:20', '0', NULL, '2026-03-06 10:26:18', '2026-03-06 15:50:14', NULL, NULL);
INSERT INTO `orders` (`id`, `invoice_number`, `customer_id`, `customer_name`, `customer_phone`, `notes`, `total_price`, `paid_amount`, `change_amount`, `payment_status`, `is_credit`, `paid_at`, `production_status`, `pickup_status`, `picked_up_at`, `started_at`, `finished_at`, `wa_sent`, `wa_notified_at`, `designer_id`, `cashier_id`, `operator_id`, `finishing_operator_id`, `spk_printed`, `spk_printed_at`, `is_cancelled`, `cancelled_at`, `created_at`, `updated_at`, `cancelled_by`, `cancel_reason`) VALUES ('516', 'INV-20260306-0049', '271', 'BE PRODUCTION', '+62 813-2345-6807', NULL, '70000.00', '0.00', '0.00', 'unpaid', '1', NULL, 'selesai', 'not_picked_up', NULL, '2026-03-06 11:23:52', '2026-03-06 15:44:39', '0', NULL, '20', NULL, '6', '18', '1', '2026-03-06 10:27:16', '0', NULL, '2026-03-06 10:27:07', '2026-03-06 15:44:39', NULL, NULL);
INSERT INTO `orders` (`id`, `invoice_number`, `customer_id`, `customer_name`, `customer_phone`, `notes`, `total_price`, `paid_amount`, `change_amount`, `payment_status`, `is_credit`, `paid_at`, `production_status`, `pickup_status`, `picked_up_at`, `started_at`, `finished_at`, `wa_sent`, `wa_notified_at`, `designer_id`, `cashier_id`, `operator_id`, `finishing_operator_id`, `spk_printed`, `spk_printed_at`, `is_cancelled`, `cancelled_at`, `created_at`, `updated_at`, `cancelled_by`, `cancel_reason`) VALUES ('517', 'INV-20260306-0050', '273', 'ICHA ILAN', '+62 813-7990-7574', NULL, '33000.00', '0.00', '0.00', 'unpaid', '1', NULL, 'finishing', 'not_picked_up', NULL, '2026-03-06 14:03:15', NULL, '0', NULL, '20', NULL, '17', NULL, '1', '2026-03-06 10:30:17', '0', NULL, '2026-03-06 10:30:13', '2026-03-06 14:07:20', NULL, NULL);
INSERT INTO `orders` (`id`, `invoice_number`, `customer_id`, `customer_name`, `customer_phone`, `notes`, `total_price`, `paid_amount`, `change_amount`, `payment_status`, `is_credit`, `paid_at`, `production_status`, `pickup_status`, `picked_up_at`, `started_at`, `finished_at`, `wa_sent`, `wa_notified_at`, `designer_id`, `cashier_id`, `operator_id`, `finishing_operator_id`, `spk_printed`, `spk_printed_at`, `is_cancelled`, `cancelled_at`, `created_at`, `updated_at`, `cancelled_by`, `cancel_reason`) VALUES ('518', 'INV-20260306-0051', '163', 'Warna Baru', '082282655172', NULL, '16500.00', '0.00', '0.00', 'unpaid', '1', NULL, 'finishing', 'not_picked_up', NULL, '2026-03-06 11:25:07', NULL, '0', NULL, '19', NULL, '17', NULL, '1', '2026-03-06 10:35:02', '0', NULL, '2026-03-06 10:35:00', '2026-03-06 11:25:13', NULL, NULL);
INSERT INTO `orders` (`id`, `invoice_number`, `customer_id`, `customer_name`, `customer_phone`, `notes`, `total_price`, `paid_amount`, `change_amount`, `payment_status`, `is_credit`, `paid_at`, `production_status`, `pickup_status`, `picked_up_at`, `started_at`, `finished_at`, `wa_sent`, `wa_notified_at`, `designer_id`, `cashier_id`, `operator_id`, `finishing_operator_id`, `spk_printed`, `spk_printed_at`, `is_cancelled`, `cancelled_at`, `created_at`, `updated_at`, `cancelled_by`, `cancel_reason`) VALUES ('519', 'INV-20260306-0052', '273', 'ICHA ILAN', '+62 813-7990-7574', NULL, '13200.00', '0.00', '0.00', 'unpaid', '1', NULL, 'finishing', 'not_picked_up', NULL, '2026-03-06 11:30:15', NULL, '0', NULL, '20', NULL, '17', NULL, '1', '2026-03-06 10:36:34', '0', NULL, '2026-03-06 10:36:27', '2026-03-06 11:30:21', NULL, NULL);
INSERT INTO `orders` (`id`, `invoice_number`, `customer_id`, `customer_name`, `customer_phone`, `notes`, `total_price`, `paid_amount`, `change_amount`, `payment_status`, `is_credit`, `paid_at`, `production_status`, `pickup_status`, `picked_up_at`, `started_at`, `finished_at`, `wa_sent`, `wa_notified_at`, `designer_id`, `cashier_id`, `operator_id`, `finishing_operator_id`, `spk_printed`, `spk_printed_at`, `is_cancelled`, `cancelled_at`, `created_at`, `updated_at`, `cancelled_by`, `cancel_reason`) VALUES ('520', 'INV-20260306-0053', '193', 'Tari ERKA', '083184835064', NULL, '17600.00', '0.00', '0.00', 'unpaid', '1', NULL, 'finishing', 'not_picked_up', NULL, '2026-03-06 14:03:24', NULL, '0', NULL, '19', NULL, '17', NULL, '1', '2026-03-06 10:37:24', '0', NULL, '2026-03-06 10:37:21', '2026-03-06 14:07:26', NULL, NULL);
INSERT INTO `orders` (`id`, `invoice_number`, `customer_id`, `customer_name`, `customer_phone`, `notes`, `total_price`, `paid_amount`, `change_amount`, `payment_status`, `is_credit`, `paid_at`, `production_status`, `pickup_status`, `picked_up_at`, `started_at`, `finished_at`, `wa_sent`, `wa_notified_at`, `designer_id`, `cashier_id`, `operator_id`, `finishing_operator_id`, `spk_printed`, `spk_printed_at`, `is_cancelled`, `cancelled_at`, `created_at`, `updated_at`, `cancelled_by`, `cancel_reason`) VALUES ('521', 'INV-20260306-0054', '67', 'Yogi Grafika', '082182136011', NULL, '26400.00', '0.00', '0.00', 'unpaid', '1', NULL, 'selesai', 'not_picked_up', NULL, '2026-03-06 14:03:30', '2026-03-06 15:37:35', '0', '2026-03-06 15:49:26', '20', NULL, '17', '17', '1', '2026-03-06 10:38:34', '0', NULL, '2026-03-06 10:38:24', '2026-03-06 15:49:26', NULL, NULL);
INSERT INTO `orders` (`id`, `invoice_number`, `customer_id`, `customer_name`, `customer_phone`, `notes`, `total_price`, `paid_amount`, `change_amount`, `payment_status`, `is_credit`, `paid_at`, `production_status`, `pickup_status`, `picked_up_at`, `started_at`, `finished_at`, `wa_sent`, `wa_notified_at`, `designer_id`, `cashier_id`, `operator_id`, `finishing_operator_id`, `spk_printed`, `spk_printed_at`, `is_cancelled`, `cancelled_at`, `created_at`, `updated_at`, `cancelled_by`, `cancel_reason`) VALUES ('522', 'INV-20260306-0055', '172', 'Indra Jaya', '085314002018', NULL, '13200.00', '0.00', '0.00', 'unpaid', '1', NULL, 'finishing', 'not_picked_up', NULL, '2026-03-06 14:03:42', NULL, '0', NULL, '19', NULL, '17', NULL, '1', '2026-03-06 10:43:37', '0', NULL, '2026-03-06 10:43:35', '2026-03-06 14:07:33', NULL, NULL);
INSERT INTO `orders` (`id`, `invoice_number`, `customer_id`, `customer_name`, `customer_phone`, `notes`, `total_price`, `paid_amount`, `change_amount`, `payment_status`, `is_credit`, `paid_at`, `production_status`, `pickup_status`, `picked_up_at`, `started_at`, `finished_at`, `wa_sent`, `wa_notified_at`, `designer_id`, `cashier_id`, `operator_id`, `finishing_operator_id`, `spk_printed`, `spk_printed_at`, `is_cancelled`, `cancelled_at`, `created_at`, `updated_at`, `cancelled_by`, `cancel_reason`) VALUES ('523', 'INV-20260306-0056', '91', 'ANGEL', '081369190425', NULL, '5000.00', '0.00', '0.00', 'unpaid', '1', NULL, 'finishing', 'not_picked_up', NULL, '2026-03-06 14:03:45', NULL, '0', NULL, '3', NULL, '17', NULL, '1', '2026-03-06 10:45:30', '0', NULL, '2026-03-06 10:45:28', '2026-03-06 14:07:44', NULL, NULL);
INSERT INTO `orders` (`id`, `invoice_number`, `customer_id`, `customer_name`, `customer_phone`, `notes`, `total_price`, `paid_amount`, `change_amount`, `payment_status`, `is_credit`, `paid_at`, `production_status`, `pickup_status`, `picked_up_at`, `started_at`, `finished_at`, `wa_sent`, `wa_notified_at`, `designer_id`, `cashier_id`, `operator_id`, `finishing_operator_id`, `spk_printed`, `spk_printed_at`, `is_cancelled`, `cancelled_at`, `created_at`, `updated_at`, `cancelled_by`, `cancel_reason`) VALUES ('524', 'INV-20260306-0057', '163', 'Warna Baru', '082282655172', NULL, '96900.00', '0.00', '0.00', 'unpaid', '1', NULL, 'selesai', 'not_picked_up', NULL, '2026-03-06 14:47:56', '2026-03-06 16:03:06', '0', NULL, '3', NULL, '17', '21', '1', '2026-03-06 10:48:02', '0', NULL, '2026-03-06 10:48:00', '2026-03-06 16:03:06', NULL, NULL);
INSERT INTO `orders` (`id`, `invoice_number`, `customer_id`, `customer_name`, `customer_phone`, `notes`, `total_price`, `paid_amount`, `change_amount`, `payment_status`, `is_credit`, `paid_at`, `production_status`, `pickup_status`, `picked_up_at`, `started_at`, `finished_at`, `wa_sent`, `wa_notified_at`, `designer_id`, `cashier_id`, `operator_id`, `finishing_operator_id`, `spk_printed`, `spk_printed_at`, `is_cancelled`, `cancelled_at`, `created_at`, `updated_at`, `cancelled_by`, `cancel_reason`) VALUES ('525', 'INV-20260306-0058', '174', 'Mafia Stiker', '08989748765', NULL, '50000.00', '0.00', '0.00', 'unpaid', '1', NULL, 'finishing', 'not_picked_up', NULL, '2026-03-06 14:03:06', NULL, '0', NULL, '3', NULL, '17', NULL, '1', '2026-03-06 10:51:04', '0', NULL, '2026-03-06 10:51:01', '2026-03-06 14:07:08', NULL, NULL);
INSERT INTO `orders` (`id`, `invoice_number`, `customer_id`, `customer_name`, `customer_phone`, `notes`, `total_price`, `paid_amount`, `change_amount`, `payment_status`, `is_credit`, `paid_at`, `production_status`, `pickup_status`, `picked_up_at`, `started_at`, `finished_at`, `wa_sent`, `wa_notified_at`, `designer_id`, `cashier_id`, `operator_id`, `finishing_operator_id`, `spk_printed`, `spk_printed_at`, `is_cancelled`, `cancelled_at`, `created_at`, `updated_at`, `cancelled_by`, `cancel_reason`) VALUES ('526', 'INV-20260306-0059', '274', 'ERKAGRAPHIA', '082337331391', NULL, '8100.00', '8100.00', '0.00', 'paid', '1', '2026-03-06 13:30:14', 'finishing', 'not_picked_up', NULL, '2026-03-06 14:03:51', NULL, '0', NULL, '23', '16', '17', NULL, '1', '2026-03-06 11:01:20', '0', NULL, '2026-03-06 11:01:17', '2026-03-06 14:09:33', NULL, NULL);
INSERT INTO `orders` (`id`, `invoice_number`, `customer_id`, `customer_name`, `customer_phone`, `notes`, `total_price`, `paid_amount`, `change_amount`, `payment_status`, `is_credit`, `paid_at`, `production_status`, `pickup_status`, `picked_up_at`, `started_at`, `finished_at`, `wa_sent`, `wa_notified_at`, `designer_id`, `cashier_id`, `operator_id`, `finishing_operator_id`, `spk_printed`, `spk_printed_at`, `is_cancelled`, `cancelled_at`, `created_at`, `updated_at`, `cancelled_by`, `cancel_reason`) VALUES ('527', 'INV-20260306-0060', '94', 'Sahabat Baradatu', '085381230050', NULL, '60000.00', '0.00', '0.00', 'unpaid', '1', NULL, 'selesai', 'not_picked_up', NULL, '2026-03-06 14:51:25', '2026-03-06 16:03:10', '0', NULL, '3', NULL, '22', '21', '1', '2026-03-06 11:02:12', '0', NULL, '2026-03-06 11:02:10', '2026-03-06 16:03:10', NULL, NULL);
INSERT INTO `orders` (`id`, `invoice_number`, `customer_id`, `customer_name`, `customer_phone`, `notes`, `total_price`, `paid_amount`, `change_amount`, `payment_status`, `is_credit`, `paid_at`, `production_status`, `pickup_status`, `picked_up_at`, `started_at`, `finished_at`, `wa_sent`, `wa_notified_at`, `designer_id`, `cashier_id`, `operator_id`, `finishing_operator_id`, `spk_printed`, `spk_printed_at`, `is_cancelled`, `cancelled_at`, `created_at`, `updated_at`, `cancelled_by`, `cancel_reason`) VALUES ('528', 'INV-20260306-0061', '193', 'Tari ERKA', '083184835064', NULL, '25000.00', '0.00', '0.00', 'unpaid', '1', NULL, 'selesai', 'not_picked_up', NULL, '2026-03-06 14:03:57', '2026-03-06 15:49:30', '0', NULL, '19', NULL, '17', '17', '1', '2026-03-06 11:04:05', '0', NULL, '2026-03-06 11:04:03', '2026-03-06 15:49:30', NULL, NULL);
INSERT INTO `orders` (`id`, `invoice_number`, `customer_id`, `customer_name`, `customer_phone`, `notes`, `total_price`, `paid_amount`, `change_amount`, `payment_status`, `is_credit`, `paid_at`, `production_status`, `pickup_status`, `picked_up_at`, `started_at`, `finished_at`, `wa_sent`, `wa_notified_at`, `designer_id`, `cashier_id`, `operator_id`, `finishing_operator_id`, `spk_printed`, `spk_printed_at`, `is_cancelled`, `cancelled_at`, `created_at`, `updated_at`, `cancelled_by`, `cancel_reason`) VALUES ('529', 'INV-20260306-0062', '50', 'Ivana', '089601024724', 'page 1', '22000.00', '0.00', '0.00', 'unpaid', '1', NULL, 'selesai', 'not_picked_up', NULL, '2026-03-06 14:04:00', '2026-03-06 15:34:32', '0', '2026-03-06 15:45:25', '19', NULL, '17', '17', '1', '2026-03-06 11:07:39', '0', NULL, '2026-03-06 11:07:37', '2026-03-06 15:45:25', NULL, NULL);
INSERT INTO `orders` (`id`, `invoice_number`, `customer_id`, `customer_name`, `customer_phone`, `notes`, `total_price`, `paid_amount`, `change_amount`, `payment_status`, `is_credit`, `paid_at`, `production_status`, `pickup_status`, `picked_up_at`, `started_at`, `finished_at`, `wa_sent`, `wa_notified_at`, `designer_id`, `cashier_id`, `operator_id`, `finishing_operator_id`, `spk_printed`, `spk_printed_at`, `is_cancelled`, `cancelled_at`, `created_at`, `updated_at`, `cancelled_by`, `cancel_reason`) VALUES ('530', 'INV-20260306-0063', '50', 'Ivana', '089601024724', 'page 2-3', '5200.00', '0.00', '0.00', 'unpaid', '1', NULL, 'selesai', 'not_picked_up', NULL, '2026-03-06 14:04:03', '2026-03-06 15:34:18', '0', '2026-03-06 15:41:28', '19', NULL, '17', '17', '1', '2026-03-06 11:08:01', '0', NULL, '2026-03-06 11:07:59', '2026-03-06 15:41:28', NULL, NULL);
INSERT INTO `orders` (`id`, `invoice_number`, `customer_id`, `customer_name`, `customer_phone`, `notes`, `total_price`, `paid_amount`, `change_amount`, `payment_status`, `is_credit`, `paid_at`, `production_status`, `pickup_status`, `picked_up_at`, `started_at`, `finished_at`, `wa_sent`, `wa_notified_at`, `designer_id`, `cashier_id`, `operator_id`, `finishing_operator_id`, `spk_printed`, `spk_printed_at`, `is_cancelled`, `cancelled_at`, `created_at`, `updated_at`, `cancelled_by`, `cancel_reason`) VALUES ('531', 'INV-20260306-0064', '163', 'Warna Baru', '082282655172', NULL, '44100.00', '0.00', '0.00', 'unpaid', '1', NULL, 'selesai', 'not_picked_up', NULL, '2026-03-06 14:48:35', '2026-03-06 16:03:27', '0', NULL, '20', NULL, '17', '21', '1', '2026-03-06 11:10:12', '0', NULL, '2026-03-06 11:09:56', '2026-03-06 16:03:27', NULL, NULL);
INSERT INTO `orders` (`id`, `invoice_number`, `customer_id`, `customer_name`, `customer_phone`, `notes`, `total_price`, `paid_amount`, `change_amount`, `payment_status`, `is_credit`, `paid_at`, `production_status`, `pickup_status`, `picked_up_at`, `started_at`, `finished_at`, `wa_sent`, `wa_notified_at`, `designer_id`, `cashier_id`, `operator_id`, `finishing_operator_id`, `spk_printed`, `spk_printed_at`, `is_cancelled`, `cancelled_at`, `created_at`, `updated_at`, `cancelled_by`, `cancel_reason`) VALUES ('532', 'INV-20260306-0065', '275', 'Arka Printing', '083818526240', NULL, '75000.00', '0.00', '0.00', 'unpaid', '1', NULL, 'proses_cetak', 'not_picked_up', NULL, '2026-03-06 16:01:21', NULL, '0', NULL, '19', NULL, '22', NULL, '1', '2026-03-06 11:10:44', '0', NULL, '2026-03-06 11:10:41', '2026-03-06 16:01:21', NULL, NULL);
INSERT INTO `orders` (`id`, `invoice_number`, `customer_id`, `customer_name`, `customer_phone`, `notes`, `total_price`, `paid_amount`, `change_amount`, `payment_status`, `is_credit`, `paid_at`, `production_status`, `pickup_status`, `picked_up_at`, `started_at`, `finished_at`, `wa_sent`, `wa_notified_at`, `designer_id`, `cashier_id`, `operator_id`, `finishing_operator_id`, `spk_printed`, `spk_printed_at`, `is_cancelled`, `cancelled_at`, `created_at`, `updated_at`, `cancelled_by`, `cancel_reason`) VALUES ('533', 'INV-20260306-0066', '123', 'PRINTNESIA', '081278856399', NULL, '2700.00', '0.00', '0.00', 'unpaid', '1', NULL, 'selesai', 'not_picked_up', NULL, '2026-03-06 14:04:07', '2026-03-06 15:37:44', '0', NULL, '20', NULL, '17', '17', '1', '2026-03-06 11:13:50', '0', NULL, '2026-03-06 11:13:47', '2026-03-06 15:37:44', NULL, NULL);
INSERT INTO `orders` (`id`, `invoice_number`, `customer_id`, `customer_name`, `customer_phone`, `notes`, `total_price`, `paid_amount`, `change_amount`, `payment_status`, `is_credit`, `paid_at`, `production_status`, `pickup_status`, `picked_up_at`, `started_at`, `finished_at`, `wa_sent`, `wa_notified_at`, `designer_id`, `cashier_id`, `operator_id`, `finishing_operator_id`, `spk_printed`, `spk_printed_at`, `is_cancelled`, `cancelled_at`, `created_at`, `updated_at`, `cancelled_by`, `cancel_reason`) VALUES ('534', 'INV-20260306-0067', '276', 'ARNOLD', '082165890698', NULL, '21200.00', '22000.00', '800.00', 'paid', '1', '2026-03-06 11:24:28', 'proses_cetak', 'not_picked_up', NULL, '2026-03-06 14:47:26', NULL, '0', NULL, '20', '16', '17', NULL, '1', '2026-03-06 15:02:18', '0', NULL, '2026-03-06 11:23:26', '2026-03-06 15:02:18', NULL, NULL);
INSERT INTO `orders` (`id`, `invoice_number`, `customer_id`, `customer_name`, `customer_phone`, `notes`, `total_price`, `paid_amount`, `change_amount`, `payment_status`, `is_credit`, `paid_at`, `production_status`, `pickup_status`, `picked_up_at`, `started_at`, `finished_at`, `wa_sent`, `wa_notified_at`, `designer_id`, `cashier_id`, `operator_id`, `finishing_operator_id`, `spk_printed`, `spk_printed_at`, `is_cancelled`, `cancelled_at`, `created_at`, `updated_at`, `cancelled_by`, `cancel_reason`) VALUES ('535', 'INV-20260306-0068', '91', 'ANGEL', '081369190425', NULL, '5800.00', '0.00', '0.00', 'unpaid', '1', NULL, 'selesai', 'not_picked_up', NULL, '2026-03-06 14:15:37', '2026-03-06 15:33:42', '0', '2026-03-06 15:41:18', '3', NULL, '17', '17', '1', '2026-03-06 11:24:40', '0', NULL, '2026-03-06 11:24:37', '2026-03-06 15:41:18', NULL, NULL);
INSERT INTO `orders` (`id`, `invoice_number`, `customer_id`, `customer_name`, `customer_phone`, `notes`, `total_price`, `paid_amount`, `change_amount`, `payment_status`, `is_credit`, `paid_at`, `production_status`, `pickup_status`, `picked_up_at`, `started_at`, `finished_at`, `wa_sent`, `wa_notified_at`, `designer_id`, `cashier_id`, `operator_id`, `finishing_operator_id`, `spk_printed`, `spk_printed_at`, `is_cancelled`, `cancelled_at`, `created_at`, `updated_at`, `cancelled_by`, `cancel_reason`) VALUES ('536', 'INV-20260306-0069', '277', 'Abadi Printing', '08117251977', NULL, '100000.00', '0.00', '0.00', 'unpaid', '1', NULL, 'selesai', 'not_picked_up', NULL, '2026-03-06 14:12:38', '2026-03-06 14:17:01', '0', '2026-03-06 15:08:38', '3', NULL, '6', '18', '1', '2026-03-06 11:26:19', '0', NULL, '2026-03-06 11:26:17', '2026-03-06 15:08:38', NULL, NULL);
INSERT INTO `orders` (`id`, `invoice_number`, `customer_id`, `customer_name`, `customer_phone`, `notes`, `total_price`, `paid_amount`, `change_amount`, `payment_status`, `is_credit`, `paid_at`, `production_status`, `pickup_status`, `picked_up_at`, `started_at`, `finished_at`, `wa_sent`, `wa_notified_at`, `designer_id`, `cashier_id`, `operator_id`, `finishing_operator_id`, `spk_printed`, `spk_printed_at`, `is_cancelled`, `cancelled_at`, `created_at`, `updated_at`, `cancelled_by`, `cancel_reason`) VALUES ('537', 'INV-20260306-0070', '147', 'Isfah Jaya', '082181956640', NULL, '70000.00', '0.00', '0.00', 'unpaid', '1', NULL, 'proses_cetak', 'not_picked_up', NULL, '2026-03-06 16:01:54', NULL, '0', NULL, '3', NULL, '22', NULL, '1', '2026-03-06 11:30:21', '0', NULL, '2026-03-06 11:30:19', '2026-03-06 16:01:54', NULL, NULL);
INSERT INTO `orders` (`id`, `invoice_number`, `customer_id`, `customer_name`, `customer_phone`, `notes`, `total_price`, `paid_amount`, `change_amount`, `payment_status`, `is_credit`, `paid_at`, `production_status`, `pickup_status`, `picked_up_at`, `started_at`, `finished_at`, `wa_sent`, `wa_notified_at`, `designer_id`, `cashier_id`, `operator_id`, `finishing_operator_id`, `spk_printed`, `spk_printed_at`, `is_cancelled`, `cancelled_at`, `created_at`, `updated_at`, `cancelled_by`, `cancel_reason`) VALUES ('538', 'INV-20260306-0071', '278', 'Arif Sablon', '085768974910', NULL, '85000.00', '0.00', '0.00', 'unpaid', '1', NULL, 'selesai', 'not_picked_up', NULL, '2026-03-06 14:12:43', '2026-03-06 14:42:14', '0', '2026-03-06 15:11:21', '3', NULL, '6', '18', '1', '2026-03-06 11:32:08', '0', NULL, '2026-03-06 11:32:05', '2026-03-06 15:11:21', NULL, NULL);
INSERT INTO `orders` (`id`, `invoice_number`, `customer_id`, `customer_name`, `customer_phone`, `notes`, `total_price`, `paid_amount`, `change_amount`, `payment_status`, `is_credit`, `paid_at`, `production_status`, `pickup_status`, `picked_up_at`, `started_at`, `finished_at`, `wa_sent`, `wa_notified_at`, `designer_id`, `cashier_id`, `operator_id`, `finishing_operator_id`, `spk_printed`, `spk_printed_at`, `is_cancelled`, `cancelled_at`, `created_at`, `updated_at`, `cancelled_by`, `cancel_reason`) VALUES ('539', 'INV-20260306-0072', '279', 'Muhammad Erlangga', '+62 857-8993-9338', NULL, '155000.00', '0.00', '0.00', 'unpaid', '1', NULL, 'finishing', 'not_picked_up', NULL, '2026-03-06 14:48:31', NULL, '0', NULL, '20', NULL, '17', NULL, '1', '2026-03-06 11:32:30', '0', NULL, '2026-03-06 11:32:25', '2026-03-06 14:51:57', NULL, NULL);
INSERT INTO `orders` (`id`, `invoice_number`, `customer_id`, `customer_name`, `customer_phone`, `notes`, `total_price`, `paid_amount`, `change_amount`, `payment_status`, `is_credit`, `paid_at`, `production_status`, `pickup_status`, `picked_up_at`, `started_at`, `finished_at`, `wa_sent`, `wa_notified_at`, `designer_id`, `cashier_id`, `operator_id`, `finishing_operator_id`, `spk_printed`, `spk_printed_at`, `is_cancelled`, `cancelled_at`, `created_at`, `updated_at`, `cancelled_by`, `cancel_reason`) VALUES ('540', 'INV-20260306-0073', '279', 'Muhammad Erlangga', '+62 857-8993-9338', NULL, '93000.00', '0.00', '0.00', 'unpaid', '1', NULL, 'finishing', 'not_picked_up', NULL, '2026-03-06 14:23:48', NULL, '0', NULL, '20', NULL, '17', NULL, '1', '2026-03-06 11:33:49', '0', NULL, '2026-03-06 11:33:45', '2026-03-06 14:28:31', NULL, NULL);
INSERT INTO `orders` (`id`, `invoice_number`, `customer_id`, `customer_name`, `customer_phone`, `notes`, `total_price`, `paid_amount`, `change_amount`, `payment_status`, `is_credit`, `paid_at`, `production_status`, `pickup_status`, `picked_up_at`, `started_at`, `finished_at`, `wa_sent`, `wa_notified_at`, `designer_id`, `cashier_id`, `operator_id`, `finishing_operator_id`, `spk_printed`, `spk_printed_at`, `is_cancelled`, `cancelled_at`, `created_at`, `updated_at`, `cancelled_by`, `cancel_reason`) VALUES ('541', 'INV-20260306-0074', '280', 'Permata Solo', '08117221186', NULL, '96000.00', '0.00', '0.00', 'unpaid', '1', NULL, 'finishing', 'not_picked_up', NULL, '2026-03-06 14:24:05', NULL, '0', NULL, '3', NULL, '17', NULL, '1', '2026-03-06 11:38:12', '0', NULL, '2026-03-06 11:38:10', '2026-03-06 14:28:35', NULL, NULL);
INSERT INTO `orders` (`id`, `invoice_number`, `customer_id`, `customer_name`, `customer_phone`, `notes`, `total_price`, `paid_amount`, `change_amount`, `payment_status`, `is_credit`, `paid_at`, `production_status`, `pickup_status`, `picked_up_at`, `started_at`, `finished_at`, `wa_sent`, `wa_notified_at`, `designer_id`, `cashier_id`, `operator_id`, `finishing_operator_id`, `spk_printed`, `spk_printed_at`, `is_cancelled`, `cancelled_at`, `created_at`, `updated_at`, `cancelled_by`, `cancel_reason`) VALUES ('542', 'INV-20260306-0075', '282', 'Caka', '085279009229', NULL, '20700.00', '22000.00', '1300.00', 'paid', '1', '2026-03-06 11:50:56', 'selesai', 'not_picked_up', NULL, '2026-03-06 14:57:27', '2026-03-06 15:28:44', '0', '2026-03-06 15:39:41', '3', '16', '17', '17', '1', '2026-03-06 11:49:55', '0', NULL, '2026-03-06 11:49:51', '2026-03-06 15:39:41', NULL, NULL);
INSERT INTO `orders` (`id`, `invoice_number`, `customer_id`, `customer_name`, `customer_phone`, `notes`, `total_price`, `paid_amount`, `change_amount`, `payment_status`, `is_credit`, `paid_at`, `production_status`, `pickup_status`, `picked_up_at`, `started_at`, `finished_at`, `wa_sent`, `wa_notified_at`, `designer_id`, `cashier_id`, `operator_id`, `finishing_operator_id`, `spk_printed`, `spk_printed_at`, `is_cancelled`, `cancelled_at`, `created_at`, `updated_at`, `cancelled_by`, `cancel_reason`) VALUES ('543', 'INV-20260306-0076', '48', 'PAK RANA', '0895640319652', NULL, '23400.00', '0.00', '0.00', 'paid', '1', '2026-03-06 15:30:46', 'finishing', 'not_picked_up', NULL, '2026-03-06 14:16:52', NULL, '0', NULL, '19', '16', '17', NULL, '1', '2026-03-06 12:57:07', '0', NULL, '2026-03-06 12:56:13', '2026-03-06 15:59:09', NULL, NULL);
INSERT INTO `orders` (`id`, `invoice_number`, `customer_id`, `customer_name`, `customer_phone`, `notes`, `total_price`, `paid_amount`, `change_amount`, `payment_status`, `is_credit`, `paid_at`, `production_status`, `pickup_status`, `picked_up_at`, `started_at`, `finished_at`, `wa_sent`, `wa_notified_at`, `designer_id`, `cashier_id`, `operator_id`, `finishing_operator_id`, `spk_printed`, `spk_printed_at`, `is_cancelled`, `cancelled_at`, `created_at`, `updated_at`, `cancelled_by`, `cancel_reason`) VALUES ('544', 'INV-20260306-0077', '76', 'Ita Pelangi', '081957071787', NULL, '47600.00', '0.00', '0.00', 'unpaid', '1', NULL, 'finishing', 'not_picked_up', NULL, '2026-03-06 14:52:45', NULL, '0', NULL, '19', NULL, '17', NULL, '1', '2026-03-06 13:03:55', '0', NULL, '2026-03-06 13:01:50', '2026-03-06 14:53:39', NULL, NULL);
INSERT INTO `orders` (`id`, `invoice_number`, `customer_id`, `customer_name`, `customer_phone`, `notes`, `total_price`, `paid_amount`, `change_amount`, `payment_status`, `is_credit`, `paid_at`, `production_status`, `pickup_status`, `picked_up_at`, `started_at`, `finished_at`, `wa_sent`, `wa_notified_at`, `designer_id`, `cashier_id`, `operator_id`, `finishing_operator_id`, `spk_printed`, `spk_printed_at`, `is_cancelled`, `cancelled_at`, `created_at`, `updated_at`, `cancelled_by`, `cancel_reason`) VALUES ('545', 'INV-20260306-0078', '68', 'BOCUP', '088267076005', NULL, '4600.00', '0.00', '0.00', 'unpaid', '1', NULL, 'selesai', 'not_picked_up', NULL, '2026-03-06 14:04:57', '2026-03-06 15:34:41', '0', '2026-03-06 15:45:35', '20', NULL, '17', '17', '1', '2026-03-06 13:20:05', '0', NULL, '2026-03-06 13:20:02', '2026-03-06 15:45:35', NULL, NULL);
INSERT INTO `orders` (`id`, `invoice_number`, `customer_id`, `customer_name`, `customer_phone`, `notes`, `total_price`, `paid_amount`, `change_amount`, `payment_status`, `is_credit`, `paid_at`, `production_status`, `pickup_status`, `picked_up_at`, `started_at`, `finished_at`, `wa_sent`, `wa_notified_at`, `designer_id`, `cashier_id`, `operator_id`, `finishing_operator_id`, `spk_printed`, `spk_printed_at`, `is_cancelled`, `cancelled_at`, `created_at`, `updated_at`, `cancelled_by`, `cancel_reason`) VALUES ('546', 'INV-20260306-0079', '68', 'BOCUP', '088267076005', NULL, '5400.00', '0.00', '0.00', 'unpaid', '1', NULL, 'selesai', 'not_picked_up', NULL, '2026-03-06 14:24:53', '2026-03-06 15:29:56', '0', '2026-03-06 15:40:20', '20', NULL, '17', '17', '1', '2026-03-06 13:21:40', '0', NULL, '2026-03-06 13:21:37', '2026-03-06 15:40:20', NULL, NULL);
INSERT INTO `orders` (`id`, `invoice_number`, `customer_id`, `customer_name`, `customer_phone`, `notes`, `total_price`, `paid_amount`, `change_amount`, `payment_status`, `is_credit`, `paid_at`, `production_status`, `pickup_status`, `picked_up_at`, `started_at`, `finished_at`, `wa_sent`, `wa_notified_at`, `designer_id`, `cashier_id`, `operator_id`, `finishing_operator_id`, `spk_printed`, `spk_printed_at`, `is_cancelled`, `cancelled_at`, `created_at`, `updated_at`, `cancelled_by`, `cancel_reason`) VALUES ('547', 'INV-20260306-0080', '283', 'Sherli ERKA', '0895602336404', NULL, '67400.00', '0.00', '0.00', 'unpaid', '1', NULL, 'selesai', 'not_picked_up', NULL, '2026-03-06 14:49:14', '2026-03-06 15:27:15', '0', '2026-03-06 15:38:57', '3', NULL, '17', '17', '1', '2026-03-06 13:22:29', '0', NULL, '2026-03-06 13:22:24', '2026-03-06 15:38:57', NULL, NULL);
INSERT INTO `orders` (`id`, `invoice_number`, `customer_id`, `customer_name`, `customer_phone`, `notes`, `total_price`, `paid_amount`, `change_amount`, `payment_status`, `is_credit`, `paid_at`, `production_status`, `pickup_status`, `picked_up_at`, `started_at`, `finished_at`, `wa_sent`, `wa_notified_at`, `designer_id`, `cashier_id`, `operator_id`, `finishing_operator_id`, `spk_printed`, `spk_printed_at`, `is_cancelled`, `cancelled_at`, `created_at`, `updated_at`, `cancelled_by`, `cancel_reason`) VALUES ('548', 'INV-20260306-0081', '284', 'Markitak', '089624614424', NULL, '52500.00', '0.00', '0.00', 'unpaid', '1', NULL, 'selesai', 'not_picked_up', NULL, '2026-03-06 14:48:11', '2026-03-06 15:40:36', '0', NULL, '3', NULL, '17', '17', '1', '2026-03-06 13:25:40', '0', NULL, '2026-03-06 13:25:35', '2026-03-06 15:40:36', NULL, NULL);
INSERT INTO `orders` (`id`, `invoice_number`, `customer_id`, `customer_name`, `customer_phone`, `notes`, `total_price`, `paid_amount`, `change_amount`, `payment_status`, `is_credit`, `paid_at`, `production_status`, `pickup_status`, `picked_up_at`, `started_at`, `finished_at`, `wa_sent`, `wa_notified_at`, `designer_id`, `cashier_id`, `operator_id`, `finishing_operator_id`, `spk_printed`, `spk_printed_at`, `is_cancelled`, `cancelled_at`, `created_at`, `updated_at`, `cancelled_by`, `cancel_reason`) VALUES ('549', 'INV-20260306-0082', '86', 'Adi Fransiskus', '082280444014', NULL, '18200.00', '0.00', '0.00', 'unpaid', '1', NULL, 'selesai', 'not_picked_up', NULL, '2026-03-06 14:16:40', '2026-03-06 15:33:30', '0', '2026-03-06 15:41:11', '20', NULL, '17', '17', '1', '2026-03-06 13:28:22', '0', NULL, '2026-03-06 13:28:14', '2026-03-06 15:41:11', NULL, NULL);
INSERT INTO `orders` (`id`, `invoice_number`, `customer_id`, `customer_name`, `customer_phone`, `notes`, `total_price`, `paid_amount`, `change_amount`, `payment_status`, `is_credit`, `paid_at`, `production_status`, `pickup_status`, `picked_up_at`, `started_at`, `finished_at`, `wa_sent`, `wa_notified_at`, `designer_id`, `cashier_id`, `operator_id`, `finishing_operator_id`, `spk_printed`, `spk_printed_at`, `is_cancelled`, `cancelled_at`, `created_at`, `updated_at`, `cancelled_by`, `cancel_reason`) VALUES ('550', 'INV-20260306-0083', '285', 'Saaf Print', '082179387284', NULL, '2600.00', '0.00', '0.00', 'unpaid', '1', NULL, 'selesai', 'not_picked_up', NULL, '2026-03-06 14:49:34', '2026-03-06 15:28:28', '0', '2026-03-06 15:39:22', '3', NULL, '17', '17', '1', '2026-03-06 13:35:24', '0', NULL, '2026-03-06 13:35:22', '2026-03-06 15:39:22', NULL, NULL);
INSERT INTO `orders` (`id`, `invoice_number`, `customer_id`, `customer_name`, `customer_phone`, `notes`, `total_price`, `paid_amount`, `change_amount`, `payment_status`, `is_credit`, `paid_at`, `production_status`, `pickup_status`, `picked_up_at`, `started_at`, `finished_at`, `wa_sent`, `wa_notified_at`, `designer_id`, `cashier_id`, `operator_id`, `finishing_operator_id`, `spk_printed`, `spk_printed_at`, `is_cancelled`, `cancelled_at`, `created_at`, `updated_at`, `cancelled_by`, `cancel_reason`) VALUES ('551', 'INV-20260306-0084', '284', 'Markitak', '089624614424', NULL, '3300.00', '0.00', '0.00', 'unpaid', '1', NULL, 'selesai', 'not_picked_up', NULL, '2026-03-06 14:17:03', '2026-03-06 15:33:13', '0', '2026-03-06 15:41:05', '3', NULL, '17', '17', '1', '2026-03-06 13:35:48', '0', NULL, '2026-03-06 13:35:46', '2026-03-06 15:41:05', NULL, NULL);
INSERT INTO `orders` (`id`, `invoice_number`, `customer_id`, `customer_name`, `customer_phone`, `notes`, `total_price`, `paid_amount`, `change_amount`, `payment_status`, `is_credit`, `paid_at`, `production_status`, `pickup_status`, `picked_up_at`, `started_at`, `finished_at`, `wa_sent`, `wa_notified_at`, `designer_id`, `cashier_id`, `operator_id`, `finishing_operator_id`, `spk_printed`, `spk_printed_at`, `is_cancelled`, `cancelled_at`, `created_at`, `updated_at`, `cancelled_by`, `cancel_reason`) VALUES ('552', 'INV-20260306-0085', '98', 'ADAM', '082280073255', '@1 lembar', '56700.00', '0.00', '0.00', 'unpaid', '1', NULL, 'selesai', 'not_picked_up', NULL, '2026-03-06 15:15:16', '2026-03-06 15:27:04', '0', '2026-03-06 15:38:47', '19', NULL, '17', '17', '1', '2026-03-06 13:40:17', '0', NULL, '2026-03-06 13:40:15', '2026-03-06 15:38:47', NULL, NULL);
INSERT INTO `orders` (`id`, `invoice_number`, `customer_id`, `customer_name`, `customer_phone`, `notes`, `total_price`, `paid_amount`, `change_amount`, `payment_status`, `is_credit`, `paid_at`, `production_status`, `pickup_status`, `picked_up_at`, `started_at`, `finished_at`, `wa_sent`, `wa_notified_at`, `designer_id`, `cashier_id`, `operator_id`, `finishing_operator_id`, `spk_printed`, `spk_printed_at`, `is_cancelled`, `cancelled_at`, `created_at`, `updated_at`, `cancelled_by`, `cancel_reason`) VALUES ('553', 'INV-20260306-0086', '140', 'Abror', '081273589495', NULL, '25000.00', '0.00', '0.00', 'unpaid', '1', NULL, 'finishing', 'not_picked_up', NULL, '2026-03-06 14:17:31', NULL, '0', NULL, '20', NULL, '17', NULL, '1', '2026-03-06 13:46:54', '0', NULL, '2026-03-06 13:46:01', '2026-03-06 14:28:24', NULL, NULL);
INSERT INTO `orders` (`id`, `invoice_number`, `customer_id`, `customer_name`, `customer_phone`, `notes`, `total_price`, `paid_amount`, `change_amount`, `payment_status`, `is_credit`, `paid_at`, `production_status`, `pickup_status`, `picked_up_at`, `started_at`, `finished_at`, `wa_sent`, `wa_notified_at`, `designer_id`, `cashier_id`, `operator_id`, `finishing_operator_id`, `spk_printed`, `spk_printed_at`, `is_cancelled`, `cancelled_at`, `created_at`, `updated_at`, `cancelled_by`, `cancel_reason`) VALUES ('554', 'INV-20260306-0087', '286', 'Dapur Ara', '081373920178', NULL, '74200.00', '0.00', '0.00', 'unpaid', '1', NULL, 'proses_cetak', 'not_picked_up', NULL, '2026-03-06 15:14:32', NULL, '0', NULL, '3', NULL, '17', NULL, '1', '2026-03-06 13:47:04', '0', NULL, '2026-03-06 13:47:01', '2026-03-06 15:14:32', NULL, NULL);
INSERT INTO `orders` (`id`, `invoice_number`, `customer_id`, `customer_name`, `customer_phone`, `notes`, `total_price`, `paid_amount`, `change_amount`, `payment_status`, `is_credit`, `paid_at`, `production_status`, `pickup_status`, `picked_up_at`, `started_at`, `finished_at`, `wa_sent`, `wa_notified_at`, `designer_id`, `cashier_id`, `operator_id`, `finishing_operator_id`, `spk_printed`, `spk_printed_at`, `is_cancelled`, `cancelled_at`, `created_at`, `updated_at`, `cancelled_by`, `cancel_reason`) VALUES ('555', 'INV-20260306-0088', '20', 'RIAS PRINTING', '082281106682', NULL, '10000.00', '0.00', '0.00', 'unpaid', '1', NULL, 'finishing', 'not_picked_up', NULL, '2026-03-06 14:17:19', NULL, '0', NULL, '3', NULL, '17', NULL, '1', '2026-03-06 13:49:07', '0', NULL, '2026-03-06 13:49:05', '2026-03-06 14:27:48', NULL, NULL);
INSERT INTO `orders` (`id`, `invoice_number`, `customer_id`, `customer_name`, `customer_phone`, `notes`, `total_price`, `paid_amount`, `change_amount`, `payment_status`, `is_credit`, `paid_at`, `production_status`, `pickup_status`, `picked_up_at`, `started_at`, `finished_at`, `wa_sent`, `wa_notified_at`, `designer_id`, `cashier_id`, `operator_id`, `finishing_operator_id`, `spk_printed`, `spk_printed_at`, `is_cancelled`, `cancelled_at`, `created_at`, `updated_at`, `cancelled_by`, `cancel_reason`) VALUES ('556', 'INV-20260306-0089', '287', 'CLD', '+62 812-7307-975', NULL, '259250.00', '0.00', '0.00', 'paid', '1', '2026-03-06 14:44:24', 'pending', 'not_picked_up', NULL, NULL, NULL, '0', NULL, '20', '16', NULL, NULL, '1', '2026-03-06 15:03:22', '0', NULL, '2026-03-06 13:49:52', '2026-03-06 15:03:22', NULL, NULL);
INSERT INTO `orders` (`id`, `invoice_number`, `customer_id`, `customer_name`, `customer_phone`, `notes`, `total_price`, `paid_amount`, `change_amount`, `payment_status`, `is_credit`, `paid_at`, `production_status`, `pickup_status`, `picked_up_at`, `started_at`, `finished_at`, `wa_sent`, `wa_notified_at`, `designer_id`, `cashier_id`, `operator_id`, `finishing_operator_id`, `spk_printed`, `spk_printed_at`, `is_cancelled`, `cancelled_at`, `created_at`, `updated_at`, `cancelled_by`, `cancel_reason`) VALUES ('557', 'INV-20260306-0090', '287', 'CLD', '+62 812-7307-975', NULL, '153000.00', '0.00', '0.00', 'paid', '1', '2026-03-06 14:44:24', 'pending', 'not_picked_up', NULL, NULL, NULL, '0', NULL, '20', '16', NULL, NULL, '1', '2026-03-06 15:03:51', '0', NULL, '2026-03-06 13:51:11', '2026-03-06 15:03:51', NULL, NULL);
INSERT INTO `orders` (`id`, `invoice_number`, `customer_id`, `customer_name`, `customer_phone`, `notes`, `total_price`, `paid_amount`, `change_amount`, `payment_status`, `is_credit`, `paid_at`, `production_status`, `pickup_status`, `picked_up_at`, `started_at`, `finished_at`, `wa_sent`, `wa_notified_at`, `designer_id`, `cashier_id`, `operator_id`, `finishing_operator_id`, `spk_printed`, `spk_printed_at`, `is_cancelled`, `cancelled_at`, `created_at`, `updated_at`, `cancelled_by`, `cancel_reason`) VALUES ('558', 'INV-20260306-0091', '179', 'TOEMANS', '0811796162', NULL, '13500.00', '50000.00', '36500.00', 'paid', '1', '2026-03-06 14:03:57', 'selesai', 'not_picked_up', NULL, '2026-03-06 14:26:22', '2026-03-06 15:33:04', '0', '2026-03-06 15:40:59', '19', '16', '17', '17', '1', '2026-03-06 13:52:05', '0', NULL, '2026-03-06 13:52:02', '2026-03-06 15:40:59', NULL, NULL);
INSERT INTO `orders` (`id`, `invoice_number`, `customer_id`, `customer_name`, `customer_phone`, `notes`, `total_price`, `paid_amount`, `change_amount`, `payment_status`, `is_credit`, `paid_at`, `production_status`, `pickup_status`, `picked_up_at`, `started_at`, `finished_at`, `wa_sent`, `wa_notified_at`, `designer_id`, `cashier_id`, `operator_id`, `finishing_operator_id`, `spk_printed`, `spk_printed_at`, `is_cancelled`, `cancelled_at`, `created_at`, `updated_at`, `cancelled_by`, `cancel_reason`) VALUES ('559', 'INV-20260306-0092', '287', 'CLD', '+62 812-7307-975', NULL, '217600.00', '0.00', '0.00', 'paid', '1', '2026-03-06 14:44:24', 'pending', 'not_picked_up', NULL, NULL, NULL, '0', NULL, '20', '16', NULL, NULL, '1', '2026-03-06 15:04:24', '0', NULL, '2026-03-06 13:52:54', '2026-03-06 15:04:24', NULL, NULL);
INSERT INTO `orders` (`id`, `invoice_number`, `customer_id`, `customer_name`, `customer_phone`, `notes`, `total_price`, `paid_amount`, `change_amount`, `payment_status`, `is_credit`, `paid_at`, `production_status`, `pickup_status`, `picked_up_at`, `started_at`, `finished_at`, `wa_sent`, `wa_notified_at`, `designer_id`, `cashier_id`, `operator_id`, `finishing_operator_id`, `spk_printed`, `spk_printed_at`, `is_cancelled`, `cancelled_at`, `created_at`, `updated_at`, `cancelled_by`, `cancel_reason`) VALUES ('560', 'INV-20260306-0093', '163', 'Warna Baru', '082282655172', NULL, '5200.00', '0.00', '0.00', 'unpaid', '1', NULL, 'finishing', 'not_picked_up', NULL, '2026-03-06 15:55:49', NULL, '0', NULL, '19', NULL, '17', NULL, '1', '2026-03-06 13:53:31', '0', NULL, '2026-03-06 13:53:29', '2026-03-06 16:00:03', NULL, NULL);
INSERT INTO `orders` (`id`, `invoice_number`, `customer_id`, `customer_name`, `customer_phone`, `notes`, `total_price`, `paid_amount`, `change_amount`, `payment_status`, `is_credit`, `paid_at`, `production_status`, `pickup_status`, `picked_up_at`, `started_at`, `finished_at`, `wa_sent`, `wa_notified_at`, `designer_id`, `cashier_id`, `operator_id`, `finishing_operator_id`, `spk_printed`, `spk_printed_at`, `is_cancelled`, `cancelled_at`, `created_at`, `updated_at`, `cancelled_by`, `cancel_reason`) VALUES ('561', 'INV-20260306-0094', '287', 'CLD', '+62 812-7307-975', NULL, '150450.00', '0.00', '0.00', 'partial', '1', NULL, 'pending', 'not_picked_up', NULL, NULL, NULL, '0', NULL, '20', NULL, NULL, NULL, '1', '2026-03-06 15:04:53', '0', NULL, '2026-03-06 13:54:14', '2026-03-06 15:04:53', NULL, NULL);
INSERT INTO `orders` (`id`, `invoice_number`, `customer_id`, `customer_name`, `customer_phone`, `notes`, `total_price`, `paid_amount`, `change_amount`, `payment_status`, `is_credit`, `paid_at`, `production_status`, `pickup_status`, `picked_up_at`, `started_at`, `finished_at`, `wa_sent`, `wa_notified_at`, `designer_id`, `cashier_id`, `operator_id`, `finishing_operator_id`, `spk_printed`, `spk_printed_at`, `is_cancelled`, `cancelled_at`, `created_at`, `updated_at`, `cancelled_by`, `cancel_reason`) VALUES ('562', 'INV-20260306-0095', '67', 'Yogi Grafika', '082182136011', NULL, '53300.00', '0.00', '0.00', 'unpaid', '1', NULL, 'selesai', 'not_picked_up', NULL, '2026-03-06 14:26:34', '2026-03-06 15:32:39', '0', '2026-03-06 15:40:29', '19', NULL, '17', '17', '1', '2026-03-06 13:54:34', '0', NULL, '2026-03-06 13:54:32', '2026-03-06 15:40:29', NULL, NULL);
INSERT INTO `orders` (`id`, `invoice_number`, `customer_id`, `customer_name`, `customer_phone`, `notes`, `total_price`, `paid_amount`, `change_amount`, `payment_status`, `is_credit`, `paid_at`, `production_status`, `pickup_status`, `picked_up_at`, `started_at`, `finished_at`, `wa_sent`, `wa_notified_at`, `designer_id`, `cashier_id`, `operator_id`, `finishing_operator_id`, `spk_printed`, `spk_printed_at`, `is_cancelled`, `cancelled_at`, `created_at`, `updated_at`, `cancelled_by`, `cancel_reason`) VALUES ('563', 'INV-20260306-0096', '287', 'CLD', '+62 812-7307-975', NULL, '221850.00', '0.00', '0.00', 'unpaid', '1', NULL, 'pending', 'not_picked_up', NULL, NULL, NULL, '0', NULL, '20', NULL, NULL, NULL, '1', '2026-03-06 15:05:14', '0', NULL, '2026-03-06 13:55:37', '2026-03-06 15:05:14', NULL, NULL);
INSERT INTO `orders` (`id`, `invoice_number`, `customer_id`, `customer_name`, `customer_phone`, `notes`, `total_price`, `paid_amount`, `change_amount`, `payment_status`, `is_credit`, `paid_at`, `production_status`, `pickup_status`, `picked_up_at`, `started_at`, `finished_at`, `wa_sent`, `wa_notified_at`, `designer_id`, `cashier_id`, `operator_id`, `finishing_operator_id`, `spk_printed`, `spk_printed_at`, `is_cancelled`, `cancelled_at`, `created_at`, `updated_at`, `cancelled_by`, `cancel_reason`) VALUES ('564', 'INV-20260306-0097', '25', 'VISUAL LAMPUNG', '085126649200', NULL, '151200.00', '0.00', '0.00', 'unpaid', '1', NULL, 'selesai', 'not_picked_up', NULL, '2026-03-06 15:02:19', '2026-03-06 16:03:21', '0', NULL, '23', NULL, '22', '21', '1', '2026-03-06 13:55:59', '0', NULL, '2026-03-06 13:55:45', '2026-03-06 16:03:21', NULL, NULL);
INSERT INTO `orders` (`id`, `invoice_number`, `customer_id`, `customer_name`, `customer_phone`, `notes`, `total_price`, `paid_amount`, `change_amount`, `payment_status`, `is_credit`, `paid_at`, `production_status`, `pickup_status`, `picked_up_at`, `started_at`, `finished_at`, `wa_sent`, `wa_notified_at`, `designer_id`, `cashier_id`, `operator_id`, `finishing_operator_id`, `spk_printed`, `spk_printed_at`, `is_cancelled`, `cancelled_at`, `created_at`, `updated_at`, `cancelled_by`, `cancel_reason`) VALUES ('565', 'INV-20260306-0098', '258', 'Sita', '088286229622', NULL, '32400.00', '0.00', '0.00', 'unpaid', '1', NULL, 'selesai', 'not_picked_up', NULL, '2026-03-06 15:13:51', '2026-03-06 15:26:57', '0', '2026-03-06 15:38:38', '3', NULL, '17', '17', '1', '2026-03-06 13:57:18', '0', NULL, '2026-03-06 13:57:15', '2026-03-06 15:38:38', NULL, NULL);
INSERT INTO `orders` (`id`, `invoice_number`, `customer_id`, `customer_name`, `customer_phone`, `notes`, `total_price`, `paid_amount`, `change_amount`, `payment_status`, `is_credit`, `paid_at`, `production_status`, `pickup_status`, `picked_up_at`, `started_at`, `finished_at`, `wa_sent`, `wa_notified_at`, `designer_id`, `cashier_id`, `operator_id`, `finishing_operator_id`, `spk_printed`, `spk_printed_at`, `is_cancelled`, `cancelled_at`, `created_at`, `updated_at`, `cancelled_by`, `cancel_reason`) VALUES ('566', 'INV-20260306-0099', '287', 'CLD', '+62 812-7307-975', NULL, '161500.00', '0.00', '0.00', 'unpaid', '1', NULL, 'pending', 'not_picked_up', NULL, NULL, NULL, '0', NULL, '20', NULL, NULL, NULL, '1', '2026-03-06 15:05:36', '0', NULL, '2026-03-06 13:57:23', '2026-03-06 15:05:36', NULL, NULL);
INSERT INTO `orders` (`id`, `invoice_number`, `customer_id`, `customer_name`, `customer_phone`, `notes`, `total_price`, `paid_amount`, `change_amount`, `payment_status`, `is_credit`, `paid_at`, `production_status`, `pickup_status`, `picked_up_at`, `started_at`, `finished_at`, `wa_sent`, `wa_notified_at`, `designer_id`, `cashier_id`, `operator_id`, `finishing_operator_id`, `spk_printed`, `spk_printed_at`, `is_cancelled`, `cancelled_at`, `created_at`, `updated_at`, `cancelled_by`, `cancel_reason`) VALUES ('567', 'INV-20260306-0100', '287', 'CLD', '+62 812-7307-975', NULL, '86700.00', '0.00', '0.00', 'unpaid', '1', NULL, 'pending', 'not_picked_up', NULL, NULL, NULL, '0', NULL, '20', NULL, NULL, NULL, '1', '2026-03-06 15:06:01', '0', NULL, '2026-03-06 13:58:49', '2026-03-06 15:06:01', NULL, NULL);
INSERT INTO `orders` (`id`, `invoice_number`, `customer_id`, `customer_name`, `customer_phone`, `notes`, `total_price`, `paid_amount`, `change_amount`, `payment_status`, `is_credit`, `paid_at`, `production_status`, `pickup_status`, `picked_up_at`, `started_at`, `finished_at`, `wa_sent`, `wa_notified_at`, `designer_id`, `cashier_id`, `operator_id`, `finishing_operator_id`, `spk_printed`, `spk_printed_at`, `is_cancelled`, `cancelled_at`, `created_at`, `updated_at`, `cancelled_by`, `cancel_reason`) VALUES ('568', 'INV-20260306-0101', '288', 'Daqu', '08996225009', 'ditunggu', '44200.00', '100000.00', '55800.00', 'paid', '1', '2026-03-06 14:39:23', 'selesai', 'not_picked_up', NULL, '2026-03-06 14:48:25', '2026-03-06 15:29:50', '0', '2026-03-06 15:39:59', '19', '16', '17', '17', '1', '2026-03-06 14:01:34', '0', NULL, '2026-03-06 14:01:31', '2026-03-06 15:39:59', NULL, NULL);
INSERT INTO `orders` (`id`, `invoice_number`, `customer_id`, `customer_name`, `customer_phone`, `notes`, `total_price`, `paid_amount`, `change_amount`, `payment_status`, `is_credit`, `paid_at`, `production_status`, `pickup_status`, `picked_up_at`, `started_at`, `finished_at`, `wa_sent`, `wa_notified_at`, `designer_id`, `cashier_id`, `operator_id`, `finishing_operator_id`, `spk_printed`, `spk_printed_at`, `is_cancelled`, `cancelled_at`, `created_at`, `updated_at`, `cancelled_by`, `cancel_reason`) VALUES ('569', 'INV-20260306-0102', '179', 'TOEMANS', '0811796162', NULL, '24300.00', '25000.00', '700.00', 'paid', '1', '2026-03-06 14:05:53', 'selesai', 'not_picked_up', NULL, '2026-03-06 14:53:13', '2026-03-06 15:29:29', '0', '2026-03-06 15:39:54', '19', '16', '17', '17', '1', '2026-03-06 14:05:12', '0', NULL, '2026-03-06 14:05:10', '2026-03-06 15:39:54', NULL, NULL);
INSERT INTO `orders` (`id`, `invoice_number`, `customer_id`, `customer_name`, `customer_phone`, `notes`, `total_price`, `paid_amount`, `change_amount`, `payment_status`, `is_credit`, `paid_at`, `production_status`, `pickup_status`, `picked_up_at`, `started_at`, `finished_at`, `wa_sent`, `wa_notified_at`, `designer_id`, `cashier_id`, `operator_id`, `finishing_operator_id`, `spk_printed`, `spk_printed_at`, `is_cancelled`, `cancelled_at`, `created_at`, `updated_at`, `cancelled_by`, `cancel_reason`) VALUES ('570', 'INV-20260306-0103', '163', 'Warna Baru', '082282655172', NULL, '10600.00', '0.00', '0.00', 'unpaid', '1', NULL, 'proses_cetak', 'not_picked_up', NULL, '2026-03-06 15:15:50', NULL, '0', NULL, '3', NULL, '17', NULL, '1', '2026-03-06 14:05:34', '0', NULL, '2026-03-06 14:05:31', '2026-03-06 15:15:50', NULL, NULL);
INSERT INTO `orders` (`id`, `invoice_number`, `customer_id`, `customer_name`, `customer_phone`, `notes`, `total_price`, `paid_amount`, `change_amount`, `payment_status`, `is_credit`, `paid_at`, `production_status`, `pickup_status`, `picked_up_at`, `started_at`, `finished_at`, `wa_sent`, `wa_notified_at`, `designer_id`, `cashier_id`, `operator_id`, `finishing_operator_id`, `spk_printed`, `spk_printed_at`, `is_cancelled`, `cancelled_at`, `created_at`, `updated_at`, `cancelled_by`, `cancel_reason`) VALUES ('571', 'INV-20260306-0104', '185', 'NEZA', '+62 812-7171-1407', NULL, '6600.00', '0.00', '0.00', 'unpaid', '1', NULL, 'finishing', 'not_picked_up', NULL, '2026-03-06 15:48:07', NULL, '0', NULL, '3', NULL, '17', NULL, '1', '2026-03-06 14:09:26', '0', NULL, '2026-03-06 14:09:21', '2026-03-06 15:48:10', NULL, NULL);
INSERT INTO `orders` (`id`, `invoice_number`, `customer_id`, `customer_name`, `customer_phone`, `notes`, `total_price`, `paid_amount`, `change_amount`, `payment_status`, `is_credit`, `paid_at`, `production_status`, `pickup_status`, `picked_up_at`, `started_at`, `finished_at`, `wa_sent`, `wa_notified_at`, `designer_id`, `cashier_id`, `operator_id`, `finishing_operator_id`, `spk_printed`, `spk_printed_at`, `is_cancelled`, `cancelled_at`, `created_at`, `updated_at`, `cancelled_by`, `cancel_reason`) VALUES ('572', 'INV-20260306-0105', '258', 'Sita', '088286229622', NULL, '5800.00', '0.00', '0.00', 'unpaid', '1', NULL, 'finishing', 'not_picked_up', NULL, '2026-03-06 14:52:55', NULL, '0', NULL, '3', NULL, '17', NULL, '1', '2026-03-06 14:13:05', '0', NULL, '2026-03-06 14:13:03', '2026-03-06 14:53:47', NULL, NULL);
INSERT INTO `orders` (`id`, `invoice_number`, `customer_id`, `customer_name`, `customer_phone`, `notes`, `total_price`, `paid_amount`, `change_amount`, `payment_status`, `is_credit`, `paid_at`, `production_status`, `pickup_status`, `picked_up_at`, `started_at`, `finished_at`, `wa_sent`, `wa_notified_at`, `designer_id`, `cashier_id`, `operator_id`, `finishing_operator_id`, `spk_printed`, `spk_printed_at`, `is_cancelled`, `cancelled_at`, `created_at`, `updated_at`, `cancelled_by`, `cancel_reason`) VALUES ('573', 'INV-20260306-0106', '290', 'Pak Alay', '082378583298', NULL, '25000.00', '0.00', '0.00', 'unpaid', '1', NULL, 'proses_cetak', 'not_picked_up', NULL, '2026-03-06 15:55:42', NULL, '0', NULL, '19', NULL, '17', NULL, '1', '2026-03-06 14:14:20', '0', NULL, '2026-03-06 14:14:18', '2026-03-06 15:55:42', NULL, NULL);
INSERT INTO `orders` (`id`, `invoice_number`, `customer_id`, `customer_name`, `customer_phone`, `notes`, `total_price`, `paid_amount`, `change_amount`, `payment_status`, `is_credit`, `paid_at`, `production_status`, `pickup_status`, `picked_up_at`, `started_at`, `finished_at`, `wa_sent`, `wa_notified_at`, `designer_id`, `cashier_id`, `operator_id`, `finishing_operator_id`, `spk_printed`, `spk_printed_at`, `is_cancelled`, `cancelled_at`, `created_at`, `updated_at`, `cancelled_by`, `cancel_reason`) VALUES ('574', 'INV-20260306-0107', '292', 'Trio Tsel', '0821-8004-4624', NULL, '19800.00', '0.00', '0.00', 'unpaid', '1', NULL, 'finishing', 'not_picked_up', NULL, '2026-03-06 15:48:33', NULL, '0', NULL, '20', NULL, '17', NULL, '1', '2026-03-06 14:21:54', '0', NULL, '2026-03-06 14:21:48', '2026-03-06 15:48:38', NULL, NULL);
INSERT INTO `orders` (`id`, `invoice_number`, `customer_id`, `customer_name`, `customer_phone`, `notes`, `total_price`, `paid_amount`, `change_amount`, `payment_status`, `is_credit`, `paid_at`, `production_status`, `pickup_status`, `picked_up_at`, `started_at`, `finished_at`, `wa_sent`, `wa_notified_at`, `designer_id`, `cashier_id`, `operator_id`, `finishing_operator_id`, `spk_printed`, `spk_printed_at`, `is_cancelled`, `cancelled_at`, `created_at`, `updated_at`, `cancelled_by`, `cancel_reason`) VALUES ('575', 'INV-20260306-0108', '291', 'Sinta', '081279431431', 'ditunggu', '10400.00', '50000.00', '39600.00', 'paid', '1', '2026-03-06 14:33:07', 'selesai', 'not_picked_up', NULL, '2026-03-06 14:56:27', '2026-03-06 15:29:00', '0', '2026-03-06 15:39:48', '19', '16', '17', '17', '1', '2026-03-06 14:21:51', '0', NULL, '2026-03-06 14:21:49', '2026-03-06 15:39:48', NULL, NULL);
INSERT INTO `orders` (`id`, `invoice_number`, `customer_id`, `customer_name`, `customer_phone`, `notes`, `total_price`, `paid_amount`, `change_amount`, `payment_status`, `is_credit`, `paid_at`, `production_status`, `pickup_status`, `picked_up_at`, `started_at`, `finished_at`, `wa_sent`, `wa_notified_at`, `designer_id`, `cashier_id`, `operator_id`, `finishing_operator_id`, `spk_printed`, `spk_printed_at`, `is_cancelled`, `cancelled_at`, `created_at`, `updated_at`, `cancelled_by`, `cancel_reason`) VALUES ('576', 'INV-20260306-0109', '67', 'Yogi Grafika', '082182136011', NULL, '15000.00', '0.00', '0.00', 'unpaid', '1', NULL, 'pending', 'not_picked_up', NULL, NULL, NULL, '0', NULL, '20', NULL, NULL, NULL, '1', '2026-03-06 14:25:19', '0', NULL, '2026-03-06 14:25:10', '2026-03-06 14:25:19', NULL, NULL);
INSERT INTO `orders` (`id`, `invoice_number`, `customer_id`, `customer_name`, `customer_phone`, `notes`, `total_price`, `paid_amount`, `change_amount`, `payment_status`, `is_credit`, `paid_at`, `production_status`, `pickup_status`, `picked_up_at`, `started_at`, `finished_at`, `wa_sent`, `wa_notified_at`, `designer_id`, `cashier_id`, `operator_id`, `finishing_operator_id`, `spk_printed`, `spk_printed_at`, `is_cancelled`, `cancelled_at`, `created_at`, `updated_at`, `cancelled_by`, `cancel_reason`) VALUES ('577', 'INV-20260306-0110', '231', 'OLIVIA', '082179511086', NULL, '39600.00', '0.00', '0.00', 'unpaid', '1', NULL, 'finishing', 'not_picked_up', NULL, '2026-03-06 15:53:41', NULL, '0', NULL, '3', NULL, '17', NULL, '1', '2026-03-06 14:38:44', '0', NULL, '2026-03-06 14:38:42', '2026-03-06 15:53:44', NULL, NULL);
INSERT INTO `orders` (`id`, `invoice_number`, `customer_id`, `customer_name`, `customer_phone`, `notes`, `total_price`, `paid_amount`, `change_amount`, `payment_status`, `is_credit`, `paid_at`, `production_status`, `pickup_status`, `picked_up_at`, `started_at`, `finished_at`, `wa_sent`, `wa_notified_at`, `designer_id`, `cashier_id`, `operator_id`, `finishing_operator_id`, `spk_printed`, `spk_printed_at`, `is_cancelled`, `cancelled_at`, `created_at`, `updated_at`, `cancelled_by`, `cancel_reason`) VALUES ('578', 'INV-20260306-0111', '82', 'INDOMARET', '081379830275', NULL, '89900.00', '0.00', '0.00', 'unpaid', '1', NULL, 'proses_cetak', 'not_picked_up', NULL, '2026-03-06 15:59:34', NULL, '0', NULL, '23', NULL, '17', NULL, '1', '2026-03-06 14:43:37', '0', NULL, '2026-03-06 14:43:31', '2026-03-06 15:59:34', NULL, NULL);
INSERT INTO `orders` (`id`, `invoice_number`, `customer_id`, `customer_name`, `customer_phone`, `notes`, `total_price`, `paid_amount`, `change_amount`, `payment_status`, `is_credit`, `paid_at`, `production_status`, `pickup_status`, `picked_up_at`, `started_at`, `finished_at`, `wa_sent`, `wa_notified_at`, `designer_id`, `cashier_id`, `operator_id`, `finishing_operator_id`, `spk_printed`, `spk_printed_at`, `is_cancelled`, `cancelled_at`, `created_at`, `updated_at`, `cancelled_by`, `cancel_reason`) VALUES ('579', 'INV-20260306-0112', '294', 'Bagas dwingga saputra', '85783333088', NULL, '12300.00', '0.00', '0.00', 'unpaid', '1', NULL, 'pending', 'not_picked_up', NULL, NULL, NULL, '0', NULL, '23', NULL, NULL, NULL, '1', '2026-03-06 14:47:02', '0', NULL, '2026-03-06 14:46:58', '2026-03-06 14:47:02', NULL, NULL);
INSERT INTO `orders` (`id`, `invoice_number`, `customer_id`, `customer_name`, `customer_phone`, `notes`, `total_price`, `paid_amount`, `change_amount`, `payment_status`, `is_credit`, `paid_at`, `production_status`, `pickup_status`, `picked_up_at`, `started_at`, `finished_at`, `wa_sent`, `wa_notified_at`, `designer_id`, `cashier_id`, `operator_id`, `finishing_operator_id`, `spk_printed`, `spk_printed_at`, `is_cancelled`, `cancelled_at`, `created_at`, `updated_at`, `cancelled_by`, `cancel_reason`) VALUES ('580', 'INV-20260306-0113', '269', 'Tria Oktavia', '089615469542', NULL, '63000.00', '0.00', '0.00', 'unpaid', '1', NULL, 'pending', 'not_picked_up', NULL, NULL, NULL, '0', NULL, '19', NULL, NULL, NULL, '1', '2026-03-06 14:47:03', '0', NULL, '2026-03-06 14:47:01', '2026-03-06 14:47:03', NULL, NULL);
INSERT INTO `orders` (`id`, `invoice_number`, `customer_id`, `customer_name`, `customer_phone`, `notes`, `total_price`, `paid_amount`, `change_amount`, `payment_status`, `is_credit`, `paid_at`, `production_status`, `pickup_status`, `picked_up_at`, `started_at`, `finished_at`, `wa_sent`, `wa_notified_at`, `designer_id`, `cashier_id`, `operator_id`, `finishing_operator_id`, `spk_printed`, `spk_printed_at`, `is_cancelled`, `cancelled_at`, `created_at`, `updated_at`, `cancelled_by`, `cancel_reason`) VALUES ('581', 'INV-20260306-0114', '280', 'Permata Solo', '08117221186', NULL, '16500.00', '0.00', '0.00', 'unpaid', '1', NULL, 'finishing', 'not_picked_up', NULL, '2026-03-06 15:49:15', NULL, '0', NULL, '20', NULL, '17', NULL, '1', '2026-03-06 14:48:03', '0', NULL, '2026-03-06 14:47:58', '2026-03-06 15:49:18', NULL, NULL);
INSERT INTO `orders` (`id`, `invoice_number`, `customer_id`, `customer_name`, `customer_phone`, `notes`, `total_price`, `paid_amount`, `change_amount`, `payment_status`, `is_credit`, `paid_at`, `production_status`, `pickup_status`, `picked_up_at`, `started_at`, `finished_at`, `wa_sent`, `wa_notified_at`, `designer_id`, `cashier_id`, `operator_id`, `finishing_operator_id`, `spk_printed`, `spk_printed_at`, `is_cancelled`, `cancelled_at`, `created_at`, `updated_at`, `cancelled_by`, `cancel_reason`) VALUES ('582', 'INV-20260306-0115', '295', 'Kiyay Florist', '082372203013', NULL, '48000.00', '0.00', '0.00', 'unpaid', '1', NULL, 'pending', 'not_picked_up', NULL, NULL, NULL, '0', NULL, '3', NULL, NULL, NULL, '1', '2026-03-06 14:56:30', '0', NULL, '2026-03-06 14:56:27', '2026-03-06 14:56:30', NULL, NULL);
INSERT INTO `orders` (`id`, `invoice_number`, `customer_id`, `customer_name`, `customer_phone`, `notes`, `total_price`, `paid_amount`, `change_amount`, `payment_status`, `is_credit`, `paid_at`, `production_status`, `pickup_status`, `picked_up_at`, `started_at`, `finished_at`, `wa_sent`, `wa_notified_at`, `designer_id`, `cashier_id`, `operator_id`, `finishing_operator_id`, `spk_printed`, `spk_printed_at`, `is_cancelled`, `cancelled_at`, `created_at`, `updated_at`, `cancelled_by`, `cancel_reason`) VALUES ('583', 'INV-20260306-0116', '231', 'OLIVIA', '082179511086', NULL, '23100.00', '0.00', '0.00', 'unpaid', '1', NULL, 'finishing', 'not_picked_up', NULL, '2026-03-06 15:54:06', NULL, '0', NULL, '3', NULL, '17', NULL, '1', '2026-03-06 15:01:30', '0', NULL, '2026-03-06 15:01:28', '2026-03-06 15:54:11', NULL, NULL);
INSERT INTO `orders` (`id`, `invoice_number`, `customer_id`, `customer_name`, `customer_phone`, `notes`, `total_price`, `paid_amount`, `change_amount`, `payment_status`, `is_credit`, `paid_at`, `production_status`, `pickup_status`, `picked_up_at`, `started_at`, `finished_at`, `wa_sent`, `wa_notified_at`, `designer_id`, `cashier_id`, `operator_id`, `finishing_operator_id`, `spk_printed`, `spk_printed_at`, `is_cancelled`, `cancelled_at`, `created_at`, `updated_at`, `cancelled_by`, `cancel_reason`) VALUES ('584', 'INV-20260306-0117', '48', 'PAK RANA', '0895640319652', NULL, '10000.00', '0.00', '0.00', 'paid', '1', '2026-03-06 15:30:46', 'pending', 'not_picked_up', NULL, NULL, NULL, '0', NULL, '3', '16', NULL, NULL, '1', '2026-03-06 15:09:45', '0', NULL, '2026-03-06 15:09:43', '2026-03-06 15:30:46', NULL, NULL);
INSERT INTO `orders` (`id`, `invoice_number`, `customer_id`, `customer_name`, `customer_phone`, `notes`, `total_price`, `paid_amount`, `change_amount`, `payment_status`, `is_credit`, `paid_at`, `production_status`, `pickup_status`, `picked_up_at`, `started_at`, `finished_at`, `wa_sent`, `wa_notified_at`, `designer_id`, `cashier_id`, `operator_id`, `finishing_operator_id`, `spk_printed`, `spk_printed_at`, `is_cancelled`, `cancelled_at`, `created_at`, `updated_at`, `cancelled_by`, `cancel_reason`) VALUES ('585', 'INV-20260306-0118', '296', 'Thomi CS', '085789580065', NULL, '45000.00', '0.00', '0.00', 'unpaid', '1', NULL, 'selesai', 'not_picked_up', NULL, '2026-03-06 15:27:45', '2026-03-06 16:03:16', '0', NULL, '3', NULL, '22', '21', '1', '2026-03-06 15:14:26', '0', NULL, '2026-03-06 15:14:23', '2026-03-06 16:03:16', NULL, NULL);
INSERT INTO `orders` (`id`, `invoice_number`, `customer_id`, `customer_name`, `customer_phone`, `notes`, `total_price`, `paid_amount`, `change_amount`, `payment_status`, `is_credit`, `paid_at`, `production_status`, `pickup_status`, `picked_up_at`, `started_at`, `finished_at`, `wa_sent`, `wa_notified_at`, `designer_id`, `cashier_id`, `operator_id`, `finishing_operator_id`, `spk_printed`, `spk_printed_at`, `is_cancelled`, `cancelled_at`, `created_at`, `updated_at`, `cancelled_by`, `cancel_reason`) VALUES ('586', 'INV-20260306-0119', '91', 'ANGEL', '081369190425', NULL, '8800.00', '0.00', '0.00', 'unpaid', '1', NULL, 'pending', 'not_picked_up', NULL, NULL, NULL, '0', NULL, '3', NULL, NULL, NULL, '1', '2026-03-06 15:21:56', '0', NULL, '2026-03-06 15:21:45', '2026-03-06 15:21:56', NULL, NULL);
INSERT INTO `orders` (`id`, `invoice_number`, `customer_id`, `customer_name`, `customer_phone`, `notes`, `total_price`, `paid_amount`, `change_amount`, `payment_status`, `is_credit`, `paid_at`, `production_status`, `pickup_status`, `picked_up_at`, `started_at`, `finished_at`, `wa_sent`, `wa_notified_at`, `designer_id`, `cashier_id`, `operator_id`, `finishing_operator_id`, `spk_printed`, `spk_printed_at`, `is_cancelled`, `cancelled_at`, `created_at`, `updated_at`, `cancelled_by`, `cancel_reason`) VALUES ('587', 'INV-20260306-0120', '283', 'Sherli ERKA', '0895602336404', NULL, '17400.00', '0.00', '0.00', 'unpaid', '1', NULL, 'pending', 'not_picked_up', NULL, NULL, NULL, '0', NULL, '3', NULL, NULL, NULL, '1', '2026-03-06 15:26:52', '0', NULL, '2026-03-06 15:26:49', '2026-03-06 15:26:52', NULL, NULL);
INSERT INTO `orders` (`id`, `invoice_number`, `customer_id`, `customer_name`, `customer_phone`, `notes`, `total_price`, `paid_amount`, `change_amount`, `payment_status`, `is_credit`, `paid_at`, `production_status`, `pickup_status`, `picked_up_at`, `started_at`, `finished_at`, `wa_sent`, `wa_notified_at`, `designer_id`, `cashier_id`, `operator_id`, `finishing_operator_id`, `spk_printed`, `spk_printed_at`, `is_cancelled`, `cancelled_at`, `created_at`, `updated_at`, `cancelled_by`, `cancel_reason`) VALUES ('588', 'INV-20260306-0121', '297', 'Rofiq', '085783712195', NULL, '404600.00', '0.00', '0.00', 'unpaid', '1', NULL, 'pending', 'not_picked_up', NULL, NULL, NULL, '0', NULL, '19', NULL, NULL, NULL, '1', '2026-03-06 15:34:07', '0', NULL, '2026-03-06 15:34:05', '2026-03-06 15:34:07', NULL, NULL);
INSERT INTO `orders` (`id`, `invoice_number`, `customer_id`, `customer_name`, `customer_phone`, `notes`, `total_price`, `paid_amount`, `change_amount`, `payment_status`, `is_credit`, `paid_at`, `production_status`, `pickup_status`, `picked_up_at`, `started_at`, `finished_at`, `wa_sent`, `wa_notified_at`, `designer_id`, `cashier_id`, `operator_id`, `finishing_operator_id`, `spk_printed`, `spk_printed_at`, `is_cancelled`, `cancelled_at`, `created_at`, `updated_at`, `cancelled_by`, `cancel_reason`) VALUES ('589', 'INV-20260306-0122', '298', 'Susi Wash', '082182839954', 'p1 = 8, p2-3 = @1, p5=4, p8=2, p10=1, FILE LAMA', '56100.00', '0.00', '0.00', 'unpaid', '1', NULL, 'pending', 'not_picked_up', NULL, NULL, NULL, '0', NULL, '19', NULL, NULL, NULL, '1', '2026-03-06 15:36:36', '0', NULL, '2026-03-06 15:36:33', '2026-03-06 15:36:36', NULL, NULL);
INSERT INTO `orders` (`id`, `invoice_number`, `customer_id`, `customer_name`, `customer_phone`, `notes`, `total_price`, `paid_amount`, `change_amount`, `payment_status`, `is_credit`, `paid_at`, `production_status`, `pickup_status`, `picked_up_at`, `started_at`, `finished_at`, `wa_sent`, `wa_notified_at`, `designer_id`, `cashier_id`, `operator_id`, `finishing_operator_id`, `spk_printed`, `spk_printed_at`, `is_cancelled`, `cancelled_at`, `created_at`, `updated_at`, `cancelled_by`, `cancel_reason`) VALUES ('590', 'INV-20260306-0123', '264', 'CSO Fariz', '081274764545', NULL, '210000.00', '0.00', '0.00', 'unpaid', '1', NULL, 'pending', 'not_picked_up', NULL, NULL, NULL, '0', NULL, '19', NULL, NULL, NULL, '1', '2026-03-06 15:46:02', '0', NULL, '2026-03-06 15:40:36', '2026-03-06 15:46:02', NULL, NULL);
INSERT INTO `orders` (`id`, `invoice_number`, `customer_id`, `customer_name`, `customer_phone`, `notes`, `total_price`, `paid_amount`, `change_amount`, `payment_status`, `is_credit`, `paid_at`, `production_status`, `pickup_status`, `picked_up_at`, `started_at`, `finished_at`, `wa_sent`, `wa_notified_at`, `designer_id`, `cashier_id`, `operator_id`, `finishing_operator_id`, `spk_printed`, `spk_printed_at`, `is_cancelled`, `cancelled_at`, `created_at`, `updated_at`, `cancelled_by`, `cancel_reason`) VALUES ('591', 'INV-20260306-0124', '299', 'YOGS', '0895342041511', NULL, '84700.00', '0.00', '0.00', 'unpaid', '1', NULL, 'pending', 'not_picked_up', NULL, NULL, NULL, '0', NULL, '23', NULL, NULL, NULL, '1', '2026-03-06 15:42:21', '0', NULL, '2026-03-06 15:42:12', '2026-03-06 15:43:24', NULL, NULL);
INSERT INTO `orders` (`id`, `invoice_number`, `customer_id`, `customer_name`, `customer_phone`, `notes`, `total_price`, `paid_amount`, `change_amount`, `payment_status`, `is_credit`, `paid_at`, `production_status`, `pickup_status`, `picked_up_at`, `started_at`, `finished_at`, `wa_sent`, `wa_notified_at`, `designer_id`, `cashier_id`, `operator_id`, `finishing_operator_id`, `spk_printed`, `spk_printed_at`, `is_cancelled`, `cancelled_at`, `created_at`, `updated_at`, `cancelled_by`, `cancel_reason`) VALUES ('592', 'INV-20260306-0125', '57', 'Agung Rk', '085731559701', NULL, '22000.00', '0.00', '0.00', 'unpaid', '1', NULL, 'pending', 'not_picked_up', NULL, NULL, NULL, '0', NULL, '19', NULL, NULL, NULL, '1', '2026-03-06 15:51:11', '0', NULL, '2026-03-06 15:51:09', '2026-03-06 15:51:46', NULL, NULL);
INSERT INTO `orders` (`id`, `invoice_number`, `customer_id`, `customer_name`, `customer_phone`, `notes`, `total_price`, `paid_amount`, `change_amount`, `payment_status`, `is_credit`, `paid_at`, `production_status`, `pickup_status`, `picked_up_at`, `started_at`, `finished_at`, `wa_sent`, `wa_notified_at`, `designer_id`, `cashier_id`, `operator_id`, `finishing_operator_id`, `spk_printed`, `spk_printed_at`, `is_cancelled`, `cancelled_at`, `created_at`, `updated_at`, `cancelled_by`, `cancel_reason`) VALUES ('593', 'INV-20260306-0126', '283', 'Sherli ERKA', '0895602336404', NULL, '148400.00', '0.00', '0.00', 'unpaid', '1', NULL, 'pending', 'not_picked_up', NULL, NULL, NULL, '0', NULL, '23', NULL, NULL, NULL, '1', '2026-03-06 15:52:49', '0', NULL, '2026-03-06 15:52:46', '2026-03-06 15:52:49', NULL, NULL);

-- Table: payment_accounts
CREATE TABLE `payment_accounts` (
  `id` bigint(20) unsigned NOT NULL AUTO_INCREMENT,
  `name` varchar(255) NOT NULL,
  `type` enum('bank','ewallet') NOT NULL,
  `provider` varchar(255) NOT NULL,
  `account_number` varchar(255) NOT NULL,
  `account_holder` varchar(255) NOT NULL,
  `is_active` tinyint(1) NOT NULL DEFAULT 1,
  `created_at` timestamp NULL DEFAULT NULL,
  `updated_at` timestamp NULL DEFAULT NULL,
  PRIMARY KEY (`id`)
) ENGINE=InnoDB AUTO_INCREMENT=12 DEFAULT CHARSET=utf8mb4 COLLATE=utf8mb4_unicode_ci;

INSERT INTO `payment_accounts` (`id`, `name`, `type`, `provider`, `account_number`, `account_holder`, `is_active`, `created_at`, `updated_at`) VALUES ('8', 'BCA', 'bank', 'BCA', '2920858026', 'Raden Cik Awang', '1', '2026-02-12 18:17:51', '2026-02-27 13:35:53');
INSERT INTO `payment_accounts` (`id`, `name`, `type`, `provider`, `account_number`, `account_holder`, `is_active`, `created_at`, `updated_at`) VALUES ('10', 'Mandiri', 'bank', 'Mandiri', '1120005038182', 'Raden Cik Awang', '1', '2026-02-27 13:36:18', '2026-02-27 13:36:18');
INSERT INTO `payment_accounts` (`id`, `name`, `type`, `provider`, `account_number`, `account_holder`, `is_active`, `created_at`, `updated_at`) VALUES ('11', 'BRI', 'bank', 'BRI', '185901012107503', 'Raden Cik Awang', '1', '2026-03-02 13:17:08', '2026-03-02 13:17:08');

-- Table: payments
CREATE TABLE `payments` (
  `id` bigint(20) unsigned NOT NULL AUTO_INCREMENT,
  `order_id` bigint(20) unsigned NOT NULL,
  `amount` decimal(15,2) NOT NULL,
  `payment_method` varchar(255) NOT NULL DEFAULT 'cash',
  `payment_account_id` bigint(20) unsigned DEFAULT NULL,
  `proof_path` varchar(255) DEFAULT NULL,
  `notes` text DEFAULT NULL,
  `cashier_id` bigint(20) unsigned DEFAULT NULL,
  `created_at` timestamp NULL DEFAULT NULL,
  `updated_at` timestamp NULL DEFAULT NULL,
  PRIMARY KEY (`id`),
  KEY `payments_cashier_id_foreign` (`cashier_id`),
  KEY `payments_order_id_index` (`order_id`),
  KEY `payments_created_at_index` (`created_at`),
  KEY `payments_payment_account_id_foreign` (`payment_account_id`),
  CONSTRAINT `payments_cashier_id_foreign` FOREIGN KEY (`cashier_id`) REFERENCES `users` (`id`) ON DELETE SET NULL,
  CONSTRAINT `payments_order_id_foreign` FOREIGN KEY (`order_id`) REFERENCES `orders` (`id`) ON DELETE CASCADE,
  CONSTRAINT `payments_payment_account_id_foreign` FOREIGN KEY (`payment_account_id`) REFERENCES `payment_accounts` (`id`) ON DELETE SET NULL
) ENGINE=InnoDB AUTO_INCREMENT=369 DEFAULT CHARSET=utf8mb4 COLLATE=utf8mb4_unicode_ci;

INSERT INTO `payments` (`id`, `order_id`, `amount`, `payment_method`, `payment_account_id`, `proof_path`, `notes`, `cashier_id`, `created_at`, `updated_at`) VALUES ('8', '20', '50000.00', 'cash', NULL, NULL, NULL, '16', '2026-03-02 11:14:54', '2026-03-02 11:14:54');
INSERT INTO `payments` (`id`, `order_id`, `amount`, `payment_method`, `payment_account_id`, `proof_path`, `notes`, `cashier_id`, `created_at`, `updated_at`) VALUES ('9', '23', '19800.00', 'transfer', '8', NULL, NULL, '16', '2026-03-02 11:16:50', '2026-03-02 11:16:50');
INSERT INTO `payments` (`id`, `order_id`, `amount`, `payment_method`, `payment_account_id`, `proof_path`, `notes`, `cashier_id`, `created_at`, `updated_at`) VALUES ('10', '36', '5400.00', 'transfer', '8', NULL, NULL, '16', '2026-03-02 11:28:18', '2026-03-02 11:28:18');
INSERT INTO `payments` (`id`, `order_id`, `amount`, `payment_method`, `payment_account_id`, `proof_path`, `notes`, `cashier_id`, `created_at`, `updated_at`) VALUES ('11', '33', '41700.00', 'transfer', '10', NULL, NULL, '16', '2026-03-02 11:45:34', '2026-03-02 11:45:34');
INSERT INTO `payments` (`id`, `order_id`, `amount`, `payment_method`, `payment_account_id`, `proof_path`, `notes`, `cashier_id`, `created_at`, `updated_at`) VALUES ('12', '34', '1800.00', 'transfer', '10', NULL, NULL, '16', '2026-03-02 11:45:34', '2026-03-02 11:45:34');
INSERT INTO `payments` (`id`, `order_id`, `amount`, `payment_method`, `payment_account_id`, `proof_path`, `notes`, `cashier_id`, `created_at`, `updated_at`) VALUES ('13', '65', '140000.00', 'cash', NULL, NULL, NULL, '5', '2026-03-02 13:09:49', '2026-03-02 13:09:49');
INSERT INTO `payments` (`id`, `order_id`, `amount`, `payment_method`, `payment_account_id`, `proof_path`, `notes`, `cashier_id`, `created_at`, `updated_at`) VALUES ('14', '67', '5000.00', 'cash', NULL, NULL, NULL, '16', '2026-03-02 13:31:01', '2026-03-02 13:31:01');
INSERT INTO `payments` (`id`, `order_id`, `amount`, `payment_method`, `payment_account_id`, `proof_path`, `notes`, `cashier_id`, `created_at`, `updated_at`) VALUES ('15', '56', '50000.00', 'cash', NULL, NULL, NULL, '16', '2026-03-02 13:35:23', '2026-03-02 13:35:23');
INSERT INTO `payments` (`id`, `order_id`, `amount`, `payment_method`, `payment_account_id`, `proof_path`, `notes`, `cashier_id`, `created_at`, `updated_at`) VALUES ('16', '19', '48000.00', 'transfer', '8', NULL, NULL, '16', '2026-03-02 13:37:10', '2026-03-02 13:37:10');
INSERT INTO `payments` (`id`, `order_id`, `amount`, `payment_method`, `payment_account_id`, `proof_path`, `notes`, `cashier_id`, `created_at`, `updated_at`) VALUES ('17', '85', '20000.00', 'cash', NULL, NULL, NULL, '16', '2026-03-02 14:00:16', '2026-03-02 14:00:16');
INSERT INTO `payments` (`id`, `order_id`, `amount`, `payment_method`, `payment_account_id`, `proof_path`, `notes`, `cashier_id`, `created_at`, `updated_at`) VALUES ('18', '27', '24300.00', 'transfer', '8', NULL, NULL, '16', '2026-03-02 14:01:48', '2026-03-02 14:01:48');
INSERT INTO `payments` (`id`, `order_id`, `amount`, `payment_method`, `payment_account_id`, `proof_path`, `notes`, `cashier_id`, `created_at`, `updated_at`) VALUES ('19', '29', '3200.00', 'transfer', '8', NULL, NULL, '16', '2026-03-02 14:01:48', '2026-03-02 14:01:48');
INSERT INTO `payments` (`id`, `order_id`, `amount`, `payment_method`, `payment_account_id`, `proof_path`, `notes`, `cashier_id`, `created_at`, `updated_at`) VALUES ('20', '30', '100000.00', 'cash', NULL, NULL, NULL, '16', '2026-03-02 14:15:33', '2026-03-02 14:15:33');
INSERT INTO `payments` (`id`, `order_id`, `amount`, `payment_method`, `payment_account_id`, `proof_path`, `notes`, `cashier_id`, `created_at`, `updated_at`) VALUES ('21', '50', '100000.00', 'cash', NULL, NULL, NULL, '16', '2026-03-02 14:16:44', '2026-03-02 14:16:44');
INSERT INTO `payments` (`id`, `order_id`, `amount`, `payment_method`, `payment_account_id`, `proof_path`, `notes`, `cashier_id`, `created_at`, `updated_at`) VALUES ('22', '42', '49500.00', 'cash', NULL, NULL, NULL, '16', '2026-03-02 14:33:00', '2026-03-02 14:33:00');
INSERT INTO `payments` (`id`, `order_id`, `amount`, `payment_method`, `payment_account_id`, `proof_path`, `notes`, `cashier_id`, `created_at`, `updated_at`) VALUES ('23', '45', '15400.00', 'cash', NULL, NULL, NULL, '16', '2026-03-02 14:33:00', '2026-03-02 14:33:00');
INSERT INTO `payments` (`id`, `order_id`, `amount`, `payment_method`, `payment_account_id`, `proof_path`, `notes`, `cashier_id`, `created_at`, `updated_at`) VALUES ('24', '92', '3997.00', 'cash', NULL, NULL, NULL, '16', '2026-03-02 14:35:00', '2026-03-02 14:35:00');
INSERT INTO `payments` (`id`, `order_id`, `amount`, `payment_method`, `payment_account_id`, `proof_path`, `notes`, `cashier_id`, `created_at`, `updated_at`) VALUES ('25', '41', '10000.00', 'transfer', '8', NULL, NULL, '16', '2026-03-02 14:36:35', '2026-03-02 14:36:35');
INSERT INTO `payments` (`id`, `order_id`, `amount`, `payment_method`, `payment_account_id`, `proof_path`, `notes`, `cashier_id`, `created_at`, `updated_at`) VALUES ('26', '63', '32800.00', 'transfer', '8', NULL, NULL, '16', '2026-03-02 14:43:16', '2026-03-02 14:43:16');
INSERT INTO `payments` (`id`, `order_id`, `amount`, `payment_method`, `payment_account_id`, `proof_path`, `notes`, `cashier_id`, `created_at`, `updated_at`) VALUES ('27', '95', '1040000.00', 'transfer', '10', NULL, NULL, '16', '2026-03-02 15:04:24', '2026-03-02 15:04:24');
INSERT INTO `payments` (`id`, `order_id`, `amount`, `payment_method`, `payment_account_id`, `proof_path`, `notes`, `cashier_id`, `created_at`, `updated_at`) VALUES ('28', '68', '52000.00', 'transfer', '8', NULL, NULL, '16', '2026-03-02 15:05:00', '2026-03-02 15:05:00');
INSERT INTO `payments` (`id`, `order_id`, `amount`, `payment_method`, `payment_account_id`, `proof_path`, `notes`, `cashier_id`, `created_at`, `updated_at`) VALUES ('29', '55', '25000.00', 'transfer', '11', NULL, NULL, '16', '2026-03-02 15:05:31', '2026-03-02 15:05:31');
INSERT INTO `payments` (`id`, `order_id`, `amount`, `payment_method`, `payment_account_id`, `proof_path`, `notes`, `cashier_id`, `created_at`, `updated_at`) VALUES ('30', '22', '26400.00', 'cash', NULL, NULL, NULL, '16', '2026-03-02 15:10:22', '2026-03-02 15:10:22');
INSERT INTO `payments` (`id`, `order_id`, `amount`, `payment_method`, `payment_account_id`, `proof_path`, `notes`, `cashier_id`, `created_at`, `updated_at`) VALUES ('31', '25', '97500.00', 'cash', NULL, NULL, NULL, '16', '2026-03-02 15:10:22', '2026-03-02 15:10:22');
INSERT INTO `payments` (`id`, `order_id`, `amount`, `payment_method`, `payment_account_id`, `proof_path`, `notes`, `cashier_id`, `created_at`, `updated_at`) VALUES ('32', '74', '20000.00', 'cash', NULL, NULL, NULL, '16', '2026-03-02 15:23:51', '2026-03-02 15:23:51');
INSERT INTO `payments` (`id`, `order_id`, `amount`, `payment_method`, `payment_account_id`, `proof_path`, `notes`, `cashier_id`, `created_at`, `updated_at`) VALUES ('33', '108', '109200.00', 'transfer', '8', NULL, NULL, '16', '2026-03-02 16:02:14', '2026-03-02 16:02:14');
INSERT INTO `payments` (`id`, `order_id`, `amount`, `payment_method`, `payment_account_id`, `proof_path`, `notes`, `cashier_id`, `created_at`, `updated_at`) VALUES ('34', '91', '17500.00', 'transfer', '8', NULL, NULL, '5', '2026-03-02 16:04:34', '2026-03-02 16:04:34');
INSERT INTO `payments` (`id`, `order_id`, `amount`, `payment_method`, `payment_account_id`, `proof_path`, `notes`, `cashier_id`, `created_at`, `updated_at`) VALUES ('35', '59', '100000.00', 'cash', NULL, NULL, NULL, '16', '2026-03-02 16:14:42', '2026-03-02 16:14:42');
INSERT INTO `payments` (`id`, `order_id`, `amount`, `payment_method`, `payment_account_id`, `proof_path`, `notes`, `cashier_id`, `created_at`, `updated_at`) VALUES ('36', '69', '50000.00', 'cash', NULL, NULL, NULL, '16', '2026-03-02 16:15:49', '2026-03-02 16:15:49');
INSERT INTO `payments` (`id`, `order_id`, `amount`, `payment_method`, `payment_account_id`, `proof_path`, `notes`, `cashier_id`, `created_at`, `updated_at`) VALUES ('37', '86', '10000.00', 'cash', NULL, NULL, NULL, '16', '2026-03-02 16:18:21', '2026-03-02 16:18:21');
INSERT INTO `payments` (`id`, `order_id`, `amount`, `payment_method`, `payment_account_id`, `proof_path`, `notes`, `cashier_id`, `created_at`, `updated_at`) VALUES ('38', '88', '21900.00', 'transfer', '8', NULL, NULL, '16', '2026-03-02 16:23:02', '2026-03-02 16:23:02');
INSERT INTO `payments` (`id`, `order_id`, `amount`, `payment_method`, `payment_account_id`, `proof_path`, `notes`, `cashier_id`, `created_at`, `updated_at`) VALUES ('39', '46', '90000.00', 'transfer', '8', NULL, NULL, '16', '2026-03-02 16:24:32', '2026-03-02 16:24:32');
INSERT INTO `payments` (`id`, `order_id`, `amount`, `payment_method`, `payment_account_id`, `proof_path`, `notes`, `cashier_id`, `created_at`, `updated_at`) VALUES ('40', '32', '42000.00', 'transfer', '8', NULL, NULL, '16', '2026-03-02 16:29:00', '2026-03-02 16:29:00');
INSERT INTO `payments` (`id`, `order_id`, `amount`, `payment_method`, `payment_account_id`, `proof_path`, `notes`, `cashier_id`, `created_at`, `updated_at`) VALUES ('41', '44', '101400.00', 'transfer', '8', NULL, NULL, '16', '2026-03-02 16:29:00', '2026-03-02 16:29:00');
INSERT INTO `payments` (`id`, `order_id`, `amount`, `payment_method`, `payment_account_id`, `proof_path`, `notes`, `cashier_id`, `created_at`, `updated_at`) VALUES ('42', '21', '630000.00', 'transfer', '10', NULL, NULL, '16', '2026-03-02 16:35:22', '2026-03-02 16:35:22');
INSERT INTO `payments` (`id`, `order_id`, `amount`, `payment_method`, `payment_account_id`, `proof_path`, `notes`, `cashier_id`, `created_at`, `updated_at`) VALUES ('43', '60', '50000.00', 'transfer', '10', NULL, NULL, '16', '2026-03-02 16:37:50', '2026-03-02 16:37:50');
INSERT INTO `payments` (`id`, `order_id`, `amount`, `payment_method`, `payment_account_id`, `proof_path`, `notes`, `cashier_id`, `created_at`, `updated_at`) VALUES ('44', '103', '23400.00', 'transfer', '8', NULL, NULL, '16', '2026-03-02 16:46:46', '2026-03-02 16:46:46');
INSERT INTO `payments` (`id`, `order_id`, `amount`, `payment_method`, `payment_account_id`, `proof_path`, `notes`, `cashier_id`, `created_at`, `updated_at`) VALUES ('45', '84', '147000.00', 'transfer', '8', NULL, NULL, '16', '2026-03-02 17:04:30', '2026-03-02 17:04:30');
INSERT INTO `payments` (`id`, `order_id`, `amount`, `payment_method`, `payment_account_id`, `proof_path`, `notes`, `cashier_id`, `created_at`, `updated_at`) VALUES ('46', '57', '217000.00', 'transfer', '8', NULL, NULL, '16', '2026-03-02 17:05:28', '2026-03-02 17:05:28');
INSERT INTO `payments` (`id`, `order_id`, `amount`, `payment_method`, `payment_account_id`, `proof_path`, `notes`, `cashier_id`, `created_at`, `updated_at`) VALUES ('47', '78', '36300.00', 'transfer', '8', NULL, NULL, '16', '2026-03-02 17:05:56', '2026-03-02 17:05:56');
INSERT INTO `payments` (`id`, `order_id`, `amount`, `payment_method`, `payment_account_id`, `proof_path`, `notes`, `cashier_id`, `created_at`, `updated_at`) VALUES ('48', '35', '240000.00', 'transfer', '8', NULL, NULL, '5', '2026-03-03 09:51:20', '2026-03-03 09:51:20');
INSERT INTO `payments` (`id`, `order_id`, `amount`, `payment_method`, `payment_account_id`, `proof_path`, `notes`, `cashier_id`, `created_at`, `updated_at`) VALUES ('49', '94', '33000.00', 'cash', NULL, NULL, NULL, '16', '2026-03-03 10:24:24', '2026-03-03 10:24:24');
INSERT INTO `payments` (`id`, `order_id`, `amount`, `payment_method`, `payment_account_id`, `proof_path`, `notes`, `cashier_id`, `created_at`, `updated_at`) VALUES ('50', '97', '50000.00', 'cash', NULL, NULL, NULL, '16', '2026-03-03 10:24:24', '2026-03-03 10:24:24');
INSERT INTO `payments` (`id`, `order_id`, `amount`, `payment_method`, `payment_account_id`, `proof_path`, `notes`, `cashier_id`, `created_at`, `updated_at`) VALUES ('51', '99', '175200.00', 'cash', NULL, NULL, NULL, '16', '2026-03-03 10:24:24', '2026-03-03 10:24:24');
INSERT INTO `payments` (`id`, `order_id`, `amount`, `payment_method`, `payment_account_id`, `proof_path`, `notes`, `cashier_id`, `created_at`, `updated_at`) VALUES ('52', '31', '10400.00', 'cash', NULL, NULL, NULL, '16', '2026-03-03 10:29:43', '2026-03-03 10:29:43');
INSERT INTO `payments` (`id`, `order_id`, `amount`, `payment_method`, `payment_account_id`, `proof_path`, `notes`, `cashier_id`, `created_at`, `updated_at`) VALUES ('53', '38', '45000.00', 'cash', NULL, NULL, NULL, '16', '2026-03-03 10:29:43', '2026-03-03 10:29:43');
INSERT INTO `payments` (`id`, `order_id`, `amount`, `payment_method`, `payment_account_id`, `proof_path`, `notes`, `cashier_id`, `created_at`, `updated_at`) VALUES ('54', '144', '155000.00', 'cash', NULL, NULL, NULL, '16', '2026-03-03 10:49:59', '2026-03-03 10:49:59');
INSERT INTO `payments` (`id`, `order_id`, `amount`, `payment_method`, `payment_account_id`, `proof_path`, `notes`, `cashier_id`, `created_at`, `updated_at`) VALUES ('55', '146', '93600.00', 'cash', NULL, NULL, NULL, '16', '2026-03-03 11:02:17', '2026-03-03 11:02:17');
INSERT INTO `payments` (`id`, `order_id`, `amount`, `payment_method`, `payment_account_id`, `proof_path`, `notes`, `cashier_id`, `created_at`, `updated_at`) VALUES ('56', '147', '6400.00', 'cash', NULL, NULL, NULL, '16', '2026-03-03 11:02:17', '2026-03-03 11:02:17');
INSERT INTO `payments` (`id`, `order_id`, `amount`, `payment_method`, `payment_account_id`, `proof_path`, `notes`, `cashier_id`, `created_at`, `updated_at`) VALUES ('57', '124', '50000.00', 'cash', NULL, NULL, NULL, '16', '2026-03-03 11:03:58', '2026-03-03 11:03:58');
INSERT INTO `payments` (`id`, `order_id`, `amount`, `payment_method`, `payment_account_id`, `proof_path`, `notes`, `cashier_id`, `created_at`, `updated_at`) VALUES ('58', '175', '3200.00', 'transfer', '8', NULL, NULL, '16', '2026-03-03 11:33:41', '2026-03-03 11:33:41');
INSERT INTO `payments` (`id`, `order_id`, `amount`, `payment_method`, `payment_account_id`, `proof_path`, `notes`, `cashier_id`, `created_at`, `updated_at`) VALUES ('59', '119', '20000.00', 'cash', NULL, NULL, NULL, '16', '2026-03-03 11:38:37', '2026-03-03 11:38:37');
INSERT INTO `payments` (`id`, `order_id`, `amount`, `payment_method`, `payment_account_id`, `proof_path`, `notes`, `cashier_id`, `created_at`, `updated_at`) VALUES ('60', '127', '205000.00', 'cash', NULL, NULL, NULL, '5', '2026-03-03 11:44:49', '2026-03-03 11:44:49');
INSERT INTO `payments` (`id`, `order_id`, `amount`, `payment_method`, `payment_account_id`, `proof_path`, `notes`, `cashier_id`, `created_at`, `updated_at`) VALUES ('61', '79', '30000.00', 'transfer', '8', NULL, NULL, '16', '2026-03-03 11:58:41', '2026-03-03 11:58:41');
INSERT INTO `payments` (`id`, `order_id`, `amount`, `payment_method`, `payment_account_id`, `proof_path`, `notes`, `cashier_id`, `created_at`, `updated_at`) VALUES ('62', '90', '307500.00', 'transfer', '8', NULL, NULL, '16', '2026-03-03 11:58:41', '2026-03-03 11:58:41');
INSERT INTO `payments` (`id`, `order_id`, `amount`, `payment_method`, `payment_account_id`, `proof_path`, `notes`, `cashier_id`, `created_at`, `updated_at`) VALUES ('63', '100', '189200.00', 'transfer', '11', NULL, NULL, '16', '2026-03-03 13:06:08', '2026-03-03 13:06:08');
INSERT INTO `payments` (`id`, `order_id`, `amount`, `payment_method`, `payment_account_id`, `proof_path`, `notes`, `cashier_id`, `created_at`, `updated_at`) VALUES ('64', '110', '350000.00', 'cash', NULL, NULL, NULL, '16', '2026-03-03 13:11:52', '2026-03-03 13:11:52');
INSERT INTO `payments` (`id`, `order_id`, `amount`, `payment_method`, `payment_account_id`, `proof_path`, `notes`, `cashier_id`, `created_at`, `updated_at`) VALUES ('65', '173', '23750.00', 'transfer', '8', NULL, NULL, '16', '2026-03-03 13:15:40', '2026-03-03 13:15:40');
INSERT INTO `payments` (`id`, `order_id`, `amount`, `payment_method`, `payment_account_id`, `proof_path`, `notes`, `cashier_id`, `created_at`, `updated_at`) VALUES ('66', '173', '100000.00', 'cash', NULL, NULL, NULL, '16', '2026-03-03 13:15:40', '2026-03-03 13:15:40');
INSERT INTO `payments` (`id`, `order_id`, `amount`, `payment_method`, `payment_account_id`, `proof_path`, `notes`, `cashier_id`, `created_at`, `updated_at`) VALUES ('67', '73', '250000.00', 'cash', NULL, NULL, NULL, '16', '2026-03-03 13:20:47', '2026-03-03 13:20:47');
INSERT INTO `payments` (`id`, `order_id`, `amount`, `payment_method`, `payment_account_id`, `proof_path`, `notes`, `cashier_id`, `created_at`, `updated_at`) VALUES ('68', '80', '211650.00', 'cash', NULL, NULL, NULL, '16', '2026-03-03 13:20:47', '2026-03-03 13:20:47');
INSERT INTO `payments` (`id`, `order_id`, `amount`, `payment_method`, `payment_account_id`, `proof_path`, `notes`, `cashier_id`, `created_at`, `updated_at`) VALUES ('69', '62', '2600.00', 'cash', NULL, NULL, NULL, '16', '2026-03-03 13:28:19', '2026-03-03 13:28:19');
INSERT INTO `payments` (`id`, `order_id`, `amount`, `payment_method`, `payment_account_id`, `proof_path`, `notes`, `cashier_id`, `created_at`, `updated_at`) VALUES ('70', '197', '34500.00', 'cash', NULL, NULL, NULL, '16', '2026-03-03 13:28:19', '2026-03-03 13:28:19');
INSERT INTO `payments` (`id`, `order_id`, `amount`, `payment_method`, `payment_account_id`, `proof_path`, `notes`, `cashier_id`, `created_at`, `updated_at`) VALUES ('71', '105', '50000.00', 'cash', NULL, NULL, NULL, '16', '2026-03-03 13:44:45', '2026-03-03 13:44:45');
INSERT INTO `payments` (`id`, `order_id`, `amount`, `payment_method`, `payment_account_id`, `proof_path`, `notes`, `cashier_id`, `created_at`, `updated_at`) VALUES ('72', '169', '100000.00', 'cash', NULL, NULL, NULL, '5', '2026-03-03 13:50:31', '2026-03-03 13:50:31');
INSERT INTO `payments` (`id`, `order_id`, `amount`, `payment_method`, `payment_account_id`, `proof_path`, `notes`, `cashier_id`, `created_at`, `updated_at`) VALUES ('73', '156', '400000.00', 'cash', NULL, NULL, NULL, '5', '2026-03-03 13:55:16', '2026-03-03 13:55:16');
INSERT INTO `payments` (`id`, `order_id`, `amount`, `payment_method`, `payment_account_id`, `proof_path`, `notes`, `cashier_id`, `created_at`, `updated_at`) VALUES ('74', '58', '50000.00', 'cash', NULL, NULL, NULL, '16', '2026-03-03 13:58:43', '2026-03-03 13:58:43');
INSERT INTO `payments` (`id`, `order_id`, `amount`, `payment_method`, `payment_account_id`, `proof_path`, `notes`, `cashier_id`, `created_at`, `updated_at`) VALUES ('75', '210', '52000.00', 'transfer', '8', NULL, NULL, '5', '2026-03-03 14:04:47', '2026-03-03 14:04:47');
INSERT INTO `payments` (`id`, `order_id`, `amount`, `payment_method`, `payment_account_id`, `proof_path`, `notes`, `cashier_id`, `created_at`, `updated_at`) VALUES ('76', '130', '100000.00', 'cash', NULL, NULL, NULL, '16', '2026-03-03 14:15:01', '2026-03-03 14:15:01');
INSERT INTO `payments` (`id`, `order_id`, `amount`, `payment_method`, `payment_account_id`, `proof_path`, `notes`, `cashier_id`, `created_at`, `updated_at`) VALUES ('77', '189', '50400.00', 'cash', NULL, NULL, NULL, '5', '2026-03-03 14:24:52', '2026-03-03 14:24:52');
INSERT INTO `payments` (`id`, `order_id`, `amount`, `payment_method`, `payment_account_id`, `proof_path`, `notes`, `cashier_id`, `created_at`, `updated_at`) VALUES ('78', '189', '50400.00', 'cash', NULL, NULL, NULL, '5', '2026-03-03 14:24:53', '2026-03-03 14:24:53');
INSERT INTO `payments` (`id`, `order_id`, `amount`, `payment_method`, `payment_account_id`, `proof_path`, `notes`, `cashier_id`, `created_at`, `updated_at`) VALUES ('79', '64', '315000.00', 'transfer', '8', NULL, NULL, '16', '2026-03-03 14:35:58', '2026-03-03 14:35:58');
INSERT INTO `payments` (`id`, `order_id`, `amount`, `payment_method`, `payment_account_id`, `proof_path`, `notes`, `cashier_id`, `created_at`, `updated_at`) VALUES ('80', '145', '153900.00', 'transfer', '8', NULL, NULL, '16', '2026-03-03 14:36:58', '2026-03-03 14:36:58');
INSERT INTO `payments` (`id`, `order_id`, `amount`, `payment_method`, `payment_account_id`, `proof_path`, `notes`, `cashier_id`, `created_at`, `updated_at`) VALUES ('81', '116', '170000.00', 'transfer', '8', NULL, NULL, '16', '2026-03-03 14:47:44', '2026-03-03 14:47:44');
INSERT INTO `payments` (`id`, `order_id`, `amount`, `payment_method`, `payment_account_id`, `proof_path`, `notes`, `cashier_id`, `created_at`, `updated_at`) VALUES ('82', '122', '69300.00', 'transfer', '8', NULL, NULL, '16', '2026-03-03 14:52:27', '2026-03-03 14:52:27');
INSERT INTO `payments` (`id`, `order_id`, `amount`, `payment_method`, `payment_account_id`, `proof_path`, `notes`, `cashier_id`, `created_at`, `updated_at`) VALUES ('83', '215', '52200.00', 'transfer', '10', NULL, NULL, '16', '2026-03-03 14:55:54', '2026-03-03 14:55:54');
INSERT INTO `payments` (`id`, `order_id`, `amount`, `payment_method`, `payment_account_id`, `proof_path`, `notes`, `cashier_id`, `created_at`, `updated_at`) VALUES ('84', '133', '5800.00', 'transfer', '8', NULL, NULL, '16', '2026-03-03 14:57:59', '2026-03-03 14:57:59');
INSERT INTO `payments` (`id`, `order_id`, `amount`, `payment_method`, `payment_account_id`, `proof_path`, `notes`, `cashier_id`, `created_at`, `updated_at`) VALUES ('85', '158', '15000.00', 'transfer', '8', NULL, NULL, '16', '2026-03-03 14:57:59', '2026-03-03 14:57:59');
INSERT INTO `payments` (`id`, `order_id`, `amount`, `payment_method`, `payment_account_id`, `proof_path`, `notes`, `cashier_id`, `created_at`, `updated_at`) VALUES ('86', '166', '15400.00', 'transfer', '8', NULL, NULL, '16', '2026-03-03 14:57:59', '2026-03-03 14:57:59');
INSERT INTO `payments` (`id`, `order_id`, `amount`, `payment_method`, `payment_account_id`, `proof_path`, `notes`, `cashier_id`, `created_at`, `updated_at`) VALUES ('87', '213', '13000.00', 'transfer', '8', NULL, NULL, '16', '2026-03-03 14:58:45', '2026-03-03 14:58:45');
INSERT INTO `payments` (`id`, `order_id`, `amount`, `payment_method`, `payment_account_id`, `proof_path`, `notes`, `cashier_id`, `created_at`, `updated_at`) VALUES ('88', '205', '186900.00', 'transfer', '8', NULL, NULL, '16', '2026-03-03 15:00:21', '2026-03-03 15:00:21');
INSERT INTO `payments` (`id`, `order_id`, `amount`, `payment_method`, `payment_account_id`, `proof_path`, `notes`, `cashier_id`, `created_at`, `updated_at`) VALUES ('89', '165', '50000.00', 'cash', NULL, NULL, NULL, '16', '2026-03-03 15:06:01', '2026-03-03 15:06:01');
INSERT INTO `payments` (`id`, `order_id`, `amount`, `payment_method`, `payment_account_id`, `proof_path`, `notes`, `cashier_id`, `created_at`, `updated_at`) VALUES ('90', '49', '25000.00', 'transfer', '8', NULL, NULL, '16', '2026-03-03 15:09:09', '2026-03-03 15:09:09');
INSERT INTO `payments` (`id`, `order_id`, `amount`, `payment_method`, `payment_account_id`, `proof_path`, `notes`, `cashier_id`, `created_at`, `updated_at`) VALUES ('91', '82', '40000.00', 'transfer', '8', NULL, NULL, '16', '2026-03-03 15:09:09', '2026-03-03 15:09:09');
INSERT INTO `payments` (`id`, `order_id`, `amount`, `payment_method`, `payment_account_id`, `proof_path`, `notes`, `cashier_id`, `created_at`, `updated_at`) VALUES ('92', '111', '10000.00', 'transfer', '8', NULL, NULL, '16', '2026-03-03 15:09:09', '2026-03-03 15:09:09');
INSERT INTO `payments` (`id`, `order_id`, `amount`, `payment_method`, `payment_account_id`, `proof_path`, `notes`, `cashier_id`, `created_at`, `updated_at`) VALUES ('93', '141', '5000.00', 'transfer', '8', NULL, NULL, '16', '2026-03-03 15:09:09', '2026-03-03 15:09:09');
INSERT INTO `payments` (`id`, `order_id`, `amount`, `payment_method`, `payment_account_id`, `proof_path`, `notes`, `cashier_id`, `created_at`, `updated_at`) VALUES ('94', '24', '10000.00', 'cash', NULL, NULL, NULL, '16', '2026-03-03 15:09:42', '2026-03-03 15:09:42');
INSERT INTO `payments` (`id`, `order_id`, `amount`, `payment_method`, `payment_account_id`, `proof_path`, `notes`, `cashier_id`, `created_at`, `updated_at`) VALUES ('95', '70', '15000.00', 'cash', NULL, NULL, NULL, '16', '2026-03-03 15:12:05', '2026-03-03 15:12:05');
INSERT INTO `payments` (`id`, `order_id`, `amount`, `payment_method`, `payment_account_id`, `proof_path`, `notes`, `cashier_id`, `created_at`, `updated_at`) VALUES ('96', '72', '56250.00', 'cash', NULL, NULL, NULL, '16', '2026-03-03 15:12:05', '2026-03-03 15:12:05');
INSERT INTO `payments` (`id`, `order_id`, `amount`, `payment_method`, `payment_account_id`, `proof_path`, `notes`, `cashier_id`, `created_at`, `updated_at`) VALUES ('97', '77', '30000.00', 'cash', NULL, NULL, NULL, '16', '2026-03-03 15:12:05', '2026-03-03 15:12:05');
INSERT INTO `payments` (`id`, `order_id`, `amount`, `payment_method`, `payment_account_id`, `proof_path`, `notes`, `cashier_id`, `created_at`, `updated_at`) VALUES ('98', '135', '10400.00', 'cash', NULL, NULL, NULL, '16', '2026-03-03 15:12:05', '2026-03-03 15:12:05');
INSERT INTO `payments` (`id`, `order_id`, `amount`, `payment_method`, `payment_account_id`, `proof_path`, `notes`, `cashier_id`, `created_at`, `updated_at`) VALUES ('99', '138', '142500.00', 'cash', NULL, NULL, NULL, '16', '2026-03-03 15:12:05', '2026-03-03 15:12:05');
INSERT INTO `payments` (`id`, `order_id`, `amount`, `payment_method`, `payment_account_id`, `proof_path`, `notes`, `cashier_id`, `created_at`, `updated_at`) VALUES ('100', '222', '14400.00', 'cash', NULL, NULL, NULL, '16', '2026-03-03 15:12:05', '2026-03-03 15:12:05');
INSERT INTO `payments` (`id`, `order_id`, `amount`, `payment_method`, `payment_account_id`, `proof_path`, `notes`, `cashier_id`, `created_at`, `updated_at`) VALUES ('101', '117', '428400.00', 'transfer', '8', NULL, NULL, '16', '2026-03-03 15:12:54', '2026-03-03 15:12:54');
INSERT INTO `payments` (`id`, `order_id`, `amount`, `payment_method`, `payment_account_id`, `proof_path`, `notes`, `cashier_id`, `created_at`, `updated_at`) VALUES ('102', '118', '85000.00', 'transfer', '8', NULL, NULL, '16', '2026-03-03 15:12:54', '2026-03-03 15:12:54');
INSERT INTO `payments` (`id`, `order_id`, `amount`, `payment_method`, `payment_account_id`, `proof_path`, `notes`, `cashier_id`, `created_at`, `updated_at`) VALUES ('103', '120', '144500.00', 'transfer', '8', NULL, NULL, '16', '2026-03-03 15:12:54', '2026-03-03 15:12:54');
INSERT INTO `payments` (`id`, `order_id`, `amount`, `payment_method`, `payment_account_id`, `proof_path`, `notes`, `cashier_id`, `created_at`, `updated_at`) VALUES ('104', '121', '146200.00', 'transfer', '8', NULL, NULL, '16', '2026-03-03 15:12:54', '2026-03-03 15:12:54');
INSERT INTO `payments` (`id`, `order_id`, `amount`, `payment_method`, `payment_account_id`, `proof_path`, `notes`, `cashier_id`, `created_at`, `updated_at`) VALUES ('105', '17', '242000.00', 'transfer', '8', NULL, NULL, '16', '2026-03-03 15:14:14', '2026-03-03 15:14:14');
INSERT INTO `payments` (`id`, `order_id`, `amount`, `payment_method`, `payment_account_id`, `proof_path`, `notes`, `cashier_id`, `created_at`, `updated_at`) VALUES ('106', '81', '53000.00', 'transfer', '10', NULL, NULL, '16', '2026-03-03 15:43:30', '2026-03-03 15:43:30');
INSERT INTO `payments` (`id`, `order_id`, `amount`, `payment_method`, `payment_account_id`, `proof_path`, `notes`, `cashier_id`, `created_at`, `updated_at`) VALUES ('107', '115', '32000.00', 'cash', NULL, NULL, NULL, '16', '2026-03-03 15:48:12', '2026-03-03 15:48:12');
INSERT INTO `payments` (`id`, `order_id`, `amount`, `payment_method`, `payment_account_id`, `proof_path`, `notes`, `cashier_id`, `created_at`, `updated_at`) VALUES ('108', '211', '3000.00', 'cash', NULL, NULL, NULL, '16', '2026-03-03 15:58:20', '2026-03-03 15:58:20');
INSERT INTO `payments` (`id`, `order_id`, `amount`, `payment_method`, `payment_account_id`, `proof_path`, `notes`, `cashier_id`, `created_at`, `updated_at`) VALUES ('109', '183', '20000.00', 'cash', NULL, NULL, NULL, '16', '2026-03-03 16:04:39', '2026-03-03 16:04:39');
INSERT INTO `payments` (`id`, `order_id`, `amount`, `payment_method`, `payment_account_id`, `proof_path`, `notes`, `cashier_id`, `created_at`, `updated_at`) VALUES ('110', '185', '42400.00', 'transfer', '8', NULL, NULL, '16', '2026-03-03 16:09:12', '2026-03-03 16:09:12');
INSERT INTO `payments` (`id`, `order_id`, `amount`, `payment_method`, `payment_account_id`, `proof_path`, `notes`, `cashier_id`, `created_at`, `updated_at`) VALUES ('111', '170', '15000.00', 'cash', NULL, NULL, NULL, '16', '2026-03-03 16:09:36', '2026-03-03 16:09:36');
INSERT INTO `payments` (`id`, `order_id`, `amount`, `payment_method`, `payment_account_id`, `proof_path`, `notes`, `cashier_id`, `created_at`, `updated_at`) VALUES ('112', '113', '8800.00', 'transfer', '11', NULL, NULL, '16', '2026-03-03 16:18:32', '2026-03-03 16:18:32');
INSERT INTO `payments` (`id`, `order_id`, `amount`, `payment_method`, `payment_account_id`, `proof_path`, `notes`, `cashier_id`, `created_at`, `updated_at`) VALUES ('113', '123', '29900.00', 'transfer', '11', NULL, NULL, '16', '2026-03-03 16:18:32', '2026-03-03 16:18:32');
INSERT INTO `payments` (`id`, `order_id`, `amount`, `payment_method`, `payment_account_id`, `proof_path`, `notes`, `cashier_id`, `created_at`, `updated_at`) VALUES ('114', '125', '20300.00', 'transfer', '11', NULL, NULL, '16', '2026-03-03 16:18:32', '2026-03-03 16:18:32');
INSERT INTO `payments` (`id`, `order_id`, `amount`, `payment_method`, `payment_account_id`, `proof_path`, `notes`, `cashier_id`, `created_at`, `updated_at`) VALUES ('115', '126', '162000.00', 'transfer', '11', NULL, NULL, '16', '2026-03-03 16:18:32', '2026-03-03 16:18:32');
INSERT INTO `payments` (`id`, `order_id`, `amount`, `payment_method`, `payment_account_id`, `proof_path`, `notes`, `cashier_id`, `created_at`, `updated_at`) VALUES ('116', '128', '33000.00', 'transfer', '11', NULL, NULL, '16', '2026-03-03 16:18:32', '2026-03-03 16:18:32');
INSERT INTO `payments` (`id`, `order_id`, `amount`, `payment_method`, `payment_account_id`, `proof_path`, `notes`, `cashier_id`, `created_at`, `updated_at`) VALUES ('117', '129', '56800.00', 'transfer', '11', NULL, NULL, '16', '2026-03-03 16:18:32', '2026-03-03 16:18:32');
INSERT INTO `payments` (`id`, `order_id`, `amount`, `payment_method`, `payment_account_id`, `proof_path`, `notes`, `cashier_id`, `created_at`, `updated_at`) VALUES ('118', '131', '122400.00', 'transfer', '11', NULL, NULL, '16', '2026-03-03 16:18:32', '2026-03-03 16:18:32');
INSERT INTO `payments` (`id`, `order_id`, `amount`, `payment_method`, `payment_account_id`, `proof_path`, `notes`, `cashier_id`, `created_at`, `updated_at`) VALUES ('119', '198', '718700.00', 'transfer', '11', NULL, NULL, '16', '2026-03-03 16:18:32', '2026-03-03 16:18:32');
INSERT INTO `payments` (`id`, `order_id`, `amount`, `payment_method`, `payment_account_id`, `proof_path`, `notes`, `cashier_id`, `created_at`, `updated_at`) VALUES ('120', '200', '24300.00', 'transfer', '11', NULL, NULL, '16', '2026-03-03 16:18:32', '2026-03-03 16:18:32');
INSERT INTO `payments` (`id`, `order_id`, `amount`, `payment_method`, `payment_account_id`, `proof_path`, `notes`, `cashier_id`, `created_at`, `updated_at`) VALUES ('121', '204', '6400.00', 'transfer', '8', NULL, NULL, '16', '2026-03-03 16:21:36', '2026-03-03 16:21:36');
INSERT INTO `payments` (`id`, `order_id`, `amount`, `payment_method`, `payment_account_id`, `proof_path`, `notes`, `cashier_id`, `created_at`, `updated_at`) VALUES ('122', '241', '237000.00', 'transfer', '8', NULL, NULL, '16', '2026-03-03 16:29:32', '2026-03-03 16:29:32');
INSERT INTO `payments` (`id`, `order_id`, `amount`, `payment_method`, `payment_account_id`, `proof_path`, `notes`, `cashier_id`, `created_at`, `updated_at`) VALUES ('123', '28', '193000.00', 'transfer', '8', NULL, NULL, '16', '2026-03-03 16:31:46', '2026-03-03 16:31:46');
INSERT INTO `payments` (`id`, `order_id`, `amount`, `payment_method`, `payment_account_id`, `proof_path`, `notes`, `cashier_id`, `created_at`, `updated_at`) VALUES ('124', '26', '310000.00', 'transfer', '11', NULL, NULL, '16', '2026-03-03 16:34:14', '2026-03-03 16:34:14');
INSERT INTO `payments` (`id`, `order_id`, `amount`, `payment_method`, `payment_account_id`, `proof_path`, `notes`, `cashier_id`, `created_at`, `updated_at`) VALUES ('125', '89', '526500.00', 'transfer', '10', NULL, NULL, '16', '2026-03-03 16:34:35', '2026-03-03 16:34:35');
INSERT INTO `payments` (`id`, `order_id`, `amount`, `payment_method`, `payment_account_id`, `proof_path`, `notes`, `cashier_id`, `created_at`, `updated_at`) VALUES ('126', '186', '20000.00', 'transfer', '8', NULL, NULL, '5', '2026-03-03 16:39:38', '2026-03-03 16:39:38');
INSERT INTO `payments` (`id`, `order_id`, `amount`, `payment_method`, `payment_account_id`, `proof_path`, `notes`, `cashier_id`, `created_at`, `updated_at`) VALUES ('127', '39', '5000.00', 'cash', NULL, NULL, NULL, '5', '2026-03-03 16:42:50', '2026-03-03 16:42:50');
INSERT INTO `payments` (`id`, `order_id`, `amount`, `payment_method`, `payment_account_id`, `proof_path`, `notes`, `cashier_id`, `created_at`, `updated_at`) VALUES ('128', '96', '11600.00', 'cash', NULL, NULL, NULL, '5', '2026-03-03 16:42:50', '2026-03-03 16:42:50');
INSERT INTO `payments` (`id`, `order_id`, `amount`, `payment_method`, `payment_account_id`, `proof_path`, `notes`, `cashier_id`, `created_at`, `updated_at`) VALUES ('129', '182', '10600.00', 'cash', NULL, NULL, NULL, '5', '2026-03-03 16:42:50', '2026-03-03 16:42:50');
INSERT INTO `payments` (`id`, `order_id`, `amount`, `payment_method`, `payment_account_id`, `proof_path`, `notes`, `cashier_id`, `created_at`, `updated_at`) VALUES ('130', '234', '10000.00', 'cash', NULL, NULL, NULL, '5', '2026-03-03 16:42:50', '2026-03-03 16:42:50');
INSERT INTO `payments` (`id`, `order_id`, `amount`, `payment_method`, `payment_account_id`, `proof_path`, `notes`, `cashier_id`, `created_at`, `updated_at`) VALUES ('131', '226', '10000.00', 'cash', NULL, NULL, NULL, '16', '2026-03-03 16:55:35', '2026-03-03 16:55:35');
INSERT INTO `payments` (`id`, `order_id`, `amount`, `payment_method`, `payment_account_id`, `proof_path`, `notes`, `cashier_id`, `created_at`, `updated_at`) VALUES ('132', '134', '50000.00', 'cash', NULL, NULL, NULL, '16', '2026-03-03 16:58:37', '2026-03-03 16:58:37');
INSERT INTO `payments` (`id`, `order_id`, `amount`, `payment_method`, `payment_account_id`, `proof_path`, `notes`, `cashier_id`, `created_at`, `updated_at`) VALUES ('133', '106', '100000.00', 'cash', NULL, NULL, NULL, '16', '2026-03-04 09:09:27', '2026-03-04 09:09:27');
INSERT INTO `payments` (`id`, `order_id`, `amount`, `payment_method`, `payment_account_id`, `proof_path`, `notes`, `cashier_id`, `created_at`, `updated_at`) VALUES ('134', '248', '4000.00', 'cash', NULL, NULL, NULL, '16', '2026-03-04 09:32:16', '2026-03-04 09:32:16');
INSERT INTO `payments` (`id`, `order_id`, `amount`, `payment_method`, `payment_account_id`, `proof_path`, `notes`, `cashier_id`, `created_at`, `updated_at`) VALUES ('135', '262', '10000.00', 'cash', NULL, NULL, NULL, '16', '2026-03-04 09:59:58', '2026-03-04 09:59:58');
INSERT INTO `payments` (`id`, `order_id`, `amount`, `payment_method`, `payment_account_id`, `proof_path`, `notes`, `cashier_id`, `created_at`, `updated_at`) VALUES ('136', '153', '120000.00', 'cash', NULL, NULL, NULL, '16', '2026-03-04 10:22:52', '2026-03-04 10:22:52');
INSERT INTO `payments` (`id`, `order_id`, `amount`, `payment_method`, `payment_account_id`, `proof_path`, `notes`, `cashier_id`, `created_at`, `updated_at`) VALUES ('137', '266', '50000.00', 'cash', NULL, NULL, NULL, '16', '2026-03-04 10:23:54', '2026-03-04 10:23:54');
INSERT INTO `payments` (`id`, `order_id`, `amount`, `payment_method`, `payment_account_id`, `proof_path`, `notes`, `cashier_id`, `created_at`, `updated_at`) VALUES ('138', '252', '50000.00', 'cash', NULL, NULL, NULL, '16', '2026-03-04 10:56:37', '2026-03-04 10:56:37');
INSERT INTO `payments` (`id`, `order_id`, `amount`, `payment_method`, `payment_account_id`, `proof_path`, `notes`, `cashier_id`, `created_at`, `updated_at`) VALUES ('139', '93', '100000.00', 'cash', NULL, NULL, NULL, '16', '2026-03-04 11:04:36', '2026-03-04 11:04:36');
INSERT INTO `payments` (`id`, `order_id`, `amount`, `payment_method`, `payment_account_id`, `proof_path`, `notes`, `cashier_id`, `created_at`, `updated_at`) VALUES ('140', '177', '20000.00', 'cash', NULL, NULL, NULL, '16', '2026-03-04 11:29:12', '2026-03-04 11:29:12');
INSERT INTO `payments` (`id`, `order_id`, `amount`, `payment_method`, `payment_account_id`, `proof_path`, `notes`, `cashier_id`, `created_at`, `updated_at`) VALUES ('141', '132', '150000.00', 'cash', NULL, NULL, NULL, '16', '2026-03-04 11:33:45', '2026-03-04 11:33:45');
INSERT INTO `payments` (`id`, `order_id`, `amount`, `payment_method`, `payment_account_id`, `proof_path`, `notes`, `cashier_id`, `created_at`, `updated_at`) VALUES ('142', '298', '50000.00', 'cash', NULL, NULL, NULL, '16', '2026-03-04 11:43:25', '2026-03-04 11:43:25');
INSERT INTO `payments` (`id`, `order_id`, `amount`, `payment_method`, `payment_account_id`, `proof_path`, `notes`, `cashier_id`, `created_at`, `updated_at`) VALUES ('143', '157', '85000.00', 'transfer', '8', NULL, NULL, '16', '2026-03-04 11:45:51', '2026-03-04 11:45:51');
INSERT INTO `payments` (`id`, `order_id`, `amount`, `payment_method`, `payment_account_id`, `proof_path`, `notes`, `cashier_id`, `created_at`, `updated_at`) VALUES ('144', '162', '500000.00', 'transfer', '8', NULL, NULL, '16', '2026-03-04 11:45:51', '2026-03-04 11:45:51');
INSERT INTO `payments` (`id`, `order_id`, `amount`, `payment_method`, `payment_account_id`, `proof_path`, `notes`, `cashier_id`, `created_at`, `updated_at`) VALUES ('145', '233', '100000.00', 'cash', NULL, NULL, NULL, '16', '2026-03-04 11:49:15', '2026-03-04 11:49:15');
INSERT INTO `payments` (`id`, `order_id`, `amount`, `payment_method`, `payment_account_id`, `proof_path`, `notes`, `cashier_id`, `created_at`, `updated_at`) VALUES ('146', '250', '20000.00', 'cash', NULL, NULL, NULL, '16', '2026-03-04 11:59:06', '2026-03-04 11:59:06');
INSERT INTO `payments` (`id`, `order_id`, `amount`, `payment_method`, `payment_account_id`, `proof_path`, `notes`, `cashier_id`, `created_at`, `updated_at`) VALUES ('147', '109', '50800.00', 'cash', NULL, NULL, NULL, '16', '2026-03-04 12:47:16', '2026-03-04 12:47:16');
INSERT INTO `payments` (`id`, `order_id`, `amount`, `payment_method`, `payment_account_id`, `proof_path`, `notes`, `cashier_id`, `created_at`, `updated_at`) VALUES ('148', '191', '15000.00', 'cash', NULL, NULL, NULL, '16', '2026-03-04 12:47:16', '2026-03-04 12:47:16');
INSERT INTO `payments` (`id`, `order_id`, `amount`, `payment_method`, `payment_account_id`, `proof_path`, `notes`, `cashier_id`, `created_at`, `updated_at`) VALUES ('149', '194', '10000.00', 'cash', NULL, NULL, NULL, '16', '2026-03-04 12:59:54', '2026-03-04 12:59:54');
INSERT INTO `payments` (`id`, `order_id`, `amount`, `payment_method`, `payment_account_id`, `proof_path`, `notes`, `cashier_id`, `created_at`, `updated_at`) VALUES ('150', '239', '39000.00', 'transfer', '8', NULL, NULL, '16', '2026-03-04 13:02:54', '2026-03-04 13:02:54');
INSERT INTO `payments` (`id`, `order_id`, `amount`, `payment_method`, `payment_account_id`, `proof_path`, `notes`, `cashier_id`, `created_at`, `updated_at`) VALUES ('151', '151', '60000.00', 'transfer', '11', NULL, NULL, '16', '2026-03-04 13:03:27', '2026-03-04 13:03:27');
INSERT INTO `payments` (`id`, `order_id`, `amount`, `payment_method`, `payment_account_id`, `proof_path`, `notes`, `cashier_id`, `created_at`, `updated_at`) VALUES ('152', '152', '40500.00', 'transfer', '11', NULL, NULL, '16', '2026-03-04 13:03:27', '2026-03-04 13:03:27');
INSERT INTO `payments` (`id`, `order_id`, `amount`, `payment_method`, `payment_account_id`, `proof_path`, `notes`, `cashier_id`, `created_at`, `updated_at`) VALUES ('153', '154', '157500.00', 'transfer', '11', NULL, NULL, '16', '2026-03-04 13:03:27', '2026-03-04 13:03:27');
INSERT INTO `payments` (`id`, `order_id`, `amount`, `payment_method`, `payment_account_id`, `proof_path`, `notes`, `cashier_id`, `created_at`, `updated_at`) VALUES ('154', '259', '9600.00', 'transfer', '8', NULL, NULL, '16', '2026-03-04 13:03:53', '2026-03-04 13:03:53');
INSERT INTO `payments` (`id`, `order_id`, `amount`, `payment_method`, `payment_account_id`, `proof_path`, `notes`, `cashier_id`, `created_at`, `updated_at`) VALUES ('155', '260', '33750.00', 'transfer', '8', NULL, NULL, '16', '2026-03-04 13:03:53', '2026-03-04 13:03:53');
INSERT INTO `payments` (`id`, `order_id`, `amount`, `payment_method`, `payment_account_id`, `proof_path`, `notes`, `cashier_id`, `created_at`, `updated_at`) VALUES ('156', '207', '47500.00', 'transfer', '11', NULL, NULL, '16', '2026-03-04 13:04:15', '2026-03-04 13:04:15');
INSERT INTO `payments` (`id`, `order_id`, `amount`, `payment_method`, `payment_account_id`, `proof_path`, `notes`, `cashier_id`, `created_at`, `updated_at`) VALUES ('157', '240', '70000.00', 'transfer', '11', NULL, NULL, '16', '2026-03-04 13:04:37', '2026-03-04 13:04:37');
INSERT INTO `payments` (`id`, `order_id`, `amount`, `payment_method`, `payment_account_id`, `proof_path`, `notes`, `cashier_id`, `created_at`, `updated_at`) VALUES ('158', '203', '25000.00', 'transfer', '8', NULL, NULL, '16', '2026-03-04 13:06:07', '2026-03-04 13:06:07');
INSERT INTO `payments` (`id`, `order_id`, `amount`, `payment_method`, `payment_account_id`, `proof_path`, `notes`, `cashier_id`, `created_at`, `updated_at`) VALUES ('159', '256', '173600.00', 'transfer', '11', NULL, NULL, '16', '2026-03-04 13:06:36', '2026-03-04 13:06:36');
INSERT INTO `payments` (`id`, `order_id`, `amount`, `payment_method`, `payment_account_id`, `proof_path`, `notes`, `cashier_id`, `created_at`, `updated_at`) VALUES ('160', '52', '20000.00', 'cash', NULL, NULL, NULL, '16', '2026-03-04 13:11:40', '2026-03-04 13:11:40');
INSERT INTO `payments` (`id`, `order_id`, `amount`, `payment_method`, `payment_account_id`, `proof_path`, `notes`, `cashier_id`, `created_at`, `updated_at`) VALUES ('161', '218', '100000.00', 'cash', NULL, NULL, NULL, '16', '2026-03-04 13:12:22', '2026-03-04 13:12:22');
INSERT INTO `payments` (`id`, `order_id`, `amount`, `payment_method`, `payment_account_id`, `proof_path`, `notes`, `cashier_id`, `created_at`, `updated_at`) VALUES ('162', '159', '200000.00', 'cash', NULL, NULL, NULL, '16', '2026-03-04 13:17:48', '2026-03-04 13:17:48');
INSERT INTO `payments` (`id`, `order_id`, `amount`, `payment_method`, `payment_account_id`, `proof_path`, `notes`, `cashier_id`, `created_at`, `updated_at`) VALUES ('163', '220', '65000.00', 'transfer', '8', NULL, NULL, '16', '2026-03-04 13:20:37', '2026-03-04 13:20:37');
INSERT INTO `payments` (`id`, `order_id`, `amount`, `payment_method`, `payment_account_id`, `proof_path`, `notes`, `cashier_id`, `created_at`, `updated_at`) VALUES ('164', '268', '21600.00', 'transfer', '10', NULL, NULL, '16', '2026-03-04 13:33:31', '2026-03-04 13:33:31');
INSERT INTO `payments` (`id`, `order_id`, `amount`, `payment_method`, `payment_account_id`, `proof_path`, `notes`, `cashier_id`, `created_at`, `updated_at`) VALUES ('165', '201', '305000.00', 'transfer', '8', NULL, NULL, '16', '2026-03-04 13:34:20', '2026-03-04 13:34:20');
INSERT INTO `payments` (`id`, `order_id`, `amount`, `payment_method`, `payment_account_id`, `proof_path`, `notes`, `cashier_id`, `created_at`, `updated_at`) VALUES ('166', '137', '9900.00', 'transfer', '8', NULL, NULL, '16', '2026-03-04 13:34:57', '2026-03-04 13:34:57');
INSERT INTO `payments` (`id`, `order_id`, `amount`, `payment_method`, `payment_account_id`, `proof_path`, `notes`, `cashier_id`, `created_at`, `updated_at`) VALUES ('167', '325', '25000.00', 'cash', NULL, NULL, NULL, '16', '2026-03-04 13:40:35', '2026-03-04 13:40:35');
INSERT INTO `payments` (`id`, `order_id`, `amount`, `payment_method`, `payment_account_id`, `proof_path`, `notes`, `cashier_id`, `created_at`, `updated_at`) VALUES ('168', '296', '10000.00', 'cash', NULL, NULL, NULL, '16', '2026-03-04 13:55:22', '2026-03-04 13:55:22');
INSERT INTO `payments` (`id`, `order_id`, `amount`, `payment_method`, `payment_account_id`, `proof_path`, `notes`, `cashier_id`, `created_at`, `updated_at`) VALUES ('169', '289', '150000.00', 'cash', NULL, NULL, NULL, '16', '2026-03-04 13:57:08', '2026-03-04 13:57:08');
INSERT INTO `payments` (`id`, `order_id`, `amount`, `payment_method`, `payment_account_id`, `proof_path`, `notes`, `cashier_id`, `created_at`, `updated_at`) VALUES ('170', '180', '59500.00', 'transfer', '10', NULL, NULL, '16', '2026-03-04 14:04:04', '2026-03-04 14:04:04');
INSERT INTO `payments` (`id`, `order_id`, `amount`, `payment_method`, `payment_account_id`, `proof_path`, `notes`, `cashier_id`, `created_at`, `updated_at`) VALUES ('171', '307', '800000.00', 'transfer', '8', NULL, NULL, '16', '2026-03-04 14:09:34', '2026-03-04 14:09:34');
INSERT INTO `payments` (`id`, `order_id`, `amount`, `payment_method`, `payment_account_id`, `proof_path`, `notes`, `cashier_id`, `created_at`, `updated_at`) VALUES ('172', '274', '285000.00', 'transfer', '8', NULL, NULL, '16', '2026-03-04 14:09:59', '2026-03-04 14:09:59');
INSERT INTO `payments` (`id`, `order_id`, `amount`, `payment_method`, `payment_account_id`, `proof_path`, `notes`, `cashier_id`, `created_at`, `updated_at`) VALUES ('173', '184', '125000.00', 'cash', NULL, NULL, NULL, '16', '2026-03-04 14:11:58', '2026-03-04 14:11:58');
INSERT INTO `payments` (`id`, `order_id`, `amount`, `payment_method`, `payment_account_id`, `proof_path`, `notes`, `cashier_id`, `created_at`, `updated_at`) VALUES ('174', '311', '16800.00', 'cash', NULL, NULL, NULL, '16', '2026-03-04 14:12:51', '2026-03-04 14:12:51');
INSERT INTO `payments` (`id`, `order_id`, `amount`, `payment_method`, `payment_account_id`, `proof_path`, `notes`, `cashier_id`, `created_at`, `updated_at`) VALUES ('175', '333', '52000.00', 'cash', NULL, NULL, NULL, '16', '2026-03-04 14:12:51', '2026-03-04 14:12:51');
INSERT INTO `payments` (`id`, `order_id`, `amount`, `payment_method`, `payment_account_id`, `proof_path`, `notes`, `cashier_id`, `created_at`, `updated_at`) VALUES ('176', '208', '50000.00', 'cash', NULL, NULL, NULL, '16', '2026-03-04 14:19:08', '2026-03-04 14:19:08');
INSERT INTO `payments` (`id`, `order_id`, `amount`, `payment_method`, `payment_account_id`, `proof_path`, `notes`, `cashier_id`, `created_at`, `updated_at`) VALUES ('177', '195', '67500.00', 'transfer', '8', NULL, NULL, '16', '2026-03-04 14:37:47', '2026-03-04 14:37:47');
INSERT INTO `payments` (`id`, `order_id`, `amount`, `payment_method`, `payment_account_id`, `proof_path`, `notes`, `cashier_id`, `created_at`, `updated_at`) VALUES ('178', '247', '43200.00', 'transfer', '8', NULL, NULL, '16', '2026-03-04 14:38:04', '2026-03-04 14:38:04');
INSERT INTO `payments` (`id`, `order_id`, `amount`, `payment_method`, `payment_account_id`, `proof_path`, `notes`, `cashier_id`, `created_at`, `updated_at`) VALUES ('179', '339', '5800.00', 'cash', NULL, NULL, NULL, '16', '2026-03-04 14:45:31', '2026-03-04 14:45:31');
INSERT INTO `payments` (`id`, `order_id`, `amount`, `payment_method`, `payment_account_id`, `proof_path`, `notes`, `cashier_id`, `created_at`, `updated_at`) VALUES ('180', '235', '40800.00', 'cash', NULL, NULL, NULL, '16', '2026-03-04 14:47:01', '2026-03-04 14:47:01');
INSERT INTO `payments` (`id`, `order_id`, `amount`, `payment_method`, `payment_account_id`, `proof_path`, `notes`, `cashier_id`, `created_at`, `updated_at`) VALUES ('181', '257', '13200.00', 'cash', NULL, NULL, NULL, '16', '2026-03-04 14:47:01', '2026-03-04 14:47:01');
INSERT INTO `payments` (`id`, `order_id`, `amount`, `payment_method`, `payment_account_id`, `proof_path`, `notes`, `cashier_id`, `created_at`, `updated_at`) VALUES ('182', '300', '50000.00', 'cash', NULL, NULL, NULL, '16', '2026-03-04 14:49:23', '2026-03-04 14:49:23');
INSERT INTO `payments` (`id`, `order_id`, `amount`, `payment_method`, `payment_account_id`, `proof_path`, `notes`, `cashier_id`, `created_at`, `updated_at`) VALUES ('183', '83', '150000.00', 'cash', NULL, NULL, NULL, '16', '2026-03-04 15:01:29', '2026-03-04 15:01:29');
INSERT INTO `payments` (`id`, `order_id`, `amount`, `payment_method`, `payment_account_id`, `proof_path`, `notes`, `cashier_id`, `created_at`, `updated_at`) VALUES ('184', '335', '75000.00', 'transfer', '8', NULL, NULL, '16', '2026-03-04 15:02:27', '2026-03-04 15:02:27');
INSERT INTO `payments` (`id`, `order_id`, `amount`, `payment_method`, `payment_account_id`, `proof_path`, `notes`, `cashier_id`, `created_at`, `updated_at`) VALUES ('185', '344', '20000.00', 'cash', NULL, NULL, NULL, '16', '2026-03-04 15:03:17', '2026-03-04 15:03:17');
INSERT INTO `payments` (`id`, `order_id`, `amount`, `payment_method`, `payment_account_id`, `proof_path`, `notes`, `cashier_id`, `created_at`, `updated_at`) VALUES ('186', '102', '150000.00', 'transfer', '8', NULL, NULL, '16', '2026-03-04 15:04:14', '2026-03-04 15:04:14');
INSERT INTO `payments` (`id`, `order_id`, `amount`, `payment_method`, `payment_account_id`, `proof_path`, `notes`, `cashier_id`, `created_at`, `updated_at`) VALUES ('187', '308', '100000.00', 'cash', NULL, NULL, NULL, '16', '2026-03-04 15:18:09', '2026-03-04 15:18:09');
INSERT INTO `payments` (`id`, `order_id`, `amount`, `payment_method`, `payment_account_id`, `proof_path`, `notes`, `cashier_id`, `created_at`, `updated_at`) VALUES ('188', '340', '50000.00', 'cash', NULL, NULL, NULL, '16', '2026-03-04 15:25:35', '2026-03-04 15:25:35');
INSERT INTO `payments` (`id`, `order_id`, `amount`, `payment_method`, `payment_account_id`, `proof_path`, `notes`, `cashier_id`, `created_at`, `updated_at`) VALUES ('189', '282', '100000.00', 'cash', NULL, NULL, NULL, '16', '2026-03-04 15:30:00', '2026-03-04 15:30:00');
INSERT INTO `payments` (`id`, `order_id`, `amount`, `payment_method`, `payment_account_id`, `proof_path`, `notes`, `cashier_id`, `created_at`, `updated_at`) VALUES ('190', '147', '6800.00', 'transfer', '8', NULL, NULL, '16', '2026-03-04 15:33:01', '2026-03-04 15:33:01');
INSERT INTO `payments` (`id`, `order_id`, `amount`, `payment_method`, `payment_account_id`, `proof_path`, `notes`, `cashier_id`, `created_at`, `updated_at`) VALUES ('191', '332', '35000.00', 'cash', NULL, NULL, NULL, '16', '2026-03-04 15:34:02', '2026-03-04 15:34:02');
INSERT INTO `payments` (`id`, `order_id`, `amount`, `payment_method`, `payment_account_id`, `proof_path`, `notes`, `cashier_id`, `created_at`, `updated_at`) VALUES ('192', '351', '100000.00', 'cash', NULL, NULL, NULL, '16', '2026-03-04 15:45:14', '2026-03-04 15:45:14');
INSERT INTO `payments` (`id`, `order_id`, `amount`, `payment_method`, `payment_account_id`, `proof_path`, `notes`, `cashier_id`, `created_at`, `updated_at`) VALUES ('193', '243', '25500.00', 'cash', NULL, NULL, NULL, '16', '2026-03-04 15:59:09', '2026-03-04 15:59:09');
INSERT INTO `payments` (`id`, `order_id`, `amount`, `payment_method`, `payment_account_id`, `proof_path`, `notes`, `cashier_id`, `created_at`, `updated_at`) VALUES ('194', '244', '21200.00', 'cash', NULL, NULL, NULL, '16', '2026-03-04 15:59:09', '2026-03-04 15:59:09');
INSERT INTO `payments` (`id`, `order_id`, `amount`, `payment_method`, `payment_account_id`, `proof_path`, `notes`, `cashier_id`, `created_at`, `updated_at`) VALUES ('195', '354', '100000.00', 'cash', NULL, NULL, NULL, '16', '2026-03-04 16:00:22', '2026-03-04 16:00:22');
INSERT INTO `payments` (`id`, `order_id`, `amount`, `payment_method`, `payment_account_id`, `proof_path`, `notes`, `cashier_id`, `created_at`, `updated_at`) VALUES ('196', '51', '30000.00', 'transfer', '8', NULL, NULL, '16', '2026-03-04 16:04:14', '2026-03-04 16:04:14');
INSERT INTO `payments` (`id`, `order_id`, `amount`, `payment_method`, `payment_account_id`, `proof_path`, `notes`, `cashier_id`, `created_at`, `updated_at`) VALUES ('197', '53', '60000.00', 'transfer', '8', NULL, NULL, '16', '2026-03-04 16:04:14', '2026-03-04 16:04:14');
INSERT INTO `payments` (`id`, `order_id`, `amount`, `payment_method`, `payment_account_id`, `proof_path`, `notes`, `cashier_id`, `created_at`, `updated_at`) VALUES ('198', '155', '60000.00', 'transfer', '8', NULL, NULL, '16', '2026-03-04 16:04:14', '2026-03-04 16:04:14');
INSERT INTO `payments` (`id`, `order_id`, `amount`, `payment_method`, `payment_account_id`, `proof_path`, `notes`, `cashier_id`, `created_at`, `updated_at`) VALUES ('199', '319', '8100.00', 'transfer', '8', NULL, NULL, '16', '2026-03-04 16:06:05', '2026-03-04 16:06:05');
INSERT INTO `payments` (`id`, `order_id`, `amount`, `payment_method`, `payment_account_id`, `proof_path`, `notes`, `cashier_id`, `created_at`, `updated_at`) VALUES ('200', '329', '8100.00', 'transfer', '8', NULL, NULL, '16', '2026-03-04 16:06:05', '2026-03-04 16:06:05');
INSERT INTO `payments` (`id`, `order_id`, `amount`, `payment_method`, `payment_account_id`, `proof_path`, `notes`, `cashier_id`, `created_at`, `updated_at`) VALUES ('201', '334', '8100.00', 'transfer', '8', NULL, NULL, '16', '2026-03-04 16:06:05', '2026-03-04 16:06:05');
INSERT INTO `payments` (`id`, `order_id`, `amount`, `payment_method`, `payment_account_id`, `proof_path`, `notes`, `cashier_id`, `created_at`, `updated_at`) VALUES ('202', '337', '8100.00', 'transfer', '8', NULL, NULL, '16', '2026-03-04 16:06:05', '2026-03-04 16:06:05');
INSERT INTO `payments` (`id`, `order_id`, `amount`, `payment_method`, `payment_account_id`, `proof_path`, `notes`, `cashier_id`, `created_at`, `updated_at`) VALUES ('203', '338', '113400.00', 'transfer', '8', NULL, NULL, '16', '2026-03-04 16:06:05', '2026-03-04 16:06:05');
INSERT INTO `payments` (`id`, `order_id`, `amount`, `payment_method`, `payment_account_id`, `proof_path`, `notes`, `cashier_id`, `created_at`, `updated_at`) VALUES ('204', '347', '8100.00', 'transfer', '8', NULL, NULL, '16', '2026-03-04 16:06:05', '2026-03-04 16:06:05');
INSERT INTO `payments` (`id`, `order_id`, `amount`, `payment_method`, `payment_account_id`, `proof_path`, `notes`, `cashier_id`, `created_at`, `updated_at`) VALUES ('205', '349', '8100.00', 'transfer', '8', NULL, NULL, '16', '2026-03-04 16:06:05', '2026-03-04 16:06:05');
INSERT INTO `payments` (`id`, `order_id`, `amount`, `payment_method`, `payment_account_id`, `proof_path`, `notes`, `cashier_id`, `created_at`, `updated_at`) VALUES ('206', '352', '395000.00', 'transfer', '8', NULL, NULL, '16', '2026-03-04 16:06:05', '2026-03-04 16:06:05');
INSERT INTO `payments` (`id`, `order_id`, `amount`, `payment_method`, `payment_account_id`, `proof_path`, `notes`, `cashier_id`, `created_at`, `updated_at`) VALUES ('207', '279', '118800.00', 'transfer', '8', NULL, NULL, '16', '2026-03-04 16:18:39', '2026-03-04 16:18:39');
INSERT INTO `payments` (`id`, `order_id`, `amount`, `payment_method`, `payment_account_id`, `proof_path`, `notes`, `cashier_id`, `created_at`, `updated_at`) VALUES ('208', '285', '7100.00', 'transfer', '8', NULL, NULL, '16', '2026-03-04 16:18:39', '2026-03-04 16:18:39');
INSERT INTO `payments` (`id`, `order_id`, `amount`, `payment_method`, `payment_account_id`, `proof_path`, `notes`, `cashier_id`, `created_at`, `updated_at`) VALUES ('209', '303', '19200.00', 'transfer', '8', NULL, NULL, '16', '2026-03-04 16:18:39', '2026-03-04 16:18:39');
INSERT INTO `payments` (`id`, `order_id`, `amount`, `payment_method`, `payment_account_id`, `proof_path`, `notes`, `cashier_id`, `created_at`, `updated_at`) VALUES ('210', '54', '592450.00', 'transfer', '8', NULL, NULL, '16', '2026-03-04 16:21:47', '2026-03-04 16:21:47');
INSERT INTO `payments` (`id`, `order_id`, `amount`, `payment_method`, `payment_account_id`, `proof_path`, `notes`, `cashier_id`, `created_at`, `updated_at`) VALUES ('211', '216', '11600.00', 'transfer', '8', NULL, NULL, '16', '2026-03-04 16:22:08', '2026-03-04 16:22:08');
INSERT INTO `payments` (`id`, `order_id`, `amount`, `payment_method`, `payment_account_id`, `proof_path`, `notes`, `cashier_id`, `created_at`, `updated_at`) VALUES ('212', '317', '6400.00', 'transfer', '8', NULL, NULL, '16', '2026-03-04 16:23:00', '2026-03-04 16:23:00');
INSERT INTO `payments` (`id`, `order_id`, `amount`, `payment_method`, `payment_account_id`, `proof_path`, `notes`, `cashier_id`, `created_at`, `updated_at`) VALUES ('213', '265', '20000.00', 'transfer', '11', NULL, NULL, '16', '2026-03-04 16:23:44', '2026-03-04 16:23:44');
INSERT INTO `payments` (`id`, `order_id`, `amount`, `payment_method`, `payment_account_id`, `proof_path`, `notes`, `cashier_id`, `created_at`, `updated_at`) VALUES ('214', '330', '4600.00', 'transfer', '8', NULL, NULL, '16', '2026-03-04 16:24:15', '2026-03-04 16:24:15');
INSERT INTO `payments` (`id`, `order_id`, `amount`, `payment_method`, `payment_account_id`, `proof_path`, `notes`, `cashier_id`, `created_at`, `updated_at`) VALUES ('215', '356', '16500.00', 'transfer', '8', NULL, NULL, '16', '2026-03-04 16:30:01', '2026-03-04 16:30:01');
INSERT INTO `payments` (`id`, `order_id`, `amount`, `payment_method`, `payment_account_id`, `proof_path`, `notes`, `cashier_id`, `created_at`, `updated_at`) VALUES ('216', '357', '16500.00', 'transfer', '8', NULL, NULL, '16', '2026-03-04 16:30:01', '2026-03-04 16:30:01');
INSERT INTO `payments` (`id`, `order_id`, `amount`, `payment_method`, `payment_account_id`, `proof_path`, `notes`, `cashier_id`, `created_at`, `updated_at`) VALUES ('217', '360', '5400.00', 'transfer', '8', NULL, NULL, '16', '2026-03-04 16:30:01', '2026-03-04 16:30:01');
INSERT INTO `payments` (`id`, `order_id`, `amount`, `payment_method`, `payment_account_id`, `proof_path`, `notes`, `cashier_id`, `created_at`, `updated_at`) VALUES ('218', '178', '180000.00', 'transfer', '8', NULL, NULL, '16', '2026-03-04 16:44:12', '2026-03-04 16:44:12');
INSERT INTO `payments` (`id`, `order_id`, `amount`, `payment_method`, `payment_account_id`, `proof_path`, `notes`, `cashier_id`, `created_at`, `updated_at`) VALUES ('219', '217', '81000.00', 'transfer', '10', NULL, NULL, '16', '2026-03-04 16:45:53', '2026-03-04 16:45:53');
INSERT INTO `payments` (`id`, `order_id`, `amount`, `payment_method`, `payment_account_id`, `proof_path`, `notes`, `cashier_id`, `created_at`, `updated_at`) VALUES ('220', '288', '100000.00', 'transfer', '10', NULL, NULL, '16', '2026-03-04 16:54:22', '2026-03-04 16:54:22');
INSERT INTO `payments` (`id`, `order_id`, `amount`, `payment_method`, `payment_account_id`, `proof_path`, `notes`, `cashier_id`, `created_at`, `updated_at`) VALUES ('221', '309', '46500.00', 'transfer', '8', NULL, NULL, '16', '2026-03-04 16:54:44', '2026-03-04 16:54:44');
INSERT INTO `payments` (`id`, `order_id`, `amount`, `payment_method`, `payment_account_id`, `proof_path`, `notes`, `cashier_id`, `created_at`, `updated_at`) VALUES ('222', '258', '5000.00', 'cash', NULL, NULL, NULL, '16', '2026-03-04 16:58:15', '2026-03-04 16:58:15');
INSERT INTO `payments` (`id`, `order_id`, `amount`, `payment_method`, `payment_account_id`, `proof_path`, `notes`, `cashier_id`, `created_at`, `updated_at`) VALUES ('223', '179', '50000.00', 'cash', NULL, NULL, NULL, '16', '2026-03-04 17:00:12', '2026-03-04 17:00:12');
INSERT INTO `payments` (`id`, `order_id`, `amount`, `payment_method`, `payment_account_id`, `proof_path`, `notes`, `cashier_id`, `created_at`, `updated_at`) VALUES ('224', '277', '53000.00', 'transfer', '8', NULL, NULL, '16', '2026-03-04 17:06:49', '2026-03-04 17:06:49');
INSERT INTO `payments` (`id`, `order_id`, `amount`, `payment_method`, `payment_account_id`, `proof_path`, `notes`, `cashier_id`, `created_at`, `updated_at`) VALUES ('225', '291', '56100.00', 'transfer', '8', NULL, NULL, '16', '2026-03-04 17:06:49', '2026-03-04 17:06:49');
INSERT INTO `payments` (`id`, `order_id`, `amount`, `payment_method`, `payment_account_id`, `proof_path`, `notes`, `cashier_id`, `created_at`, `updated_at`) VALUES ('226', '267', '130000.00', 'cash', NULL, NULL, NULL, '16', '2026-03-05 09:16:06', '2026-03-05 09:16:06');
INSERT INTO `payments` (`id`, `order_id`, `amount`, `payment_method`, `payment_account_id`, `proof_path`, `notes`, `cashier_id`, `created_at`, `updated_at`) VALUES ('227', '369', '150000.00', 'cash', NULL, NULL, NULL, '16', '2026-03-05 09:28:21', '2026-03-05 09:28:21');
INSERT INTO `payments` (`id`, `order_id`, `amount`, `payment_method`, `payment_account_id`, `proof_path`, `notes`, `cashier_id`, `created_at`, `updated_at`) VALUES ('228', '327', '20000.00', 'cash', NULL, NULL, NULL, '16', '2026-03-05 09:42:33', '2026-03-05 09:42:33');
INSERT INTO `payments` (`id`, `order_id`, `amount`, `payment_method`, `payment_account_id`, `proof_path`, `notes`, `cashier_id`, `created_at`, `updated_at`) VALUES ('229', '275', '70000.00', 'cash', NULL, NULL, NULL, '16', '2026-03-05 09:44:59', '2026-03-05 09:44:59');
INSERT INTO `payments` (`id`, `order_id`, `amount`, `payment_method`, `payment_account_id`, `proof_path`, `notes`, `cashier_id`, `created_at`, `updated_at`) VALUES ('230', '305', '40800.00', 'cash', NULL, NULL, NULL, '16', '2026-03-05 09:50:32', '2026-03-05 09:50:32');
INSERT INTO `payments` (`id`, `order_id`, `amount`, `payment_method`, `payment_account_id`, `proof_path`, `notes`, `cashier_id`, `created_at`, `updated_at`) VALUES ('231', '313', '15000.00', 'cash', NULL, NULL, NULL, '16', '2026-03-05 09:50:32', '2026-03-05 09:50:32');
INSERT INTO `payments` (`id`, `order_id`, `amount`, `payment_method`, `payment_account_id`, `proof_path`, `notes`, `cashier_id`, `created_at`, `updated_at`) VALUES ('232', '299', '125000.00', 'transfer', '8', NULL, NULL, '16', '2026-03-05 10:17:04', '2026-03-05 10:17:04');
INSERT INTO `payments` (`id`, `order_id`, `amount`, `payment_method`, `payment_account_id`, `proof_path`, `notes`, `cashier_id`, `created_at`, `updated_at`) VALUES ('233', '324', '18000.00', 'cash', NULL, NULL, NULL, '16', '2026-03-05 10:19:31', '2026-03-05 10:19:31');
INSERT INTO `payments` (`id`, `order_id`, `amount`, `payment_method`, `payment_account_id`, `proof_path`, `notes`, `cashier_id`, `created_at`, `updated_at`) VALUES ('234', '193', '112500.00', 'cash', NULL, NULL, NULL, '16', '2026-03-05 10:23:19', '2026-03-05 10:23:19');
INSERT INTO `payments` (`id`, `order_id`, `amount`, `payment_method`, `payment_account_id`, `proof_path`, `notes`, `cashier_id`, `created_at`, `updated_at`) VALUES ('235', '214', '138000.00', 'cash', NULL, NULL, NULL, '16', '2026-03-05 10:23:19', '2026-03-05 10:23:19');
INSERT INTO `payments` (`id`, `order_id`, `amount`, `payment_method`, `payment_account_id`, `proof_path`, `notes`, `cashier_id`, `created_at`, `updated_at`) VALUES ('236', '254', '15000.00', 'cash', NULL, NULL, NULL, '16', '2026-03-05 10:44:22', '2026-03-05 10:44:22');
INSERT INTO `payments` (`id`, `order_id`, `amount`, `payment_method`, `payment_account_id`, `proof_path`, `notes`, `cashier_id`, `created_at`, `updated_at`) VALUES ('237', '255', '48600.00', 'transfer', '10', NULL, NULL, '16', '2026-03-05 11:06:48', '2026-03-05 11:06:48');
INSERT INTO `payments` (`id`, `order_id`, `amount`, `payment_method`, `payment_account_id`, `proof_path`, `notes`, `cashier_id`, `created_at`, `updated_at`) VALUES ('238', '66', '5000.00', 'transfer', '8', NULL, NULL, '16', '2026-03-05 11:07:26', '2026-03-05 11:07:26');
INSERT INTO `payments` (`id`, `order_id`, `amount`, `payment_method`, `payment_account_id`, `proof_path`, `notes`, `cashier_id`, `created_at`, `updated_at`) VALUES ('239', '227', '130000.00', 'transfer', '8', NULL, NULL, '16', '2026-03-05 11:07:26', '2026-03-05 11:07:26');
INSERT INTO `payments` (`id`, `order_id`, `amount`, `payment_method`, `payment_account_id`, `proof_path`, `notes`, `cashier_id`, `created_at`, `updated_at`) VALUES ('240', '343', '465000.00', 'transfer', '8', NULL, NULL, '16', '2026-03-05 11:07:48', '2026-03-05 11:07:48');
INSERT INTO `payments` (`id`, `order_id`, `amount`, `payment_method`, `payment_account_id`, `proof_path`, `notes`, `cashier_id`, `created_at`, `updated_at`) VALUES ('241', '290', '52000.00', 'transfer', '8', NULL, NULL, '16', '2026-03-05 11:08:11', '2026-03-05 11:08:11');
INSERT INTO `payments` (`id`, `order_id`, `amount`, `payment_method`, `payment_account_id`, `proof_path`, `notes`, `cashier_id`, `created_at`, `updated_at`) VALUES ('242', '412', '5200.00', 'cash', NULL, NULL, NULL, '16', '2026-03-05 11:34:06', '2026-03-05 11:34:06');
INSERT INTO `payments` (`id`, `order_id`, `amount`, `payment_method`, `payment_account_id`, `proof_path`, `notes`, `cashier_id`, `created_at`, `updated_at`) VALUES ('243', '388', '8100.00', 'cash', NULL, NULL, NULL, '16', '2026-03-05 11:46:09', '2026-03-05 11:46:09');
INSERT INTO `payments` (`id`, `order_id`, `amount`, `payment_method`, `payment_account_id`, `proof_path`, `notes`, `cashier_id`, `created_at`, `updated_at`) VALUES ('244', '389', '23100.00', 'cash', NULL, NULL, NULL, '16', '2026-03-05 11:46:09', '2026-03-05 11:46:09');
INSERT INTO `payments` (`id`, `order_id`, `amount`, `payment_method`, `payment_account_id`, `proof_path`, `notes`, `cashier_id`, `created_at`, `updated_at`) VALUES ('245', '422', '50000.00', 'transfer', '8', NULL, NULL, '16', '2026-03-05 13:10:57', '2026-03-05 13:10:57');
INSERT INTO `payments` (`id`, `order_id`, `amount`, `payment_method`, `payment_account_id`, `proof_path`, `notes`, `cashier_id`, `created_at`, `updated_at`) VALUES ('246', '425', '100000.00', 'cash', NULL, NULL, NULL, '16', '2026-03-05 13:17:37', '2026-03-05 13:17:37');
INSERT INTO `payments` (`id`, `order_id`, `amount`, `payment_method`, `payment_account_id`, `proof_path`, `notes`, `cashier_id`, `created_at`, `updated_at`) VALUES ('247', '429', '9999.00', 'cash', NULL, NULL, NULL, '16', '2026-03-05 13:32:49', '2026-03-05 13:32:49');
INSERT INTO `payments` (`id`, `order_id`, `amount`, `payment_method`, `payment_account_id`, `proof_path`, `notes`, `cashier_id`, `created_at`, `updated_at`) VALUES ('248', '328', '28600.00', 'transfer', '8', NULL, NULL, '16', '2026-03-05 13:35:58', '2026-03-05 13:35:58');
INSERT INTO `payments` (`id`, `order_id`, `amount`, `payment_method`, `payment_account_id`, `proof_path`, `notes`, `cashier_id`, `created_at`, `updated_at`) VALUES ('249', '416', '11000.00', 'transfer', '8', NULL, NULL, '16', '2026-03-05 13:35:58', '2026-03-05 13:35:58');
INSERT INTO `payments` (`id`, `order_id`, `amount`, `payment_method`, `payment_account_id`, `proof_path`, `notes`, `cashier_id`, `created_at`, `updated_at`) VALUES ('250', '417', '5000.00', 'transfer', '8', NULL, NULL, '16', '2026-03-05 13:35:58', '2026-03-05 13:35:58');
INSERT INTO `payments` (`id`, `order_id`, `amount`, `payment_method`, `payment_account_id`, `proof_path`, `notes`, `cashier_id`, `created_at`, `updated_at`) VALUES ('251', '47', '129900.00', 'cash', NULL, NULL, NULL, '16', '2026-03-05 13:39:23', '2026-03-05 13:39:23');
INSERT INTO `payments` (`id`, `order_id`, `amount`, `payment_method`, `payment_account_id`, `proof_path`, `notes`, `cashier_id`, `created_at`, `updated_at`) VALUES ('252', '114', '398550.00', 'cash', NULL, NULL, NULL, '16', '2026-03-05 13:39:23', '2026-03-05 13:39:23');
INSERT INTO `payments` (`id`, `order_id`, `amount`, `payment_method`, `payment_account_id`, `proof_path`, `notes`, `cashier_id`, `created_at`, `updated_at`) VALUES ('253', '322', '6600.00', 'cash', NULL, NULL, NULL, '16', '2026-03-05 14:12:46', '2026-03-05 14:12:46');
INSERT INTO `payments` (`id`, `order_id`, `amount`, `payment_method`, `payment_account_id`, `proof_path`, `notes`, `cashier_id`, `created_at`, `updated_at`) VALUES ('254', '323', '35000.00', 'cash', NULL, NULL, NULL, '16', '2026-03-05 14:12:46', '2026-03-05 14:12:46');
INSERT INTO `payments` (`id`, `order_id`, `amount`, `payment_method`, `payment_account_id`, `proof_path`, `notes`, `cashier_id`, `created_at`, `updated_at`) VALUES ('255', '423', '20000.00', 'cash', NULL, NULL, NULL, '5', '2026-03-05 14:20:20', '2026-03-05 14:20:20');
INSERT INTO `payments` (`id`, `order_id`, `amount`, `payment_method`, `payment_account_id`, `proof_path`, `notes`, `cashier_id`, `created_at`, `updated_at`) VALUES ('256', '414', '11500.00', 'cash', NULL, NULL, NULL, '16', '2026-03-05 15:24:41', '2026-03-05 15:24:41');
INSERT INTO `payments` (`id`, `order_id`, `amount`, `payment_method`, `payment_account_id`, `proof_path`, `notes`, `cashier_id`, `created_at`, `updated_at`) VALUES ('257', '415', '5400.00', 'cash', NULL, NULL, NULL, '16', '2026-03-05 15:24:41', '2026-03-05 15:24:41');
INSERT INTO `payments` (`id`, `order_id`, `amount`, `payment_method`, `payment_account_id`, `proof_path`, `notes`, `cashier_id`, `created_at`, `updated_at`) VALUES ('258', '380', '50000.00', 'cash', NULL, NULL, NULL, '16', '2026-03-05 15:29:00', '2026-03-05 15:29:00');
INSERT INTO `payments` (`id`, `order_id`, `amount`, `payment_method`, `payment_account_id`, `proof_path`, `notes`, `cashier_id`, `created_at`, `updated_at`) VALUES ('259', '419', '10000.00', 'cash', NULL, NULL, NULL, '16', '2026-03-05 15:35:11', '2026-03-05 15:35:11');
INSERT INTO `payments` (`id`, `order_id`, `amount`, `payment_method`, `payment_account_id`, `proof_path`, `notes`, `cashier_id`, `created_at`, `updated_at`) VALUES ('260', '196', '14000.00', 'transfer', '8', NULL, NULL, '16', '2026-03-05 15:39:37', '2026-03-05 15:39:37');
INSERT INTO `payments` (`id`, `order_id`, `amount`, `payment_method`, `payment_account_id`, `proof_path`, `notes`, `cashier_id`, `created_at`, `updated_at`) VALUES ('261', '272', '345000.00', 'transfer', '8', NULL, NULL, '16', '2026-03-05 15:39:37', '2026-03-05 15:39:37');
INSERT INTO `payments` (`id`, `order_id`, `amount`, `payment_method`, `payment_account_id`, `proof_path`, `notes`, `cashier_id`, `created_at`, `updated_at`) VALUES ('262', '281', '15400.00', 'transfer', '8', NULL, NULL, '16', '2026-03-05 15:39:37', '2026-03-05 15:39:37');
INSERT INTO `payments` (`id`, `order_id`, `amount`, `payment_method`, `payment_account_id`, `proof_path`, `notes`, `cashier_id`, `created_at`, `updated_at`) VALUES ('263', '190', '5200.00', 'transfer', '11', NULL, NULL, '16', '2026-03-05 15:41:17', '2026-03-05 15:41:17');
INSERT INTO `payments` (`id`, `order_id`, `amount`, `payment_method`, `payment_account_id`, `proof_path`, `notes`, `cashier_id`, `created_at`, `updated_at`) VALUES ('264', '251', '25000.00', 'transfer', '11', NULL, NULL, '16', '2026-03-05 15:41:17', '2026-03-05 15:41:17');
INSERT INTO `payments` (`id`, `order_id`, `amount`, `payment_method`, `payment_account_id`, `proof_path`, `notes`, `cashier_id`, `created_at`, `updated_at`) VALUES ('265', '424', '160000.00', 'transfer', '8', NULL, NULL, '16', '2026-03-05 15:42:12', '2026-03-05 15:42:12');
INSERT INTO `payments` (`id`, `order_id`, `amount`, `payment_method`, `payment_account_id`, `proof_path`, `notes`, `cashier_id`, `created_at`, `updated_at`) VALUES ('266', '430', '10400.00', 'transfer', '8', NULL, NULL, '16', '2026-03-05 15:42:49', '2026-03-05 15:42:49');
INSERT INTO `payments` (`id`, `order_id`, `amount`, `payment_method`, `payment_account_id`, `proof_path`, `notes`, `cashier_id`, `created_at`, `updated_at`) VALUES ('267', '365', '310000.00', 'transfer', '11', NULL, NULL, '16', '2026-03-05 15:44:21', '2026-03-05 15:44:21');
INSERT INTO `payments` (`id`, `order_id`, `amount`, `payment_method`, `payment_account_id`, `proof_path`, `notes`, `cashier_id`, `created_at`, `updated_at`) VALUES ('268', '366', '16500.00', 'transfer', '8', NULL, NULL, '16', '2026-03-05 15:45:01', '2026-03-05 15:45:01');
INSERT INTO `payments` (`id`, `order_id`, `amount`, `payment_method`, `payment_account_id`, `proof_path`, `notes`, `cashier_id`, `created_at`, `updated_at`) VALUES ('269', '375', '33000.00', 'transfer', '8', NULL, NULL, '16', '2026-03-05 15:45:01', '2026-03-05 15:45:01');
INSERT INTO `payments` (`id`, `order_id`, `amount`, `payment_method`, `payment_account_id`, `proof_path`, `notes`, `cashier_id`, `created_at`, `updated_at`) VALUES ('270', '242', '3300.00', 'cash', NULL, NULL, NULL, '16', '2026-03-05 15:47:05', '2026-03-05 15:47:05');
INSERT INTO `payments` (`id`, `order_id`, `amount`, `payment_method`, `payment_account_id`, `proof_path`, `notes`, `cashier_id`, `created_at`, `updated_at`) VALUES ('271', '336', '85000.00', 'cash', NULL, NULL, NULL, '16', '2026-03-05 15:47:05', '2026-03-05 15:47:05');
INSERT INTO `payments` (`id`, `order_id`, `amount`, `payment_method`, `payment_account_id`, `proof_path`, `notes`, `cashier_id`, `created_at`, `updated_at`) VALUES ('272', '371', '2900.00', 'transfer', '8', NULL, NULL, '16', '2026-03-05 15:47:28', '2026-03-05 15:47:28');
INSERT INTO `payments` (`id`, `order_id`, `amount`, `payment_method`, `payment_account_id`, `proof_path`, `notes`, `cashier_id`, `created_at`, `updated_at`) VALUES ('273', '394', '108000.00', 'transfer', '8', NULL, NULL, '16', '2026-03-05 15:47:28', '2026-03-05 15:47:28');
INSERT INTO `payments` (`id`, `order_id`, `amount`, `payment_method`, `payment_account_id`, `proof_path`, `notes`, `cashier_id`, `created_at`, `updated_at`) VALUES ('274', '440', '2900.00', 'transfer', '8', NULL, NULL, '16', '2026-03-05 15:47:28', '2026-03-05 15:47:28');
INSERT INTO `payments` (`id`, `order_id`, `amount`, `payment_method`, `payment_account_id`, `proof_path`, `notes`, `cashier_id`, `created_at`, `updated_at`) VALUES ('275', '171', '357000.00', 'transfer', '10', NULL, NULL, '16', '2026-03-05 15:48:26', '2026-03-05 15:48:26');
INSERT INTO `payments` (`id`, `order_id`, `amount`, `payment_method`, `payment_account_id`, `proof_path`, `notes`, `cashier_id`, `created_at`, `updated_at`) VALUES ('276', '167', '5200.00', 'cash', NULL, NULL, NULL, '16', '2026-03-05 15:53:50', '2026-03-05 15:53:50');
INSERT INTO `payments` (`id`, `order_id`, `amount`, `payment_method`, `payment_account_id`, `proof_path`, `notes`, `cashier_id`, `created_at`, `updated_at`) VALUES ('277', '398', '54600.00', 'cash', NULL, NULL, NULL, '16', '2026-03-05 15:53:50', '2026-03-05 15:53:50');
INSERT INTO `payments` (`id`, `order_id`, `amount`, `payment_method`, `payment_account_id`, `proof_path`, `notes`, `cashier_id`, `created_at`, `updated_at`) VALUES ('278', '399', '30000.00', 'cash', NULL, NULL, NULL, '16', '2026-03-05 15:53:50', '2026-03-05 15:53:50');
INSERT INTO `payments` (`id`, `order_id`, `amount`, `payment_method`, `payment_account_id`, `proof_path`, `notes`, `cashier_id`, `created_at`, `updated_at`) VALUES ('279', '402', '12100.00', 'cash', NULL, NULL, NULL, '16', '2026-03-05 15:55:37', '2026-03-05 15:55:37');
INSERT INTO `payments` (`id`, `order_id`, `amount`, `payment_method`, `payment_account_id`, `proof_path`, `notes`, `cashier_id`, `created_at`, `updated_at`) VALUES ('280', '409', '5200.00', 'cash', NULL, NULL, NULL, '16', '2026-03-05 15:55:37', '2026-03-05 15:55:37');
INSERT INTO `payments` (`id`, `order_id`, `amount`, `payment_method`, `payment_account_id`, `proof_path`, `notes`, `cashier_id`, `created_at`, `updated_at`) VALUES ('281', '410', '2900.00', 'cash', NULL, NULL, NULL, '16', '2026-03-05 15:55:37', '2026-03-05 15:55:37');
INSERT INTO `payments` (`id`, `order_id`, `amount`, `payment_method`, `payment_account_id`, `proof_path`, `notes`, `cashier_id`, `created_at`, `updated_at`) VALUES ('282', '362', '12800.00', 'cash', NULL, NULL, NULL, '16', '2026-03-05 16:00:58', '2026-03-05 16:00:58');
INSERT INTO `payments` (`id`, `order_id`, `amount`, `payment_method`, `payment_account_id`, `proof_path`, `notes`, `cashier_id`, `created_at`, `updated_at`) VALUES ('283', '411', '45000.00', 'cash', NULL, NULL, NULL, '16', '2026-03-05 16:06:59', '2026-03-05 16:06:59');
INSERT INTO `payments` (`id`, `order_id`, `amount`, `payment_method`, `payment_account_id`, `proof_path`, `notes`, `cashier_id`, `created_at`, `updated_at`) VALUES ('284', '392', '100000.00', 'cash', NULL, NULL, NULL, '16', '2026-03-05 16:07:45', '2026-03-05 16:07:45');
INSERT INTO `payments` (`id`, `order_id`, `amount`, `payment_method`, `payment_account_id`, `proof_path`, `notes`, `cashier_id`, `created_at`, `updated_at`) VALUES ('285', '75', '192000.00', 'transfer', '8', NULL, NULL, '16', '2026-03-05 16:10:03', '2026-03-05 16:10:03');
INSERT INTO `payments` (`id`, `order_id`, `amount`, `payment_method`, `payment_account_id`, `proof_path`, `notes`, `cashier_id`, `created_at`, `updated_at`) VALUES ('286', '403', '300000.00', 'transfer', '8', NULL, NULL, '16', '2026-03-05 16:10:03', '2026-03-05 16:10:03');
INSERT INTO `payments` (`id`, `order_id`, `amount`, `payment_method`, `payment_account_id`, `proof_path`, `notes`, `cashier_id`, `created_at`, `updated_at`) VALUES ('287', '382', '50000.00', 'cash', NULL, NULL, NULL, '16', '2026-03-05 16:23:27', '2026-03-05 16:23:27');
INSERT INTO `payments` (`id`, `order_id`, `amount`, `payment_method`, `payment_account_id`, `proof_path`, `notes`, `cashier_id`, `created_at`, `updated_at`) VALUES ('288', '408', '52000.00', 'cash', NULL, NULL, NULL, '16', '2026-03-05 16:45:23', '2026-03-05 16:45:23');
INSERT INTO `payments` (`id`, `order_id`, `amount`, `payment_method`, `payment_account_id`, `proof_path`, `notes`, `cashier_id`, `created_at`, `updated_at`) VALUES ('289', '287', '15000.00', 'transfer', '8', NULL, NULL, '16', '2026-03-05 16:46:31', '2026-03-05 16:46:31');
INSERT INTO `payments` (`id`, `order_id`, `amount`, `payment_method`, `payment_account_id`, `proof_path`, `notes`, `cashier_id`, `created_at`, `updated_at`) VALUES ('290', '374', '20000.00', 'cash', NULL, NULL, NULL, '16', '2026-03-05 16:49:53', '2026-03-05 16:49:53');
INSERT INTO `payments` (`id`, `order_id`, `amount`, `payment_method`, `payment_account_id`, `proof_path`, `notes`, `cashier_id`, `created_at`, `updated_at`) VALUES ('291', '418', '50000.00', 'cash', NULL, NULL, NULL, '16', '2026-03-05 17:11:06', '2026-03-05 17:11:06');
INSERT INTO `payments` (`id`, `order_id`, `amount`, `payment_method`, `payment_account_id`, `proof_path`, `notes`, `cashier_id`, `created_at`, `updated_at`) VALUES ('292', '387', '150000.00', 'cash', NULL, NULL, NULL, '5', '2026-03-06 09:17:07', '2026-03-06 09:17:07');
INSERT INTO `payments` (`id`, `order_id`, `amount`, `payment_method`, `payment_account_id`, `proof_path`, `notes`, `cashier_id`, `created_at`, `updated_at`) VALUES ('293', '469', '100000.00', 'cash', NULL, NULL, NULL, '5', '2026-03-06 09:24:14', '2026-03-06 09:24:14');
INSERT INTO `payments` (`id`, `order_id`, `amount`, `payment_method`, `payment_account_id`, `proof_path`, `notes`, `cashier_id`, `created_at`, `updated_at`) VALUES ('294', '483', '23100.00', 'cash', NULL, NULL, NULL, '5', '2026-03-06 09:42:44', '2026-03-06 09:42:44');
INSERT INTO `payments` (`id`, `order_id`, `amount`, `payment_method`, `payment_account_id`, `proof_path`, `notes`, `cashier_id`, `created_at`, `updated_at`) VALUES ('295', '484', '90000.00', 'cash', NULL, NULL, NULL, '5', '2026-03-06 09:42:44', '2026-03-06 09:42:44');
INSERT INTO `payments` (`id`, `order_id`, `amount`, `payment_method`, `payment_account_id`, `proof_path`, `notes`, `cashier_id`, `created_at`, `updated_at`) VALUES ('296', '373', '60000.00', 'transfer', '10', NULL, NULL, '16', '2026-03-06 09:51:18', '2026-03-06 09:51:18');
INSERT INTO `payments` (`id`, `order_id`, `amount`, `payment_method`, `payment_account_id`, `proof_path`, `notes`, `cashier_id`, `created_at`, `updated_at`) VALUES ('297', '506', '45000.00', 'transfer', '8', NULL, NULL, '16', '2026-03-06 10:12:52', '2026-03-06 10:12:52');
INSERT INTO `payments` (`id`, `order_id`, `amount`, `payment_method`, `payment_account_id`, `proof_path`, `notes`, `cashier_id`, `created_at`, `updated_at`) VALUES ('298', '480', '360000.00', 'cash', NULL, NULL, NULL, '16', '2026-03-06 10:51:56', '2026-03-06 10:51:56');
INSERT INTO `payments` (`id`, `order_id`, `amount`, `payment_method`, `payment_account_id`, `proof_path`, `notes`, `cashier_id`, `created_at`, `updated_at`) VALUES ('299', '481', '100000.00', 'cash', NULL, NULL, NULL, '16', '2026-03-06 10:59:21', '2026-03-06 10:59:21');
INSERT INTO `payments` (`id`, `order_id`, `amount`, `payment_method`, `payment_account_id`, `proof_path`, `notes`, `cashier_id`, `created_at`, `updated_at`) VALUES ('300', '378', '30000.00', 'cash', NULL, NULL, NULL, '16', '2026-03-06 11:04:27', '2026-03-06 11:04:27');
INSERT INTO `payments` (`id`, `order_id`, `amount`, `payment_method`, `payment_account_id`, `proof_path`, `notes`, `cashier_id`, `created_at`, `updated_at`) VALUES ('301', '397', '133450.00', 'cash', NULL, NULL, NULL, '16', '2026-03-06 11:04:27', '2026-03-06 11:04:27');
INSERT INTO `payments` (`id`, `order_id`, `amount`, `payment_method`, `payment_account_id`, `proof_path`, `notes`, `cashier_id`, `created_at`, `updated_at`) VALUES ('302', '101', '172000.00', 'cash', NULL, NULL, NULL, '16', '2026-03-06 11:12:46', '2026-03-06 11:12:46');
INSERT INTO `payments` (`id`, `order_id`, `amount`, `payment_method`, `payment_account_id`, `proof_path`, `notes`, `cashier_id`, `created_at`, `updated_at`) VALUES ('303', '405', '25000.00', 'transfer', '8', NULL, NULL, '16', '2026-03-06 11:18:39', '2026-03-06 11:18:39');
INSERT INTO `payments` (`id`, `order_id`, `amount`, `payment_method`, `payment_account_id`, `proof_path`, `notes`, `cashier_id`, `created_at`, `updated_at`) VALUES ('304', '534', '22000.00', 'cash', NULL, NULL, NULL, '16', '2026-03-06 11:24:28', '2026-03-06 11:24:28');
INSERT INTO `payments` (`id`, `order_id`, `amount`, `payment_method`, `payment_account_id`, `proof_path`, `notes`, `cashier_id`, `created_at`, `updated_at`) VALUES ('305', '515', '33000.00', 'transfer', '8', NULL, NULL, '16', '2026-03-06 11:26:05', '2026-03-06 11:26:05');
INSERT INTO `payments` (`id`, `order_id`, `amount`, `payment_method`, `payment_account_id`, `proof_path`, `notes`, `cashier_id`, `created_at`, `updated_at`) VALUES ('306', '542', '22000.00', 'cash', NULL, NULL, NULL, '16', '2026-03-06 11:50:56', '2026-03-06 11:50:56');
INSERT INTO `payments` (`id`, `order_id`, `amount`, `payment_method`, `payment_account_id`, `proof_path`, `notes`, `cashier_id`, `created_at`, `updated_at`) VALUES ('307', '48', '90000.00', 'transfer', '8', NULL, NULL, '16', '2026-03-06 12:38:47', '2026-03-06 12:38:47');
INSERT INTO `payments` (`id`, `order_id`, `amount`, `payment_method`, `payment_account_id`, `proof_path`, `notes`, `cashier_id`, `created_at`, `updated_at`) VALUES ('308', '181', '50000.00', 'transfer', '8', NULL, NULL, '16', '2026-03-06 12:40:19', '2026-03-06 12:40:19');
INSERT INTO `payments` (`id`, `order_id`, `amount`, `payment_method`, `payment_account_id`, `proof_path`, `notes`, `cashier_id`, `created_at`, `updated_at`) VALUES ('309', '172', '93000.00', 'transfer', '11', NULL, NULL, '16', '2026-03-06 12:46:49', '2026-03-06 12:46:49');
INSERT INTO `payments` (`id`, `order_id`, `amount`, `payment_method`, `payment_account_id`, `proof_path`, `notes`, `cashier_id`, `created_at`, `updated_at`) VALUES ('310', '176', '14500.00', 'transfer', '11', NULL, NULL, '16', '2026-03-06 12:46:49', '2026-03-06 12:46:49');
INSERT INTO `payments` (`id`, `order_id`, `amount`, `payment_method`, `payment_account_id`, `proof_path`, `notes`, `cashier_id`, `created_at`, `updated_at`) VALUES ('311', '225', '8800.00', 'transfer', '11', NULL, NULL, '16', '2026-03-06 12:46:49', '2026-03-06 12:46:49');
INSERT INTO `payments` (`id`, `order_id`, `amount`, `payment_method`, `payment_account_id`, `proof_path`, `notes`, `cashier_id`, `created_at`, `updated_at`) VALUES ('312', '160', '46800.00', 'transfer', '8', NULL, NULL, '16', '2026-03-06 12:48:26', '2026-03-06 12:48:26');
INSERT INTO `payments` (`id`, `order_id`, `amount`, `payment_method`, `payment_account_id`, `proof_path`, `notes`, `cashier_id`, `created_at`, `updated_at`) VALUES ('313', '161', '26400.00', 'transfer', '8', NULL, NULL, '16', '2026-03-06 12:48:26', '2026-03-06 12:48:26');
INSERT INTO `payments` (`id`, `order_id`, `amount`, `payment_method`, `payment_account_id`, `proof_path`, `notes`, `cashier_id`, `created_at`, `updated_at`) VALUES ('314', '261', '24200.00', 'transfer', '8', NULL, NULL, '16', '2026-03-06 12:50:40', '2026-03-06 12:50:40');
INSERT INTO `payments` (`id`, `order_id`, `amount`, `payment_method`, `payment_account_id`, `proof_path`, `notes`, `cashier_id`, `created_at`, `updated_at`) VALUES ('315', '263', '170000.00', 'transfer', '8', NULL, NULL, '16', '2026-03-06 12:50:40', '2026-03-06 12:50:40');
INSERT INTO `payments` (`id`, `order_id`, `amount`, `payment_method`, `payment_account_id`, `proof_path`, `notes`, `cashier_id`, `created_at`, `updated_at`) VALUES ('316', '306', '500000.00', 'transfer', '8', NULL, NULL, '16', '2026-03-06 12:51:44', '2026-03-06 12:51:44');
INSERT INTO `payments` (`id`, `order_id`, `amount`, `payment_method`, `payment_account_id`, `proof_path`, `notes`, `cashier_id`, `created_at`, `updated_at`) VALUES ('317', '393', '15000.00', 'transfer', '8', NULL, NULL, '16', '2026-03-06 12:51:44', '2026-03-06 12:51:44');
INSERT INTO `payments` (`id`, `order_id`, `amount`, `payment_method`, `payment_account_id`, `proof_path`, `notes`, `cashier_id`, `created_at`, `updated_at`) VALUES ('318', '284', '480000.00', 'transfer', '11', NULL, NULL, '16', '2026-03-06 12:52:49', '2026-03-06 12:52:49');
INSERT INTO `payments` (`id`, `order_id`, `amount`, `payment_method`, `payment_account_id`, `proof_path`, `notes`, `cashier_id`, `created_at`, `updated_at`) VALUES ('319', '353', '42400.00', 'transfer', '8', NULL, NULL, '16', '2026-03-06 12:53:36', '2026-03-06 12:53:36');
INSERT INTO `payments` (`id`, `order_id`, `amount`, `payment_method`, `payment_account_id`, `proof_path`, `notes`, `cashier_id`, `created_at`, `updated_at`) VALUES ('320', '318', '80000.00', 'transfer', '8', NULL, NULL, '16', '2026-03-06 12:54:36', '2026-03-06 12:54:36');
INSERT INTO `payments` (`id`, `order_id`, `amount`, `payment_method`, `payment_account_id`, `proof_path`, `notes`, `cashier_id`, `created_at`, `updated_at`) VALUES ('321', '359', '31800.00', 'transfer', '8', NULL, NULL, '16', '2026-03-06 13:13:57', '2026-03-06 13:13:57');
INSERT INTO `payments` (`id`, `order_id`, `amount`, `payment_method`, `payment_account_id`, `proof_path`, `notes`, `cashier_id`, `created_at`, `updated_at`) VALUES ('322', '372', '190000.00', 'transfer', '10', NULL, NULL, '16', '2026-03-06 13:16:43', '2026-03-06 13:16:43');
INSERT INTO `payments` (`id`, `order_id`, `amount`, `payment_method`, `payment_account_id`, `proof_path`, `notes`, `cashier_id`, `created_at`, `updated_at`) VALUES ('323', '370', '30000.00', 'transfer', '11', NULL, NULL, '16', '2026-03-06 13:17:30', '2026-03-06 13:17:30');
INSERT INTO `payments` (`id`, `order_id`, `amount`, `payment_method`, `payment_account_id`, `proof_path`, `notes`, `cashier_id`, `created_at`, `updated_at`) VALUES ('324', '367', '15000.00', 'transfer', '8', NULL, NULL, '16', '2026-03-06 13:18:33', '2026-03-06 13:18:33');
INSERT INTO `payments` (`id`, `order_id`, `amount`, `payment_method`, `payment_account_id`, `proof_path`, `notes`, `cashier_id`, `created_at`, `updated_at`) VALUES ('325', '510', '25000.00', 'transfer', '11', NULL, NULL, '16', '2026-03-06 13:21:49', '2026-03-06 13:21:49');
INSERT INTO `payments` (`id`, `order_id`, `amount`, `payment_method`, `payment_account_id`, `proof_path`, `notes`, `cashier_id`, `created_at`, `updated_at`) VALUES ('326', '470', '2900.00', 'cash', NULL, NULL, NULL, '16', '2026-03-06 13:23:21', '2026-03-06 13:23:21');
INSERT INTO `payments` (`id`, `order_id`, `amount`, `payment_method`, `payment_account_id`, `proof_path`, `notes`, `cashier_id`, `created_at`, `updated_at`) VALUES ('327', '456', '160000.00', 'transfer', '8', NULL, NULL, '16', '2026-03-06 13:25:41', '2026-03-06 13:25:41');
INSERT INTO `payments` (`id`, `order_id`, `amount`, `payment_method`, `payment_account_id`, `proof_path`, `notes`, `cashier_id`, `created_at`, `updated_at`) VALUES ('328', '461', '25000.00', 'transfer', '8', NULL, NULL, '16', '2026-03-06 13:25:41', '2026-03-06 13:25:41');
INSERT INTO `payments` (`id`, `order_id`, `amount`, `payment_method`, `payment_account_id`, `proof_path`, `notes`, `cashier_id`, `created_at`, `updated_at`) VALUES ('329', '526', '8100.00', 'cash', NULL, NULL, NULL, '16', '2026-03-06 13:30:14', '2026-03-06 13:30:14');
INSERT INTO `payments` (`id`, `order_id`, `amount`, `payment_method`, `payment_account_id`, `proof_path`, `notes`, `cashier_id`, `created_at`, `updated_at`) VALUES ('330', '310', '15000.00', 'transfer', '8', NULL, NULL, '16', '2026-03-06 13:32:32', '2026-03-06 13:32:32');
INSERT INTO `payments` (`id`, `order_id`, `amount`, `payment_method`, `payment_account_id`, `proof_path`, `notes`, `cashier_id`, `created_at`, `updated_at`) VALUES ('331', '345', '15000.00', 'transfer', '8', NULL, NULL, '16', '2026-03-06 13:32:32', '2026-03-06 13:32:32');
INSERT INTO `payments` (`id`, `order_id`, `amount`, `payment_method`, `payment_account_id`, `proof_path`, `notes`, `cashier_id`, `created_at`, `updated_at`) VALUES ('332', '471', '33800.00', 'cash', NULL, NULL, NULL, '16', '2026-03-06 13:33:33', '2026-03-06 13:33:33');
INSERT INTO `payments` (`id`, `order_id`, `amount`, `payment_method`, `payment_account_id`, `proof_path`, `notes`, `cashier_id`, `created_at`, `updated_at`) VALUES ('333', '368', '15000.00', 'transfer', '8', NULL, NULL, '16', '2026-03-06 13:34:00', '2026-03-06 13:34:00');
INSERT INTO `payments` (`id`, `order_id`, `amount`, `payment_method`, `payment_account_id`, `proof_path`, `notes`, `cashier_id`, `created_at`, `updated_at`) VALUES ('334', '435', '150000.00', 'transfer', '8', NULL, NULL, '16', '2026-03-06 13:35:09', '2026-03-06 13:35:09');
INSERT INTO `payments` (`id`, `order_id`, `amount`, `payment_method`, `payment_account_id`, `proof_path`, `notes`, `cashier_id`, `created_at`, `updated_at`) VALUES ('335', '236', '26000.00', 'cash', NULL, NULL, NULL, '16', '2026-03-06 13:36:10', '2026-03-06 13:36:10');
INSERT INTO `payments` (`id`, `order_id`, `amount`, `payment_method`, `payment_account_id`, `proof_path`, `notes`, `cashier_id`, `created_at`, `updated_at`) VALUES ('336', '246', '21600.00', 'cash', NULL, NULL, NULL, '16', '2026-03-06 13:36:10', '2026-03-06 13:36:10');
INSERT INTO `payments` (`id`, `order_id`, `amount`, `payment_method`, `payment_account_id`, `proof_path`, `notes`, `cashier_id`, `created_at`, `updated_at`) VALUES ('337', '381', '59400.00', 'transfer', '10', NULL, NULL, '16', '2026-03-06 13:38:19', '2026-03-06 13:38:19');
INSERT INTO `payments` (`id`, `order_id`, `amount`, `payment_method`, `payment_account_id`, `proof_path`, `notes`, `cashier_id`, `created_at`, `updated_at`) VALUES ('338', '427', '150000.00', 'transfer', '8', NULL, NULL, '16', '2026-03-06 13:42:15', '2026-03-06 13:42:15');
INSERT INTO `payments` (`id`, `order_id`, `amount`, `payment_method`, `payment_account_id`, `proof_path`, `notes`, `cashier_id`, `created_at`, `updated_at`) VALUES ('339', '406', '9600.00', 'transfer', '8', NULL, NULL, '16', '2026-03-06 13:42:35', '2026-03-06 13:42:35');
INSERT INTO `payments` (`id`, `order_id`, `amount`, `payment_method`, `payment_account_id`, `proof_path`, `notes`, `cashier_id`, `created_at`, `updated_at`) VALUES ('340', '428', '300000.00', 'transfer', '8', NULL, NULL, '16', '2026-03-06 13:45:21', '2026-03-06 13:45:21');
INSERT INTO `payments` (`id`, `order_id`, `amount`, `payment_method`, `payment_account_id`, `proof_path`, `notes`, `cashier_id`, `created_at`, `updated_at`) VALUES ('341', '457', '29700.00', 'transfer', '8', NULL, NULL, '16', '2026-03-06 13:55:46', '2026-03-06 13:55:46');
INSERT INTO `payments` (`id`, `order_id`, `amount`, `payment_method`, `payment_account_id`, `proof_path`, `notes`, `cashier_id`, `created_at`, `updated_at`) VALUES ('342', '451', '62400.00', 'transfer', '8', NULL, NULL, '16', '2026-03-06 13:56:22', '2026-03-06 13:56:22');
INSERT INTO `payments` (`id`, `order_id`, `amount`, `payment_method`, `payment_account_id`, `proof_path`, `notes`, `cashier_id`, `created_at`, `updated_at`) VALUES ('343', '452', '10400.00', 'transfer', '8', NULL, NULL, '16', '2026-03-06 13:56:22', '2026-03-06 13:56:22');
INSERT INTO `payments` (`id`, `order_id`, `amount`, `payment_method`, `payment_account_id`, `proof_path`, `notes`, `cashier_id`, `created_at`, `updated_at`) VALUES ('344', '286', '158400.00', 'transfer', '10', NULL, NULL, '16', '2026-03-06 13:58:27', '2026-03-06 13:58:27');
INSERT INTO `payments` (`id`, `order_id`, `amount`, `payment_method`, `payment_account_id`, `proof_path`, `notes`, `cashier_id`, `created_at`, `updated_at`) VALUES ('345', '514', '37500.00', 'transfer', '8', NULL, NULL, '16', '2026-03-06 14:01:21', '2026-03-06 14:01:21');
INSERT INTO `payments` (`id`, `order_id`, `amount`, `payment_method`, `payment_account_id`, `proof_path`, `notes`, `cashier_id`, `created_at`, `updated_at`) VALUES ('346', '441', '775000.00', 'transfer', '11', NULL, NULL, '16', '2026-03-06 14:01:41', '2026-03-06 14:01:41');
INSERT INTO `payments` (`id`, `order_id`, `amount`, `payment_method`, `payment_account_id`, `proof_path`, `notes`, `cashier_id`, `created_at`, `updated_at`) VALUES ('347', '458', '3600.00', 'transfer', '10', NULL, NULL, '16', '2026-03-06 14:02:02', '2026-03-06 14:02:02');
INSERT INTO `payments` (`id`, `order_id`, `amount`, `payment_method`, `payment_account_id`, `proof_path`, `notes`, `cashier_id`, `created_at`, `updated_at`) VALUES ('348', '558', '50000.00', 'cash', NULL, NULL, NULL, '16', '2026-03-06 14:03:57', '2026-03-06 14:03:57');
INSERT INTO `payments` (`id`, `order_id`, `amount`, `payment_method`, `payment_account_id`, `proof_path`, `notes`, `cashier_id`, `created_at`, `updated_at`) VALUES ('349', '437', '115000.00', 'transfer', '11', NULL, NULL, '16', '2026-03-06 14:05:25', '2026-03-06 14:05:25');
INSERT INTO `payments` (`id`, `order_id`, `amount`, `payment_method`, `payment_account_id`, `proof_path`, `notes`, `cashier_id`, `created_at`, `updated_at`) VALUES ('350', '569', '25000.00', 'cash', NULL, NULL, NULL, '16', '2026-03-06 14:05:53', '2026-03-06 14:05:53');
INSERT INTO `payments` (`id`, `order_id`, `amount`, `payment_method`, `payment_account_id`, `proof_path`, `notes`, `cashier_id`, `created_at`, `updated_at`) VALUES ('351', '314', '15200.00', 'transfer', '10', NULL, NULL, '16', '2026-03-06 14:11:59', '2026-03-06 14:11:59');
INSERT INTO `payments` (`id`, `order_id`, `amount`, `payment_method`, `payment_account_id`, `proof_path`, `notes`, `cashier_id`, `created_at`, `updated_at`) VALUES ('352', '448', '10000.00', 'cash', NULL, NULL, NULL, '16', '2026-03-06 14:17:33', '2026-03-06 14:17:33');
INSERT INTO `payments` (`id`, `order_id`, `amount`, `payment_method`, `payment_account_id`, `proof_path`, `notes`, `cashier_id`, `created_at`, `updated_at`) VALUES ('353', '450', '60750.00', 'transfer', '8', NULL, NULL, '16', '2026-03-06 14:20:08', '2026-03-06 14:20:08');
INSERT INTO `payments` (`id`, `order_id`, `amount`, `payment_method`, `payment_account_id`, `proof_path`, `notes`, `cashier_id`, `created_at`, `updated_at`) VALUES ('354', '487', '300000.00', 'cash', NULL, NULL, NULL, '16', '2026-03-06 14:29:28', '2026-03-06 14:29:28');
INSERT INTO `payments` (`id`, `order_id`, `amount`, `payment_method`, `payment_account_id`, `proof_path`, `notes`, `cashier_id`, `created_at`, `updated_at`) VALUES ('355', '490', '60000.00', 'cash', NULL, NULL, NULL, '16', '2026-03-06 14:29:28', '2026-03-06 14:29:28');
INSERT INTO `payments` (`id`, `order_id`, `amount`, `payment_method`, `payment_account_id`, `proof_path`, `notes`, `cashier_id`, `created_at`, `updated_at`) VALUES ('356', '61', '182400.00', 'transfer', '8', NULL, NULL, '16', '2026-03-06 14:31:06', '2026-03-06 14:31:06');
INSERT INTO `payments` (`id`, `order_id`, `amount`, `payment_method`, `payment_account_id`, `proof_path`, `notes`, `cashier_id`, `created_at`, `updated_at`) VALUES ('357', '87', '36300.00', 'transfer', '8', NULL, NULL, '16', '2026-03-06 14:31:06', '2026-03-06 14:31:06');
INSERT INTO `payments` (`id`, `order_id`, `amount`, `payment_method`, `payment_account_id`, `proof_path`, `notes`, `cashier_id`, `created_at`, `updated_at`) VALUES ('358', '321', '26400.00', 'transfer', '8', NULL, NULL, '16', '2026-03-06 14:31:06', '2026-03-06 14:31:06');
INSERT INTO `payments` (`id`, `order_id`, `amount`, `payment_method`, `payment_account_id`, `proof_path`, `notes`, `cashier_id`, `created_at`, `updated_at`) VALUES ('359', '331', '9900.00', 'transfer', '8', NULL, NULL, '16', '2026-03-06 14:31:06', '2026-03-06 14:31:06');
INSERT INTO `payments` (`id`, `order_id`, `amount`, `payment_method`, `payment_account_id`, `proof_path`, `notes`, `cashier_id`, `created_at`, `updated_at`) VALUES ('360', '575', '50000.00', 'cash', NULL, NULL, NULL, '16', '2026-03-06 14:33:07', '2026-03-06 14:33:07');
INSERT INTO `payments` (`id`, `order_id`, `amount`, `payment_method`, `payment_account_id`, `proof_path`, `notes`, `cashier_id`, `created_at`, `updated_at`) VALUES ('361', '431', '45000.00', 'transfer', '8', NULL, NULL, '16', '2026-03-06 14:34:36', '2026-03-06 14:34:36');
INSERT INTO `payments` (`id`, `order_id`, `amount`, `payment_method`, `payment_account_id`, `proof_path`, `notes`, `cashier_id`, `created_at`, `updated_at`) VALUES ('362', '568', '100000.00', 'cash', NULL, NULL, NULL, '16', '2026-03-06 14:39:23', '2026-03-06 14:39:23');
INSERT INTO `payments` (`id`, `order_id`, `amount`, `payment_method`, `payment_account_id`, `proof_path`, `notes`, `cashier_id`, `created_at`, `updated_at`) VALUES ('363', '556', '259250.00', 'transfer', '8', NULL, 'DP CETAKAN', '16', '2026-03-06 14:44:24', '2026-03-06 14:44:24');
INSERT INTO `payments` (`id`, `order_id`, `amount`, `payment_method`, `payment_account_id`, `proof_path`, `notes`, `cashier_id`, `created_at`, `updated_at`) VALUES ('364', '557', '153000.00', 'transfer', '8', NULL, 'DP CETAKAN', '16', '2026-03-06 14:44:24', '2026-03-06 14:44:24');
INSERT INTO `payments` (`id`, `order_id`, `amount`, `payment_method`, `payment_account_id`, `proof_path`, `notes`, `cashier_id`, `created_at`, `updated_at`) VALUES ('365', '559', '217600.00', 'transfer', '8', NULL, 'DP CETAKAN', '16', '2026-03-06 14:44:24', '2026-03-06 14:44:24');
INSERT INTO `payments` (`id`, `order_id`, `amount`, `payment_method`, `payment_account_id`, `proof_path`, `notes`, `cashier_id`, `created_at`, `updated_at`) VALUES ('366', '561', '70150.00', 'transfer', '8', NULL, 'DP CETAKAN', '16', '2026-03-06 14:44:24', '2026-03-06 14:44:24');
INSERT INTO `payments` (`id`, `order_id`, `amount`, `payment_method`, `payment_account_id`, `proof_path`, `notes`, `cashier_id`, `created_at`, `updated_at`) VALUES ('367', '543', '23400.00', 'cash', NULL, NULL, NULL, '16', '2026-03-06 15:30:46', '2026-03-06 15:30:46');
INSERT INTO `payments` (`id`, `order_id`, `amount`, `payment_method`, `payment_account_id`, `proof_path`, `notes`, `cashier_id`, `created_at`, `updated_at`) VALUES ('368', '584', '10000.00', 'cash', NULL, NULL, NULL, '16', '2026-03-06 15:30:46', '2026-03-06 15:30:46');

-- Table: permissions
CREATE TABLE `permissions` (
  `id` bigint(20) unsigned NOT NULL AUTO_INCREMENT,
  `name` varchar(255) NOT NULL,
  `guard_name` varchar(255) NOT NULL,
  `created_at` timestamp NULL DEFAULT NULL,
  `updated_at` timestamp NULL DEFAULT NULL,
  PRIMARY KEY (`id`),
  UNIQUE KEY `permissions_name_guard_name_unique` (`name`,`guard_name`)
) ENGINE=InnoDB AUTO_INCREMENT=47 DEFAULT CHARSET=utf8mb4 COLLATE=utf8mb4_unicode_ci;

INSERT INTO `permissions` (`id`, `name`, `guard_name`, `created_at`, `updated_at`) VALUES ('1', 'manage users', 'web', '2026-02-09 13:27:05', '2026-02-09 13:27:05');
INSERT INTO `permissions` (`id`, `name`, `guard_name`, `created_at`, `updated_at`) VALUES ('2', 'create orders', 'web', '2026-02-09 13:27:05', '2026-02-09 13:27:05');
INSERT INTO `permissions` (`id`, `name`, `guard_name`, `created_at`, `updated_at`) VALUES ('3', 'process payments', 'web', '2026-02-09 13:27:05', '2026-02-09 13:27:05');
INSERT INTO `permissions` (`id`, `name`, `guard_name`, `created_at`, `updated_at`) VALUES ('4', 'update production', 'web', '2026-02-09 13:27:05', '2026-02-09 13:27:05');
INSERT INTO `permissions` (`id`, `name`, `guard_name`, `created_at`, `updated_at`) VALUES ('5', 'view reports', 'web', '2026-02-09 13:27:05', '2026-02-09 13:27:05');
INSERT INTO `permissions` (`id`, `name`, `guard_name`, `created_at`, `updated_at`) VALUES ('6', 'view click reports', 'web', '2026-02-09 13:27:05', '2026-02-09 13:27:05');
INSERT INTO `permissions` (`id`, `name`, `guard_name`, `created_at`, `updated_at`) VALUES ('7', 'print spk', 'web', '2026-02-09 13:27:05', '2026-02-09 13:27:05');
INSERT INTO `permissions` (`id`, `name`, `guard_name`, `created_at`, `updated_at`) VALUES ('8', 'management access', 'web', '2026-02-09 13:27:05', '2026-02-09 13:27:05');
INSERT INTO `permissions` (`id`, `name`, `guard_name`, `created_at`, `updated_at`) VALUES ('9', 'view customers', 'web', '2026-02-09 13:27:05', '2026-02-09 13:27:05');
INSERT INTO `permissions` (`id`, `name`, `guard_name`, `created_at`, `updated_at`) VALUES ('10', 'create customers', 'web', '2026-02-09 13:27:05', '2026-02-09 13:27:05');
INSERT INTO `permissions` (`id`, `name`, `guard_name`, `created_at`, `updated_at`) VALUES ('11', 'edit customers', 'web', '2026-02-09 13:27:05', '2026-02-09 13:27:05');
INSERT INTO `permissions` (`id`, `name`, `guard_name`, `created_at`, `updated_at`) VALUES ('12', 'delete customers', 'web', '2026-02-09 13:27:05', '2026-02-09 13:27:05');
INSERT INTO `permissions` (`id`, `name`, `guard_name`, `created_at`, `updated_at`) VALUES ('13', 'view products', 'web', '2026-02-09 13:27:05', '2026-02-09 13:27:05');
INSERT INTO `permissions` (`id`, `name`, `guard_name`, `created_at`, `updated_at`) VALUES ('14', 'create products', 'web', '2026-02-09 13:27:05', '2026-02-09 13:27:05');
INSERT INTO `permissions` (`id`, `name`, `guard_name`, `created_at`, `updated_at`) VALUES ('15', 'edit products', 'web', '2026-02-09 13:27:05', '2026-02-09 13:27:05');
INSERT INTO `permissions` (`id`, `name`, `guard_name`, `created_at`, `updated_at`) VALUES ('16', 'delete products', 'web', '2026-02-09 13:27:05', '2026-02-09 13:27:05');
INSERT INTO `permissions` (`id`, `name`, `guard_name`, `created_at`, `updated_at`) VALUES ('17', 'view units', 'web', '2026-02-09 13:27:05', '2026-02-09 13:27:05');
INSERT INTO `permissions` (`id`, `name`, `guard_name`, `created_at`, `updated_at`) VALUES ('18', 'manage units', 'web', '2026-02-09 13:27:05', '2026-02-09 13:27:05');
INSERT INTO `permissions` (`id`, `name`, `guard_name`, `created_at`, `updated_at`) VALUES ('19', 'view suppliers', 'web', '2026-02-09 13:27:05', '2026-02-09 13:27:05');
INSERT INTO `permissions` (`id`, `name`, `guard_name`, `created_at`, `updated_at`) VALUES ('20', 'manage suppliers', 'web', '2026-02-09 13:27:05', '2026-02-09 13:27:05');
INSERT INTO `permissions` (`id`, `name`, `guard_name`, `created_at`, `updated_at`) VALUES ('21', 'view finance', 'web', '2026-02-09 13:27:05', '2026-02-09 13:27:05');
INSERT INTO `permissions` (`id`, `name`, `guard_name`, `created_at`, `updated_at`) VALUES ('22', 'manage deposits', 'web', '2026-02-09 13:27:05', '2026-02-09 13:27:05');
INSERT INTO `permissions` (`id`, `name`, `guard_name`, `created_at`, `updated_at`) VALUES ('23', 'view stock', 'web', '2026-02-09 13:27:05', '2026-02-09 13:27:05');
INSERT INTO `permissions` (`id`, `name`, `guard_name`, `created_at`, `updated_at`) VALUES ('24', 'manage stock', 'web', '2026-02-09 13:27:05', '2026-02-09 13:27:05');
INSERT INTO `permissions` (`id`, `name`, `guard_name`, `created_at`, `updated_at`) VALUES ('25', 'view materials', 'web', '2026-02-09 13:27:05', '2026-02-09 13:27:05');
INSERT INTO `permissions` (`id`, `name`, `guard_name`, `created_at`, `updated_at`) VALUES ('26', 'manage materials', 'web', '2026-02-09 13:27:05', '2026-02-09 13:27:05');
INSERT INTO `permissions` (`id`, `name`, `guard_name`, `created_at`, `updated_at`) VALUES ('27', 'view expenses', 'web', '2026-02-09 13:27:05', '2026-02-09 13:27:05');
INSERT INTO `permissions` (`id`, `name`, `guard_name`, `created_at`, `updated_at`) VALUES ('28', 'manage expenses', 'web', '2026-02-09 13:27:05', '2026-02-09 13:27:05');
INSERT INTO `permissions` (`id`, `name`, `guard_name`, `created_at`, `updated_at`) VALUES ('29', 'view employees', 'web', '2026-02-09 13:27:05', '2026-02-09 13:27:05');
INSERT INTO `permissions` (`id`, `name`, `guard_name`, `created_at`, `updated_at`) VALUES ('30', 'create employees', 'web', '2026-02-09 13:27:05', '2026-02-09 13:27:05');
INSERT INTO `permissions` (`id`, `name`, `guard_name`, `created_at`, `updated_at`) VALUES ('31', 'edit employees', 'web', '2026-02-09 13:27:05', '2026-02-09 13:27:05');
INSERT INTO `permissions` (`id`, `name`, `guard_name`, `created_at`, `updated_at`) VALUES ('32', 'delete employees', 'web', '2026-02-09 13:27:05', '2026-02-09 13:27:05');
INSERT INTO `permissions` (`id`, `name`, `guard_name`, `created_at`, `updated_at`) VALUES ('33', 'view salaries', 'web', '2026-02-09 13:27:05', '2026-02-09 13:27:05');
INSERT INTO `permissions` (`id`, `name`, `guard_name`, `created_at`, `updated_at`) VALUES ('34', 'create salaries', 'web', '2026-02-09 13:27:05', '2026-02-09 13:27:05');
INSERT INTO `permissions` (`id`, `name`, `guard_name`, `created_at`, `updated_at`) VALUES ('35', 'edit salaries', 'web', '2026-02-09 13:27:05', '2026-02-09 13:27:05');
INSERT INTO `permissions` (`id`, `name`, `guard_name`, `created_at`, `updated_at`) VALUES ('36', 'delete salaries', 'web', '2026-02-09 13:27:05', '2026-02-09 13:27:05');
INSERT INTO `permissions` (`id`, `name`, `guard_name`, `created_at`, `updated_at`) VALUES ('37', 'manage backups', 'web', '2026-02-09 13:27:05', '2026-02-09 13:27:05');
INSERT INTO `permissions` (`id`, `name`, `guard_name`, `created_at`, `updated_at`) VALUES ('38', 'manage payment accounts', 'web', '2026-02-09 13:27:05', '2026-02-09 13:27:05');
INSERT INTO `permissions` (`id`, `name`, `guard_name`, `created_at`, `updated_at`) VALUES ('39', 'request cancellations', 'web', '2026-02-10 01:47:14', '2026-02-10 01:47:14');
INSERT INTO `permissions` (`id`, `name`, `guard_name`, `created_at`, `updated_at`) VALUES ('40', 'approve cancellations', 'web', '2026-02-10 01:47:14', '2026-02-10 01:47:14');
INSERT INTO `permissions` (`id`, `name`, `guard_name`, `created_at`, `updated_at`) VALUES ('41', 'view orders', 'web', '2026-02-10 08:23:29', '2026-02-10 08:23:29');
INSERT INTO `permissions` (`id`, `name`, `guard_name`, `created_at`, `updated_at`) VALUES ('42', 'view machines', 'web', '2026-02-09 13:27:05', '2026-02-09 13:27:05');
INSERT INTO `permissions` (`id`, `name`, `guard_name`, `created_at`, `updated_at`) VALUES ('43', 'manage machines', 'web', '2026-02-09 13:27:05', '2026-02-09 13:27:05');
INSERT INTO `permissions` (`id`, `name`, `guard_name`, `created_at`, `updated_at`) VALUES ('44', 'view ai', 'web', '2026-03-02 12:56:49', '2026-03-02 12:56:49');
INSERT INTO `permissions` (`id`, `name`, `guard_name`, `created_at`, `updated_at`) VALUES ('45', 'manage settings', 'web', '2026-03-02 12:56:49', '2026-03-02 12:56:49');
INSERT INTO `permissions` (`id`, `name`, `guard_name`, `created_at`, `updated_at`) VALUES ('46', 'manage customers', 'web', '2026-03-02 12:56:49', '2026-03-02 12:56:49');

-- Table: product_material
CREATE TABLE `product_material` (
  `id` bigint(20) unsigned NOT NULL AUTO_INCREMENT,
  `product_id` bigint(20) unsigned NOT NULL,
  `material_id` bigint(20) unsigned NOT NULL,
  `created_at` timestamp NULL DEFAULT NULL,
  `updated_at` timestamp NULL DEFAULT NULL,
  PRIMARY KEY (`id`),
  UNIQUE KEY `product_material_product_id_material_id_unique` (`product_id`,`material_id`),
  KEY `product_material_material_id_foreign` (`material_id`),
  CONSTRAINT `product_material_material_id_foreign` FOREIGN KEY (`material_id`) REFERENCES `materials` (`id`) ON DELETE CASCADE,
  CONSTRAINT `product_material_product_id_foreign` FOREIGN KEY (`product_id`) REFERENCES `products` (`id`) ON DELETE CASCADE
) ENGINE=InnoDB AUTO_INCREMENT=157 DEFAULT CHARSET=utf8mb4 COLLATE=utf8mb4_unicode_ci;

INSERT INTO `product_material` (`id`, `product_id`, `material_id`, `created_at`, `updated_at`) VALUES ('87', '21', '44', NULL, NULL);
INSERT INTO `product_material` (`id`, `product_id`, `material_id`, `created_at`, `updated_at`) VALUES ('88', '21', '45', NULL, NULL);
INSERT INTO `product_material` (`id`, `product_id`, `material_id`, `created_at`, `updated_at`) VALUES ('89', '21', '47', NULL, NULL);
INSERT INTO `product_material` (`id`, `product_id`, `material_id`, `created_at`, `updated_at`) VALUES ('90', '21', '48', NULL, NULL);
INSERT INTO `product_material` (`id`, `product_id`, `material_id`, `created_at`, `updated_at`) VALUES ('91', '21', '49', NULL, NULL);
INSERT INTO `product_material` (`id`, `product_id`, `material_id`, `created_at`, `updated_at`) VALUES ('92', '21', '50', NULL, NULL);
INSERT INTO `product_material` (`id`, `product_id`, `material_id`, `created_at`, `updated_at`) VALUES ('93', '21', '46', NULL, NULL);
INSERT INTO `product_material` (`id`, `product_id`, `material_id`, `created_at`, `updated_at`) VALUES ('94', '21', '55', NULL, NULL);
INSERT INTO `product_material` (`id`, `product_id`, `material_id`, `created_at`, `updated_at`) VALUES ('95', '21', '54', NULL, NULL);
INSERT INTO `product_material` (`id`, `product_id`, `material_id`, `created_at`, `updated_at`) VALUES ('96', '21', '51', NULL, NULL);
INSERT INTO `product_material` (`id`, `product_id`, `material_id`, `created_at`, `updated_at`) VALUES ('97', '21', '52', NULL, NULL);
INSERT INTO `product_material` (`id`, `product_id`, `material_id`, `created_at`, `updated_at`) VALUES ('98', '21', '53', NULL, NULL);
INSERT INTO `product_material` (`id`, `product_id`, `material_id`, `created_at`, `updated_at`) VALUES ('99', '21', '56', NULL, NULL);
INSERT INTO `product_material` (`id`, `product_id`, `material_id`, `created_at`, `updated_at`) VALUES ('100', '21', '58', NULL, NULL);
INSERT INTO `product_material` (`id`, `product_id`, `material_id`, `created_at`, `updated_at`) VALUES ('101', '21', '59', NULL, NULL);
INSERT INTO `product_material` (`id`, `product_id`, `material_id`, `created_at`, `updated_at`) VALUES ('102', '21', '60', NULL, NULL);
INSERT INTO `product_material` (`id`, `product_id`, `material_id`, `created_at`, `updated_at`) VALUES ('103', '21', '57', NULL, NULL);
INSERT INTO `product_material` (`id`, `product_id`, `material_id`, `created_at`, `updated_at`) VALUES ('104', '23', '89', NULL, NULL);
INSERT INTO `product_material` (`id`, `product_id`, `material_id`, `created_at`, `updated_at`) VALUES ('106', '23', '85', NULL, NULL);
INSERT INTO `product_material` (`id`, `product_id`, `material_id`, `created_at`, `updated_at`) VALUES ('107', '23', '86', NULL, NULL);
INSERT INTO `product_material` (`id`, `product_id`, `material_id`, `created_at`, `updated_at`) VALUES ('108', '23', '87', NULL, NULL);
INSERT INTO `product_material` (`id`, `product_id`, `material_id`, `created_at`, `updated_at`) VALUES ('109', '23', '88', NULL, NULL);
INSERT INTO `product_material` (`id`, `product_id`, `material_id`, `created_at`, `updated_at`) VALUES ('110', '22', '64', NULL, NULL);
INSERT INTO `product_material` (`id`, `product_id`, `material_id`, `created_at`, `updated_at`) VALUES ('111', '22', '66', NULL, NULL);
INSERT INTO `product_material` (`id`, `product_id`, `material_id`, `created_at`, `updated_at`) VALUES ('112', '22', '80', NULL, NULL);
INSERT INTO `product_material` (`id`, `product_id`, `material_id`, `created_at`, `updated_at`) VALUES ('113', '22', '61', NULL, NULL);
INSERT INTO `product_material` (`id`, `product_id`, `material_id`, `created_at`, `updated_at`) VALUES ('114', '22', '65', NULL, NULL);
INSERT INTO `product_material` (`id`, `product_id`, `material_id`, `created_at`, `updated_at`) VALUES ('115', '22', '63', NULL, NULL);
INSERT INTO `product_material` (`id`, `product_id`, `material_id`, `created_at`, `updated_at`) VALUES ('116', '22', '77', NULL, NULL);
INSERT INTO `product_material` (`id`, `product_id`, `material_id`, `created_at`, `updated_at`) VALUES ('117', '23', '97', NULL, NULL);
INSERT INTO `product_material` (`id`, `product_id`, `material_id`, `created_at`, `updated_at`) VALUES ('118', '22', '76', NULL, NULL);
INSERT INTO `product_material` (`id`, `product_id`, `material_id`, `created_at`, `updated_at`) VALUES ('119', '22', '78', NULL, NULL);
INSERT INTO `product_material` (`id`, `product_id`, `material_id`, `created_at`, `updated_at`) VALUES ('120', '22', '79', NULL, NULL);
INSERT INTO `product_material` (`id`, `product_id`, `material_id`, `created_at`, `updated_at`) VALUES ('121', '22', '75', NULL, NULL);
INSERT INTO `product_material` (`id`, `product_id`, `material_id`, `created_at`, `updated_at`) VALUES ('122', '22', '83', NULL, NULL);
INSERT INTO `product_material` (`id`, `product_id`, `material_id`, `created_at`, `updated_at`) VALUES ('123', '22', '84', NULL, NULL);
INSERT INTO `product_material` (`id`, `product_id`, `material_id`, `created_at`, `updated_at`) VALUES ('124', '22', '82', NULL, NULL);
INSERT INTO `product_material` (`id`, `product_id`, `material_id`, `created_at`, `updated_at`) VALUES ('125', '22', '81', NULL, NULL);
INSERT INTO `product_material` (`id`, `product_id`, `material_id`, `created_at`, `updated_at`) VALUES ('126', '22', '72', NULL, NULL);
INSERT INTO `product_material` (`id`, `product_id`, `material_id`, `created_at`, `updated_at`) VALUES ('127', '22', '74', NULL, NULL);
INSERT INTO `product_material` (`id`, `product_id`, `material_id`, `created_at`, `updated_at`) VALUES ('128', '22', '73', NULL, NULL);
INSERT INTO `product_material` (`id`, `product_id`, `material_id`, `created_at`, `updated_at`) VALUES ('129', '22', '70', NULL, NULL);
INSERT INTO `product_material` (`id`, `product_id`, `material_id`, `created_at`, `updated_at`) VALUES ('130', '22', '71', NULL, NULL);
INSERT INTO `product_material` (`id`, `product_id`, `material_id`, `created_at`, `updated_at`) VALUES ('131', '21', '90', NULL, NULL);
INSERT INTO `product_material` (`id`, `product_id`, `material_id`, `created_at`, `updated_at`) VALUES ('132', '21', '69', NULL, NULL);
INSERT INTO `product_material` (`id`, `product_id`, `material_id`, `created_at`, `updated_at`) VALUES ('133', '21', '96', NULL, NULL);
INSERT INTO `product_material` (`id`, `product_id`, `material_id`, `created_at`, `updated_at`) VALUES ('134', '21', '95', NULL, NULL);
INSERT INTO `product_material` (`id`, `product_id`, `material_id`, `created_at`, `updated_at`) VALUES ('135', '21', '93', NULL, NULL);
INSERT INTO `product_material` (`id`, `product_id`, `material_id`, `created_at`, `updated_at`) VALUES ('136', '21', '67', NULL, NULL);
INSERT INTO `product_material` (`id`, `product_id`, `material_id`, `created_at`, `updated_at`) VALUES ('137', '21', '68', NULL, NULL);
INSERT INTO `product_material` (`id`, `product_id`, `material_id`, `created_at`, `updated_at`) VALUES ('138', '21', '94', NULL, NULL);
INSERT INTO `product_material` (`id`, `product_id`, `material_id`, `created_at`, `updated_at`) VALUES ('139', '22', '62', NULL, NULL);
INSERT INTO `product_material` (`id`, `product_id`, `material_id`, `created_at`, `updated_at`) VALUES ('144', '22', '101', NULL, NULL);
INSERT INTO `product_material` (`id`, `product_id`, `material_id`, `created_at`, `updated_at`) VALUES ('148', '25', '57', NULL, NULL);
INSERT INTO `product_material` (`id`, `product_id`, `material_id`, `created_at`, `updated_at`) VALUES ('149', '22', '98', NULL, NULL);
INSERT INTO `product_material` (`id`, `product_id`, `material_id`, `created_at`, `updated_at`) VALUES ('150', '22', '99', NULL, NULL);
INSERT INTO `product_material` (`id`, `product_id`, `material_id`, `created_at`, `updated_at`) VALUES ('151', '21', '92', NULL, NULL);
INSERT INTO `product_material` (`id`, `product_id`, `material_id`, `created_at`, `updated_at`) VALUES ('152', '21', '91', NULL, NULL);
INSERT INTO `product_material` (`id`, `product_id`, `material_id`, `created_at`, `updated_at`) VALUES ('153', '22', '97', NULL, NULL);
INSERT INTO `product_material` (`id`, `product_id`, `material_id`, `created_at`, `updated_at`) VALUES ('154', '24', '100', NULL, NULL);
INSERT INTO `product_material` (`id`, `product_id`, `material_id`, `created_at`, `updated_at`) VALUES ('155', '21', '100', NULL, NULL);
INSERT INTO `product_material` (`id`, `product_id`, `material_id`, `created_at`, `updated_at`) VALUES ('156', '21', '103', NULL, NULL);

-- Table: products
CREATE TABLE `products` (
  `id` bigint(20) unsigned NOT NULL AUTO_INCREMENT,
  `name` varchar(255) NOT NULL,
  `code` varchar(255) NOT NULL,
  `description` text DEFAULT NULL,
  `unit_id` bigint(20) unsigned DEFAULT NULL,
  `is_active` tinyint(1) NOT NULL DEFAULT 1,
  `track_clicks` tinyint(1) NOT NULL DEFAULT 0,
  `created_at` timestamp NULL DEFAULT NULL,
  `updated_at` timestamp NULL DEFAULT NULL,
  PRIMARY KEY (`id`),
  UNIQUE KEY `products_code_unique` (`code`),
  KEY `products_is_active_index` (`is_active`),
  KEY `products_unit_id_foreign` (`unit_id`),
  CONSTRAINT `products_unit_id_foreign` FOREIGN KEY (`unit_id`) REFERENCES `units` (`id`) ON DELETE SET NULL
) ENGINE=InnoDB AUTO_INCREMENT=26 DEFAULT CHARSET=utf8mb4 COLLATE=utf8mb4_unicode_ci;

INSERT INTO `products` (`id`, `name`, `code`, `description`, `unit_id`, `is_active`, `track_clicks`, `created_at`, `updated_at`) VALUES ('21', 'Versant', 'VR0001', NULL, NULL, '1', '1', '2026-02-17 11:16:10', '2026-02-17 11:16:10');
INSERT INTO `products` (`id`, `name`, `code`, `description`, `unit_id`, `is_active`, `track_clicks`, `created_at`, `updated_at`) VALUES ('22', 'Indoor', 'ID0001', NULL, NULL, '1', '0', '2026-02-17 11:16:29', '2026-02-17 11:16:29');
INSERT INTO `products` (`id`, `name`, `code`, `description`, `unit_id`, `is_active`, `track_clicks`, `created_at`, `updated_at`) VALUES ('23', 'Outdoor', 'OD0001', NULL, NULL, '1', '0', '2026-02-17 11:16:49', '2026-02-17 11:16:49');
INSERT INTO `products` (`id`, `name`, `code`, `description`, `unit_id`, `is_active`, `track_clicks`, `created_at`, `updated_at`) VALUES ('24', 'Jasa', 'CUTA3', NULL, NULL, '0', '0', '2026-02-27 13:44:32', '2026-03-05 13:15:46');
INSERT INTO `products` (`id`, `name`, `code`, `description`, `unit_id`, `is_active`, `track_clicks`, `created_at`, `updated_at`) VALUES ('25', 'Promo Kromo Ramadhan', 'PKR', NULL, NULL, '0', '0', '2026-03-02 15:48:26', '2026-03-05 23:27:45');

-- Table: purchase_payments
CREATE TABLE `purchase_payments` (
  `id` bigint(20) unsigned NOT NULL AUTO_INCREMENT,
  `purchase_id` bigint(20) unsigned NOT NULL,
  `amount` decimal(15,2) NOT NULL,
  `payment_date` date NOT NULL,
  `proof` varchar(255) DEFAULT NULL,
  `notes` text DEFAULT NULL,
  `created_by` bigint(20) unsigned DEFAULT NULL,
  `created_at` timestamp NULL DEFAULT NULL,
  `updated_at` timestamp NULL DEFAULT NULL,
  PRIMARY KEY (`id`),
  KEY `purchase_payments_purchase_id_foreign` (`purchase_id`),
  KEY `purchase_payments_created_by_foreign` (`created_by`),
  CONSTRAINT `purchase_payments_created_by_foreign` FOREIGN KEY (`created_by`) REFERENCES `users` (`id`) ON DELETE SET NULL,
  CONSTRAINT `purchase_payments_purchase_id_foreign` FOREIGN KEY (`purchase_id`) REFERENCES `purchases` (`id`) ON DELETE CASCADE
) ENGINE=InnoDB AUTO_INCREMENT=2 DEFAULT CHARSET=utf8mb4 COLLATE=utf8mb4_unicode_ci;

-- Table: purchases
CREATE TABLE `purchases` (
  `id` bigint(20) unsigned NOT NULL AUTO_INCREMENT,
  `material_id` bigint(20) unsigned NOT NULL,
  `purchase_date` date NOT NULL,
  `quantity` decimal(15,2) NOT NULL,
  `unit_price` decimal(15,2) NOT NULL DEFAULT 0.00,
  `total_price` decimal(15,2) NOT NULL DEFAULT 0.00,
  `paid_amount` decimal(15,2) NOT NULL DEFAULT 0.00,
  `payment_status` enum('unpaid','partial','paid') NOT NULL DEFAULT 'paid',
  `type` enum('satuan','meteran') NOT NULL DEFAULT 'satuan',
  `supplier` varchar(255) DEFAULT NULL,
  `supplier_id` bigint(20) unsigned DEFAULT NULL,
  `notes` text DEFAULT NULL,
  `created_by` bigint(20) unsigned DEFAULT NULL,
  `created_at` timestamp NULL DEFAULT NULL,
  `updated_at` timestamp NULL DEFAULT NULL,
  PRIMARY KEY (`id`),
  KEY `purchases_material_id_foreign` (`material_id`),
  KEY `purchases_created_by_foreign` (`created_by`),
  KEY `purchases_supplier_id_foreign` (`supplier_id`),
  CONSTRAINT `purchases_created_by_foreign` FOREIGN KEY (`created_by`) REFERENCES `users` (`id`) ON DELETE SET NULL,
  CONSTRAINT `purchases_material_id_foreign` FOREIGN KEY (`material_id`) REFERENCES `materials` (`id`) ON DELETE CASCADE,
  CONSTRAINT `purchases_supplier_id_foreign` FOREIGN KEY (`supplier_id`) REFERENCES `suppliers` (`id`) ON DELETE SET NULL
) ENGINE=InnoDB AUTO_INCREMENT=4 DEFAULT CHARSET=utf8mb4 COLLATE=utf8mb4_unicode_ci;

INSERT INTO `purchases` (`id`, `material_id`, `purchase_date`, `quantity`, `unit_price`, `total_price`, `paid_amount`, `payment_status`, `type`, `supplier`, `supplier_id`, `notes`, `created_by`, `created_at`, `updated_at`) VALUES ('2', '85', '2026-03-04', '3360.00', '5650.00', '18984000.00', '0.00', 'unpaid', 'meteran', NULL, '7', NULL, '8', '2026-03-04 11:12:44', '2026-03-04 11:12:44');
INSERT INTO `purchases` (`id`, `material_id`, `purchase_date`, `quantity`, `unit_price`, `total_price`, `paid_amount`, `payment_status`, `type`, `supplier`, `supplier_id`, `notes`, `created_by`, `created_at`, `updated_at`) VALUES ('3', '88', '2026-03-04', '160.00', '11500.00', '1840000.00', '0.00', 'unpaid', 'meteran', NULL, '7', NULL, '8', '2026-03-04 11:13:26', '2026-03-04 11:13:26');

-- Table: role_has_permissions
CREATE TABLE `role_has_permissions` (
  `permission_id` bigint(20) unsigned NOT NULL,
  `role_id` bigint(20) unsigned NOT NULL,
  PRIMARY KEY (`permission_id`,`role_id`),
  KEY `role_has_permissions_role_id_foreign` (`role_id`),
  CONSTRAINT `role_has_permissions_permission_id_foreign` FOREIGN KEY (`permission_id`) REFERENCES `permissions` (`id`) ON DELETE CASCADE,
  CONSTRAINT `role_has_permissions_role_id_foreign` FOREIGN KEY (`role_id`) REFERENCES `roles` (`id`) ON DELETE CASCADE
) ENGINE=InnoDB DEFAULT CHARSET=utf8mb4 COLLATE=utf8mb4_unicode_ci;

INSERT INTO `role_has_permissions` (`permission_id`, `role_id`) VALUES ('1', '1');
INSERT INTO `role_has_permissions` (`permission_id`, `role_id`) VALUES ('1', '6');
INSERT INTO `role_has_permissions` (`permission_id`, `role_id`) VALUES ('1', '7');
INSERT INTO `role_has_permissions` (`permission_id`, `role_id`) VALUES ('2', '1');
INSERT INTO `role_has_permissions` (`permission_id`, `role_id`) VALUES ('2', '3');
INSERT INTO `role_has_permissions` (`permission_id`, `role_id`) VALUES ('2', '6');
INSERT INTO `role_has_permissions` (`permission_id`, `role_id`) VALUES ('2', '7');
INSERT INTO `role_has_permissions` (`permission_id`, `role_id`) VALUES ('3', '1');
INSERT INTO `role_has_permissions` (`permission_id`, `role_id`) VALUES ('3', '4');
INSERT INTO `role_has_permissions` (`permission_id`, `role_id`) VALUES ('3', '6');
INSERT INTO `role_has_permissions` (`permission_id`, `role_id`) VALUES ('3', '7');
INSERT INTO `role_has_permissions` (`permission_id`, `role_id`) VALUES ('4', '1');
INSERT INTO `role_has_permissions` (`permission_id`, `role_id`) VALUES ('4', '5');
INSERT INTO `role_has_permissions` (`permission_id`, `role_id`) VALUES ('4', '6');
INSERT INTO `role_has_permissions` (`permission_id`, `role_id`) VALUES ('4', '7');
INSERT INTO `role_has_permissions` (`permission_id`, `role_id`) VALUES ('4', '8');
INSERT INTO `role_has_permissions` (`permission_id`, `role_id`) VALUES ('5', '1');
INSERT INTO `role_has_permissions` (`permission_id`, `role_id`) VALUES ('5', '2');
INSERT INTO `role_has_permissions` (`permission_id`, `role_id`) VALUES ('5', '6');
INSERT INTO `role_has_permissions` (`permission_id`, `role_id`) VALUES ('5', '7');
INSERT INTO `role_has_permissions` (`permission_id`, `role_id`) VALUES ('6', '1');
INSERT INTO `role_has_permissions` (`permission_id`, `role_id`) VALUES ('6', '2');
INSERT INTO `role_has_permissions` (`permission_id`, `role_id`) VALUES ('6', '6');
INSERT INTO `role_has_permissions` (`permission_id`, `role_id`) VALUES ('6', '7');
INSERT INTO `role_has_permissions` (`permission_id`, `role_id`) VALUES ('7', '1');
INSERT INTO `role_has_permissions` (`permission_id`, `role_id`) VALUES ('7', '3');
INSERT INTO `role_has_permissions` (`permission_id`, `role_id`) VALUES ('7', '6');
INSERT INTO `role_has_permissions` (`permission_id`, `role_id`) VALUES ('7', '7');
INSERT INTO `role_has_permissions` (`permission_id`, `role_id`) VALUES ('8', '1');
INSERT INTO `role_has_permissions` (`permission_id`, `role_id`) VALUES ('9', '1');
INSERT INTO `role_has_permissions` (`permission_id`, `role_id`) VALUES ('9', '2');
INSERT INTO `role_has_permissions` (`permission_id`, `role_id`) VALUES ('9', '3');
INSERT INTO `role_has_permissions` (`permission_id`, `role_id`) VALUES ('9', '6');
INSERT INTO `role_has_permissions` (`permission_id`, `role_id`) VALUES ('9', '7');
INSERT INTO `role_has_permissions` (`permission_id`, `role_id`) VALUES ('10', '1');
INSERT INTO `role_has_permissions` (`permission_id`, `role_id`) VALUES ('10', '2');
INSERT INTO `role_has_permissions` (`permission_id`, `role_id`) VALUES ('10', '3');
INSERT INTO `role_has_permissions` (`permission_id`, `role_id`) VALUES ('10', '6');
INSERT INTO `role_has_permissions` (`permission_id`, `role_id`) VALUES ('10', '7');
INSERT INTO `role_has_permissions` (`permission_id`, `role_id`) VALUES ('11', '1');
INSERT INTO `role_has_permissions` (`permission_id`, `role_id`) VALUES ('11', '2');
INSERT INTO `role_has_permissions` (`permission_id`, `role_id`) VALUES ('11', '3');
INSERT INTO `role_has_permissions` (`permission_id`, `role_id`) VALUES ('11', '6');
INSERT INTO `role_has_permissions` (`permission_id`, `role_id`) VALUES ('11', '7');
INSERT INTO `role_has_permissions` (`permission_id`, `role_id`) VALUES ('12', '1');
INSERT INTO `role_has_permissions` (`permission_id`, `role_id`) VALUES ('12', '2');
INSERT INTO `role_has_permissions` (`permission_id`, `role_id`) VALUES ('12', '3');
INSERT INTO `role_has_permissions` (`permission_id`, `role_id`) VALUES ('12', '6');
INSERT INTO `role_has_permissions` (`permission_id`, `role_id`) VALUES ('12', '7');
INSERT INTO `role_has_permissions` (`permission_id`, `role_id`) VALUES ('13', '1');
INSERT INTO `role_has_permissions` (`permission_id`, `role_id`) VALUES ('13', '2');
INSERT INTO `role_has_permissions` (`permission_id`, `role_id`) VALUES ('13', '3');
INSERT INTO `role_has_permissions` (`permission_id`, `role_id`) VALUES ('13', '6');
INSERT INTO `role_has_permissions` (`permission_id`, `role_id`) VALUES ('13', '7');
INSERT INTO `role_has_permissions` (`permission_id`, `role_id`) VALUES ('14', '1');
INSERT INTO `role_has_permissions` (`permission_id`, `role_id`) VALUES ('14', '6');
INSERT INTO `role_has_permissions` (`permission_id`, `role_id`) VALUES ('14', '7');
INSERT INTO `role_has_permissions` (`permission_id`, `role_id`) VALUES ('15', '1');
INSERT INTO `role_has_permissions` (`permission_id`, `role_id`) VALUES ('15', '6');
INSERT INTO `role_has_permissions` (`permission_id`, `role_id`) VALUES ('15', '7');
INSERT INTO `role_has_permissions` (`permission_id`, `role_id`) VALUES ('16', '1');
INSERT INTO `role_has_permissions` (`permission_id`, `role_id`) VALUES ('16', '6');
INSERT INTO `role_has_permissions` (`permission_id`, `role_id`) VALUES ('16', '7');
INSERT INTO `role_has_permissions` (`permission_id`, `role_id`) VALUES ('17', '1');
INSERT INTO `role_has_permissions` (`permission_id`, `role_id`) VALUES ('17', '2');
INSERT INTO `role_has_permissions` (`permission_id`, `role_id`) VALUES ('17', '6');
INSERT INTO `role_has_permissions` (`permission_id`, `role_id`) VALUES ('17', '7');
INSERT INTO `role_has_permissions` (`permission_id`, `role_id`) VALUES ('18', '1');
INSERT INTO `role_has_permissions` (`permission_id`, `role_id`) VALUES ('18', '6');
INSERT INTO `role_has_permissions` (`permission_id`, `role_id`) VALUES ('18', '7');
INSERT INTO `role_has_permissions` (`permission_id`, `role_id`) VALUES ('19', '1');
INSERT INTO `role_has_permissions` (`permission_id`, `role_id`) VALUES ('19', '2');
INSERT INTO `role_has_permissions` (`permission_id`, `role_id`) VALUES ('19', '6');
INSERT INTO `role_has_permissions` (`permission_id`, `role_id`) VALUES ('19', '7');
INSERT INTO `role_has_permissions` (`permission_id`, `role_id`) VALUES ('20', '1');
INSERT INTO `role_has_permissions` (`permission_id`, `role_id`) VALUES ('20', '6');
INSERT INTO `role_has_permissions` (`permission_id`, `role_id`) VALUES ('20', '7');
INSERT INTO `role_has_permissions` (`permission_id`, `role_id`) VALUES ('21', '1');
INSERT INTO `role_has_permissions` (`permission_id`, `role_id`) VALUES ('21', '2');
INSERT INTO `role_has_permissions` (`permission_id`, `role_id`) VALUES ('21', '4');
INSERT INTO `role_has_permissions` (`permission_id`, `role_id`) VALUES ('21', '6');
INSERT INTO `role_has_permissions` (`permission_id`, `role_id`) VALUES ('21', '7');
INSERT INTO `role_has_permissions` (`permission_id`, `role_id`) VALUES ('22', '1');
INSERT INTO `role_has_permissions` (`permission_id`, `role_id`) VALUES ('22', '2');
INSERT INTO `role_has_permissions` (`permission_id`, `role_id`) VALUES ('22', '4');
INSERT INTO `role_has_permissions` (`permission_id`, `role_id`) VALUES ('22', '6');
INSERT INTO `role_has_permissions` (`permission_id`, `role_id`) VALUES ('22', '7');
INSERT INTO `role_has_permissions` (`permission_id`, `role_id`) VALUES ('23', '1');
INSERT INTO `role_has_permissions` (`permission_id`, `role_id`) VALUES ('23', '2');
INSERT INTO `role_has_permissions` (`permission_id`, `role_id`) VALUES ('23', '6');
INSERT INTO `role_has_permissions` (`permission_id`, `role_id`) VALUES ('23', '7');
INSERT INTO `role_has_permissions` (`permission_id`, `role_id`) VALUES ('24', '1');
INSERT INTO `role_has_permissions` (`permission_id`, `role_id`) VALUES ('24', '5');
INSERT INTO `role_has_permissions` (`permission_id`, `role_id`) VALUES ('24', '6');
INSERT INTO `role_has_permissions` (`permission_id`, `role_id`) VALUES ('24', '7');
INSERT INTO `role_has_permissions` (`permission_id`, `role_id`) VALUES ('25', '1');
INSERT INTO `role_has_permissions` (`permission_id`, `role_id`) VALUES ('25', '2');
INSERT INTO `role_has_permissions` (`permission_id`, `role_id`) VALUES ('25', '5');
INSERT INTO `role_has_permissions` (`permission_id`, `role_id`) VALUES ('25', '6');
INSERT INTO `role_has_permissions` (`permission_id`, `role_id`) VALUES ('25', '7');
INSERT INTO `role_has_permissions` (`permission_id`, `role_id`) VALUES ('26', '1');
INSERT INTO `role_has_permissions` (`permission_id`, `role_id`) VALUES ('26', '5');
INSERT INTO `role_has_permissions` (`permission_id`, `role_id`) VALUES ('26', '6');
INSERT INTO `role_has_permissions` (`permission_id`, `role_id`) VALUES ('26', '7');
INSERT INTO `role_has_permissions` (`permission_id`, `role_id`) VALUES ('27', '1');
INSERT INTO `role_has_permissions` (`permission_id`, `role_id`) VALUES ('27', '2');
INSERT INTO `role_has_permissions` (`permission_id`, `role_id`) VALUES ('27', '4');
INSERT INTO `role_has_permissions` (`permission_id`, `role_id`) VALUES ('27', '6');
INSERT INTO `role_has_permissions` (`permission_id`, `role_id`) VALUES ('27', '7');
INSERT INTO `role_has_permissions` (`permission_id`, `role_id`) VALUES ('28', '1');
INSERT INTO `role_has_permissions` (`permission_id`, `role_id`) VALUES ('28', '2');
INSERT INTO `role_has_permissions` (`permission_id`, `role_id`) VALUES ('28', '4');
INSERT INTO `role_has_permissions` (`permission_id`, `role_id`) VALUES ('28', '6');
INSERT INTO `role_has_permissions` (`permission_id`, `role_id`) VALUES ('28', '7');
INSERT INTO `role_has_permissions` (`permission_id`, `role_id`) VALUES ('29', '1');
INSERT INTO `role_has_permissions` (`permission_id`, `role_id`) VALUES ('29', '2');
INSERT INTO `role_has_permissions` (`permission_id`, `role_id`) VALUES ('29', '6');
INSERT INTO `role_has_permissions` (`permission_id`, `role_id`) VALUES ('29', '7');
INSERT INTO `role_has_permissions` (`permission_id`, `role_id`) VALUES ('30', '1');
INSERT INTO `role_has_permissions` (`permission_id`, `role_id`) VALUES ('30', '6');
INSERT INTO `role_has_permissions` (`permission_id`, `role_id`) VALUES ('30', '7');
INSERT INTO `role_has_permissions` (`permission_id`, `role_id`) VALUES ('31', '1');
INSERT INTO `role_has_permissions` (`permission_id`, `role_id`) VALUES ('31', '6');
INSERT INTO `role_has_permissions` (`permission_id`, `role_id`) VALUES ('31', '7');
INSERT INTO `role_has_permissions` (`permission_id`, `role_id`) VALUES ('32', '1');
INSERT INTO `role_has_permissions` (`permission_id`, `role_id`) VALUES ('32', '6');
INSERT INTO `role_has_permissions` (`permission_id`, `role_id`) VALUES ('32', '7');
INSERT INTO `role_has_permissions` (`permission_id`, `role_id`) VALUES ('33', '1');
INSERT INTO `role_has_permissions` (`permission_id`, `role_id`) VALUES ('33', '2');
INSERT INTO `role_has_permissions` (`permission_id`, `role_id`) VALUES ('33', '6');
INSERT INTO `role_has_permissions` (`permission_id`, `role_id`) VALUES ('33', '7');
INSERT INTO `role_has_permissions` (`permission_id`, `role_id`) VALUES ('34', '1');
INSERT INTO `role_has_permissions` (`permission_id`, `role_id`) VALUES ('34', '6');
INSERT INTO `role_has_permissions` (`permission_id`, `role_id`) VALUES ('34', '7');
INSERT INTO `role_has_permissions` (`permission_id`, `role_id`) VALUES ('35', '1');
INSERT INTO `role_has_permissions` (`permission_id`, `role_id`) VALUES ('35', '6');
INSERT INTO `role_has_permissions` (`permission_id`, `role_id`) VALUES ('35', '7');
INSERT INTO `role_has_permissions` (`permission_id`, `role_id`) VALUES ('36', '1');
INSERT INTO `role_has_permissions` (`permission_id`, `role_id`) VALUES ('36', '6');
INSERT INTO `role_has_permissions` (`permission_id`, `role_id`) VALUES ('36', '7');
INSERT INTO `role_has_permissions` (`permission_id`, `role_id`) VALUES ('37', '1');
INSERT INTO `role_has_permissions` (`permission_id`, `role_id`) VALUES ('37', '6');
INSERT INTO `role_has_permissions` (`permission_id`, `role_id`) VALUES ('37', '7');
INSERT INTO `role_has_permissions` (`permission_id`, `role_id`) VALUES ('38', '1');
INSERT INTO `role_has_permissions` (`permission_id`, `role_id`) VALUES ('38', '2');
INSERT INTO `role_has_permissions` (`permission_id`, `role_id`) VALUES ('38', '4');
INSERT INTO `role_has_permissions` (`permission_id`, `role_id`) VALUES ('38', '6');
INSERT INTO `role_has_permissions` (`permission_id`, `role_id`) VALUES ('38', '7');
INSERT INTO `role_has_permissions` (`permission_id`, `role_id`) VALUES ('39', '1');
INSERT INTO `role_has_permissions` (`permission_id`, `role_id`) VALUES ('39', '2');
INSERT INTO `role_has_permissions` (`permission_id`, `role_id`) VALUES ('39', '3');
INSERT INTO `role_has_permissions` (`permission_id`, `role_id`) VALUES ('39', '4');
INSERT INTO `role_has_permissions` (`permission_id`, `role_id`) VALUES ('39', '6');
INSERT INTO `role_has_permissions` (`permission_id`, `role_id`) VALUES ('39', '7');
INSERT INTO `role_has_permissions` (`permission_id`, `role_id`) VALUES ('40', '1');
INSERT INTO `role_has_permissions` (`permission_id`, `role_id`) VALUES ('40', '2');
INSERT INTO `role_has_permissions` (`permission_id`, `role_id`) VALUES ('40', '6');
INSERT INTO `role_has_permissions` (`permission_id`, `role_id`) VALUES ('40', '7');
INSERT INTO `role_has_permissions` (`permission_id`, `role_id`) VALUES ('41', '1');
INSERT INTO `role_has_permissions` (`permission_id`, `role_id`) VALUES ('41', '2');
INSERT INTO `role_has_permissions` (`permission_id`, `role_id`) VALUES ('41', '3');
INSERT INTO `role_has_permissions` (`permission_id`, `role_id`) VALUES ('41', '4');
INSERT INTO `role_has_permissions` (`permission_id`, `role_id`) VALUES ('41', '6');
INSERT INTO `role_has_permissions` (`permission_id`, `role_id`) VALUES ('41', '7');
INSERT INTO `role_has_permissions` (`permission_id`, `role_id`) VALUES ('42', '1');
INSERT INTO `role_has_permissions` (`permission_id`, `role_id`) VALUES ('42', '2');
INSERT INTO `role_has_permissions` (`permission_id`, `role_id`) VALUES ('42', '6');
INSERT INTO `role_has_permissions` (`permission_id`, `role_id`) VALUES ('42', '7');
INSERT INTO `role_has_permissions` (`permission_id`, `role_id`) VALUES ('43', '1');
INSERT INTO `role_has_permissions` (`permission_id`, `role_id`) VALUES ('43', '6');
INSERT INTO `role_has_permissions` (`permission_id`, `role_id`) VALUES ('44', '1');
INSERT INTO `role_has_permissions` (`permission_id`, `role_id`) VALUES ('44', '2');
INSERT INTO `role_has_permissions` (`permission_id`, `role_id`) VALUES ('44', '6');
INSERT INTO `role_has_permissions` (`permission_id`, `role_id`) VALUES ('44', '7');
INSERT INTO `role_has_permissions` (`permission_id`, `role_id`) VALUES ('45', '1');
INSERT INTO `role_has_permissions` (`permission_id`, `role_id`) VALUES ('45', '2');
INSERT INTO `role_has_permissions` (`permission_id`, `role_id`) VALUES ('45', '6');
INSERT INTO `role_has_permissions` (`permission_id`, `role_id`) VALUES ('45', '7');
INSERT INTO `role_has_permissions` (`permission_id`, `role_id`) VALUES ('46', '1');
INSERT INTO `role_has_permissions` (`permission_id`, `role_id`) VALUES ('46', '2');
INSERT INTO `role_has_permissions` (`permission_id`, `role_id`) VALUES ('46', '3');
INSERT INTO `role_has_permissions` (`permission_id`, `role_id`) VALUES ('46', '6');

-- Table: roles
CREATE TABLE `roles` (
  `id` bigint(20) unsigned NOT NULL AUTO_INCREMENT,
  `name` varchar(255) NOT NULL,
  `guard_name` varchar(255) NOT NULL,
  `created_at` timestamp NULL DEFAULT NULL,
  `updated_at` timestamp NULL DEFAULT NULL,
  PRIMARY KEY (`id`),
  UNIQUE KEY `roles_name_guard_name_unique` (`name`,`guard_name`)
) ENGINE=InnoDB AUTO_INCREMENT=9 DEFAULT CHARSET=utf8mb4 COLLATE=utf8mb4_unicode_ci;

INSERT INTO `roles` (`id`, `name`, `guard_name`, `created_at`, `updated_at`) VALUES ('1', 'developer', 'web', '2026-02-09 13:27:05', '2026-02-09 13:27:05');
INSERT INTO `roles` (`id`, `name`, `guard_name`, `created_at`, `updated_at`) VALUES ('2', 'owner', 'web', '2026-02-09 13:27:05', '2026-02-09 13:27:05');
INSERT INTO `roles` (`id`, `name`, `guard_name`, `created_at`, `updated_at`) VALUES ('3', 'designer', 'web', '2026-02-09 13:27:05', '2026-02-09 13:27:05');
INSERT INTO `roles` (`id`, `name`, `guard_name`, `created_at`, `updated_at`) VALUES ('4', 'kasir', 'web', '2026-02-09 13:27:05', '2026-02-09 13:27:05');
INSERT INTO `roles` (`id`, `name`, `guard_name`, `created_at`, `updated_at`) VALUES ('5', 'operator', 'web', '2026-02-09 13:27:05', '2026-02-09 13:27:05');
INSERT INTO `roles` (`id`, `name`, `guard_name`, `created_at`, `updated_at`) VALUES ('6', 'spv', 'web', '2026-02-10 01:47:14', '2026-02-10 01:47:14');
INSERT INTO `roles` (`id`, `name`, `guard_name`, `created_at`, `updated_at`) VALUES ('7', 'Administrasi', 'web', '2026-02-27 01:29:49', '2026-02-27 01:29:49');
INSERT INTO `roles` (`id`, `name`, `guard_name`, `created_at`, `updated_at`) VALUES ('8', 'Finishing', 'web', '2026-03-05 21:43:26', '2026-03-05 21:43:26');

-- Table: salaries
CREATE TABLE `salaries` (
  `id` bigint(20) unsigned NOT NULL AUTO_INCREMENT,
  `employee_id` bigint(20) unsigned NOT NULL,
  `period` varchar(255) NOT NULL,
  `base_salary` decimal(12,2) NOT NULL DEFAULT 0.00,
  `allowance` decimal(12,2) NOT NULL DEFAULT 0.00,
  `overtime` decimal(12,2) NOT NULL DEFAULT 0.00,
  `bonus` decimal(12,2) NOT NULL DEFAULT 0.00,
  `deduction` decimal(12,2) NOT NULL DEFAULT 0.00,
  `total` decimal(12,2) NOT NULL DEFAULT 0.00,
  `notes` text DEFAULT NULL,
  `status` enum('draft','paid') NOT NULL DEFAULT 'draft',
  `paid_at` date DEFAULT NULL,
  `created_at` timestamp NULL DEFAULT NULL,
  `updated_at` timestamp NULL DEFAULT NULL,
  PRIMARY KEY (`id`),
  UNIQUE KEY `salaries_employee_id_period_unique` (`employee_id`,`period`),
  CONSTRAINT `salaries_employee_id_foreign` FOREIGN KEY (`employee_id`) REFERENCES `employees` (`id`) ON DELETE CASCADE
) ENGINE=InnoDB DEFAULT CHARSET=utf8mb4 COLLATE=utf8mb4_unicode_ci;

-- Table: sessions
CREATE TABLE `sessions` (
  `id` varchar(255) NOT NULL,
  `user_id` bigint(20) unsigned DEFAULT NULL,
  `ip_address` varchar(45) DEFAULT NULL,
  `user_agent` text DEFAULT NULL,
  `payload` longtext NOT NULL,
  `last_activity` int(11) NOT NULL,
  PRIMARY KEY (`id`),
  KEY `sessions_user_id_index` (`user_id`),
  KEY `sessions_last_activity_index` (`last_activity`)
) ENGINE=InnoDB DEFAULT CHARSET=utf8mb4 COLLATE=utf8mb4_unicode_ci;

INSERT INTO `sessions` (`id`, `user_id`, `ip_address`, `user_agent`, `payload`, `last_activity`) VALUES ('5ZA1dCuuaEEpuIwoZNTQzmpAIH96oU7RyHHRx6Pq', '6', '114.10.101.204', 'Mozilla/5.0 (X11; Linux x86_64) AppleWebKit/537.36 (KHTML, like Gecko) Chrome/145.0.0.0 Safari/537.36', 'YTo0OntzOjY6Il90b2tlbiI7czo0MDoiUGxYUGJVM1JsYUhGMFoxSkJWMkhXTkJFSVJUeWtVR29CYmNsMDFOZyI7czo2OiJfZmxhc2giO2E6Mjp7czozOiJvbGQiO2E6MDp7fXM6MzoibmV3IjthOjA6e319czo5OiJfcHJldmlvdXMiO2E6MTp7czozOiJ1cmwiO3M6MzY6Imh0dHBzOi8vcG9zLmVya2FncmFwaGlhLmNvbS9wcm9kdWtzaSI7fXM6NTA6ImxvZ2luX3dlYl81OWJhMzZhZGRjMmIyZjk0MDE1ODBmMDE0YzdmNThlYTRlMzA5ODlkIjtpOjY7fQ==', '1772782839');
INSERT INTO `sessions` (`id`, `user_id`, `ip_address`, `user_agent`, `payload`, `last_activity`) VALUES ('aABMHLyiWxgQtNCuT6V4B9RwKFPOK010OBB08ADb', '20', '182.253.63.6', 'Mozilla/5.0 (Windows NT 10.0; Win64; x64) AppleWebKit/537.36 (KHTML, like Gecko) Chrome/145.0.0.0 Safari/537.36', 'YTo0OntzOjY6Il90b2tlbiI7czo0MDoiTjJSUG1aWXRubDdSY3kyRnp0eXNzV2VNS3NHeWo3VUVSYzhHdjVqOSI7czo1MDoibG9naW5fd2ViXzU5YmEzNmFkZGMyYjJmOTQwMTU4MGYwMTRjN2Y1OGVhNGUzMDk4OWQiO2k6MjA7czo5OiJfcHJldmlvdXMiO2E6MTp7czozOiJ1cmwiO3M6NDE6Imh0dHBzOi8vcG9zLmVya2FncmFwaGlhLmNvbS9wcmludC9zcGsvNTY3Ijt9czo2OiJfZmxhc2giO2E6Mjp7czozOiJvbGQiO2E6MDp7fXM6MzoibmV3IjthOjA6e319fQ==', '1772784361');
INSERT INTO `sessions` (`id`, `user_id`, `ip_address`, `user_agent`, `payload`, `last_activity`) VALUES ('AsMOVwp4zqORny1LpnfMQuHdqVQWoZ5ArsyifQI8', '16', '182.253.63.6', 'Mozilla/5.0 (Windows NT 6.1; Win64; x64; rv:109.0) Gecko/20100101 Firefox/115.0', 'YTo1OntzOjY6Il90b2tlbiI7czo0MDoiM2RaUUk2SVEzeTdrR2xvVlN2bng0ZmNOSElFbU5CNm5OdGh3UEQxeSI7czozOiJ1cmwiO2E6MDp7fXM6OToiX3ByZXZpb3VzIjthOjE6e3M6MzoidXJsIjtzOjgwOiJodHRwczovL3Bvcy5lcmthZ3JhcGhpYS5jb20vb3JkZXJzP2RhdGU9JnBpY2t1cD0mcHJvZHVjdGlvbj0mc2VhcmNoPVlPR0kmc3RhdHVzPSI7fXM6NjoiX2ZsYXNoIjthOjI6e3M6Mzoib2xkIjthOjA6e31zOjM6Im5ldyI7YTowOnt9fXM6NTA6ImxvZ2luX3dlYl81OWJhMzZhZGRjMmIyZjk0MDE1ODBmMDE0YzdmNThlYTRlMzA5ODlkIjtpOjE2O30=', '1772787925');
INSERT INTO `sessions` (`id`, `user_id`, `ip_address`, `user_agent`, `payload`, `last_activity`) VALUES ('Fb6iLgxnhqAn1jpANMdvRyeo8yggrBDrHoUjD8FW', '23', '103.169.238.104', 'Mozilla/5.0 (Windows NT 10.0; Win64; x64) AppleWebKit/537.36 (KHTML, like Gecko) Chrome/145.0.0.0 Safari/537.36', 'YTo1OntzOjY6Il90b2tlbiI7czo0MDoiQUVIdjlGc2c2Tm5Ld3FlMERHZDJpdFY3eU1YR253MUxUcnJYbFhuZSI7czozOiJ1cmwiO2E6MDp7fXM6OToiX3ByZXZpb3VzIjthOjE6e3M6MzoidXJsIjtzOjgwOiJodHRwczovL3Bvcy5lcmthZ3JhcGhpYS5jb20vb3JkZXJzP2RhdGU9JnBpY2t1cD0mcHJvZHVjdGlvbj0mc2VhcmNoPWFkbGkmc3RhdHVzPSI7fXM6NjoiX2ZsYXNoIjthOjI6e3M6Mzoib2xkIjthOjA6e31zOjM6Im5ldyI7YTowOnt9fXM6NTA6ImxvZ2luX3dlYl81OWJhMzZhZGRjMmIyZjk0MDE1ODBmMDE0YzdmNThlYTRlMzA5ODlkIjtpOjIzO30=', '1772787666');
INSERT INTO `sessions` (`id`, `user_id`, `ip_address`, `user_agent`, `payload`, `last_activity`) VALUES ('FQNwjgrPF61F96wnNoGEPC0hgpuI3GAFaWfpvbQz', '18', '182.253.63.6', 'Mozilla/5.0 (Linux; Android 10; K) AppleWebKit/537.36 (KHTML, like Gecko) Chrome/145.0.0.0 Mobile Safari/537.36', 'YTo1OntzOjY6Il90b2tlbiI7czo0MDoiVWpxalNOMDBjVjJsSXduajNqZldUYVBmaEQzTVdQV1JMVnlSSW9JSyI7czozOiJ1cmwiO2E6MDp7fXM6OToiX3ByZXZpb3VzIjthOjE6e3M6MzoidXJsIjtzOjQ0OiJodHRwczovL3Bvcy5lcmthZ3JhcGhpYS5jb20vP2NhdGVnb3J5PWluZG9vciI7fXM6NjoiX2ZsYXNoIjthOjI6e3M6Mzoib2xkIjthOjA6e31zOjM6Im5ldyI7YTowOnt9fXM6NTA6ImxvZ2luX3dlYl81OWJhMzZhZGRjMmIyZjk0MDE1ODBmMDE0YzdmNThlYTRlMzA5ODlkIjtpOjE4O30=', '1772786679');
INSERT INTO `sessions` (`id`, `user_id`, `ip_address`, `user_agent`, `payload`, `last_activity`) VALUES ('GxNEXT4h1mftHLjA9d4JtHuVujjwFrNM4AhIUl2u', '21', '182.253.63.6', 'Mozilla/5.0 (Linux; Android 10; K) AppleWebKit/537.36 (KHTML, like Gecko) Chrome/145.0.0.0 Mobile Safari/537.36', 'YTo1OntzOjY6Il90b2tlbiI7czo0MDoieWRzYnJmeWFWRlNtTlB5ZjdNSE9GM1Bac2JWWVJCSm1SUkZwMjBtWCI7czozOiJ1cmwiO2E6MDp7fXM6OToiX3ByZXZpb3VzIjthOjE6e3M6MzoidXJsIjtzOjQ1OiJodHRwczovL3Bvcy5lcmthZ3JhcGhpYS5jb20vP2NhdGVnb3J5PW91dGRvb3IiO31zOjY6Il9mbGFzaCI7YToyOntzOjM6Im9sZCI7YTowOnt9czozOiJuZXciO2E6MDp7fX1zOjUwOiJsb2dpbl93ZWJfNTliYTM2YWRkYzJiMmY5NDAxNTgwZjAxNGM3ZjU4ZWE0ZTMwOTg5ZCI7aToyMTt9', '1772787856');
INSERT INTO `sessions` (`id`, `user_id`, `ip_address`, `user_agent`, `payload`, `last_activity`) VALUES ('h5BEJC4qSeK7O6X4ZMXdm3A1WFlcfqUSdXERfOdr', '8', '103.169.238.104', 'Mozilla/5.0 (Windows NT 10.0; Win64; x64) AppleWebKit/537.36 (KHTML, like Gecko) Chrome/145.0.0.0 Safari/537.36', 'YTo1OntzOjY6Il90b2tlbiI7czo0MDoianhVdERZTkNPRWhSQVljdEprOHBMTXlZSGh6SjhmeGJ6MTFPbUtrWSI7czozOiJ1cmwiO2E6MDp7fXM6OToiX3ByZXZpb3VzIjthOjE6e3M6MzoidXJsIjtzOjk3OiJodHRwczovL3Bvcy5lcmthZ3JhcGhpYS5jb20vcHJpbnQvcGl1dGFuZy1jdXN0b21lcj9jdXN0b21lcj1WSVNVQUwlMjBMQU1QVU5HJm9yZGVyX2lkcyU1QjAlNUQ9NTY0Ijt9czo2OiJfZmxhc2giO2E6Mjp7czozOiJvbGQiO2E6MDp7fXM6MzoibmV3IjthOjA6e319czo1MDoibG9naW5fd2ViXzU5YmEzNmFkZGMyYjJmOTQwMTU4MGYwMTRjN2Y1OGVhNGUzMDk4OWQiO2k6ODt9', '1772786723');
INSERT INTO `sessions` (`id`, `user_id`, `ip_address`, `user_agent`, `payload`, `last_activity`) VALUES ('HeBZkFUfFwqAQqO6PWG0ohHWCza3BT5MClNuQsgR', '5', '182.253.63.6', 'Mozilla/5.0 (Linux; Android 10; K) AppleWebKit/537.36 (KHTML, like Gecko) Chrome/145.0.0.0 Mobile Safari/537.36', 'YTo0OntzOjY6Il90b2tlbiI7czo0MDoickxVMnFSR1c2NlV0RkZ2MTVLQ3JlZUcySjdVcVNSN0t0YXBHNHZLTiI7czo5OiJfcHJldmlvdXMiO2E6MTp7czozOiJ1cmwiO3M6Mjc6Imh0dHBzOi8vcG9zLmVya2FncmFwaGlhLmNvbSI7fXM6NjoiX2ZsYXNoIjthOjI6e3M6Mzoib2xkIjthOjA6e31zOjM6Im5ldyI7YTowOnt9fXM6NTA6ImxvZ2luX3dlYl81OWJhMzZhZGRjMmIyZjk0MDE1ODBmMDE0YzdmNThlYTRlMzA5ODlkIjtpOjU7fQ==', '1772787919');
INSERT INTO `sessions` (`id`, `user_id`, `ip_address`, `user_agent`, `payload`, `last_activity`) VALUES ('J3DLlw7WXGwEnRkUF9GtxbuNU8XFFH5U2lviP9KT', '6', '182.253.63.6', 'Mozilla/5.0 (Windows NT 6.1; Win64; x64; rv:109.0) Gecko/20100101 Firefox/115.0', 'YTo1OntzOjY6Il90b2tlbiI7czo0MDoiNGQ2MG5sWnZNVlFHNG1lMFBMM1hkbFZTTm5CbHd6SFBpVEx6Um5WWSI7czozOiJ1cmwiO2E6MDp7fXM6OToiX3ByZXZpb3VzIjthOjE6e3M6MzoidXJsIjtzOjY1OiJodHRwOi8vcG9zLmVya2FncmFwaGlhLmNvbS9wcm9kdWtzaT9jYXRlZ29yeT1pbmRvb3ImbW9kZT1wZXJfaXRlbSI7fXM6NjoiX2ZsYXNoIjthOjI6e3M6Mzoib2xkIjthOjA6e31zOjM6Im5ldyI7YTowOnt9fXM6NTA6ImxvZ2luX3dlYl81OWJhMzZhZGRjMmIyZjk0MDE1ODBmMDE0YzdmNThlYTRlMzA5ODlkIjtpOjY7fQ==', '1772784949');
INSERT INTO `sessions` (`id`, `user_id`, `ip_address`, `user_agent`, `payload`, `last_activity`) VALUES ('jNMbjRdTUBgXhwTFydUfkmxoXT6S1jsLYHzTtsP9', '8', '103.169.238.104', 'Mozilla/5.0 (Linux; Android 10; K) AppleWebKit/537.36 (KHTML, like Gecko) Chrome/138.0.0.0 Mobile Safari/537.36', 'YTo0OntzOjY6Il90b2tlbiI7czo0MDoiQ2p1S0tSUnNRMXJOWTZSeW1FNG1rSEhqNUlNNGFqaExVVWZpaWpFaCI7czo1MDoibG9naW5fd2ViXzU5YmEzNmFkZGMyYjJmOTQwMTU4MGYwMTRjN2Y1OGVhNGUzMDk4OWQiO2k6ODtzOjY6Il9mbGFzaCI7YToyOntzOjM6Im9sZCI7YTowOnt9czozOiJuZXciO2E6MDp7fX1zOjk6Il9wcmV2aW91cyI7YToxOntzOjM6InVybCI7czo0NDoiaHR0cHM6Ly9wb3MuZXJrYWdyYXBoaWEuY29tL3Byb2R1a3NpL2hpc3RvcnkiO319', '1772787418');
INSERT INTO `sessions` (`id`, `user_id`, `ip_address`, `user_agent`, `payload`, `last_activity`) VALUES ('jtFq6yFtBPSO1cZYa0rosvkdg8C8ZteaUHl2VvfE', '17', '182.253.63.6', 'Mozilla/5.0 (Windows NT 10.0; Win64; x64) AppleWebKit/537.36 (KHTML, like Gecko) Chrome/109.0.0.0 Safari/537.36', 'YTo1OntzOjY6Il90b2tlbiI7czo0MDoiMXhlRU1FTlJTQ1R5eDlLR0JJejRFRnlIRlpWZDNNU2ZTa3ZRZWtCMyI7czozOiJ1cmwiO2E6MDp7fXM6OToiX3ByZXZpb3VzIjthOjE6e3M6MzoidXJsIjtzOjUzOiJodHRwczovL3Bvcy5lcmthZ3JhcGhpYS5jb20vcHJvZHVrc2k/Y2F0ZWdvcnk9dmVyc2FudCI7fXM6NjoiX2ZsYXNoIjthOjI6e3M6Mzoib2xkIjthOjA6e31zOjM6Im5ldyI7YTowOnt9fXM6NTA6ImxvZ2luX3dlYl81OWJhMzZhZGRjMmIyZjk0MDE1ODBmMDE0YzdmNThlYTRlMzA5ODlkIjtpOjE3O30=', '1772787604');
INSERT INTO `sessions` (`id`, `user_id`, `ip_address`, `user_agent`, `payload`, `last_activity`) VALUES ('kMABv7JY82udol1ufH0esIgnj5Qg5gDjlOBZMuBt', '17', '182.253.63.6', 'Mozilla/5.0 (Windows NT 10.0; Win64; x64) AppleWebKit/537.36 (KHTML, like Gecko) Chrome/145.0.0.0 Safari/537.36', 'YTo0OntzOjY6Il90b2tlbiI7czo0MDoiWDhOMVp2VjJuejZBemRPOFFVa0tra2tNdklLTmE5Y3Y5OTVNVDVjRCI7czo2OiJfZmxhc2giO2E6Mjp7czozOiJvbGQiO2E6MDp7fXM6MzoibmV3IjthOjA6e319czo5OiJfcHJldmlvdXMiO2E6MTp7czozOiJ1cmwiO3M6NjQ6Imh0dHBzOi8vcG9zLmVya2FncmFwaGlhLmNvbS9vcGVyYXRvci9kYXNoYm9hcmQvbGl2ZT9zaW5jZV9pZD01OTMiO31zOjUwOiJsb2dpbl93ZWJfNTliYTM2YWRkYzJiMmY5NDAxNTgwZjAxNGM3ZjU4ZWE0ZTMwOTg5ZCI7aToxNzt9', '1772787909');
INSERT INTO `sessions` (`id`, `user_id`, `ip_address`, `user_agent`, `payload`, `last_activity`) VALUES ('ldC8oaP70mjTb5N9qPX8ApG8E8c5rIZi04aJfIc7', '3', '182.253.63.6', 'Mozilla/5.0 (Windows NT 10.0; Win64; x64) AppleWebKit/537.36 (KHTML, like Gecko) Chrome/145.0.0.0 Safari/537.36', 'YTo1OntzOjY6Il90b2tlbiI7czo0MDoiVGl2VWpnWlhDNWIzRzV0dEl0ZThWUHdLaWdoNFZzWFpsbXN2RGdNayI7czozOiJ1cmwiO2E6MDp7fXM6OToiX3ByZXZpb3VzIjthOjE6e3M6MzoidXJsIjtzOjQxOiJodHRwczovL3Bvcy5lcmthZ3JhcGhpYS5jb20vb3JkZXJzL2NyZWF0ZSI7fXM6NjoiX2ZsYXNoIjthOjI6e3M6Mzoib2xkIjthOjA6e31zOjM6Im5ldyI7YTowOnt9fXM6NTA6ImxvZ2luX3dlYl81OWJhMzZhZGRjMmIyZjk0MDE1ODBmMDE0YzdmNThlYTRlMzA5ODlkIjtpOjM7fQ==', '1772787812');
INSERT INTO `sessions` (`id`, `user_id`, `ip_address`, `user_agent`, `payload`, `last_activity`) VALUES ('lRhK6L9bl1a3ASIBw36mUYRtgvE4HljO9VatM7o8', '3', '182.253.63.6', 'Mozilla/5.0 (Windows NT 10.0; Win64; x64) AppleWebKit/537.36 (KHTML, like Gecko) Chrome/145.0.0.0 Safari/537.36', 'YTo1OntzOjY6Il90b2tlbiI7czo0MDoiNGhPOHFrNVBMS3BqYkpleFdvN01uOFJQUW5NR091d29RRDI0YzBIRiI7czozOiJ1cmwiO2E6MDp7fXM6OToiX3ByZXZpb3VzIjthOjE6e3M6MzoidXJsIjtzOjQxOiJodHRwczovL3Bvcy5lcmthZ3JhcGhpYS5jb20vcHJpbnQvc3BrLzU4MiI7fXM6NjoiX2ZsYXNoIjthOjI6e3M6Mzoib2xkIjthOjA6e31zOjM6Im5ldyI7YTowOnt9fXM6NTA6ImxvZ2luX3dlYl81OWJhMzZhZGRjMmIyZjk0MDE1ODBmMDE0YzdmNThlYTRlMzA5ODlkIjtpOjM7fQ==', '1772783790');
INSERT INTO `sessions` (`id`, `user_id`, `ip_address`, `user_agent`, `payload`, `last_activity`) VALUES ('ng2CsZW494uq6bNtEH8YO7Bnp2lBaTHMPNp4M3ZD', '22', '182.253.63.6', 'Mozilla/5.0 (Linux; Android 10; K) AppleWebKit/537.36 (KHTML, like Gecko) Chrome/145.0.0.0 Mobile Safari/537.36', 'YTo1OntzOjY6Il90b2tlbiI7czo0MDoic0hDMU5tdG1qWktGOGZ5anlNdElnNXJHRk1BWlA0YnFHTmhlZlM0RCI7czozOiJ1cmwiO2E6MDp7fXM6OToiX3ByZXZpb3VzIjthOjE6e3M6MzoidXJsIjtzOjQ2OiJodHRwczovL3Bvcy5lcmthZ3JhcGhpYS5jb20vcHJvZHVrc2kvb3JkZXIvNTkwIjt9czo2OiJfZmxhc2giO2E6Mjp7czozOiJvbGQiO2E6MDp7fXM6MzoibmV3IjthOjA6e319czo1MDoibG9naW5fd2ViXzU5YmEzNmFkZGMyYjJmOTQwMTU4MGYwMTRjN2Y1OGVhNGUzMDk4OWQiO2k6MjI7fQ==', '1772787730');
INSERT INTO `sessions` (`id`, `user_id`, `ip_address`, `user_agent`, `payload`, `last_activity`) VALUES ('SImx5pCURrMwPctWURq2ENunzFVKPwCrTbH6xzpb', '6', '103.169.238.104', 'Mozilla/5.0 (Windows NT 10.0; Win64; x64) AppleWebKit/537.36 (KHTML, like Gecko) Chrome/145.0.0.0 Safari/537.36', 'YTo0OntzOjY6Il90b2tlbiI7czo0MDoiRGVxa01xWjZ6UkhBckRaWnVPdWtKQVFoSnBEWXJ1UTVRb2FudWdLRCI7czo2OiJfZmxhc2giO2E6Mjp7czozOiJvbGQiO2E6MDp7fXM6MzoibmV3IjthOjA6e319czo5OiJfcHJldmlvdXMiO2E6MTp7czozOiJ1cmwiO3M6NjQ6Imh0dHBzOi8vcG9zLmVya2FncmFwaGlhLmNvbS9vcGVyYXRvci9kYXNoYm9hcmQvbGl2ZT9zaW5jZV9pZD01OTMiO31zOjUwOiJsb2dpbl93ZWJfNTliYTM2YWRkYzJiMmY5NDAxNTgwZjAxNGM3ZjU4ZWE0ZTMwOTg5ZCI7aTo2O30=', '1772787899');
INSERT INTO `sessions` (`id`, `user_id`, `ip_address`, `user_agent`, `payload`, `last_activity`) VALUES ('SXDBgEFKyeWq7FUKY8p8vDjOhVoWifT4zxpZCAB9', '1', '103.169.238.104', 'Mozilla/5.0 (Windows NT 10.0; Win64; x64) AppleWebKit/537.36 (KHTML, like Gecko) Chrome/145.0.0.0 Safari/537.36', 'YTo1OntzOjY6Il90b2tlbiI7czo0MDoiR1V1dVJneEd4SGYyS2pVNE9CSXdQN29ENWljNEtzZE9VRHRlYklCZCI7czozOiJ1cmwiO2E6MDp7fXM6OToiX3ByZXZpb3VzIjthOjE6e3M6MzoidXJsIjtzOjM1OiJodHRwczovL3Bvcy5lcmthZ3JhcGhpYS5jb20vYmFja3VwcyI7fXM6NjoiX2ZsYXNoIjthOjI6e3M6Mzoib2xkIjthOjA6e31zOjM6Im5ldyI7YTowOnt9fXM6NTA6ImxvZ2luX3dlYl81OWJhMzZhZGRjMmIyZjk0MDE1ODBmMDE0YzdmNThlYTRlMzA5ODlkIjtpOjE7fQ==', '1772787908');
INSERT INTO `sessions` (`id`, `user_id`, `ip_address`, `user_agent`, `payload`, `last_activity`) VALUES ('szfXPIu5JninsRDn9aVKA2yUDyISKpE5QbVAVkqA', '19', '182.253.63.6', 'Mozilla/5.0 (Windows NT 10.0; Win64; x64) AppleWebKit/537.36 (KHTML, like Gecko) Chrome/145.0.0.0 Safari/537.36', 'YTo1OntzOjY6Il90b2tlbiI7czo0MDoiZkRxZHVpR1g5bmdibFFyUnhZRFp6NXRhSlN5a1RHMjFUa0lXUnRGNyI7czozOiJ1cmwiO2E6MDp7fXM6OToiX3ByZXZpb3VzIjthOjE6e3M6MzoidXJsIjtzOjQxOiJodHRwczovL3Bvcy5lcmthZ3JhcGhpYS5jb20vb3JkZXJzL2NyZWF0ZSI7fXM6NjoiX2ZsYXNoIjthOjI6e3M6Mzoib2xkIjthOjA6e31zOjM6Im5ldyI7YTowOnt9fXM6NTA6ImxvZ2luX3dlYl81OWJhMzZhZGRjMmIyZjk0MDE1ODBmMDE0YzdmNThlYTRlMzA5ODlkIjtpOjE5O30=', '1772787837');
INSERT INTO `sessions` (`id`, `user_id`, `ip_address`, `user_agent`, `payload`, `last_activity`) VALUES ('T9EqokgjJ9VFBVbt7SPuXP8aPKMUf7E6k9q479ii', '5', '182.253.63.6', 'Mozilla/5.0 (Windows NT 10.0; Win64; x64) AppleWebKit/537.36 (KHTML, like Gecko) Chrome/145.0.0.0 Safari/537.36', 'YTo0OntzOjY6Il90b2tlbiI7czo0MDoiR2dWRDI3YTVKVjg0YmwzVmNBVWlnSkFwRVl6ZW5oN3BJZ3BWNnZvNiI7czo1MDoibG9naW5fd2ViXzU5YmEzNmFkZGMyYjJmOTQwMTU4MGYwMTRjN2Y1OGVhNGUzMDk4OWQiO2k6NTtzOjk6Il9wcmV2aW91cyI7YToxOntzOjM6InVybCI7czo0NToiaHR0cHM6Ly9wb3MuZXJrYWdyYXBoaWEuY29tL2thc2lyP3NlYXJjaD1yaWFzIjt9czo2OiJfZmxhc2giO2E6Mjp7czozOiJvbGQiO2E6MDp7fXM6MzoibmV3IjthOjA6e319fQ==', '1772787492');

-- Table: stock_movements
