-- Table structure for table `payment_accounts`
-- --------------------------------------------------------

CREATE TABLE `payment_accounts` (
  `id` bigint(20) unsigned NOT NULL AUTO_INCREMENT,
  `name` varchar(255) NOT NULL,
  `type` enum('bank','ewallet') NOT NULL,
  `provider` varchar(255) NOT NULL,
  `account_number` varchar(255) NOT NULL,
  `account_holder` varchar(255) NOT NULL,
  `is_active` tinyint(1) NOT NULL DEFAULT 1,
  `created_at` timestamp NULL DEFAULT NULL,
  `updated_at` timestamp NULL DEFAULT NULL,
  PRIMARY KEY (`id`)
) ENGINE=InnoDB AUTO_INCREMENT=12 DEFAULT CHARSET=utf8mb4 COLLATE=utf8mb4_unicode_ci;

-- Dumping data for table `payment_accounts`

INSERT INTO `payment_accounts` (`id`, `name`, `type`, `provider`, `account_number`, `account_holder`, `is_active`, `created_at`, `updated_at`) VALUES ('8', 'BCA', 'bank', 'BCA', '2920858026', 'Raden Cik Awang', '1', '2026-02-12 18:17:51', '2026-02-27 13:35:53');
INSERT INTO `payment_accounts` (`id`, `name`, `type`, `provider`, `account_number`, `account_holder`, `is_active`, `created_at`, `updated_at`) VALUES ('10', 'Mandiri', 'bank', 'Mandiri', '1120005038182', 'Raden Cik Awang', '1', '2026-02-27 13:36:18', '2026-02-27 13:36:18');
INSERT INTO `payment_accounts` (`id`, `name`, `type`, `provider`, `account_number`, `account_holder`, `is_active`, `created_at`, `updated_at`) VALUES ('11', 'BRI', 'bank', 'BRI', '185901012107503', 'Raden Cik Awang', '1', '2026-03-02 13:17:08', '2026-03-02 13:17:08');

-- --------------------------------------------------------
-- Table structure for table `payments`
-- --------------------------------------------------------

CREATE TABLE `payments` (
  `id` bigint(20) unsigned NOT NULL AUTO_INCREMENT,
  `order_id` bigint(20) unsigned NOT NULL,
  `amount` decimal(15,2) NOT NULL,
  `payment_method` varchar(255) NOT NULL DEFAULT 'cash',
  `payment_account_id` bigint(20) unsigned DEFAULT NULL,
  `proof_path` varchar(255) DEFAULT NULL,
  `notes` text DEFAULT NULL,
  `cashier_id` bigint(20) unsigned DEFAULT NULL,
  `created_at` timestamp NULL DEFAULT NULL,
  `updated_at` timestamp NULL DEFAULT NULL,
  PRIMARY KEY (`id`),
  KEY `payments_cashier_id_foreign` (`cashier_id`),
  KEY `payments_order_id_index` (`order_id`),
  KEY `payments_created_at_index` (`created_at`),
  KEY `payments_payment_account_id_foreign` (`payment_account_id`),
  CONSTRAINT `payments_cashier_id_foreign` FOREIGN KEY (`cashier_id`) REFERENCES `users` (`id`) ON DELETE SET NULL,
  CONSTRAINT `payments_order_id_foreign` FOREIGN KEY (`order_id`) REFERENCES `orders` (`id`) ON DELETE CASCADE,
  CONSTRAINT `payments_payment_account_id_foreign` FOREIGN KEY (`payment_account_id`) REFERENCES `payment_accounts` (`id`) ON DELETE SET NULL
) ENGINE=InnoDB AUTO_INCREMENT=509 DEFAULT CHARSET=utf8mb4 COLLATE=utf8mb4_unicode_ci;

-- Dumping data for table `payments`

INSERT INTO `payments` (`id`, `order_id`, `amount`, `payment_method`, `payment_account_id`, `proof_path`, `notes`, `cashier_id`, `created_at`, `updated_at`) VALUES ('8', '20', '50000.00', 'cash', NULL, NULL, NULL, '16', '2026-03-02 11:14:54', '2026-03-02 11:14:54');
INSERT INTO `payments` (`id`, `order_id`, `amount`, `payment_method`, `payment_account_id`, `proof_path`, `notes`, `cashier_id`, `created_at`, `updated_at`) VALUES ('9', '23', '19800.00', 'transfer', '8', NULL, NULL, '16', '2026-03-02 11:16:50', '2026-03-02 11:16:50');
INSERT INTO `payments` (`id`, `order_id`, `amount`, `payment_method`, `payment_account_id`, `proof_path`, `notes`, `cashier_id`, `created_at`, `updated_at`) VALUES ('10', '36', '5400.00', 'transfer', '8', NULL, NULL, '16', '2026-03-02 11:28:18', '2026-03-02 11:28:18');
INSERT INTO `payments` (`id`, `order_id`, `amount`, `payment_method`, `payment_account_id`, `proof_path`, `notes`, `cashier_id`, `created_at`, `updated_at`) VALUES ('11', '33', '41700.00', 'transfer', '10', NULL, NULL, '16', '2026-03-02 11:45:34', '2026-03-02 11:45:34');
INSERT INTO `payments` (`id`, `order_id`, `amount`, `payment_method`, `payment_account_id`, `proof_path`, `notes`, `cashier_id`, `created_at`, `updated_at`) VALUES ('12', '34', '1800.00', 'transfer', '10', NULL, NULL, '16', '2026-03-02 11:45:34', '2026-03-02 11:45:34');
INSERT INTO `payments` (`id`, `order_id`, `amount`, `payment_method`, `payment_account_id`, `proof_path`, `notes`, `cashier_id`, `created_at`, `updated_at`) VALUES ('13', '65', '140000.00', 'cash', NULL, NULL, NULL, '5', '2026-03-02 13:09:49', '2026-03-02 13:09:49');
INSERT INTO `payments` (`id`, `order_id`, `amount`, `payment_method`, `payment_account_id`, `proof_path`, `notes`, `cashier_id`, `created_at`, `updated_at`) VALUES ('14', '67', '5000.00', 'cash', NULL, NULL, NULL, '16', '2026-03-02 13:31:01', '2026-03-02 13:31:01');
INSERT INTO `payments` (`id`, `order_id`, `amount`, `payment_method`, `payment_account_id`, `proof_path`, `notes`, `cashier_id`, `created_at`, `updated_at`) VALUES ('15', '56', '50000.00', 'cash', NULL, NULL, NULL, '16', '2026-03-02 13:35:23', '2026-03-02 13:35:23');
INSERT INTO `payments` (`id`, `order_id`, `amount`, `payment_method`, `payment_account_id`, `proof_path`, `notes`, `cashier_id`, `created_at`, `updated_at`) VALUES ('16', '19', '48000.00', 'transfer', '8', NULL, NULL, '16', '2026-03-02 13:37:10', '2026-03-02 13:37:10');
INSERT INTO `payments` (`id`, `order_id`, `amount`, `payment_method`, `payment_account_id`, `proof_path`, `notes`, `cashier_id`, `created_at`, `updated_at`) VALUES ('17', '85', '20000.00', 'cash', NULL, NULL, NULL, '16', '2026-03-02 14:00:16', '2026-03-02 14:00:16');
INSERT INTO `payments` (`id`, `order_id`, `amount`, `payment_method`, `payment_account_id`, `proof_path`, `notes`, `cashier_id`, `created_at`, `updated_at`) VALUES ('18', '27', '24300.00', 'transfer', '8', NULL, NULL, '16', '2026-03-02 14:01:48', '2026-03-02 14:01:48');
INSERT INTO `payments` (`id`, `order_id`, `amount`, `payment_method`, `payment_account_id`, `proof_path`, `notes`, `cashier_id`, `created_at`, `updated_at`) VALUES ('19', '29', '3200.00', 'transfer', '8', NULL, NULL, '16', '2026-03-02 14:01:48', '2026-03-02 14:01:48');
INSERT INTO `payments` (`id`, `order_id`, `amount`, `payment_method`, `payment_account_id`, `proof_path`, `notes`, `cashier_id`, `created_at`, `updated_at`) VALUES ('20', '30', '100000.00', 'cash', NULL, NULL, NULL, '16', '2026-03-02 14:15:33', '2026-03-02 14:15:33');
INSERT INTO `payments` (`id`, `order_id`, `amount`, `payment_method`, `payment_account_id`, `proof_path`, `notes`, `cashier_id`, `created_at`, `updated_at`) VALUES ('21', '50', '100000.00', 'cash', NULL, NULL, NULL, '16', '2026-03-02 14:16:44', '2026-03-02 14:16:44');
INSERT INTO `payments` (`id`, `order_id`, `amount`, `payment_method`, `payment_account_id`, `proof_path`, `notes`, `cashier_id`, `created_at`, `updated_at`) VALUES ('22', '42', '49500.00', 'cash', NULL, NULL, NULL, '16', '2026-03-02 14:33:00', '2026-03-02 14:33:00');
INSERT INTO `payments` (`id`, `order_id`, `amount`, `payment_method`, `payment_account_id`, `proof_path`, `notes`, `cashier_id`, `created_at`, `updated_at`) VALUES ('23', '45', '15400.00', 'cash', NULL, NULL, NULL, '16', '2026-03-02 14:33:00', '2026-03-02 14:33:00');
INSERT INTO `payments` (`id`, `order_id`, `amount`, `payment_method`, `payment_account_id`, `proof_path`, `notes`, `cashier_id`, `created_at`, `updated_at`) VALUES ('24', '92', '3997.00', 'cash', NULL, NULL, NULL, '16', '2026-03-02 14:35:00', '2026-03-02 14:35:00');
INSERT INTO `payments` (`id`, `order_id`, `amount`, `payment_method`, `payment_account_id`, `proof_path`, `notes`, `cashier_id`, `created_at`, `updated_at`) VALUES ('25', '41', '10000.00', 'transfer', '8', NULL, NULL, '16', '2026-03-02 14:36:35', '2026-03-02 14:36:35');
INSERT INTO `payments` (`id`, `order_id`, `amount`, `payment_method`, `payment_account_id`, `proof_path`, `notes`, `cashier_id`, `created_at`, `updated_at`) VALUES ('26', '63', '32800.00', 'transfer', '8', NULL, NULL, '16', '2026-03-02 14:43:16', '2026-03-02 14:43:16');
INSERT INTO `payments` (`id`, `order_id`, `amount`, `payment_method`, `payment_account_id`, `proof_path`, `notes`, `cashier_id`, `created_at`, `updated_at`) VALUES ('27', '95', '1040000.00', 'transfer', '10', NULL, NULL, '16', '2026-03-02 15:04:24', '2026-03-02 15:04:24');
INSERT INTO `payments` (`id`, `order_id`, `amount`, `payment_method`, `payment_account_id`, `proof_path`, `notes`, `cashier_id`, `created_at`, `updated_at`) VALUES ('28', '68', '52000.00', 'transfer', '8', NULL, NULL, '16', '2026-03-02 15:05:00', '2026-03-02 15:05:00');
INSERT INTO `payments` (`id`, `order_id`, `amount`, `payment_method`, `payment_account_id`, `proof_path`, `notes`, `cashier_id`, `created_at`, `updated_at`) VALUES ('29', '55', '25000.00', 'transfer', '11', NULL, NULL, '16', '2026-03-02 15:05:31', '2026-03-02 15:05:31');
INSERT INTO `payments` (`id`, `order_id`, `amount`, `payment_method`, `payment_account_id`, `proof_path`, `notes`, `cashier_id`, `created_at`, `updated_at`) VALUES ('30', '22', '26400.00', 'cash', NULL, NULL, NULL, '16', '2026-03-02 15:10:22', '2026-03-02 15:10:22');
INSERT INTO `payments` (`id`, `order_id`, `amount`, `payment_method`, `payment_account_id`, `proof_path`, `notes`, `cashier_id`, `created_at`, `updated_at`) VALUES ('31', '25', '97500.00', 'cash', NULL, NULL, NULL, '16', '2026-03-02 15:10:22', '2026-03-02 15:10:22');
INSERT INTO `payments` (`id`, `order_id`, `amount`, `payment_method`, `payment_account_id`, `proof_path`, `notes`, `cashier_id`, `created_at`, `updated_at`) VALUES ('32', '74', '20000.00', 'cash', NULL, NULL, NULL, '16', '2026-03-02 15:23:51', '2026-03-02 15:23:51');
INSERT INTO `payments` (`id`, `order_id`, `amount`, `payment_method`, `payment_account_id`, `proof_path`, `notes`, `cashier_id`, `created_at`, `updated_at`) VALUES ('33', '108', '109200.00', 'transfer', '8', NULL, NULL, '16', '2026-03-02 16:02:14', '2026-03-02 16:02:14');
INSERT INTO `payments` (`id`, `order_id`, `amount`, `payment_method`, `payment_account_id`, `proof_path`, `notes`, `cashier_id`, `created_at`, `updated_at`) VALUES ('34', '91', '17500.00', 'transfer', '8', NULL, NULL, '5', '2026-03-02 16:04:34', '2026-03-02 16:04:34');
INSERT INTO `payments` (`id`, `order_id`, `amount`, `payment_method`, `payment_account_id`, `proof_path`, `notes`, `cashier_id`, `created_at`, `updated_at`) VALUES ('35', '59', '100000.00', 'cash', NULL, NULL, NULL, '16', '2026-03-02 16:14:42', '2026-03-02 16:14:42');
INSERT INTO `payments` (`id`, `order_id`, `amount`, `payment_method`, `payment_account_id`, `proof_path`, `notes`, `cashier_id`, `created_at`, `updated_at`) VALUES ('36', '69', '50000.00', 'cash', NULL, NULL, NULL, '16', '2026-03-02 16:15:49', '2026-03-02 16:15:49');
INSERT INTO `payments` (`id`, `order_id`, `amount`, `payment_method`, `payment_account_id`, `proof_path`, `notes`, `cashier_id`, `created_at`, `updated_at`) VALUES ('37', '86', '10000.00', 'cash', NULL, NULL, NULL, '16', '2026-03-02 16:18:21', '2026-03-02 16:18:21');
INSERT INTO `payments` (`id`, `order_id`, `amount`, `payment_method`, `payment_account_id`, `proof_path`, `notes`, `cashier_id`, `created_at`, `updated_at`) VALUES ('38', '88', '21900.00', 'transfer', '8', NULL, NULL, '16', '2026-03-02 16:23:02', '2026-03-02 16:23:02');
INSERT INTO `payments` (`id`, `order_id`, `amount`, `payment_method`, `payment_account_id`, `proof_path`, `notes`, `cashier_id`, `created_at`, `updated_at`) VALUES ('39', '46', '90000.00', 'transfer', '8', NULL, NULL, '16', '2026-03-02 16:24:32', '2026-03-02 16:24:32');
INSERT INTO `payments` (`id`, `order_id`, `amount`, `payment_method`, `payment_account_id`, `proof_path`, `notes`, `cashier_id`, `created_at`, `updated_at`) VALUES ('40', '32', '42000.00', 'transfer', '8', NULL, NULL, '16', '2026-03-02 16:29:00', '2026-03-02 16:29:00');
INSERT INTO `payments` (`id`, `order_id`, `amount`, `payment_method`, `payment_account_id`, `proof_path`, `notes`, `cashier_id`, `created_at`, `updated_at`) VALUES ('41', '44', '101400.00', 'transfer', '8', NULL, NULL, '16', '2026-03-02 16:29:00', '2026-03-02 16:29:00');
INSERT INTO `payments` (`id`, `order_id`, `amount`, `payment_method`, `payment_account_id`, `proof_path`, `notes`, `cashier_id`, `created_at`, `updated_at`) VALUES ('42', '21', '630000.00', 'transfer', '10', NULL, NULL, '16', '2026-03-02 16:35:22', '2026-03-02 16:35:22');
INSERT INTO `payments` (`id`, `order_id`, `amount`, `payment_method`, `payment_account_id`, `proof_path`, `notes`, `cashier_id`, `created_at`, `updated_at`) VALUES ('43', '60', '50000.00', 'transfer', '10', NULL, NULL, '16', '2026-03-02 16:37:50', '2026-03-02 16:37:50');
INSERT INTO `payments` (`id`, `order_id`, `amount`, `payment_method`, `payment_account_id`, `proof_path`, `notes`, `cashier_id`, `created_at`, `updated_at`) VALUES ('44', '103', '23400.00', 'transfer', '8', NULL, NULL, '16', '2026-03-02 16:46:46', '2026-03-02 16:46:46');
INSERT INTO `payments` (`id`, `order_id`, `amount`, `payment_method`, `payment_account_id`, `proof_path`, `notes`, `cashier_id`, `created_at`, `updated_at`) VALUES ('45', '84', '147000.00', 'transfer', '8', NULL, NULL, '16', '2026-03-02 17:04:30', '2026-03-02 17:04:30');
INSERT INTO `payments` (`id`, `order_id`, `amount`, `payment_method`, `payment_account_id`, `proof_path`, `notes`, `cashier_id`, `created_at`, `updated_at`) VALUES ('46', '57', '217000.00', 'transfer', '8', NULL, NULL, '16', '2026-03-02 17:05:28', '2026-03-02 17:05:28');
INSERT INTO `payments` (`id`, `order_id`, `amount`, `payment_method`, `payment_account_id`, `proof_path`, `notes`, `cashier_id`, `created_at`, `updated_at`) VALUES ('47', '78', '36300.00', 'transfer', '8', NULL, NULL, '16', '2026-03-02 17:05:56', '2026-03-02 17:05:56');
INSERT INTO `payments` (`id`, `order_id`, `amount`, `payment_method`, `payment_account_id`, `proof_path`, `notes`, `cashier_id`, `created_at`, `updated_at`) VALUES ('48', '35', '240000.00', 'transfer', '8', NULL, NULL, '5', '2026-03-03 09:51:20', '2026-03-03 09:51:20');
INSERT INTO `payments` (`id`, `order_id`, `amount`, `payment_method`, `payment_account_id`, `proof_path`, `notes`, `cashier_id`, `created_at`, `updated_at`) VALUES ('49', '94', '33000.00', 'cash', NULL, NULL, NULL, '16', '2026-03-03 10:24:24', '2026-03-03 10:24:24');
INSERT INTO `payments` (`id`, `order_id`, `amount`, `payment_method`, `payment_account_id`, `proof_path`, `notes`, `cashier_id`, `created_at`, `updated_at`) VALUES ('50', '97', '50000.00', 'cash', NULL, NULL, NULL, '16', '2026-03-03 10:24:24', '2026-03-03 10:24:24');
INSERT INTO `payments` (`id`, `order_id`, `amount`, `payment_method`, `payment_account_id`, `proof_path`, `notes`, `cashier_id`, `created_at`, `updated_at`) VALUES ('51', '99', '175200.00', 'cash', NULL, NULL, NULL, '16', '2026-03-03 10:24:24', '2026-03-03 10:24:24');
INSERT INTO `payments` (`id`, `order_id`, `amount`, `payment_method`, `payment_account_id`, `proof_path`, `notes`, `cashier_id`, `created_at`, `updated_at`) VALUES ('52', '31', '10400.00', 'cash', NULL, NULL, NULL, '16', '2026-03-03 10:29:43', '2026-03-03 10:29:43');
INSERT INTO `payments` (`id`, `order_id`, `amount`, `payment_method`, `payment_account_id`, `proof_path`, `notes`, `cashier_id`, `created_at`, `updated_at`) VALUES ('53', '38', '45000.00', 'cash', NULL, NULL, NULL, '16', '2026-03-03 10:29:43', '2026-03-03 10:29:43');
INSERT INTO `payments` (`id`, `order_id`, `amount`, `payment_method`, `payment_account_id`, `proof_path`, `notes`, `cashier_id`, `created_at`, `updated_at`) VALUES ('54', '144', '155000.00', 'cash', NULL, NULL, NULL, '16', '2026-03-03 10:49:59', '2026-03-03 10:49:59');
INSERT INTO `payments` (`id`, `order_id`, `amount`, `payment_method`, `payment_account_id`, `proof_path`, `notes`, `cashier_id`, `created_at`, `updated_at`) VALUES ('55', '146', '93600.00', 'cash', NULL, NULL, NULL, '16', '2026-03-03 11:02:17', '2026-03-03 11:02:17');
INSERT INTO `payments` (`id`, `order_id`, `amount`, `payment_method`, `payment_account_id`, `proof_path`, `notes`, `cashier_id`, `created_at`, `updated_at`) VALUES ('56', '147', '6400.00', 'cash', NULL, NULL, NULL, '16', '2026-03-03 11:02:17', '2026-03-03 11:02:17');
INSERT INTO `payments` (`id`, `order_id`, `amount`, `payment_method`, `payment_account_id`, `proof_path`, `notes`, `cashier_id`, `created_at`, `updated_at`) VALUES ('57', '124', '50000.00', 'cash', NULL, NULL, NULL, '16', '2026-03-03 11:03:58', '2026-03-03 11:03:58');
INSERT INTO `payments` (`id`, `order_id`, `amount`, `payment_method`, `payment_account_id`, `proof_path`, `notes`, `cashier_id`, `created_at`, `updated_at`) VALUES ('58', '175', '3200.00', 'transfer', '8', NULL, NULL, '16', '2026-03-03 11:33:41', '2026-03-03 11:33:41');
INSERT INTO `payments` (`id`, `order_id`, `amount`, `payment_method`, `payment_account_id`, `proof_path`, `notes`, `cashier_id`, `created_at`, `updated_at`) VALUES ('59', '119', '20000.00', 'cash', NULL, NULL, NULL, '16', '2026-03-03 11:38:37', '2026-03-03 11:38:37');
INSERT INTO `payments` (`id`, `order_id`, `amount`, `payment_method`, `payment_account_id`, `proof_path`, `notes`, `cashier_id`, `created_at`, `updated_at`) VALUES ('60', '127', '205000.00', 'cash', NULL, NULL, NULL, '5', '2026-03-03 11:44:49', '2026-03-03 11:44:49');
INSERT INTO `payments` (`id`, `order_id`, `amount`, `payment_method`, `payment_account_id`, `proof_path`, `notes`, `cashier_id`, `created_at`, `updated_at`) VALUES ('61', '79', '30000.00', 'transfer', '8', NULL, NULL, '16', '2026-03-03 11:58:41', '2026-03-03 11:58:41');
INSERT INTO `payments` (`id`, `order_id`, `amount`, `payment_method`, `payment_account_id`, `proof_path`, `notes`, `cashier_id`, `created_at`, `updated_at`) VALUES ('62', '90', '307500.00', 'transfer', '8', NULL, NULL, '16', '2026-03-03 11:58:41', '2026-03-03 11:58:41');
INSERT INTO `payments` (`id`, `order_id`, `amount`, `payment_method`, `payment_account_id`, `proof_path`, `notes`, `cashier_id`, `created_at`, `updated_at`) VALUES ('63', '100', '189200.00', 'transfer', '11', NULL, NULL, '16', '2026-03-03 13:06:08', '2026-03-03 13:06:08');
INSERT INTO `payments` (`id`, `order_id`, `amount`, `payment_method`, `payment_account_id`, `proof_path`, `notes`, `cashier_id`, `created_at`, `updated_at`) VALUES ('64', '110', '350000.00', 'cash', NULL, NULL, NULL, '16', '2026-03-03 13:11:52', '2026-03-03 13:11:52');
INSERT INTO `payments` (`id`, `order_id`, `amount`, `payment_method`, `payment_account_id`, `proof_path`, `notes`, `cashier_id`, `created_at`, `updated_at`) VALUES ('65', '173', '23750.00', 'transfer', '8', NULL, NULL, '16', '2026-03-03 13:15:40', '2026-03-03 13:15:40');
INSERT INTO `payments` (`id`, `order_id`, `amount`, `payment_method`, `payment_account_id`, `proof_path`, `notes`, `cashier_id`, `created_at`, `updated_at`) VALUES ('66', '173', '100000.00', 'cash', NULL, NULL, NULL, '16', '2026-03-03 13:15:40', '2026-03-03 13:15:40');
INSERT INTO `payments` (`id`, `order_id`, `amount`, `payment_method`, `payment_account_id`, `proof_path`, `notes`, `cashier_id`, `created_at`, `updated_at`) VALUES ('67', '73', '250000.00', 'cash', NULL, NULL, NULL, '16', '2026-03-03 13:20:47', '2026-03-03 13:20:47');
INSERT INTO `payments` (`id`, `order_id`, `amount`, `payment_method`, `payment_account_id`, `proof_path`, `notes`, `cashier_id`, `created_at`, `updated_at`) VALUES ('68', '80', '211650.00', 'cash', NULL, NULL, NULL, '16', '2026-03-03 13:20:47', '2026-03-03 13:20:47');
INSERT INTO `payments` (`id`, `order_id`, `amount`, `payment_method`, `payment_account_id`, `proof_path`, `notes`, `cashier_id`, `created_at`, `updated_at`) VALUES ('69', '62', '2600.00', 'cash', NULL, NULL, NULL, '16', '2026-03-03 13:28:19', '2026-03-03 13:28:19');
INSERT INTO `payments` (`id`, `order_id`, `amount`, `payment_method`, `payment_account_id`, `proof_path`, `notes`, `cashier_id`, `created_at`, `updated_at`) VALUES ('70', '197', '34500.00', 'cash', NULL, NULL, NULL, '16', '2026-03-03 13:28:19', '2026-03-03 13:28:19');
INSERT INTO `payments` (`id`, `order_id`, `amount`, `payment_method`, `payment_account_id`, `proof_path`, `notes`, `cashier_id`, `created_at`, `updated_at`) VALUES ('71', '105', '50000.00', 'cash', NULL, NULL, NULL, '16', '2026-03-03 13:44:45', '2026-03-03 13:44:45');
INSERT INTO `payments` (`id`, `order_id`, `amount`, `payment_method`, `payment_account_id`, `proof_path`, `notes`, `cashier_id`, `created_at`, `updated_at`) VALUES ('72', '169', '100000.00', 'cash', NULL, NULL, NULL, '5', '2026-03-03 13:50:31', '2026-03-03 13:50:31');
INSERT INTO `payments` (`id`, `order_id`, `amount`, `payment_method`, `payment_account_id`, `proof_path`, `notes`, `cashier_id`, `created_at`, `updated_at`) VALUES ('73', '156', '400000.00', 'cash', NULL, NULL, NULL, '5', '2026-03-03 13:55:16', '2026-03-03 13:55:16');
INSERT INTO `payments` (`id`, `order_id`, `amount`, `payment_method`, `payment_account_id`, `proof_path`, `notes`, `cashier_id`, `created_at`, `updated_at`) VALUES ('74', '58', '50000.00', 'cash', NULL, NULL, NULL, '16', '2026-03-03 13:58:43', '2026-03-03 13:58:43');
INSERT INTO `payments` (`id`, `order_id`, `amount`, `payment_method`, `payment_account_id`, `proof_path`, `notes`, `cashier_id`, `created_at`, `updated_at`) VALUES ('75', '210', '52000.00', 'transfer', '8', NULL, NULL, '5', '2026-03-03 14:04:47', '2026-03-03 14:04:47');
INSERT INTO `payments` (`id`, `order_id`, `amount`, `payment_method`, `payment_account_id`, `proof_path`, `notes`, `cashier_id`, `created_at`, `updated_at`) VALUES ('76', '130', '100000.00', 'cash', NULL, NULL, NULL, '16', '2026-03-03 14:15:01', '2026-03-03 14:15:01');
INSERT INTO `payments` (`id`, `order_id`, `amount`, `payment_method`, `payment_account_id`, `proof_path`, `notes`, `cashier_id`, `created_at`, `updated_at`) VALUES ('77', '189', '50400.00', 'cash', NULL, NULL, NULL, '5', '2026-03-03 14:24:52', '2026-03-03 14:24:52');
INSERT INTO `payments` (`id`, `order_id`, `amount`, `payment_method`, `payment_account_id`, `proof_path`, `notes`, `cashier_id`, `created_at`, `updated_at`) VALUES ('78', '189', '50400.00', 'cash', NULL, NULL, NULL, '5', '2026-03-03 14:24:53', '2026-03-03 14:24:53');
INSERT INTO `payments` (`id`, `order_id`, `amount`, `payment_method`, `payment_account_id`, `proof_path`, `notes`, `cashier_id`, `created_at`, `updated_at`) VALUES ('79', '64', '315000.00', 'transfer', '8', NULL, NULL, '16', '2026-03-03 14:35:58', '2026-03-03 14:35:58');
INSERT INTO `payments` (`id`, `order_id`, `amount`, `payment_method`, `payment_account_id`, `proof_path`, `notes`, `cashier_id`, `created_at`, `updated_at`) VALUES ('80', '145', '153900.00', 'transfer', '8', NULL, NULL, '16', '2026-03-03 14:36:58', '2026-03-03 14:36:58');
INSERT INTO `payments` (`id`, `order_id`, `amount`, `payment_method`, `payment_account_id`, `proof_path`, `notes`, `cashier_id`, `created_at`, `updated_at`) VALUES ('81', '116', '170000.00', 'transfer', '8', NULL, NULL, '16', '2026-03-03 14:47:44', '2026-03-03 14:47:44');
INSERT INTO `payments` (`id`, `order_id`, `amount`, `payment_method`, `payment_account_id`, `proof_path`, `notes`, `cashier_id`, `created_at`, `updated_at`) VALUES ('82', '122', '69300.00', 'transfer', '8', NULL, NULL, '16', '2026-03-03 14:52:27', '2026-03-03 14:52:27');
INSERT INTO `payments` (`id`, `order_id`, `amount`, `payment_method`, `payment_account_id`, `proof_path`, `notes`, `cashier_id`, `created_at`, `updated_at`) VALUES ('83', '215', '52200.00', 'transfer', '10', NULL, NULL, '16', '2026-03-03 14:55:54', '2026-03-03 14:55:54');
INSERT INTO `payments` (`id`, `order_id`, `amount`, `payment_method`, `payment_account_id`, `proof_path`, `notes`, `cashier_id`, `created_at`, `updated_at`) VALUES ('84', '133', '5800.00', 'transfer', '8', NULL, NULL, '16', '2026-03-03 14:57:59', '2026-03-03 14:57:59');
INSERT INTO `payments` (`id`, `order_id`, `amount`, `payment_method`, `payment_account_id`, `proof_path`, `notes`, `cashier_id`, `created_at`, `updated_at`) VALUES ('85', '158', '15000.00', 'transfer', '8', NULL, NULL, '16', '2026-03-03 14:57:59', '2026-03-03 14:57:59');
INSERT INTO `payments` (`id`, `order_id`, `amount`, `payment_method`, `payment_account_id`, `proof_path`, `notes`, `cashier_id`, `created_at`, `updated_at`) VALUES ('86', '166', '15400.00', 'transfer', '8', NULL, NULL, '16', '2026-03-03 14:57:59', '2026-03-03 14:57:59');
INSERT INTO `payments` (`id`, `order_id`, `amount`, `payment_method`, `payment_account_id`, `proof_path`, `notes`, `cashier_id`, `created_at`, `updated_at`) VALUES ('87', '213', '13000.00', 'transfer', '8', NULL, NULL, '16', '2026-03-03 14:58:45', '2026-03-03 14:58:45');
INSERT INTO `payments` (`id`, `order_id`, `amount`, `payment_method`, `payment_account_id`, `proof_path`, `notes`, `cashier_id`, `created_at`, `updated_at`) VALUES ('88', '205', '186900.00', 'transfer', '8', NULL, NULL, '16', '2026-03-03 15:00:21', '2026-03-03 15:00:21');
INSERT INTO `payments` (`id`, `order_id`, `amount`, `payment_method`, `payment_account_id`, `proof_path`, `notes`, `cashier_id`, `created_at`, `updated_at`) VALUES ('89', '165', '50000.00', 'cash', NULL, NULL, NULL, '16', '2026-03-03 15:06:01', '2026-03-03 15:06:01');
INSERT INTO `payments` (`id`, `order_id`, `amount`, `payment_method`, `payment_account_id`, `proof_path`, `notes`, `cashier_id`, `created_at`, `updated_at`) VALUES ('90', '49', '25000.00', 'transfer', '8', NULL, NULL, '16', '2026-03-03 15:09:09', '2026-03-03 15:09:09');
INSERT INTO `payments` (`id`, `order_id`, `amount`, `payment_method`, `payment_account_id`, `proof_path`, `notes`, `cashier_id`, `created_at`, `updated_at`) VALUES ('91', '82', '40000.00', 'transfer', '8', NULL, NULL, '16', '2026-03-03 15:09:09', '2026-03-03 15:09:09');
INSERT INTO `payments` (`id`, `order_id`, `amount`, `payment_method`, `payment_account_id`, `proof_path`, `notes`, `cashier_id`, `created_at`, `updated_at`) VALUES ('92', '111', '10000.00', 'transfer', '8', NULL, NULL, '16', '2026-03-03 15:09:09', '2026-03-03 15:09:09');
INSERT INTO `payments` (`id`, `order_id`, `amount`, `payment_method`, `payment_account_id`, `proof_path`, `notes`, `cashier_id`, `created_at`, `updated_at`) VALUES ('93', '141', '5000.00', 'transfer', '8', NULL, NULL, '16', '2026-03-03 15:09:09', '2026-03-03 15:09:09');
INSERT INTO `payments` (`id`, `order_id`, `amount`, `payment_method`, `payment_account_id`, `proof_path`, `notes`, `cashier_id`, `created_at`, `updated_at`) VALUES ('94', '24', '10000.00', 'cash', NULL, NULL, NULL, '16', '2026-03-03 15:09:42', '2026-03-03 15:09:42');
INSERT INTO `payments` (`id`, `order_id`, `amount`, `payment_method`, `payment_account_id`, `proof_path`, `notes`, `cashier_id`, `created_at`, `updated_at`) VALUES ('95', '70', '15000.00', 'cash', NULL, NULL, NULL, '16', '2026-03-03 15:12:05', '2026-03-03 15:12:05');
INSERT INTO `payments` (`id`, `order_id`, `amount`, `payment_method`, `payment_account_id`, `proof_path`, `notes`, `cashier_id`, `created_at`, `updated_at`) VALUES ('96', '72', '56250.00', 'cash', NULL, NULL, NULL, '16', '2026-03-03 15:12:05', '2026-03-03 15:12:05');
INSERT INTO `payments` (`id`, `order_id`, `amount`, `payment_method`, `payment_account_id`, `proof_path`, `notes`, `cashier_id`, `created_at`, `updated_at`) VALUES ('97', '77', '30000.00', 'cash', NULL, NULL, NULL, '16', '2026-03-03 15:12:05', '2026-03-03 15:12:05');
INSERT INTO `payments` (`id`, `order_id`, `amount`, `payment_method`, `payment_account_id`, `proof_path`, `notes`, `cashier_id`, `created_at`, `updated_at`) VALUES ('98', '135', '10400.00', 'cash', NULL, NULL, NULL, '16', '2026-03-03 15:12:05', '2026-03-03 15:12:05');
INSERT INTO `payments` (`id`, `order_id`, `amount`, `payment_method`, `payment_account_id`, `proof_path`, `notes`, `cashier_id`, `created_at`, `updated_at`) VALUES ('99', '138', '142500.00', 'cash', NULL, NULL, NULL, '16', '2026-03-03 15:12:05', '2026-03-03 15:12:05');
INSERT INTO `payments` (`id`, `order_id`, `amount`, `payment_method`, `payment_account_id`, `proof_path`, `notes`, `cashier_id`, `created_at`, `updated_at`) VALUES ('100', '222', '14400.00', 'cash', NULL, NULL, NULL, '16', '2026-03-03 15:12:05', '2026-03-03 15:12:05');
INSERT INTO `payments` (`id`, `order_id`, `amount`, `payment_method`, `payment_account_id`, `proof_path`, `notes`, `cashier_id`, `created_at`, `updated_at`) VALUES ('101', '117', '428400.00', 'transfer', '8', NULL, NULL, '16', '2026-03-03 15:12:54', '2026-03-03 15:12:54');
INSERT INTO `payments` (`id`, `order_id`, `amount`, `payment_method`, `payment_account_id`, `proof_path`, `notes`, `cashier_id`, `created_at`, `updated_at`) VALUES ('102', '118', '85000.00', 'transfer', '8', NULL, NULL, '16', '2026-03-03 15:12:54', '2026-03-03 15:12:54');
INSERT INTO `payments` (`id`, `order_id`, `amount`, `payment_method`, `payment_account_id`, `proof_path`, `notes`, `cashier_id`, `created_at`, `updated_at`) VALUES ('103', '120', '144500.00', 'transfer', '8', NULL, NULL, '16', '2026-03-03 15:12:54', '2026-03-03 15:12:54');
INSERT INTO `payments` (`id`, `order_id`, `amount`, `payment_method`, `payment_account_id`, `proof_path`, `notes`, `cashier_id`, `created_at`, `updated_at`) VALUES ('104', '121', '146200.00', 'transfer', '8', NULL, NULL, '16', '2026-03-03 15:12:54', '2026-03-03 15:12:54');
INSERT INTO `payments` (`id`, `order_id`, `amount`, `payment_method`, `payment_account_id`, `proof_path`, `notes`, `cashier_id`, `created_at`, `updated_at`) VALUES ('105', '17', '242000.00', 'transfer', '8', NULL, NULL, '16', '2026-03-03 15:14:14', '2026-03-03 15:14:14');
INSERT INTO `payments` (`id`, `order_id`, `amount`, `payment_method`, `payment_account_id`, `proof_path`, `notes`, `cashier_id`, `created_at`, `updated_at`) VALUES ('106', '81', '53000.00', 'transfer', '10', NULL, NULL, '16', '2026-03-03 15:43:30', '2026-03-03 15:43:30');
INSERT INTO `payments` (`id`, `order_id`, `amount`, `payment_method`, `payment_account_id`, `proof_path`, `notes`, `cashier_id`, `created_at`, `updated_at`) VALUES ('107', '115', '32000.00', 'cash', NULL, NULL, NULL, '16', '2026-03-03 15:48:12', '2026-03-03 15:48:12');
INSERT INTO `payments` (`id`, `order_id`, `amount`, `payment_method`, `payment_account_id`, `proof_path`, `notes`, `cashier_id`, `created_at`, `updated_at`) VALUES ('108', '211', '3000.00', 'cash', NULL, NULL, NULL, '16', '2026-03-03 15:58:20', '2026-03-03 15:58:20');
INSERT INTO `payments` (`id`, `order_id`, `amount`, `payment_method`, `payment_account_id`, `proof_path`, `notes`, `cashier_id`, `created_at`, `updated_at`) VALUES ('109', '183', '20000.00', 'cash', NULL, NULL, NULL, '16', '2026-03-03 16:04:39', '2026-03-03 16:04:39');
INSERT INTO `payments` (`id`, `order_id`, `amount`, `payment_method`, `payment_account_id`, `proof_path`, `notes`, `cashier_id`, `created_at`, `updated_at`) VALUES ('110', '185', '42400.00', 'transfer', '8', NULL, NULL, '16', '2026-03-03 16:09:12', '2026-03-03 16:09:12');
INSERT INTO `payments` (`id`, `order_id`, `amount`, `payment_method`, `payment_account_id`, `proof_path`, `notes`, `cashier_id`, `created_at`, `updated_at`) VALUES ('111', '170', '15000.00', 'cash', NULL, NULL, NULL, '16', '2026-03-03 16:09:36', '2026-03-03 16:09:36');
INSERT INTO `payments` (`id`, `order_id`, `amount`, `payment_method`, `payment_account_id`, `proof_path`, `notes`, `cashier_id`, `created_at`, `updated_at`) VALUES ('112', '113', '8800.00', 'transfer', '11', NULL, NULL, '16', '2026-03-03 16:18:32', '2026-03-03 16:18:32');
INSERT INTO `payments` (`id`, `order_id`, `amount`, `payment_method`, `payment_account_id`, `proof_path`, `notes`, `cashier_id`, `created_at`, `updated_at`) VALUES ('113', '123', '29900.00', 'transfer', '11', NULL, NULL, '16', '2026-03-03 16:18:32', '2026-03-03 16:18:32');
INSERT INTO `payments` (`id`, `order_id`, `amount`, `payment_method`, `payment_account_id`, `proof_path`, `notes`, `cashier_id`, `created_at`, `updated_at`) VALUES ('114', '125', '20300.00', 'transfer', '11', NULL, NULL, '16', '2026-03-03 16:18:32', '2026-03-03 16:18:32');
INSERT INTO `payments` (`id`, `order_id`, `amount`, `payment_method`, `payment_account_id`, `proof_path`, `notes`, `cashier_id`, `created_at`, `updated_at`) VALUES ('115', '126', '162000.00', 'transfer', '11', NULL, NULL, '16', '2026-03-03 16:18:32', '2026-03-03 16:18:32');
INSERT INTO `payments` (`id`, `order_id`, `amount`, `payment_method`, `payment_account_id`, `proof_path`, `notes`, `cashier_id`, `created_at`, `updated_at`) VALUES ('116', '128', '33000.00', 'transfer', '11', NULL, NULL, '16', '2026-03-03 16:18:32', '2026-03-03 16:18:32');
INSERT INTO `payments` (`id`, `order_id`, `amount`, `payment_method`, `payment_account_id`, `proof_path`, `notes`, `cashier_id`, `created_at`, `updated_at`) VALUES ('117', '129', '56800.00', 'transfer', '11', NULL, NULL, '16', '2026-03-03 16:18:32', '2026-03-03 16:18:32');
INSERT INTO `payments` (`id`, `order_id`, `amount`, `payment_method`, `payment_account_id`, `proof_path`, `notes`, `cashier_id`, `created_at`, `updated_at`) VALUES ('118', '131', '122400.00', 'transfer', '11', NULL, NULL, '16', '2026-03-03 16:18:32', '2026-03-03 16:18:32');
INSERT INTO `payments` (`id`, `order_id`, `amount`, `payment_method`, `payment_account_id`, `proof_path`, `notes`, `cashier_id`, `created_at`, `updated_at`) VALUES ('119', '198', '718700.00', 'transfer', '11', NULL, NULL, '16', '2026-03-03 16:18:32', '2026-03-03 16:18:32');
INSERT INTO `payments` (`id`, `order_id`, `amount`, `payment_method`, `payment_account_id`, `proof_path`, `notes`, `cashier_id`, `created_at`, `updated_at`) VALUES ('120', '200', '24300.00', 'transfer', '11', NULL, NULL, '16', '2026-03-03 16:18:32', '2026-03-03 16:18:32');
INSERT INTO `payments` (`id`, `order_id`, `amount`, `payment_method`, `payment_account_id`, `proof_path`, `notes`, `cashier_id`, `created_at`, `updated_at`) VALUES ('121', '204', '6400.00', 'transfer', '8', NULL, NULL, '16', '2026-03-03 16:21:36', '2026-03-03 16:21:36');
INSERT INTO `payments` (`id`, `order_id`, `amount`, `payment_method`, `payment_account_id`, `proof_path`, `notes`, `cashier_id`, `created_at`, `updated_at`) VALUES ('122', '241', '237000.00', 'transfer', '8', NULL, NULL, '16', '2026-03-03 16:29:32', '2026-03-03 16:29:32');
INSERT INTO `payments` (`id`, `order_id`, `amount`, `payment_method`, `payment_account_id`, `proof_path`, `notes`, `cashier_id`, `created_at`, `updated_at`) VALUES ('123', '28', '193000.00', 'transfer', '8', NULL, NULL, '16', '2026-03-03 16:31:46', '2026-03-03 16:31:46');
INSERT INTO `payments` (`id`, `order_id`, `amount`, `payment_method`, `payment_account_id`, `proof_path`, `notes`, `cashier_id`, `created_at`, `updated_at`) VALUES ('124', '26', '310000.00', 'transfer', '11', NULL, NULL, '16', '2026-03-03 16:34:14', '2026-03-03 16:34:14');
INSERT INTO `payments` (`id`, `order_id`, `amount`, `payment_method`, `payment_account_id`, `proof_path`, `notes`, `cashier_id`, `created_at`, `updated_at`) VALUES ('125', '89', '526500.00', 'transfer', '10', NULL, NULL, '16', '2026-03-03 16:34:35', '2026-03-03 16:34:35');
INSERT INTO `payments` (`id`, `order_id`, `amount`, `payment_method`, `payment_account_id`, `proof_path`, `notes`, `cashier_id`, `created_at`, `updated_at`) VALUES ('126', '186', '20000.00', 'transfer', '8', NULL, NULL, '5', '2026-03-03 16:39:38', '2026-03-03 16:39:38');
INSERT INTO `payments` (`id`, `order_id`, `amount`, `payment_method`, `payment_account_id`, `proof_path`, `notes`, `cashier_id`, `created_at`, `updated_at`) VALUES ('127', '39', '5000.00', 'cash', NULL, NULL, NULL, '5', '2026-03-03 16:42:50', '2026-03-03 16:42:50');
INSERT INTO `payments` (`id`, `order_id`, `amount`, `payment_method`, `payment_account_id`, `proof_path`, `notes`, `cashier_id`, `created_at`, `updated_at`) VALUES ('128', '96', '11600.00', 'cash', NULL, NULL, NULL, '5', '2026-03-03 16:42:50', '2026-03-03 16:42:50');
INSERT INTO `payments` (`id`, `order_id`, `amount`, `payment_method`, `payment_account_id`, `proof_path`, `notes`, `cashier_id`, `created_at`, `updated_at`) VALUES ('129', '182', '10600.00', 'cash', NULL, NULL, NULL, '5', '2026-03-03 16:42:50', '2026-03-03 16:42:50');
INSERT INTO `payments` (`id`, `order_id`, `amount`, `payment_method`, `payment_account_id`, `proof_path`, `notes`, `cashier_id`, `created_at`, `updated_at`) VALUES ('130', '234', '10000.00', 'cash', NULL, NULL, NULL, '5', '2026-03-03 16:42:50', '2026-03-03 16:42:50');
INSERT INTO `payments` (`id`, `order_id`, `amount`, `payment_method`, `payment_account_id`, `proof_path`, `notes`, `cashier_id`, `created_at`, `updated_at`) VALUES ('131', '226', '10000.00', 'cash', NULL, NULL, NULL, '16', '2026-03-03 16:55:35', '2026-03-03 16:55:35');
INSERT INTO `payments` (`id`, `order_id`, `amount`, `payment_method`, `payment_account_id`, `proof_path`, `notes`, `cashier_id`, `created_at`, `updated_at`) VALUES ('132', '134', '50000.00', 'cash', NULL, NULL, NULL, '16', '2026-03-03 16:58:37', '2026-03-03 16:58:37');
INSERT INTO `payments` (`id`, `order_id`, `amount`, `payment_method`, `payment_account_id`, `proof_path`, `notes`, `cashier_id`, `created_at`, `updated_at`) VALUES ('133', '106', '100000.00', 'cash', NULL, NULL, NULL, '16', '2026-03-04 09:09:27', '2026-03-04 09:09:27');
INSERT INTO `payments` (`id`, `order_id`, `amount`, `payment_method`, `payment_account_id`, `proof_path`, `notes`, `cashier_id`, `created_at`, `updated_at`) VALUES ('134', '248', '4000.00', 'cash', NULL, NULL, NULL, '16', '2026-03-04 09:32:16', '2026-03-04 09:32:16');
INSERT INTO `payments` (`id`, `order_id`, `amount`, `payment_method`, `payment_account_id`, `proof_path`, `notes`, `cashier_id`, `created_at`, `updated_at`) VALUES ('135', '262', '10000.00', 'cash', NULL, NULL, NULL, '16', '2026-03-04 09:59:58', '2026-03-04 09:59:58');
INSERT INTO `payments` (`id`, `order_id`, `amount`, `payment_method`, `payment_account_id`, `proof_path`, `notes`, `cashier_id`, `created_at`, `updated_at`) VALUES ('136', '153', '120000.00', 'cash', NULL, NULL, NULL, '16', '2026-03-04 10:22:52', '2026-03-04 10:22:52');
INSERT INTO `payments` (`id`, `order_id`, `amount`, `payment_method`, `payment_account_id`, `proof_path`, `notes`, `cashier_id`, `created_at`, `updated_at`) VALUES ('137', '266', '50000.00', 'cash', NULL, NULL, NULL, '16', '2026-03-04 10:23:54', '2026-03-04 10:23:54');
INSERT INTO `payments` (`id`, `order_id`, `amount`, `payment_method`, `payment_account_id`, `proof_path`, `notes`, `cashier_id`, `created_at`, `updated_at`) VALUES ('138', '252', '50000.00', 'cash', NULL, NULL, NULL, '16', '2026-03-04 10:56:37', '2026-03-04 10:56:37');
INSERT INTO `payments` (`id`, `order_id`, `amount`, `payment_method`, `payment_account_id`, `proof_path`, `notes`, `cashier_id`, `created_at`, `updated_at`) VALUES ('139', '93', '100000.00', 'cash', NULL, NULL, NULL, '16', '2026-03-04 11:04:36', '2026-03-04 11:04:36');
INSERT INTO `payments` (`id`, `order_id`, `amount`, `payment_method`, `payment_account_id`, `proof_path`, `notes`, `cashier_id`, `created_at`, `updated_at`) VALUES ('140', '177', '20000.00', 'cash', NULL, NULL, NULL, '16', '2026-03-04 11:29:12', '2026-03-04 11:29:12');
INSERT INTO `payments` (`id`, `order_id`, `amount`, `payment_method`, `payment_account_id`, `proof_path`, `notes`, `cashier_id`, `created_at`, `updated_at`) VALUES ('141', '132', '150000.00', 'cash', NULL, NULL, NULL, '16', '2026-03-04 11:33:45', '2026-03-04 11:33:45');
INSERT INTO `payments` (`id`, `order_id`, `amount`, `payment_method`, `payment_account_id`, `proof_path`, `notes`, `cashier_id`, `created_at`, `updated_at`) VALUES ('142', '298', '50000.00', 'cash', NULL, NULL, NULL, '16', '2026-03-04 11:43:25', '2026-03-04 11:43:25');
INSERT INTO `payments` (`id`, `order_id`, `amount`, `payment_method`, `payment_account_id`, `proof_path`, `notes`, `cashier_id`, `created_at`, `updated_at`) VALUES ('143', '157', '85000.00', 'transfer', '8', NULL, NULL, '16', '2026-03-04 11:45:51', '2026-03-04 11:45:51');
INSERT INTO `payments` (`id`, `order_id`, `amount`, `payment_method`, `payment_account_id`, `proof_path`, `notes`, `cashier_id`, `created_at`, `updated_at`) VALUES ('144', '162', '500000.00', 'transfer', '8', NULL, NULL, '16', '2026-03-04 11:45:51', '2026-03-04 11:45:51');
INSERT INTO `payments` (`id`, `order_id`, `amount`, `payment_method`, `payment_account_id`, `proof_path`, `notes`, `cashier_id`, `created_at`, `updated_at`) VALUES ('145', '233', '100000.00', 'cash', NULL, NULL, NULL, '16', '2026-03-04 11:49:15', '2026-03-04 11:49:15');
INSERT INTO `payments` (`id`, `order_id`, `amount`, `payment_method`, `payment_account_id`, `proof_path`, `notes`, `cashier_id`, `created_at`, `updated_at`) VALUES ('146', '250', '20000.00', 'cash', NULL, NULL, NULL, '16', '2026-03-04 11:59:06', '2026-03-04 11:59:06');
INSERT INTO `payments` (`id`, `order_id`, `amount`, `payment_method`, `payment_account_id`, `proof_path`, `notes`, `cashier_id`, `created_at`, `updated_at`) VALUES ('147', '109', '50800.00', 'cash', NULL, NULL, NULL, '16', '2026-03-04 12:47:16', '2026-03-04 12:47:16');
INSERT INTO `payments` (`id`, `order_id`, `amount`, `payment_method`, `payment_account_id`, `proof_path`, `notes`, `cashier_id`, `created_at`, `updated_at`) VALUES ('148', '191', '15000.00', 'cash', NULL, NULL, NULL, '16', '2026-03-04 12:47:16', '2026-03-04 12:47:16');
INSERT INTO `payments` (`id`, `order_id`, `amount`, `payment_method`, `payment_account_id`, `proof_path`, `notes`, `cashier_id`, `created_at`, `updated_at`) VALUES ('149', '194', '10000.00', 'cash', NULL, NULL, NULL, '16', '2026-03-04 12:59:54', '2026-03-04 12:59:54');
INSERT INTO `payments` (`id`, `order_id`, `amount`, `payment_method`, `payment_account_id`, `proof_path`, `notes`, `cashier_id`, `created_at`, `updated_at`) VALUES ('150', '239', '39000.00', 'transfer', '8', NULL, NULL, '16', '2026-03-04 13:02:54', '2026-03-04 13:02:54');
INSERT INTO `payments` (`id`, `order_id`, `amount`, `payment_method`, `payment_account_id`, `proof_path`, `notes`, `cashier_id`, `created_at`, `updated_at`) VALUES ('151', '151', '60000.00', 'transfer', '11', NULL, NULL, '16', '2026-03-04 13:03:27', '2026-03-04 13:03:27');
INSERT INTO `payments` (`id`, `order_id`, `amount`, `payment_method`, `payment_account_id`, `proof_path`, `notes`, `cashier_id`, `created_at`, `updated_at`) VALUES ('152', '152', '40500.00', 'transfer', '11', NULL, NULL, '16', '2026-03-04 13:03:27', '2026-03-04 13:03:27');
INSERT INTO `payments` (`id`, `order_id`, `amount`, `payment_method`, `payment_account_id`, `proof_path`, `notes`, `cashier_id`, `created_at`, `updated_at`) VALUES ('153', '154', '157500.00', 'transfer', '11', NULL, NULL, '16', '2026-03-04 13:03:27', '2026-03-04 13:03:27');
INSERT INTO `payments` (`id`, `order_id`, `amount`, `payment_method`, `payment_account_id`, `proof_path`, `notes`, `cashier_id`, `created_at`, `updated_at`) VALUES ('154', '259', '9600.00', 'transfer', '8', NULL, NULL, '16', '2026-03-04 13:03:53', '2026-03-04 13:03:53');
INSERT INTO `payments` (`id`, `order_id`, `amount`, `payment_method`, `payment_account_id`, `proof_path`, `notes`, `cashier_id`, `created_at`, `updated_at`) VALUES ('155', '260', '33750.00', 'transfer', '8', NULL, NULL, '16', '2026-03-04 13:03:53', '2026-03-04 13:03:53');
INSERT INTO `payments` (`id`, `order_id`, `amount`, `payment_method`, `payment_account_id`, `proof_path`, `notes`, `cashier_id`, `created_at`, `updated_at`) VALUES ('156', '207', '47500.00', 'transfer', '11', NULL, NULL, '16', '2026-03-04 13:04:15', '2026-03-04 13:04:15');
INSERT INTO `payments` (`id`, `order_id`, `amount`, `payment_method`, `payment_account_id`, `proof_path`, `notes`, `cashier_id`, `created_at`, `updated_at`) VALUES ('157', '240', '70000.00', 'transfer', '11', NULL, NULL, '16', '2026-03-04 13:04:37', '2026-03-04 13:04:37');
INSERT INTO `payments` (`id`, `order_id`, `amount`, `payment_method`, `payment_account_id`, `proof_path`, `notes`, `cashier_id`, `created_at`, `updated_at`) VALUES ('158', '203', '25000.00', 'transfer', '8', NULL, NULL, '16', '2026-03-04 13:06:07', '2026-03-04 13:06:07');
INSERT INTO `payments` (`id`, `order_id`, `amount`, `payment_method`, `payment_account_id`, `proof_path`, `notes`, `cashier_id`, `created_at`, `updated_at`) VALUES ('159', '256', '173600.00', 'transfer', '11', NULL, NULL, '16', '2026-03-04 13:06:36', '2026-03-04 13:06:36');
INSERT INTO `payments` (`id`, `order_id`, `amount`, `payment_method`, `payment_account_id`, `proof_path`, `notes`, `cashier_id`, `created_at`, `updated_at`) VALUES ('160', '52', '20000.00', 'cash', NULL, NULL, NULL, '16', '2026-03-04 13:11:40', '2026-03-04 13:11:40');
INSERT INTO `payments` (`id`, `order_id`, `amount`, `payment_method`, `payment_account_id`, `proof_path`, `notes`, `cashier_id`, `created_at`, `updated_at`) VALUES ('161', '218', '100000.00', 'cash', NULL, NULL, NULL, '16', '2026-03-04 13:12:22', '2026-03-04 13:12:22');
INSERT INTO `payments` (`id`, `order_id`, `amount`, `payment_method`, `payment_account_id`, `proof_path`, `notes`, `cashier_id`, `created_at`, `updated_at`) VALUES ('162', '159', '200000.00', 'cash', NULL, NULL, NULL, '16', '2026-03-04 13:17:48', '2026-03-04 13:17:48');
INSERT INTO `payments` (`id`, `order_id`, `amount`, `payment_method`, `payment_account_id`, `proof_path`, `notes`, `cashier_id`, `created_at`, `updated_at`) VALUES ('163', '220', '65000.00', 'transfer', '8', NULL, NULL, '16', '2026-03-04 13:20:37', '2026-03-04 13:20:37');
INSERT INTO `payments` (`id`, `order_id`, `amount`, `payment_method`, `payment_account_id`, `proof_path`, `notes`, `cashier_id`, `created_at`, `updated_at`) VALUES ('164', '268', '21600.00', 'transfer', '10', NULL, NULL, '16', '2026-03-04 13:33:31', '2026-03-04 13:33:31');
INSERT INTO `payments` (`id`, `order_id`, `amount`, `payment_method`, `payment_account_id`, `proof_path`, `notes`, `cashier_id`, `created_at`, `updated_at`) VALUES ('165', '201', '305000.00', 'transfer', '8', NULL, NULL, '16', '2026-03-04 13:34:20', '2026-03-04 13:34:20');
INSERT INTO `payments` (`id`, `order_id`, `amount`, `payment_method`, `payment_account_id`, `proof_path`, `notes`, `cashier_id`, `created_at`, `updated_at`) VALUES ('166', '137', '9900.00', 'transfer', '8', NULL, NULL, '16', '2026-03-04 13:34:57', '2026-03-04 13:34:57');
INSERT INTO `payments` (`id`, `order_id`, `amount`, `payment_method`, `payment_account_id`, `proof_path`, `notes`, `cashier_id`, `created_at`, `updated_at`) VALUES ('167', '325', '25000.00', 'cash', NULL, NULL, NULL, '16', '2026-03-04 13:40:35', '2026-03-04 13:40:35');
INSERT INTO `payments` (`id`, `order_id`, `amount`, `payment_method`, `payment_account_id`, `proof_path`, `notes`, `cashier_id`, `created_at`, `updated_at`) VALUES ('168', '296', '10000.00', 'cash', NULL, NULL, NULL, '16', '2026-03-04 13:55:22', '2026-03-04 13:55:22');
INSERT INTO `payments` (`id`, `order_id`, `amount`, `payment_method`, `payment_account_id`, `proof_path`, `notes`, `cashier_id`, `created_at`, `updated_at`) VALUES ('169', '289', '150000.00', 'cash', NULL, NULL, NULL, '16', '2026-03-04 13:57:08', '2026-03-04 13:57:08');
INSERT INTO `payments` (`id`, `order_id`, `amount`, `payment_method`, `payment_account_id`, `proof_path`, `notes`, `cashier_id`, `created_at`, `updated_at`) VALUES ('170', '180', '59500.00', 'transfer', '10', NULL, NULL, '16', '2026-03-04 14:04:04', '2026-03-04 14:04:04');
INSERT INTO `payments` (`id`, `order_id`, `amount`, `payment_method`, `payment_account_id`, `proof_path`, `notes`, `cashier_id`, `created_at`, `updated_at`) VALUES ('171', '307', '800000.00', 'transfer', '8', NULL, NULL, '16', '2026-03-04 14:09:34', '2026-03-04 14:09:34');
INSERT INTO `payments` (`id`, `order_id`, `amount`, `payment_method`, `payment_account_id`, `proof_path`, `notes`, `cashier_id`, `created_at`, `updated_at`) VALUES ('172', '274', '285000.00', 'transfer', '8', NULL, NULL, '16', '2026-03-04 14:09:59', '2026-03-04 14:09:59');
INSERT INTO `payments` (`id`, `order_id`, `amount`, `payment_method`, `payment_account_id`, `proof_path`, `notes`, `cashier_id`, `created_at`, `updated_at`) VALUES ('173', '184', '125000.00', 'cash', NULL, NULL, NULL, '16', '2026-03-04 14:11:58', '2026-03-04 14:11:58');
INSERT INTO `payments` (`id`, `order_id`, `amount`, `payment_method`, `payment_account_id`, `proof_path`, `notes`, `cashier_id`, `created_at`, `updated_at`) VALUES ('174', '311', '16800.00', 'cash', NULL, NULL, NULL, '16', '2026-03-04 14:12:51', '2026-03-04 14:12:51');
INSERT INTO `payments` (`id`, `order_id`, `amount`, `payment_method`, `payment_account_id`, `proof_path`, `notes`, `cashier_id`, `created_at`, `updated_at`) VALUES ('175', '333', '52000.00', 'cash', NULL, NULL, NULL, '16', '2026-03-04 14:12:51', '2026-03-04 14:12:51');
INSERT INTO `payments` (`id`, `order_id`, `amount`, `payment_method`, `payment_account_id`, `proof_path`, `notes`, `cashier_id`, `created_at`, `updated_at`) VALUES ('176', '208', '50000.00', 'cash', NULL, NULL, NULL, '16', '2026-03-04 14:19:08', '2026-03-04 14:19:08');
INSERT INTO `payments` (`id`, `order_id`, `amount`, `payment_method`, `payment_account_id`, `proof_path`, `notes`, `cashier_id`, `created_at`, `updated_at`) VALUES ('177', '195', '67500.00', 'transfer', '8', NULL, NULL, '16', '2026-03-04 14:37:47', '2026-03-04 14:37:47');
INSERT INTO `payments` (`id`, `order_id`, `amount`, `payment_method`, `payment_account_id`, `proof_path`, `notes`, `cashier_id`, `created_at`, `updated_at`) VALUES ('178', '247', '43200.00', 'transfer', '8', NULL, NULL, '16', '2026-03-04 14:38:04', '2026-03-04 14:38:04');
INSERT INTO `payments` (`id`, `order_id`, `amount`, `payment_method`, `payment_account_id`, `proof_path`, `notes`, `cashier_id`, `created_at`, `updated_at`) VALUES ('179', '339', '5800.00', 'cash', NULL, NULL, NULL, '16', '2026-03-04 14:45:31', '2026-03-04 14:45:31');
INSERT INTO `payments` (`id`, `order_id`, `amount`, `payment_method`, `payment_account_id`, `proof_path`, `notes`, `cashier_id`, `created_at`, `updated_at`) VALUES ('180', '235', '40800.00', 'cash', NULL, NULL, NULL, '16', '2026-03-04 14:47:01', '2026-03-04 14:47:01');
INSERT INTO `payments` (`id`, `order_id`, `amount`, `payment_method`, `payment_account_id`, `proof_path`, `notes`, `cashier_id`, `created_at`, `updated_at`) VALUES ('181', '257', '13200.00', 'cash', NULL, NULL, NULL, '16', '2026-03-04 14:47:01', '2026-03-04 14:47:01');
INSERT INTO `payments` (`id`, `order_id`, `amount`, `payment_method`, `payment_account_id`, `proof_path`, `notes`, `cashier_id`, `created_at`, `updated_at`) VALUES ('182', '300', '50000.00', 'cash', NULL, NULL, NULL, '16', '2026-03-04 14:49:23', '2026-03-04 14:49:23');
INSERT INTO `payments` (`id`, `order_id`, `amount`, `payment_method`, `payment_account_id`, `proof_path`, `notes`, `cashier_id`, `created_at`, `updated_at`) VALUES ('183', '83', '150000.00', 'cash', NULL, NULL, NULL, '16', '2026-03-04 15:01:29', '2026-03-04 15:01:29');
INSERT INTO `payments` (`id`, `order_id`, `amount`, `payment_method`, `payment_account_id`, `proof_path`, `notes`, `cashier_id`, `created_at`, `updated_at`) VALUES ('184', '335', '75000.00', 'transfer', '8', NULL, NULL, '16', '2026-03-04 15:02:27', '2026-03-04 15:02:27');
INSERT INTO `payments` (`id`, `order_id`, `amount`, `payment_method`, `payment_account_id`, `proof_path`, `notes`, `cashier_id`, `created_at`, `updated_at`) VALUES ('185', '344', '20000.00', 'cash', NULL, NULL, NULL, '16', '2026-03-04 15:03:17', '2026-03-04 15:03:17');
INSERT INTO `payments` (`id`, `order_id`, `amount`, `payment_method`, `payment_account_id`, `proof_path`, `notes`, `cashier_id`, `created_at`, `updated_at`) VALUES ('186', '102', '150000.00', 'transfer', '8', NULL, NULL, '16', '2026-03-04 15:04:14', '2026-03-04 15:04:14');
INSERT INTO `payments` (`id`, `order_id`, `amount`, `payment_method`, `payment_account_id`, `proof_path`, `notes`, `cashier_id`, `created_at`, `updated_at`) VALUES ('187', '308', '100000.00', 'cash', NULL, NULL, NULL, '16', '2026-03-04 15:18:09', '2026-03-04 15:18:09');
INSERT INTO `payments` (`id`, `order_id`, `amount`, `payment_method`, `payment_account_id`, `proof_path`, `notes`, `cashier_id`, `created_at`, `updated_at`) VALUES ('188', '340', '50000.00', 'cash', NULL, NULL, NULL, '16', '2026-03-04 15:25:35', '2026-03-04 15:25:35');
INSERT INTO `payments` (`id`, `order_id`, `amount`, `payment_method`, `payment_account_id`, `proof_path`, `notes`, `cashier_id`, `created_at`, `updated_at`) VALUES ('189', '282', '100000.00', 'cash', NULL, NULL, NULL, '16', '2026-03-04 15:30:00', '2026-03-04 15:30:00');
INSERT INTO `payments` (`id`, `order_id`, `amount`, `payment_method`, `payment_account_id`, `proof_path`, `notes`, `cashier_id`, `created_at`, `updated_at`) VALUES ('190', '147', '6800.00', 'transfer', '8', NULL, NULL, '16', '2026-03-04 15:33:01', '2026-03-04 15:33:01');
INSERT INTO `payments` (`id`, `order_id`, `amount`, `payment_method`, `payment_account_id`, `proof_path`, `notes`, `cashier_id`, `created_at`, `updated_at`) VALUES ('191', '332', '35000.00', 'cash', NULL, NULL, NULL, '16', '2026-03-04 15:34:02', '2026-03-04 15:34:02');
INSERT INTO `payments` (`id`, `order_id`, `amount`, `payment_method`, `payment_account_id`, `proof_path`, `notes`, `cashier_id`, `created_at`, `updated_at`) VALUES ('192', '351', '100000.00', 'cash', NULL, NULL, NULL, '16', '2026-03-04 15:45:14', '2026-03-04 15:45:14');
INSERT INTO `payments` (`id`, `order_id`, `amount`, `payment_method`, `payment_account_id`, `proof_path`, `notes`, `cashier_id`, `created_at`, `updated_at`) VALUES ('193', '243', '25500.00', 'cash', NULL, NULL, NULL, '16', '2026-03-04 15:59:09', '2026-03-04 15:59:09');
INSERT INTO `payments` (`id`, `order_id`, `amount`, `payment_method`, `payment_account_id`, `proof_path`, `notes`, `cashier_id`, `created_at`, `updated_at`) VALUES ('194', '244', '21200.00', 'cash', NULL, NULL, NULL, '16', '2026-03-04 15:59:09', '2026-03-04 15:59:09');
INSERT INTO `payments` (`id`, `order_id`, `amount`, `payment_method`, `payment_account_id`, `proof_path`, `notes`, `cashier_id`, `created_at`, `updated_at`) VALUES ('195', '354', '100000.00', 'cash', NULL, NULL, NULL, '16', '2026-03-04 16:00:22', '2026-03-04 16:00:22');
INSERT INTO `payments` (`id`, `order_id`, `amount`, `payment_method`, `payment_account_id`, `proof_path`, `notes`, `cashier_id`, `created_at`, `updated_at`) VALUES ('196', '51', '30000.00', 'transfer', '8', NULL, NULL, '16', '2026-03-04 16:04:14', '2026-03-04 16:04:14');
INSERT INTO `payments` (`id`, `order_id`, `amount`, `payment_method`, `payment_account_id`, `proof_path`, `notes`, `cashier_id`, `created_at`, `updated_at`) VALUES ('197', '53', '60000.00', 'transfer', '8', NULL, NULL, '16', '2026-03-04 16:04:14', '2026-03-04 16:04:14');
INSERT INTO `payments` (`id`, `order_id`, `amount`, `payment_method`, `payment_account_id`, `proof_path`, `notes`, `cashier_id`, `created_at`, `updated_at`) VALUES ('198', '155', '60000.00', 'transfer', '8', NULL, NULL, '16', '2026-03-04 16:04:14', '2026-03-04 16:04:14');
INSERT INTO `payments` (`id`, `order_id`, `amount`, `payment_method`, `payment_account_id`, `proof_path`, `notes`, `cashier_id`, `created_at`, `updated_at`) VALUES ('199', '319', '8100.00', 'transfer', '8', NULL, NULL, '16', '2026-03-04 16:06:05', '2026-03-04 16:06:05');
INSERT INTO `payments` (`id`, `order_id`, `amount`, `payment_method`, `payment_account_id`, `proof_path`, `notes`, `cashier_id`, `created_at`, `updated_at`) VALUES ('200', '329', '8100.00', 'transfer', '8', NULL, NULL, '16', '2026-03-04 16:06:05', '2026-03-04 16:06:05');
INSERT INTO `payments` (`id`, `order_id`, `amount`, `payment_method`, `payment_account_id`, `proof_path`, `notes`, `cashier_id`, `created_at`, `updated_at`) VALUES ('201', '334', '8100.00', 'transfer', '8', NULL, NULL, '16', '2026-03-04 16:06:05', '2026-03-04 16:06:05');
INSERT INTO `payments` (`id`, `order_id`, `amount`, `payment_method`, `payment_account_id`, `proof_path`, `notes`, `cashier_id`, `created_at`, `updated_at`) VALUES ('202', '337', '8100.00', 'transfer', '8', NULL, NULL, '16', '2026-03-04 16:06:05', '2026-03-04 16:06:05');
INSERT INTO `payments` (`id`, `order_id`, `amount`, `payment_method`, `payment_account_id`, `proof_path`, `notes`, `cashier_id`, `created_at`, `updated_at`) VALUES ('203', '338', '113400.00', 'transfer', '8', NULL, NULL, '16', '2026-03-04 16:06:05', '2026-03-04 16:06:05');
INSERT INTO `payments` (`id`, `order_id`, `amount`, `payment_method`, `payment_account_id`, `proof_path`, `notes`, `cashier_id`, `created_at`, `updated_at`) VALUES ('204', '347', '8100.00', 'transfer', '8', NULL, NULL, '16', '2026-03-04 16:06:05', '2026-03-04 16:06:05');
INSERT INTO `payments` (`id`, `order_id`, `amount`, `payment_method`, `payment_account_id`, `proof_path`, `notes`, `cashier_id`, `created_at`, `updated_at`) VALUES ('205', '349', '8100.00', 'transfer', '8', NULL, NULL, '16', '2026-03-04 16:06:05', '2026-03-04 16:06:05');
INSERT INTO `payments` (`id`, `order_id`, `amount`, `payment_method`, `payment_account_id`, `proof_path`, `notes`, `cashier_id`, `created_at`, `updated_at`) VALUES ('206', '352', '395000.00', 'transfer', '8', NULL, NULL, '16', '2026-03-04 16:06:05', '2026-03-04 16:06:05');
INSERT INTO `payments` (`id`, `order_id`, `amount`, `payment_method`, `payment_account_id`, `proof_path`, `notes`, `cashier_id`, `created_at`, `updated_at`) VALUES ('207', '279', '118800.00', 'transfer', '8', NULL, NULL, '16', '2026-03-04 16:18:39', '2026-03-04 16:18:39');
INSERT INTO `payments` (`id`, `order_id`, `amount`, `payment_method`, `payment_account_id`, `proof_path`, `notes`, `cashier_id`, `created_at`, `updated_at`) VALUES ('208', '285', '7100.00', 'transfer', '8', NULL, NULL, '16', '2026-03-04 16:18:39', '2026-03-04 16:18:39');
INSERT INTO `payments` (`id`, `order_id`, `amount`, `payment_method`, `payment_account_id`, `proof_path`, `notes`, `cashier_id`, `created_at`, `updated_at`) VALUES ('209', '303', '19200.00', 'transfer', '8', NULL, NULL, '16', '2026-03-04 16:18:39', '2026-03-04 16:18:39');
INSERT INTO `payments` (`id`, `order_id`, `amount`, `payment_method`, `payment_account_id`, `proof_path`, `notes`, `cashier_id`, `created_at`, `updated_at`) VALUES ('210', '54', '592450.00', 'transfer', '8', NULL, NULL, '16', '2026-03-04 16:21:47', '2026-03-04 16:21:47');
INSERT INTO `payments` (`id`, `order_id`, `amount`, `payment_method`, `payment_account_id`, `proof_path`, `notes`, `cashier_id`, `created_at`, `updated_at`) VALUES ('211', '216', '11600.00', 'transfer', '8', NULL, NULL, '16', '2026-03-04 16:22:08', '2026-03-04 16:22:08');
INSERT INTO `payments` (`id`, `order_id`, `amount`, `payment_method`, `payment_account_id`, `proof_path`, `notes`, `cashier_id`, `created_at`, `updated_at`) VALUES ('212', '317', '6400.00', 'transfer', '8', NULL, NULL, '16', '2026-03-04 16:23:00', '2026-03-04 16:23:00');
INSERT INTO `payments` (`id`, `order_id`, `amount`, `payment_method`, `payment_account_id`, `proof_path`, `notes`, `cashier_id`, `created_at`, `updated_at`) VALUES ('213', '265', '20000.00', 'transfer', '11', NULL, NULL, '16', '2026-03-04 16:23:44', '2026-03-04 16:23:44');
INSERT INTO `payments` (`id`, `order_id`, `amount`, `payment_method`, `payment_account_id`, `proof_path`, `notes`, `cashier_id`, `created_at`, `updated_at`) VALUES ('214', '330', '4600.00', 'transfer', '8', NULL, NULL, '16', '2026-03-04 16:24:15', '2026-03-04 16:24:15');
INSERT INTO `payments` (`id`, `order_id`, `amount`, `payment_method`, `payment_account_id`, `proof_path`, `notes`, `cashier_id`, `created_at`, `updated_at`) VALUES ('215', '356', '16500.00', 'transfer', '8', NULL, NULL, '16', '2026-03-04 16:30:01', '2026-03-04 16:30:01');
INSERT INTO `payments` (`id`, `order_id`, `amount`, `payment_method`, `payment_account_id`, `proof_path`, `notes`, `cashier_id`, `created_at`, `updated_at`) VALUES ('216', '357', '16500.00', 'transfer', '8', NULL, NULL, '16', '2026-03-04 16:30:01', '2026-03-04 16:30:01');
INSERT INTO `payments` (`id`, `order_id`, `amount`, `payment_method`, `payment_account_id`, `proof_path`, `notes`, `cashier_id`, `created_at`, `updated_at`) VALUES ('217', '360', '5400.00', 'transfer', '8', NULL, NULL, '16', '2026-03-04 16:30:01', '2026-03-04 16:30:01');
INSERT INTO `payments` (`id`, `order_id`, `amount`, `payment_method`, `payment_account_id`, `proof_path`, `notes`, `cashier_id`, `created_at`, `updated_at`) VALUES ('218', '178', '180000.00', 'transfer', '8', NULL, NULL, '16', '2026-03-04 16:44:12', '2026-03-04 16:44:12');
INSERT INTO `payments` (`id`, `order_id`, `amount`, `payment_method`, `payment_account_id`, `proof_path`, `notes`, `cashier_id`, `created_at`, `updated_at`) VALUES ('219', '217', '81000.00', 'transfer', '10', NULL, NULL, '16', '2026-03-04 16:45:53', '2026-03-04 16:45:53');
INSERT INTO `payments` (`id`, `order_id`, `amount`, `payment_method`, `payment_account_id`, `proof_path`, `notes`, `cashier_id`, `created_at`, `updated_at`) VALUES ('220', '288', '100000.00', 'transfer', '10', NULL, NULL, '16', '2026-03-04 16:54:22', '2026-03-04 16:54:22');
INSERT INTO `payments` (`id`, `order_id`, `amount`, `payment_method`, `payment_account_id`, `proof_path`, `notes`, `cashier_id`, `created_at`, `updated_at`) VALUES ('221', '309', '46500.00', 'transfer', '8', NULL, NULL, '16', '2026-03-04 16:54:44', '2026-03-04 16:54:44');
INSERT INTO `payments` (`id`, `order_id`, `amount`, `payment_method`, `payment_account_id`, `proof_path`, `notes`, `cashier_id`, `created_at`, `updated_at`) VALUES ('222', '258', '5000.00', 'cash', NULL, NULL, NULL, '16', '2026-03-04 16:58:15', '2026-03-04 16:58:15');
INSERT INTO `payments` (`id`, `order_id`, `amount`, `payment_method`, `payment_account_id`, `proof_path`, `notes`, `cashier_id`, `created_at`, `updated_at`) VALUES ('223', '179', '50000.00', 'cash', NULL, NULL, NULL, '16', '2026-03-04 17:00:12', '2026-03-04 17:00:12');
INSERT INTO `payments` (`id`, `order_id`, `amount`, `payment_method`, `payment_account_id`, `proof_path`, `notes`, `cashier_id`, `created_at`, `updated_at`) VALUES ('224', '277', '53000.00', 'transfer', '8', NULL, NULL, '16', '2026-03-04 17:06:49', '2026-03-04 17:06:49');
INSERT INTO `payments` (`id`, `order_id`, `amount`, `payment_method`, `payment_account_id`, `proof_path`, `notes`, `cashier_id`, `created_at`, `updated_at`) VALUES ('225', '291', '56100.00', 'transfer', '8', NULL, NULL, '16', '2026-03-04 17:06:49', '2026-03-04 17:06:49');
INSERT INTO `payments` (`id`, `order_id`, `amount`, `payment_method`, `payment_account_id`, `proof_path`, `notes`, `cashier_id`, `created_at`, `updated_at`) VALUES ('226', '267', '130000.00', 'cash', NULL, NULL, NULL, '16', '2026-03-05 09:16:06', '2026-03-05 09:16:06');
INSERT INTO `payments` (`id`, `order_id`, `amount`, `payment_method`, `payment_account_id`, `proof_path`, `notes`, `cashier_id`, `created_at`, `updated_at`) VALUES ('227', '369', '150000.00', 'cash', NULL, NULL, NULL, '16', '2026-03-05 09:28:21', '2026-03-05 09:28:21');
INSERT INTO `payments` (`id`, `order_id`, `amount`, `payment_method`, `payment_account_id`, `proof_path`, `notes`, `cashier_id`, `created_at`, `updated_at`) VALUES ('228', '327', '20000.00', 'cash', NULL, NULL, NULL, '16', '2026-03-05 09:42:33', '2026-03-05 09:42:33');
INSERT INTO `payments` (`id`, `order_id`, `amount`, `payment_method`, `payment_account_id`, `proof_path`, `notes`, `cashier_id`, `created_at`, `updated_at`) VALUES ('229', '275', '70000.00', 'cash', NULL, NULL, NULL, '16', '2026-03-05 09:44:59', '2026-03-05 09:44:59');
INSERT INTO `payments` (`id`, `order_id`, `amount`, `payment_method`, `payment_account_id`, `proof_path`, `notes`, `cashier_id`, `created_at`, `updated_at`) VALUES ('230', '305', '40800.00', 'cash', NULL, NULL, NULL, '16', '2026-03-05 09:50:32', '2026-03-05 09:50:32');
INSERT INTO `payments` (`id`, `order_id`, `amount`, `payment_method`, `payment_account_id`, `proof_path`, `notes`, `cashier_id`, `created_at`, `updated_at`) VALUES ('231', '313', '15000.00', 'cash', NULL, NULL, NULL, '16', '2026-03-05 09:50:32', '2026-03-05 09:50:32');
INSERT INTO `payments` (`id`, `order_id`, `amount`, `payment_method`, `payment_account_id`, `proof_path`, `notes`, `cashier_id`, `created_at`, `updated_at`) VALUES ('232', '299', '125000.00', 'transfer', '8', NULL, NULL, '16', '2026-03-05 10:17:04', '2026-03-05 10:17:04');
INSERT INTO `payments` (`id`, `order_id`, `amount`, `payment_method`, `payment_account_id`, `proof_path`, `notes`, `cashier_id`, `created_at`, `updated_at`) VALUES ('233', '324', '18000.00', 'cash', NULL, NULL, NULL, '16', '2026-03-05 10:19:31', '2026-03-05 10:19:31');
INSERT INTO `payments` (`id`, `order_id`, `amount`, `payment_method`, `payment_account_id`, `proof_path`, `notes`, `cashier_id`, `created_at`, `updated_at`) VALUES ('234', '193', '112500.00', 'cash', NULL, NULL, NULL, '16', '2026-03-05 10:23:19', '2026-03-05 10:23:19');
INSERT INTO `payments` (`id`, `order_id`, `amount`, `payment_method`, `payment_account_id`, `proof_path`, `notes`, `cashier_id`, `created_at`, `updated_at`) VALUES ('235', '214', '138000.00', 'cash', NULL, NULL, NULL, '16', '2026-03-05 10:23:19', '2026-03-05 10:23:19');
INSERT INTO `payments` (`id`, `order_id`, `amount`, `payment_method`, `payment_account_id`, `proof_path`, `notes`, `cashier_id`, `created_at`, `updated_at`) VALUES ('236', '254', '15000.00', 'cash', NULL, NULL, NULL, '16', '2026-03-05 10:44:22', '2026-03-05 10:44:22');
INSERT INTO `payments` (`id`, `order_id`, `amount`, `payment_method`, `payment_account_id`, `proof_path`, `notes`, `cashier_id`, `created_at`, `updated_at`) VALUES ('237', '255', '48600.00', 'transfer', '10', NULL, NULL, '16', '2026-03-05 11:06:48', '2026-03-05 11:06:48');
INSERT INTO `payments` (`id`, `order_id`, `amount`, `payment_method`, `payment_account_id`, `proof_path`, `notes`, `cashier_id`, `created_at`, `updated_at`) VALUES ('238', '66', '5000.00', 'transfer', '8', NULL, NULL, '16', '2026-03-05 11:07:26', '2026-03-05 11:07:26');
INSERT INTO `payments` (`id`, `order_id`, `amount`, `payment_method`, `payment_account_id`, `proof_path`, `notes`, `cashier_id`, `created_at`, `updated_at`) VALUES ('239', '227', '130000.00', 'transfer', '8', NULL, NULL, '16', '2026-03-05 11:07:26', '2026-03-05 11:07:26');
INSERT INTO `payments` (`id`, `order_id`, `amount`, `payment_method`, `payment_account_id`, `proof_path`, `notes`, `cashier_id`, `created_at`, `updated_at`) VALUES ('240', '343', '465000.00', 'transfer', '8', NULL, NULL, '16', '2026-03-05 11:07:48', '2026-03-05 11:07:48');
INSERT INTO `payments` (`id`, `order_id`, `amount`, `payment_method`, `payment_account_id`, `proof_path`, `notes`, `cashier_id`, `created_at`, `updated_at`) VALUES ('241', '290', '52000.00', 'transfer', '8', NULL, NULL, '16', '2026-03-05 11:08:11', '2026-03-05 11:08:11');
INSERT INTO `payments` (`id`, `order_id`, `amount`, `payment_method`, `payment_account_id`, `proof_path`, `notes`, `cashier_id`, `created_at`, `updated_at`) VALUES ('242', '412', '5200.00', 'cash', NULL, NULL, NULL, '16', '2026-03-05 11:34:06', '2026-03-05 11:34:06');
INSERT INTO `payments` (`id`, `order_id`, `amount`, `payment_method`, `payment_account_id`, `proof_path`, `notes`, `cashier_id`, `created_at`, `updated_at`) VALUES ('243', '388', '8100.00', 'cash', NULL, NULL, NULL, '16', '2026-03-05 11:46:09', '2026-03-05 11:46:09');
INSERT INTO `payments` (`id`, `order_id`, `amount`, `payment_method`, `payment_account_id`, `proof_path`, `notes`, `cashier_id`, `created_at`, `updated_at`) VALUES ('244', '389', '23100.00', 'cash', NULL, NULL, NULL, '16', '2026-03-05 11:46:09', '2026-03-05 11:46:09');
INSERT INTO `payments` (`id`, `order_id`, `amount`, `payment_method`, `payment_account_id`, `proof_path`, `notes`, `cashier_id`, `created_at`, `updated_at`) VALUES ('245', '422', '50000.00', 'transfer', '8', NULL, NULL, '16', '2026-03-05 13:10:57', '2026-03-05 13:10:57');
INSERT INTO `payments` (`id`, `order_id`, `amount`, `payment_method`, `payment_account_id`, `proof_path`, `notes`, `cashier_id`, `created_at`, `updated_at`) VALUES ('246', '425', '100000.00', 'cash', NULL, NULL, NULL, '16', '2026-03-05 13:17:37', '2026-03-05 13:17:37');
INSERT INTO `payments` (`id`, `order_id`, `amount`, `payment_method`, `payment_account_id`, `proof_path`, `notes`, `cashier_id`, `created_at`, `updated_at`) VALUES ('247', '429', '9999.00', 'cash', NULL, NULL, NULL, '16', '2026-03-05 13:32:49', '2026-03-05 13:32:49');
INSERT INTO `payments` (`id`, `order_id`, `amount`, `payment_method`, `payment_account_id`, `proof_path`, `notes`, `cashier_id`, `created_at`, `updated_at`) VALUES ('248', '328', '28600.00', 'transfer', '8', NULL, NULL, '16', '2026-03-05 13:35:58', '2026-03-05 13:35:58');
INSERT INTO `payments` (`id`, `order_id`, `amount`, `payment_method`, `payment_account_id`, `proof_path`, `notes`, `cashier_id`, `created_at`, `updated_at`) VALUES ('249', '416', '11000.00', 'transfer', '8', NULL, NULL, '16', '2026-03-05 13:35:58', '2026-03-05 13:35:58');
INSERT INTO `payments` (`id`, `order_id`, `amount`, `payment_method`, `payment_account_id`, `proof_path`, `notes`, `cashier_id`, `created_at`, `updated_at`) VALUES ('250', '417', '5000.00', 'transfer', '8', NULL, NULL, '16', '2026-03-05 13:35:58', '2026-03-05 13:35:58');
INSERT INTO `payments` (`id`, `order_id`, `amount`, `payment_method`, `payment_account_id`, `proof_path`, `notes`, `cashier_id`, `created_at`, `updated_at`) VALUES ('251', '47', '129900.00', 'cash', NULL, NULL, NULL, '16', '2026-03-05 13:39:23', '2026-03-05 13:39:23');
INSERT INTO `payments` (`id`, `order_id`, `amount`, `payment_method`, `payment_account_id`, `proof_path`, `notes`, `cashier_id`, `created_at`, `updated_at`) VALUES ('252', '114', '398550.00', 'cash', NULL, NULL, NULL, '16', '2026-03-05 13:39:23', '2026-03-05 13:39:23');
INSERT INTO `payments` (`id`, `order_id`, `amount`, `payment_method`, `payment_account_id`, `proof_path`, `notes`, `cashier_id`, `created_at`, `updated_at`) VALUES ('253', '322', '6600.00', 'cash', NULL, NULL, NULL, '16', '2026-03-05 14:12:46', '2026-03-05 14:12:46');
INSERT INTO `payments` (`id`, `order_id`, `amount`, `payment_method`, `payment_account_id`, `proof_path`, `notes`, `cashier_id`, `created_at`, `updated_at`) VALUES ('254', '323', '35000.00', 'cash', NULL, NULL, NULL, '16', '2026-03-05 14:12:46', '2026-03-05 14:12:46');
INSERT INTO `payments` (`id`, `order_id`, `amount`, `payment_method`, `payment_account_id`, `proof_path`, `notes`, `cashier_id`, `created_at`, `updated_at`) VALUES ('255', '423', '20000.00', 'cash', NULL, NULL, NULL, '5', '2026-03-05 14:20:20', '2026-03-05 14:20:20');
INSERT INTO `payments` (`id`, `order_id`, `amount`, `payment_method`, `payment_account_id`, `proof_path`, `notes`, `cashier_id`, `created_at`, `updated_at`) VALUES ('256', '414', '11500.00', 'cash', NULL, NULL, NULL, '16', '2026-03-05 15:24:41', '2026-03-05 15:24:41');
INSERT INTO `payments` (`id`, `order_id`, `amount`, `payment_method`, `payment_account_id`, `proof_path`, `notes`, `cashier_id`, `created_at`, `updated_at`) VALUES ('257', '415', '5400.00', 'cash', NULL, NULL, NULL, '16', '2026-03-05 15:24:41', '2026-03-05 15:24:41');
INSERT INTO `payments` (`id`, `order_id`, `amount`, `payment_method`, `payment_account_id`, `proof_path`, `notes`, `cashier_id`, `created_at`, `updated_at`) VALUES ('258', '380', '50000.00', 'cash', NULL, NULL, NULL, '16', '2026-03-05 15:29:00', '2026-03-05 15:29:00');
INSERT INTO `payments` (`id`, `order_id`, `amount`, `payment_method`, `payment_account_id`, `proof_path`, `notes`, `cashier_id`, `created_at`, `updated_at`) VALUES ('259', '419', '10000.00', 'cash', NULL, NULL, NULL, '16', '2026-03-05 15:35:11', '2026-03-05 15:35:11');
INSERT INTO `payments` (`id`, `order_id`, `amount`, `payment_method`, `payment_account_id`, `proof_path`, `notes`, `cashier_id`, `created_at`, `updated_at`) VALUES ('260', '196', '14000.00', 'transfer', '8', NULL, NULL, '16', '2026-03-05 15:39:37', '2026-03-05 15:39:37');
INSERT INTO `payments` (`id`, `order_id`, `amount`, `payment_method`, `payment_account_id`, `proof_path`, `notes`, `cashier_id`, `created_at`, `updated_at`) VALUES ('261', '272', '345000.00', 'transfer', '8', NULL, NULL, '16', '2026-03-05 15:39:37', '2026-03-05 15:39:37');
INSERT INTO `payments` (`id`, `order_id`, `amount`, `payment_method`, `payment_account_id`, `proof_path`, `notes`, `cashier_id`, `created_at`, `updated_at`) VALUES ('262', '281', '15400.00', 'transfer', '8', NULL, NULL, '16', '2026-03-05 15:39:37', '2026-03-05 15:39:37');
INSERT INTO `payments` (`id`, `order_id`, `amount`, `payment_method`, `payment_account_id`, `proof_path`, `notes`, `cashier_id`, `created_at`, `updated_at`) VALUES ('263', '190', '5200.00', 'transfer', '11', NULL, NULL, '16', '2026-03-05 15:41:17', '2026-03-05 15:41:17');
INSERT INTO `payments` (`id`, `order_id`, `amount`, `payment_method`, `payment_account_id`, `proof_path`, `notes`, `cashier_id`, `created_at`, `updated_at`) VALUES ('264', '251', '25000.00', 'transfer', '11', NULL, NULL, '16', '2026-03-05 15:41:17', '2026-03-05 15:41:17');
INSERT INTO `payments` (`id`, `order_id`, `amount`, `payment_method`, `payment_account_id`, `proof_path`, `notes`, `cashier_id`, `created_at`, `updated_at`) VALUES ('265', '424', '160000.00', 'transfer', '8', NULL, NULL, '16', '2026-03-05 15:42:12', '2026-03-05 15:42:12');
INSERT INTO `payments` (`id`, `order_id`, `amount`, `payment_method`, `payment_account_id`, `proof_path`, `notes`, `cashier_id`, `created_at`, `updated_at`) VALUES ('266', '430', '10400.00', 'transfer', '8', NULL, NULL, '16', '2026-03-05 15:42:49', '2026-03-05 15:42:49');
INSERT INTO `payments` (`id`, `order_id`, `amount`, `payment_method`, `payment_account_id`, `proof_path`, `notes`, `cashier_id`, `created_at`, `updated_at`) VALUES ('267', '365', '310000.00', 'transfer', '11', NULL, NULL, '16', '2026-03-05 15:44:21', '2026-03-05 15:44:21');
INSERT INTO `payments` (`id`, `order_id`, `amount`, `payment_method`, `payment_account_id`, `proof_path`, `notes`, `cashier_id`, `created_at`, `updated_at`) VALUES ('268', '366', '16500.00', 'transfer', '8', NULL, NULL, '16', '2026-03-05 15:45:01', '2026-03-05 15:45:01');
INSERT INTO `payments` (`id`, `order_id`, `amount`, `payment_method`, `payment_account_id`, `proof_path`, `notes`, `cashier_id`, `created_at`, `updated_at`) VALUES ('269', '375', '33000.00', 'transfer', '8', NULL, NULL, '16', '2026-03-05 15:45:01', '2026-03-05 15:45:01');
INSERT INTO `payments` (`id`, `order_id`, `amount`, `payment_method`, `payment_account_id`, `proof_path`, `notes`, `cashier_id`, `created_at`, `updated_at`) VALUES ('270', '242', '3300.00', 'cash', NULL, NULL, NULL, '16', '2026-03-05 15:47:05', '2026-03-05 15:47:05');
INSERT INTO `payments` (`id`, `order_id`, `amount`, `payment_method`, `payment_account_id`, `proof_path`, `notes`, `cashier_id`, `created_at`, `updated_at`) VALUES ('271', '336', '85000.00', 'cash', NULL, NULL, NULL, '16', '2026-03-05 15:47:05', '2026-03-05 15:47:05');
INSERT INTO `payments` (`id`, `order_id`, `amount`, `payment_method`, `payment_account_id`, `proof_path`, `notes`, `cashier_id`, `created_at`, `updated_at`) VALUES ('272', '371', '2900.00', 'transfer', '8', NULL, NULL, '16', '2026-03-05 15:47:28', '2026-03-05 15:47:28');
INSERT INTO `payments` (`id`, `order_id`, `amount`, `payment_method`, `payment_account_id`, `proof_path`, `notes`, `cashier_id`, `created_at`, `updated_at`) VALUES ('273', '394', '108000.00', 'transfer', '8', NULL, NULL, '16', '2026-03-05 15:47:28', '2026-03-05 15:47:28');
INSERT INTO `payments` (`id`, `order_id`, `amount`, `payment_method`, `payment_account_id`, `proof_path`, `notes`, `cashier_id`, `created_at`, `updated_at`) VALUES ('274', '440', '2900.00', 'transfer', '8', NULL, NULL, '16', '2026-03-05 15:47:28', '2026-03-05 15:47:28');
INSERT INTO `payments` (`id`, `order_id`, `amount`, `payment_method`, `payment_account_id`, `proof_path`, `notes`, `cashier_id`, `created_at`, `updated_at`) VALUES ('275', '171', '357000.00', 'transfer', '10', NULL, NULL, '16', '2026-03-05 15:48:26', '2026-03-05 15:48:26');
INSERT INTO `payments` (`id`, `order_id`, `amount`, `payment_method`, `payment_account_id`, `proof_path`, `notes`, `cashier_id`, `created_at`, `updated_at`) VALUES ('276', '167', '5200.00', 'cash', NULL, NULL, NULL, '16', '2026-03-05 15:53:50', '2026-03-05 15:53:50');
INSERT INTO `payments` (`id`, `order_id`, `amount`, `payment_method`, `payment_account_id`, `proof_path`, `notes`, `cashier_id`, `created_at`, `updated_at`) VALUES ('277', '398', '54600.00', 'cash', NULL, NULL, NULL, '16', '2026-03-05 15:53:50', '2026-03-05 15:53:50');
INSERT INTO `payments` (`id`, `order_id`, `amount`, `payment_method`, `payment_account_id`, `proof_path`, `notes`, `cashier_id`, `created_at`, `updated_at`) VALUES ('278', '399', '30000.00', 'cash', NULL, NULL, NULL, '16', '2026-03-05 15:53:50', '2026-03-05 15:53:50');
INSERT INTO `payments` (`id`, `order_id`, `amount`, `payment_method`, `payment_account_id`, `proof_path`, `notes`, `cashier_id`, `created_at`, `updated_at`) VALUES ('279', '402', '12100.00', 'cash', NULL, NULL, NULL, '16', '2026-03-05 15:55:37', '2026-03-05 15:55:37');
INSERT INTO `payments` (`id`, `order_id`, `amount`, `payment_method`, `payment_account_id`, `proof_path`, `notes`, `cashier_id`, `created_at`, `updated_at`) VALUES ('280', '409', '5200.00', 'cash', NULL, NULL, NULL, '16', '2026-03-05 15:55:37', '2026-03-05 15:55:37');
INSERT INTO `payments` (`id`, `order_id`, `amount`, `payment_method`, `payment_account_id`, `proof_path`, `notes`, `cashier_id`, `created_at`, `updated_at`) VALUES ('281', '410', '2900.00', 'cash', NULL, NULL, NULL, '16', '2026-03-05 15:55:37', '2026-03-05 15:55:37');
INSERT INTO `payments` (`id`, `order_id`, `amount`, `payment_method`, `payment_account_id`, `proof_path`, `notes`, `cashier_id`, `created_at`, `updated_at`) VALUES ('282', '362', '12800.00', 'cash', NULL, NULL, NULL, '16', '2026-03-05 16:00:58', '2026-03-05 16:00:58');
INSERT INTO `payments` (`id`, `order_id`, `amount`, `payment_method`, `payment_account_id`, `proof_path`, `notes`, `cashier_id`, `created_at`, `updated_at`) VALUES ('283', '411', '45000.00', 'cash', NULL, NULL, NULL, '16', '2026-03-05 16:06:59', '2026-03-05 16:06:59');
INSERT INTO `payments` (`id`, `order_id`, `amount`, `payment_method`, `payment_account_id`, `proof_path`, `notes`, `cashier_id`, `created_at`, `updated_at`) VALUES ('284', '392', '100000.00', 'cash', NULL, NULL, NULL, '16', '2026-03-05 16:07:45', '2026-03-05 16:07:45');
INSERT INTO `payments` (`id`, `order_id`, `amount`, `payment_method`, `payment_account_id`, `proof_path`, `notes`, `cashier_id`, `created_at`, `updated_at`) VALUES ('285', '75', '192000.00', 'transfer', '8', NULL, NULL, '16', '2026-03-05 16:10:03', '2026-03-05 16:10:03');
INSERT INTO `payments` (`id`, `order_id`, `amount`, `payment_method`, `payment_account_id`, `proof_path`, `notes`, `cashier_id`, `created_at`, `updated_at`) VALUES ('286', '403', '300000.00', 'transfer', '8', NULL, NULL, '16', '2026-03-05 16:10:03', '2026-03-05 16:10:03');
INSERT INTO `payments` (`id`, `order_id`, `amount`, `payment_method`, `payment_account_id`, `proof_path`, `notes`, `cashier_id`, `created_at`, `updated_at`) VALUES ('287', '382', '50000.00', 'cash', NULL, NULL, NULL, '16', '2026-03-05 16:23:27', '2026-03-05 16:23:27');
INSERT INTO `payments` (`id`, `order_id`, `amount`, `payment_method`, `payment_account_id`, `proof_path`, `notes`, `cashier_id`, `created_at`, `updated_at`) VALUES ('288', '408', '52000.00', 'cash', NULL, NULL, NULL, '16', '2026-03-05 16:45:23', '2026-03-05 16:45:23');
INSERT INTO `payments` (`id`, `order_id`, `amount`, `payment_method`, `payment_account_id`, `proof_path`, `notes`, `cashier_id`, `created_at`, `updated_at`) VALUES ('289', '287', '15000.00', 'transfer', '8', NULL, NULL, '16', '2026-03-05 16:46:31', '2026-03-05 16:46:31');
INSERT INTO `payments` (`id`, `order_id`, `amount`, `payment_method`, `payment_account_id`, `proof_path`, `notes`, `cashier_id`, `created_at`, `updated_at`) VALUES ('290', '374', '20000.00', 'cash', NULL, NULL, NULL, '16', '2026-03-05 16:49:53', '2026-03-05 16:49:53');
INSERT INTO `payments` (`id`, `order_id`, `amount`, `payment_method`, `payment_account_id`, `proof_path`, `notes`, `cashier_id`, `created_at`, `updated_at`) VALUES ('291', '418', '50000.00', 'cash', NULL, NULL, NULL, '16', '2026-03-05 17:11:06', '2026-03-05 17:11:06');
INSERT INTO `payments` (`id`, `order_id`, `amount`, `payment_method`, `payment_account_id`, `proof_path`, `notes`, `cashier_id`, `created_at`, `updated_at`) VALUES ('292', '387', '150000.00', 'cash', NULL, NULL, NULL, '5', '2026-03-06 09:17:07', '2026-03-06 09:17:07');
INSERT INTO `payments` (`id`, `order_id`, `amount`, `payment_method`, `payment_account_id`, `proof_path`, `notes`, `cashier_id`, `created_at`, `updated_at`) VALUES ('293', '469', '100000.00', 'cash', NULL, NULL, NULL, '5', '2026-03-06 09:24:14', '2026-03-06 09:24:14');
INSERT INTO `payments` (`id`, `order_id`, `amount`, `payment_method`, `payment_account_id`, `proof_path`, `notes`, `cashier_id`, `created_at`, `updated_at`) VALUES ('294', '483', '23100.00', 'cash', NULL, NULL, NULL, '5', '2026-03-06 09:42:44', '2026-03-06 09:42:44');
INSERT INTO `payments` (`id`, `order_id`, `amount`, `payment_method`, `payment_account_id`, `proof_path`, `notes`, `cashier_id`, `created_at`, `updated_at`) VALUES ('295', '484', '90000.00', 'cash', NULL, NULL, NULL, '5', '2026-03-06 09:42:44', '2026-03-06 09:42:44');
INSERT INTO `payments` (`id`, `order_id`, `amount`, `payment_method`, `payment_account_id`, `proof_path`, `notes`, `cashier_id`, `created_at`, `updated_at`) VALUES ('296', '373', '60000.00', 'transfer', '10', NULL, NULL, '16', '2026-03-06 09:51:18', '2026-03-06 09:51:18');
INSERT INTO `payments` (`id`, `order_id`, `amount`, `payment_method`, `payment_account_id`, `proof_path`, `notes`, `cashier_id`, `created_at`, `updated_at`) VALUES ('297', '506', '45000.00', 'transfer', '8', NULL, NULL, '16', '2026-03-06 10:12:52', '2026-03-06 10:12:52');
INSERT INTO `payments` (`id`, `order_id`, `amount`, `payment_method`, `payment_account_id`, `proof_path`, `notes`, `cashier_id`, `created_at`, `updated_at`) VALUES ('298', '480', '360000.00', 'cash', NULL, NULL, NULL, '16', '2026-03-06 10:51:56', '2026-03-06 10:51:56');
INSERT INTO `payments` (`id`, `order_id`, `amount`, `payment_method`, `payment_account_id`, `proof_path`, `notes`, `cashier_id`, `created_at`, `updated_at`) VALUES ('299', '481', '100000.00', 'cash', NULL, NULL, NULL, '16', '2026-03-06 10:59:21', '2026-03-06 10:59:21');
INSERT INTO `payments` (`id`, `order_id`, `amount`, `payment_method`, `payment_account_id`, `proof_path`, `notes`, `cashier_id`, `created_at`, `updated_at`) VALUES ('300', '378', '30000.00', 'cash', NULL, NULL, NULL, '16', '2026-03-06 11:04:27', '2026-03-06 11:04:27');
INSERT INTO `payments` (`id`, `order_id`, `amount`, `payment_method`, `payment_account_id`, `proof_path`, `notes`, `cashier_id`, `created_at`, `updated_at`) VALUES ('301', '397', '133450.00', 'cash', NULL, NULL, NULL, '16', '2026-03-06 11:04:27', '2026-03-06 11:04:27');
INSERT INTO `payments` (`id`, `order_id`, `amount`, `payment_method`, `payment_account_id`, `proof_path`, `notes`, `cashier_id`, `created_at`, `updated_at`) VALUES ('302', '101', '172000.00', 'cash', NULL, NULL, NULL, '16', '2026-03-06 11:12:46', '2026-03-06 11:12:46');
INSERT INTO `payments` (`id`, `order_id`, `amount`, `payment_method`, `payment_account_id`, `proof_path`, `notes`, `cashier_id`, `created_at`, `updated_at`) VALUES ('303', '405', '25000.00', 'transfer', '8', NULL, NULL, '16', '2026-03-06 11:18:39', '2026-03-06 11:18:39');
INSERT INTO `payments` (`id`, `order_id`, `amount`, `payment_method`, `payment_account_id`, `proof_path`, `notes`, `cashier_id`, `created_at`, `updated_at`) VALUES ('304', '534', '22000.00', 'cash', NULL, NULL, NULL, '16', '2026-03-06 11:24:28', '2026-03-06 11:24:28');
INSERT INTO `payments` (`id`, `order_id`, `amount`, `payment_method`, `payment_account_id`, `proof_path`, `notes`, `cashier_id`, `created_at`, `updated_at`) VALUES ('305', '515', '33000.00', 'transfer', '8', NULL, NULL, '16', '2026-03-06 11:26:05', '2026-03-06 11:26:05');
INSERT INTO `payments` (`id`, `order_id`, `amount`, `payment_method`, `payment_account_id`, `proof_path`, `notes`, `cashier_id`, `created_at`, `updated_at`) VALUES ('306', '542', '22000.00', 'cash', NULL, NULL, NULL, '16', '2026-03-06 11:50:56', '2026-03-06 11:50:56');
INSERT INTO `payments` (`id`, `order_id`, `amount`, `payment_method`, `payment_account_id`, `proof_path`, `notes`, `cashier_id`, `created_at`, `updated_at`) VALUES ('307', '48', '90000.00', 'transfer', '8', NULL, NULL, '16', '2026-03-06 12:38:47', '2026-03-06 12:38:47');
INSERT INTO `payments` (`id`, `order_id`, `amount`, `payment_method`, `payment_account_id`, `proof_path`, `notes`, `cashier_id`, `created_at`, `updated_at`) VALUES ('308', '181', '50000.00', 'transfer', '8', NULL, NULL, '16', '2026-03-06 12:40:19', '2026-03-06 12:40:19');
INSERT INTO `payments` (`id`, `order_id`, `amount`, `payment_method`, `payment_account_id`, `proof_path`, `notes`, `cashier_id`, `created_at`, `updated_at`) VALUES ('309', '172', '93000.00', 'transfer', '11', NULL, NULL, '16', '2026-03-06 12:46:49', '2026-03-06 12:46:49');
INSERT INTO `payments` (`id`, `order_id`, `amount`, `payment_method`, `payment_account_id`, `proof_path`, `notes`, `cashier_id`, `created_at`, `updated_at`) VALUES ('310', '176', '14500.00', 'transfer', '11', NULL, NULL, '16', '2026-03-06 12:46:49', '2026-03-06 12:46:49');
INSERT INTO `payments` (`id`, `order_id`, `amount`, `payment_method`, `payment_account_id`, `proof_path`, `notes`, `cashier_id`, `created_at`, `updated_at`) VALUES ('311', '225', '8800.00', 'transfer', '11', NULL, NULL, '16', '2026-03-06 12:46:49', '2026-03-06 12:46:49');
INSERT INTO `payments` (`id`, `order_id`, `amount`, `payment_method`, `payment_account_id`, `proof_path`, `notes`, `cashier_id`, `created_at`, `updated_at`) VALUES ('312', '160', '46800.00', 'transfer', '8', NULL, NULL, '16', '2026-03-06 12:48:26', '2026-03-06 12:48:26');
INSERT INTO `payments` (`id`, `order_id`, `amount`, `payment_method`, `payment_account_id`, `proof_path`, `notes`, `cashier_id`, `created_at`, `updated_at`) VALUES ('313', '161', '26400.00', 'transfer', '8', NULL, NULL, '16', '2026-03-06 12:48:26', '2026-03-06 12:48:26');
INSERT INTO `payments` (`id`, `order_id`, `amount`, `payment_method`, `payment_account_id`, `proof_path`, `notes`, `cashier_id`, `created_at`, `updated_at`) VALUES ('314', '261', '24200.00', 'transfer', '8', NULL, NULL, '16', '2026-03-06 12:50:40', '2026-03-06 12:50:40');
INSERT INTO `payments` (`id`, `order_id`, `amount`, `payment_method`, `payment_account_id`, `proof_path`, `notes`, `cashier_id`, `created_at`, `updated_at`) VALUES ('315', '263', '170000.00', 'transfer', '8', NULL, NULL, '16', '2026-03-06 12:50:40', '2026-03-06 12:50:40');
INSERT INTO `payments` (`id`, `order_id`, `amount`, `payment_method`, `payment_account_id`, `proof_path`, `notes`, `cashier_id`, `created_at`, `updated_at`) VALUES ('316', '306', '500000.00', 'transfer', '8', NULL, NULL, '16', '2026-03-06 12:51:44', '2026-03-06 12:51:44');
INSERT INTO `payments` (`id`, `order_id`, `amount`, `payment_method`, `payment_account_id`, `proof_path`, `notes`, `cashier_id`, `created_at`, `updated_at`) VALUES ('317', '393', '15000.00', 'transfer', '8', NULL, NULL, '16', '2026-03-06 12:51:44', '2026-03-06 12:51:44');
INSERT INTO `payments` (`id`, `order_id`, `amount`, `payment_method`, `payment_account_id`, `proof_path`, `notes`, `cashier_id`, `created_at`, `updated_at`) VALUES ('318', '284', '480000.00', 'transfer', '11', NULL, NULL, '16', '2026-03-06 12:52:49', '2026-03-06 12:52:49');
INSERT INTO `payments` (`id`, `order_id`, `amount`, `payment_method`, `payment_account_id`, `proof_path`, `notes`, `cashier_id`, `created_at`, `updated_at`) VALUES ('319', '353', '42400.00', 'transfer', '8', NULL, NULL, '16', '2026-03-06 12:53:36', '2026-03-06 12:53:36');
INSERT INTO `payments` (`id`, `order_id`, `amount`, `payment_method`, `payment_account_id`, `proof_path`, `notes`, `cashier_id`, `created_at`, `updated_at`) VALUES ('320', '318', '80000.00', 'transfer', '8', NULL, NULL, '16', '2026-03-06 12:54:36', '2026-03-06 12:54:36');
INSERT INTO `payments` (`id`, `order_id`, `amount`, `payment_method`, `payment_account_id`, `proof_path`, `notes`, `cashier_id`, `created_at`, `updated_at`) VALUES ('321', '359', '31800.00', 'transfer', '8', NULL, NULL, '16', '2026-03-06 13:13:57', '2026-03-06 13:13:57');
INSERT INTO `payments` (`id`, `order_id`, `amount`, `payment_method`, `payment_account_id`, `proof_path`, `notes`, `cashier_id`, `created_at`, `updated_at`) VALUES ('322', '372', '190000.00', 'transfer', '10', NULL, NULL, '16', '2026-03-06 13:16:43', '2026-03-06 13:16:43');
INSERT INTO `payments` (`id`, `order_id`, `amount`, `payment_method`, `payment_account_id`, `proof_path`, `notes`, `cashier_id`, `created_at`, `updated_at`) VALUES ('323', '370', '30000.00', 'transfer', '11', NULL, NULL, '16', '2026-03-06 13:17:30', '2026-03-06 13:17:30');
INSERT INTO `payments` (`id`, `order_id`, `amount`, `payment_method`, `payment_account_id`, `proof_path`, `notes`, `cashier_id`, `created_at`, `updated_at`) VALUES ('324', '367', '15000.00', 'transfer', '8', NULL, NULL, '16', '2026-03-06 13:18:33', '2026-03-06 13:18:33');
INSERT INTO `payments` (`id`, `order_id`, `amount`, `payment_method`, `payment_account_id`, `proof_path`, `notes`, `cashier_id`, `created_at`, `updated_at`) VALUES ('325', '510', '25000.00', 'transfer', '11', NULL, NULL, '16', '2026-03-06 13:21:49', '2026-03-06 13:21:49');
INSERT INTO `payments` (`id`, `order_id`, `amount`, `payment_method`, `payment_account_id`, `proof_path`, `notes`, `cashier_id`, `created_at`, `updated_at`) VALUES ('326', '470', '2900.00', 'cash', NULL, NULL, NULL, '16', '2026-03-06 13:23:21', '2026-03-06 13:23:21');
INSERT INTO `payments` (`id`, `order_id`, `amount`, `payment_method`, `payment_account_id`, `proof_path`, `notes`, `cashier_id`, `created_at`, `updated_at`) VALUES ('327', '456', '160000.00', 'transfer', '8', NULL, NULL, '16', '2026-03-06 13:25:41', '2026-03-06 13:25:41');
INSERT INTO `payments` (`id`, `order_id`, `amount`, `payment_method`, `payment_account_id`, `proof_path`, `notes`, `cashier_id`, `created_at`, `updated_at`) VALUES ('328', '461', '25000.00', 'transfer', '8', NULL, NULL, '16', '2026-03-06 13:25:41', '2026-03-06 13:25:41');
INSERT INTO `payments` (`id`, `order_id`, `amount`, `payment_method`, `payment_account_id`, `proof_path`, `notes`, `cashier_id`, `created_at`, `updated_at`) VALUES ('329', '526', '8100.00', 'cash', NULL, NULL, NULL, '16', '2026-03-06 13:30:14', '2026-03-06 13:30:14');
INSERT INTO `payments` (`id`, `order_id`, `amount`, `payment_method`, `payment_account_id`, `proof_path`, `notes`, `cashier_id`, `created_at`, `updated_at`) VALUES ('330', '310', '15000.00', 'transfer', '8', NULL, NULL, '16', '2026-03-06 13:32:32', '2026-03-06 13:32:32');
INSERT INTO `payments` (`id`, `order_id`, `amount`, `payment_method`, `payment_account_id`, `proof_path`, `notes`, `cashier_id`, `created_at`, `updated_at`) VALUES ('331', '345', '15000.00', 'transfer', '8', NULL, NULL, '16', '2026-03-06 13:32:32', '2026-03-06 13:32:32');
INSERT INTO `payments` (`id`, `order_id`, `amount`, `payment_method`, `payment_account_id`, `proof_path`, `notes`, `cashier_id`, `created_at`, `updated_at`) VALUES ('332', '471', '33800.00', 'cash', NULL, NULL, NULL, '16', '2026-03-06 13:33:33', '2026-03-06 13:33:33');
INSERT INTO `payments` (`id`, `order_id`, `amount`, `payment_method`, `payment_account_id`, `proof_path`, `notes`, `cashier_id`, `created_at`, `updated_at`) VALUES ('333', '368', '15000.00', 'transfer', '8', NULL, NULL, '16', '2026-03-06 13:34:00', '2026-03-06 13:34:00');
INSERT INTO `payments` (`id`, `order_id`, `amount`, `payment_method`, `payment_account_id`, `proof_path`, `notes`, `cashier_id`, `created_at`, `updated_at`) VALUES ('334', '435', '150000.00', 'transfer', '8', NULL, NULL, '16', '2026-03-06 13:35:09', '2026-03-06 13:35:09');
INSERT INTO `payments` (`id`, `order_id`, `amount`, `payment_method`, `payment_account_id`, `proof_path`, `notes`, `cashier_id`, `created_at`, `updated_at`) VALUES ('335', '236', '26000.00', 'cash', NULL, NULL, NULL, '16', '2026-03-06 13:36:10', '2026-03-06 13:36:10');
INSERT INTO `payments` (`id`, `order_id`, `amount`, `payment_method`, `payment_account_id`, `proof_path`, `notes`, `cashier_id`, `created_at`, `updated_at`) VALUES ('336', '246', '21600.00', 'cash', NULL, NULL, NULL, '16', '2026-03-06 13:36:10', '2026-03-06 13:36:10');
INSERT INTO `payments` (`id`, `order_id`, `amount`, `payment_method`, `payment_account_id`, `proof_path`, `notes`, `cashier_id`, `created_at`, `updated_at`) VALUES ('337', '381', '59400.00', 'transfer', '10', NULL, NULL, '16', '2026-03-06 13:38:19', '2026-03-06 13:38:19');
INSERT INTO `payments` (`id`, `order_id`, `amount`, `payment_method`, `payment_account_id`, `proof_path`, `notes`, `cashier_id`, `created_at`, `updated_at`) VALUES ('338', '427', '150000.00', 'transfer', '8', NULL, NULL, '16', '2026-03-06 13:42:15', '2026-03-06 13:42:15');
INSERT INTO `payments` (`id`, `order_id`, `amount`, `payment_method`, `payment_account_id`, `proof_path`, `notes`, `cashier_id`, `created_at`, `updated_at`) VALUES ('339', '406', '9600.00', 'transfer', '8', NULL, NULL, '16', '2026-03-06 13:42:35', '2026-03-06 13:42:35');
INSERT INTO `payments` (`id`, `order_id`, `amount`, `payment_method`, `payment_account_id`, `proof_path`, `notes`, `cashier_id`, `created_at`, `updated_at`) VALUES ('340', '428', '300000.00', 'transfer', '8', NULL, NULL, '16', '2026-03-06 13:45:21', '2026-03-06 13:45:21');
INSERT INTO `payments` (`id`, `order_id`, `amount`, `payment_method`, `payment_account_id`, `proof_path`, `notes`, `cashier_id`, `created_at`, `updated_at`) VALUES ('341', '457', '29700.00', 'transfer', '8', NULL, NULL, '16', '2026-03-06 13:55:46', '2026-03-06 13:55:46');
INSERT INTO `payments` (`id`, `order_id`, `amount`, `payment_method`, `payment_account_id`, `proof_path`, `notes`, `cashier_id`, `created_at`, `updated_at`) VALUES ('342', '451', '62400.00', 'transfer', '8', NULL, NULL, '16', '2026-03-06 13:56:22', '2026-03-06 13:56:22');
INSERT INTO `payments` (`id`, `order_id`, `amount`, `payment_method`, `payment_account_id`, `proof_path`, `notes`, `cashier_id`, `created_at`, `updated_at`) VALUES ('343', '452', '10400.00', 'transfer', '8', NULL, NULL, '16', '2026-03-06 13:56:22', '2026-03-06 13:56:22');
INSERT INTO `payments` (`id`, `order_id`, `amount`, `payment_method`, `payment_account_id`, `proof_path`, `notes`, `cashier_id`, `created_at`, `updated_at`) VALUES ('344', '286', '158400.00', 'transfer', '10', NULL, NULL, '16', '2026-03-06 13:58:27', '2026-03-06 13:58:27');
INSERT INTO `payments` (`id`, `order_id`, `amount`, `payment_method`, `payment_account_id`, `proof_path`, `notes`, `cashier_id`, `created_at`, `updated_at`) VALUES ('345', '514', '37500.00', 'transfer', '8', NULL, NULL, '16', '2026-03-06 14:01:21', '2026-03-06 14:01:21');
INSERT INTO `payments` (`id`, `order_id`, `amount`, `payment_method`, `payment_account_id`, `proof_path`, `notes`, `cashier_id`, `created_at`, `updated_at`) VALUES ('346', '441', '775000.00', 'transfer', '11', NULL, NULL, '16', '2026-03-06 14:01:41', '2026-03-06 14:01:41');
INSERT INTO `payments` (`id`, `order_id`, `amount`, `payment_method`, `payment_account_id`, `proof_path`, `notes`, `cashier_id`, `created_at`, `updated_at`) VALUES ('347', '458', '3600.00', 'transfer', '10', NULL, NULL, '16', '2026-03-06 14:02:02', '2026-03-06 14:02:02');
INSERT INTO `payments` (`id`, `order_id`, `amount`, `payment_method`, `payment_account_id`, `proof_path`, `notes`, `cashier_id`, `created_at`, `updated_at`) VALUES ('348', '558', '50000.00', 'cash', NULL, NULL, NULL, '16', '2026-03-06 14:03:57', '2026-03-06 14:03:57');
INSERT INTO `payments` (`id`, `order_id`, `amount`, `payment_method`, `payment_account_id`, `proof_path`, `notes`, `cashier_id`, `created_at`, `updated_at`) VALUES ('349', '437', '115000.00', 'transfer', '11', NULL, NULL, '16', '2026-03-06 14:05:25', '2026-03-06 14:05:25');
INSERT INTO `payments` (`id`, `order_id`, `amount`, `payment_method`, `payment_account_id`, `proof_path`, `notes`, `cashier_id`, `created_at`, `updated_at`) VALUES ('350', '569', '25000.00', 'cash', NULL, NULL, NULL, '16', '2026-03-06 14:05:53', '2026-03-06 14:05:53');
INSERT INTO `payments` (`id`, `order_id`, `amount`, `payment_method`, `payment_account_id`, `proof_path`, `notes`, `cashier_id`, `created_at`, `updated_at`) VALUES ('351', '314', '15200.00', 'transfer', '10', NULL, NULL, '16', '2026-03-06 14:11:59', '2026-03-06 14:11:59');
INSERT INTO `payments` (`id`, `order_id`, `amount`, `payment_method`, `payment_account_id`, `proof_path`, `notes`, `cashier_id`, `created_at`, `updated_at`) VALUES ('352', '448', '10000.00', 'cash', NULL, NULL, NULL, '16', '2026-03-06 14:17:33', '2026-03-06 14:17:33');
INSERT INTO `payments` (`id`, `order_id`, `amount`, `payment_method`, `payment_account_id`, `proof_path`, `notes`, `cashier_id`, `created_at`, `updated_at`) VALUES ('353', '450', '60750.00', 'transfer', '8', NULL, NULL, '16', '2026-03-06 14:20:08', '2026-03-06 14:20:08');
INSERT INTO `payments` (`id`, `order_id`, `amount`, `payment_method`, `payment_account_id`, `proof_path`, `notes`, `cashier_id`, `created_at`, `updated_at`) VALUES ('354', '487', '300000.00', 'cash', NULL, NULL, NULL, '16', '2026-03-06 14:29:28', '2026-03-06 14:29:28');
INSERT INTO `payments` (`id`, `order_id`, `amount`, `payment_method`, `payment_account_id`, `proof_path`, `notes`, `cashier_id`, `created_at`, `updated_at`) VALUES ('355', '490', '60000.00', 'cash', NULL, NULL, NULL, '16', '2026-03-06 14:29:28', '2026-03-06 14:29:28');
INSERT INTO `payments` (`id`, `order_id`, `amount`, `payment_method`, `payment_account_id`, `proof_path`, `notes`, `cashier_id`, `created_at`, `updated_at`) VALUES ('356', '61', '182400.00', 'transfer', '8', NULL, NULL, '16', '2026-03-06 14:31:06', '2026-03-06 14:31:06');
INSERT INTO `payments` (`id`, `order_id`, `amount`, `payment_method`, `payment_account_id`, `proof_path`, `notes`, `cashier_id`, `created_at`, `updated_at`) VALUES ('357', '87', '36300.00', 'transfer', '8', NULL, NULL, '16', '2026-03-06 14:31:06', '2026-03-06 14:31:06');
INSERT INTO `payments` (`id`, `order_id`, `amount`, `payment_method`, `payment_account_id`, `proof_path`, `notes`, `cashier_id`, `created_at`, `updated_at`) VALUES ('358', '321', '26400.00', 'transfer', '8', NULL, NULL, '16', '2026-03-06 14:31:06', '2026-03-06 14:31:06');
INSERT INTO `payments` (`id`, `order_id`, `amount`, `payment_method`, `payment_account_id`, `proof_path`, `notes`, `cashier_id`, `created_at`, `updated_at`) VALUES ('359', '331', '9900.00', 'transfer', '8', NULL, NULL, '16', '2026-03-06 14:31:06', '2026-03-06 14:31:06');
INSERT INTO `payments` (`id`, `order_id`, `amount`, `payment_method`, `payment_account_id`, `proof_path`, `notes`, `cashier_id`, `created_at`, `updated_at`) VALUES ('360', '575', '50000.00', 'cash', NULL, NULL, NULL, '16', '2026-03-06 14:33:07', '2026-03-06 14:33:07');
INSERT INTO `payments` (`id`, `order_id`, `amount`, `payment_method`, `payment_account_id`, `proof_path`, `notes`, `cashier_id`, `created_at`, `updated_at`) VALUES ('361', '431', '45000.00', 'transfer', '8', NULL, NULL, '16', '2026-03-06 14:34:36', '2026-03-06 14:34:36');
INSERT INTO `payments` (`id`, `order_id`, `amount`, `payment_method`, `payment_account_id`, `proof_path`, `notes`, `cashier_id`, `created_at`, `updated_at`) VALUES ('362', '568', '100000.00', 'cash', NULL, NULL, NULL, '16', '2026-03-06 14:39:23', '2026-03-06 14:39:23');
INSERT INTO `payments` (`id`, `order_id`, `amount`, `payment_method`, `payment_account_id`, `proof_path`, `notes`, `cashier_id`, `created_at`, `updated_at`) VALUES ('363', '556', '259250.00', 'transfer', '8', NULL, 'DP CETAKAN', '16', '2026-03-06 14:44:24', '2026-03-06 14:44:24');
INSERT INTO `payments` (`id`, `order_id`, `amount`, `payment_method`, `payment_account_id`, `proof_path`, `notes`, `cashier_id`, `created_at`, `updated_at`) VALUES ('364', '557', '153000.00', 'transfer', '8', NULL, 'DP CETAKAN', '16', '2026-03-06 14:44:24', '2026-03-06 14:44:24');
INSERT INTO `payments` (`id`, `order_id`, `amount`, `payment_method`, `payment_account_id`, `proof_path`, `notes`, `cashier_id`, `created_at`, `updated_at`) VALUES ('365', '559', '217600.00', 'transfer', '8', NULL, 'DP CETAKAN', '16', '2026-03-06 14:44:24', '2026-03-06 14:44:24');
INSERT INTO `payments` (`id`, `order_id`, `amount`, `payment_method`, `payment_account_id`, `proof_path`, `notes`, `cashier_id`, `created_at`, `updated_at`) VALUES ('366', '561', '70150.00', 'transfer', '8', NULL, 'DP CETAKAN', '16', '2026-03-06 14:44:24', '2026-03-06 14:44:24');
INSERT INTO `payments` (`id`, `order_id`, `amount`, `payment_method`, `payment_account_id`, `proof_path`, `notes`, `cashier_id`, `created_at`, `updated_at`) VALUES ('367', '543', '23400.00', 'cash', NULL, NULL, NULL, '16', '2026-03-06 15:30:46', '2026-03-06 15:30:46');
INSERT INTO `payments` (`id`, `order_id`, `amount`, `payment_method`, `payment_account_id`, `proof_path`, `notes`, `cashier_id`, `created_at`, `updated_at`) VALUES ('368', '584', '10000.00', 'cash', NULL, NULL, NULL, '16', '2026-03-06 15:30:46', '2026-03-06 15:30:46');
INSERT INTO `payments` (`id`, `order_id`, `amount`, `payment_method`, `payment_account_id`, `proof_path`, `notes`, `cashier_id`, `created_at`, `updated_at`) VALUES ('369', '502', '115200.00', 'transfer', '8', NULL, NULL, '16', '2026-03-06 16:16:28', '2026-03-06 16:16:28');
INSERT INTO `payments` (`id`, `order_id`, `amount`, `payment_method`, `payment_account_id`, `proof_path`, `notes`, `cashier_id`, `created_at`, `updated_at`) VALUES ('370', '468', '15000.00', 'transfer', '8', NULL, NULL, '16', '2026-03-06 16:18:39', '2026-03-06 16:18:39');
INSERT INTO `payments` (`id`, `order_id`, `amount`, `payment_method`, `payment_account_id`, `proof_path`, `notes`, `cashier_id`, `created_at`, `updated_at`) VALUES ('371', '438', '73500.00', 'transfer', '8', NULL, NULL, '16', '2026-03-06 16:18:56', '2026-03-06 16:18:56');
INSERT INTO `payments` (`id`, `order_id`, `amount`, `payment_method`, `payment_account_id`, `proof_path`, `notes`, `cashier_id`, `created_at`, `updated_at`) VALUES ('372', '598', '3600.00', 'cash', NULL, NULL, NULL, '5', '2026-03-06 16:25:12', '2026-03-06 16:25:12');
INSERT INTO `payments` (`id`, `order_id`, `amount`, `payment_method`, `payment_account_id`, `proof_path`, `notes`, `cashier_id`, `created_at`, `updated_at`) VALUES ('373', '348', '5200.00', 'cash', NULL, NULL, NULL, '16', '2026-03-06 16:29:05', '2026-03-06 16:29:05');
INSERT INTO `payments` (`id`, `order_id`, `amount`, `payment_method`, `payment_account_id`, `proof_path`, `notes`, `cashier_id`, `created_at`, `updated_at`) VALUES ('374', '391', '18200.00', 'cash', NULL, NULL, NULL, '16', '2026-03-06 16:49:37', '2026-03-06 16:49:37');
INSERT INTO `payments` (`id`, `order_id`, `amount`, `payment_method`, `payment_account_id`, `proof_path`, `notes`, `cashier_id`, `created_at`, `updated_at`) VALUES ('375', '395', '12100.00', 'cash', NULL, NULL, NULL, '16', '2026-03-06 16:49:37', '2026-03-06 16:49:37');
INSERT INTO `payments` (`id`, `order_id`, `amount`, `payment_method`, `payment_account_id`, `proof_path`, `notes`, `cashier_id`, `created_at`, `updated_at`) VALUES ('376', '486', '20000.00', 'transfer', '8', NULL, NULL, '16', '2026-03-06 16:52:08', '2026-03-06 16:52:08');
INSERT INTO `payments` (`id`, `order_id`, `amount`, `payment_method`, `payment_account_id`, `proof_path`, `notes`, `cashier_id`, `created_at`, `updated_at`) VALUES ('377', '489', '6600.00', 'transfer', '8', NULL, NULL, '16', '2026-03-06 16:52:08', '2026-03-06 16:52:08');
INSERT INTO `payments` (`id`, `order_id`, `amount`, `payment_method`, `payment_account_id`, `proof_path`, `notes`, `cashier_id`, `created_at`, `updated_at`) VALUES ('378', '523', '5000.00', 'transfer', '8', NULL, NULL, '16', '2026-03-06 16:52:08', '2026-03-06 16:52:08');
INSERT INTO `payments` (`id`, `order_id`, `amount`, `payment_method`, `payment_account_id`, `proof_path`, `notes`, `cashier_id`, `created_at`, `updated_at`) VALUES ('379', '535', '5800.00', 'transfer', '8', NULL, NULL, '16', '2026-03-06 16:52:08', '2026-03-06 16:52:08');
INSERT INTO `payments` (`id`, `order_id`, `amount`, `payment_method`, `payment_account_id`, `proof_path`, `notes`, `cashier_id`, `created_at`, `updated_at`) VALUES ('380', '586', '8800.00', 'transfer', '8', NULL, NULL, '16', '2026-03-06 16:52:08', '2026-03-06 16:52:08');
INSERT INTO `payments` (`id`, `order_id`, `amount`, `payment_method`, `payment_account_id`, `proof_path`, `notes`, `cashier_id`, `created_at`, `updated_at`) VALUES ('381', '503', '10000.00', 'cash', NULL, NULL, NULL, '16', '2026-03-06 16:54:24', '2026-03-06 16:54:24');
INSERT INTO `payments` (`id`, `order_id`, `amount`, `payment_method`, `payment_account_id`, `proof_path`, `notes`, `cashier_id`, `created_at`, `updated_at`) VALUES ('382', '500', '25000.00', 'cash', NULL, NULL, NULL, '16', '2026-03-06 16:56:35', '2026-03-06 16:56:35');
INSERT INTO `payments` (`id`, `order_id`, `amount`, `payment_method`, `payment_account_id`, `proof_path`, `notes`, `cashier_id`, `created_at`, `updated_at`) VALUES ('383', '555', '10000.00', 'cash', NULL, NULL, NULL, '16', '2026-03-06 16:56:35', '2026-03-06 16:56:35');
INSERT INTO `payments` (`id`, `order_id`, `amount`, `payment_method`, `payment_account_id`, `proof_path`, `notes`, `cashier_id`, `created_at`, `updated_at`) VALUES ('384', '476', '87550.00', 'transfer', '8', NULL, NULL, '16', '2026-03-06 17:06:30', '2026-03-06 17:06:30');
INSERT INTO `payments` (`id`, `order_id`, `amount`, `payment_method`, `payment_account_id`, `proof_path`, `notes`, `cashier_id`, `created_at`, `updated_at`) VALUES ('385', '505', '113900.00', 'transfer', '8', NULL, NULL, '16', '2026-03-06 17:06:30', '2026-03-06 17:06:30');
INSERT INTO `payments` (`id`, `order_id`, `amount`, `payment_method`, `payment_account_id`, `proof_path`, `notes`, `cashier_id`, `created_at`, `updated_at`) VALUES ('386', '565', '32400.00', 'transfer', '8', NULL, NULL, '16', '2026-03-06 17:06:30', '2026-03-06 17:06:30');
INSERT INTO `payments` (`id`, `order_id`, `amount`, `payment_method`, `payment_account_id`, `proof_path`, `notes`, `cashier_id`, `created_at`, `updated_at`) VALUES ('387', '572', '5800.00', 'transfer', '8', NULL, NULL, '16', '2026-03-06 17:06:30', '2026-03-06 17:06:30');
INSERT INTO `payments` (`id`, `order_id`, `amount`, `payment_method`, `payment_account_id`, `proof_path`, `notes`, `cashier_id`, `created_at`, `updated_at`) VALUES ('388', '600', '70200.00', 'transfer', '8', NULL, NULL, '16', '2026-03-06 17:06:30', '2026-03-06 17:06:30');
INSERT INTO `payments` (`id`, `order_id`, `amount`, `payment_method`, `payment_account_id`, `proof_path`, `notes`, `cashier_id`, `created_at`, `updated_at`) VALUES ('389', '601', '140400.00', 'transfer', '8', NULL, NULL, '16', '2026-03-06 17:06:30', '2026-03-06 17:06:30');
INSERT INTO `payments` (`id`, `order_id`, `amount`, `payment_method`, `payment_account_id`, `proof_path`, `notes`, `cashier_id`, `created_at`, `updated_at`) VALUES ('390', '529', '22000.00', 'transfer', '8', NULL, NULL, '16', '2026-03-06 17:10:19', '2026-03-06 17:10:19');
INSERT INTO `payments` (`id`, `order_id`, `amount`, `payment_method`, `payment_account_id`, `proof_path`, `notes`, `cashier_id`, `created_at`, `updated_at`) VALUES ('391', '530', '5200.00', 'transfer', '8', NULL, NULL, '16', '2026-03-06 17:10:19', '2026-03-06 17:10:19');
INSERT INTO `payments` (`id`, `order_id`, `amount`, `payment_method`, `payment_account_id`, `proof_path`, `notes`, `cashier_id`, `created_at`, `updated_at`) VALUES ('392', '377', '28600.00', 'cash', NULL, NULL, NULL, '16', '2026-03-06 17:13:27', '2026-03-06 17:13:27');
INSERT INTO `payments` (`id`, `order_id`, `amount`, `payment_method`, `payment_account_id`, `proof_path`, `notes`, `cashier_id`, `created_at`, `updated_at`) VALUES ('393', '492', '165000.00', 'transfer', '8', NULL, NULL, '16', '2026-03-06 17:16:06', '2026-03-06 17:16:06');
INSERT INTO `payments` (`id`, `order_id`, `amount`, `payment_method`, `payment_account_id`, `proof_path`, `notes`, `cashier_id`, `created_at`, `updated_at`) VALUES ('394', '545', '4600.00', 'transfer', '8', NULL, NULL, '16', '2026-03-07 09:42:17', '2026-03-07 09:42:17');
INSERT INTO `payments` (`id`, `order_id`, `amount`, `payment_method`, `payment_account_id`, `proof_path`, `notes`, `cashier_id`, `created_at`, `updated_at`) VALUES ('395', '546', '5400.00', 'transfer', '8', NULL, NULL, '16', '2026-03-07 09:42:17', '2026-03-07 09:42:17');
INSERT INTO `payments` (`id`, `order_id`, `amount`, `payment_method`, `payment_account_id`, `proof_path`, `notes`, `cashier_id`, `created_at`, `updated_at`) VALUES ('396', '447', '49999.00', 'cash', NULL, NULL, NULL, '16', '2026-03-07 09:55:13', '2026-03-07 09:55:13');
INSERT INTO `payments` (`id`, `order_id`, `amount`, `payment_method`, `payment_account_id`, `proof_path`, `notes`, `cashier_id`, `created_at`, `updated_at`) VALUES ('397', '302', '200000.00', 'cash', NULL, NULL, NULL, '16', '2026-03-07 10:01:47', '2026-03-07 10:01:47');
INSERT INTO `payments` (`id`, `order_id`, `amount`, `payment_method`, `payment_account_id`, `proof_path`, `notes`, `cashier_id`, `created_at`, `updated_at`) VALUES ('398', '498', '45000.00', 'cash', NULL, NULL, NULL, '16', '2026-03-07 10:05:40', '2026-03-07 10:05:40');
INSERT INTO `payments` (`id`, `order_id`, `amount`, `payment_method`, `payment_account_id`, `proof_path`, `notes`, `cashier_id`, `created_at`, `updated_at`) VALUES ('399', '537', '100000.00', 'cash', NULL, NULL, NULL, '16', '2026-03-07 10:12:42', '2026-03-07 10:12:42');
INSERT INTO `payments` (`id`, `order_id`, `amount`, `payment_method`, `payment_account_id`, `proof_path`, `notes`, `cashier_id`, `created_at`, `updated_at`) VALUES ('400', '143', '100000.00', 'cash', NULL, NULL, NULL, '16', '2026-03-07 10:14:43', '2026-03-07 10:14:43');
INSERT INTO `payments` (`id`, `order_id`, `amount`, `payment_method`, `payment_account_id`, `proof_path`, `notes`, `cashier_id`, `created_at`, `updated_at`) VALUES ('401', '564', '152000.00', 'cash', NULL, NULL, NULL, '16', '2026-03-07 10:36:03', '2026-03-07 10:36:03');
INSERT INTO `payments` (`id`, `order_id`, `amount`, `payment_method`, `payment_account_id`, `proof_path`, `notes`, `cashier_id`, `created_at`, `updated_at`) VALUES ('402', '449', '10000.00', 'cash', NULL, NULL, NULL, '16', '2026-03-07 10:38:29', '2026-03-07 10:38:29');
INSERT INTO `payments` (`id`, `order_id`, `amount`, `payment_method`, `payment_account_id`, `proof_path`, `notes`, `cashier_id`, `created_at`, `updated_at`) VALUES ('403', '443', '16500.00', 'cash', NULL, NULL, NULL, '16', '2026-03-07 10:40:40', '2026-03-07 10:40:40');
INSERT INTO `payments` (`id`, `order_id`, `amount`, `payment_method`, `payment_account_id`, `proof_path`, `notes`, `cashier_id`, `created_at`, `updated_at`) VALUES ('404', '544', '47600.00', 'cash', NULL, NULL, NULL, '16', '2026-03-07 10:40:40', '2026-03-07 10:40:40');
INSERT INTO `payments` (`id`, `order_id`, `amount`, `payment_method`, `payment_account_id`, `proof_path`, `notes`, `cashier_id`, `created_at`, `updated_at`) VALUES ('405', '605', '87500.00', 'cash', NULL, NULL, NULL, '16', '2026-03-07 10:40:40', '2026-03-07 10:40:40');
INSERT INTO `payments` (`id`, `order_id`, `amount`, `payment_method`, `payment_account_id`, `proof_path`, `notes`, `cashier_id`, `created_at`, `updated_at`) VALUES ('406', '631', '558000.00', 'transfer', '8', NULL, NULL, '16', '2026-03-07 10:43:57', '2026-03-07 10:43:57');
INSERT INTO `payments` (`id`, `order_id`, `amount`, `payment_method`, `payment_account_id`, `proof_path`, `notes`, `cashier_id`, `created_at`, `updated_at`) VALUES ('407', '632', '65000.00', 'transfer', '8', NULL, NULL, '16', '2026-03-07 10:43:57', '2026-03-07 10:43:57');
INSERT INTO `payments` (`id`, `order_id`, `amount`, `payment_method`, `payment_account_id`, `proof_path`, `notes`, `cashier_id`, `created_at`, `updated_at`) VALUES ('408', '571', '7000.00', 'cash', NULL, NULL, NULL, '16', '2026-03-07 10:45:28', '2026-03-07 10:45:28');
INSERT INTO `payments` (`id`, `order_id`, `amount`, `payment_method`, `payment_account_id`, `proof_path`, `notes`, `cashier_id`, `created_at`, `updated_at`) VALUES ('409', '501', '5000.00', 'cash', NULL, NULL, NULL, '16', '2026-03-07 11:05:18', '2026-03-07 11:05:18');
INSERT INTO `payments` (`id`, `order_id`, `amount`, `payment_method`, `payment_account_id`, `proof_path`, `notes`, `cashier_id`, `created_at`, `updated_at`) VALUES ('410', '459', '436800.00', 'transfer', '8', NULL, NULL, '16', '2026-03-07 11:07:12', '2026-03-07 11:07:12');
INSERT INTO `payments` (`id`, `order_id`, `amount`, `payment_method`, `payment_account_id`, `proof_path`, `notes`, `cashier_id`, `created_at`, `updated_at`) VALUES ('411', '640', '200000.00', 'cash', NULL, NULL, NULL, '5', '2026-03-07 11:11:40', '2026-03-07 11:11:40');
INSERT INTO `payments` (`id`, `order_id`, `amount`, `payment_method`, `payment_account_id`, `proof_path`, `notes`, `cashier_id`, `created_at`, `updated_at`) VALUES ('412', '522', '13200.00', 'cash', NULL, NULL, NULL, '16', '2026-03-07 11:32:02', '2026-03-07 11:32:02');
INSERT INTO `payments` (`id`, `order_id`, `amount`, `payment_method`, `payment_account_id`, `proof_path`, `notes`, `cashier_id`, `created_at`, `updated_at`) VALUES ('413', '620', '3300.00', 'cash', NULL, NULL, NULL, '16', '2026-03-07 11:32:02', '2026-03-07 11:32:02');
INSERT INTO `payments` (`id`, `order_id`, `amount`, `payment_method`, `payment_account_id`, `proof_path`, `notes`, `cashier_id`, `created_at`, `updated_at`) VALUES ('414', '639', '5000.00', 'cash', NULL, NULL, NULL, '16', '2026-03-07 11:36:27', '2026-03-07 11:36:27');
INSERT INTO `payments` (`id`, `order_id`, `amount`, `payment_method`, `payment_account_id`, `proof_path`, `notes`, `cashier_id`, `created_at`, `updated_at`) VALUES ('415', '599', '20800.00', 'cash', NULL, NULL, NULL, '16', '2026-03-07 11:38:24', '2026-03-07 11:38:24');
INSERT INTO `payments` (`id`, `order_id`, `amount`, `payment_method`, `payment_account_id`, `proof_path`, `notes`, `cashier_id`, `created_at`, `updated_at`) VALUES ('416', '485', '100000.00', 'transfer', '8', NULL, NULL, '8', '2026-03-07 11:51:12', '2026-03-07 11:51:12');
INSERT INTO `payments` (`id`, `order_id`, `amount`, `payment_method`, `payment_account_id`, `proof_path`, `notes`, `cashier_id`, `created_at`, `updated_at`) VALUES ('417', '516', '57400.00', 'transfer', '8', NULL, NULL, '8', '2026-03-07 11:52:00', '2026-03-07 11:52:00');
INSERT INTO `payments` (`id`, `order_id`, `amount`, `payment_method`, `payment_account_id`, `proof_path`, `notes`, `cashier_id`, `created_at`, `updated_at`) VALUES ('418', '497', '3300.00', 'transfer', '8', NULL, NULL, '8', '2026-03-07 11:52:55', '2026-03-07 11:52:55');
INSERT INTO `payments` (`id`, `order_id`, `amount`, `payment_method`, `payment_account_id`, `proof_path`, `notes`, `cashier_id`, `created_at`, `updated_at`) VALUES ('419', '499', '30000.00', 'transfer', '8', NULL, NULL, '8', '2026-03-07 11:52:55', '2026-03-07 11:52:55');
INSERT INTO `payments` (`id`, `order_id`, `amount`, `payment_method`, `payment_account_id`, `proof_path`, `notes`, `cashier_id`, `created_at`, `updated_at`) VALUES ('420', '539', '155000.00', 'transfer', '8', NULL, NULL, '16', '2026-03-07 12:18:04', '2026-03-07 12:18:04');
INSERT INTO `payments` (`id`, `order_id`, `amount`, `payment_method`, `payment_account_id`, `proof_path`, `notes`, `cashier_id`, `created_at`, `updated_at`) VALUES ('421', '540', '93000.00', 'transfer', '8', NULL, NULL, '16', '2026-03-07 12:18:04', '2026-03-07 12:18:04');
INSERT INTO `payments` (`id`, `order_id`, `amount`, `payment_method`, `payment_account_id`, `proof_path`, `notes`, `cashier_id`, `created_at`, `updated_at`) VALUES ('422', '477', '50000.00', 'transfer', '8', NULL, NULL, '5', '2026-03-07 12:19:38', '2026-03-07 12:19:38');
INSERT INTO `payments` (`id`, `order_id`, `amount`, `payment_method`, `payment_account_id`, `proof_path`, `notes`, `cashier_id`, `created_at`, `updated_at`) VALUES ('423', '472', '30000.00', 'transfer', '8', NULL, NULL, '16', '2026-03-07 13:09:25', '2026-03-07 13:09:25');
INSERT INTO `payments` (`id`, `order_id`, `amount`, `payment_method`, `payment_account_id`, `proof_path`, `notes`, `cashier_id`, `created_at`, `updated_at`) VALUES ('424', '474', '120000.00', 'transfer', '8', NULL, NULL, '16', '2026-03-07 13:09:25', '2026-03-07 13:09:25');
INSERT INTO `payments` (`id`, `order_id`, `amount`, `payment_method`, `payment_account_id`, `proof_path`, `notes`, `cashier_id`, `created_at`, `updated_at`) VALUES ('425', '585', '45000.00', 'cash', NULL, NULL, NULL, '16', '2026-03-07 13:10:11', '2026-03-07 13:10:11');
INSERT INTO `payments` (`id`, `order_id`, `amount`, `payment_method`, `payment_account_id`, `proof_path`, `notes`, `cashier_id`, `created_at`, `updated_at`) VALUES ('426', '495', '30000.00', 'cash', NULL, NULL, NULL, '16', '2026-03-07 13:10:40', '2026-03-07 13:10:40');
INSERT INTO `payments` (`id`, `order_id`, `amount`, `payment_method`, `payment_account_id`, `proof_path`, `notes`, `cashier_id`, `created_at`, `updated_at`) VALUES ('427', '574', '19800.00', 'transfer', '10', NULL, NULL, '16', '2026-03-07 13:15:52', '2026-03-07 13:15:52');
INSERT INTO `payments` (`id`, `order_id`, `amount`, `payment_method`, `payment_account_id`, `proof_path`, `notes`, `cashier_id`, `created_at`, `updated_at`) VALUES ('428', '379', '19800.00', 'transfer', '8', NULL, NULL, '16', '2026-03-07 13:16:45', '2026-03-07 13:16:45');
INSERT INTO `payments` (`id`, `order_id`, `amount`, `payment_method`, `payment_account_id`, `proof_path`, `notes`, `cashier_id`, `created_at`, `updated_at`) VALUES ('429', '478', '13200.00', 'transfer', '8', NULL, NULL, '16', '2026-03-07 13:16:45', '2026-03-07 13:16:45');
INSERT INTO `payments` (`id`, `order_id`, `amount`, `payment_method`, `payment_account_id`, `proof_path`, `notes`, `cashier_id`, `created_at`, `updated_at`) VALUES ('430', '494', '10400.00', 'transfer', '10', NULL, NULL, '16', '2026-03-07 13:17:58', '2026-03-07 13:17:58');
INSERT INTO `payments` (`id`, `order_id`, `amount`, `payment_method`, `payment_account_id`, `proof_path`, `notes`, `cashier_id`, `created_at`, `updated_at`) VALUES ('431', '520', '17600.00', 'transfer', '8', NULL, NULL, '16', '2026-03-07 13:19:01', '2026-03-07 13:19:01');
INSERT INTO `payments` (`id`, `order_id`, `amount`, `payment_method`, `payment_account_id`, `proof_path`, `notes`, `cashier_id`, `created_at`, `updated_at`) VALUES ('432', '528', '25000.00', 'transfer', '8', NULL, NULL, '16', '2026-03-07 13:19:01', '2026-03-07 13:19:01');
INSERT INTO `payments` (`id`, `order_id`, `amount`, `payment_method`, `payment_account_id`, `proof_path`, `notes`, `cashier_id`, `created_at`, `updated_at`) VALUES ('433', '595', '31200.00', 'transfer', '8', NULL, NULL, '16', '2026-03-07 13:19:28', '2026-03-07 13:19:28');
INSERT INTO `payments` (`id`, `order_id`, `amount`, `payment_method`, `payment_account_id`, `proof_path`, `notes`, `cashier_id`, `created_at`, `updated_at`) VALUES ('434', '596', '15000.00', 'transfer', '8', NULL, NULL, '16', '2026-03-07 13:19:28', '2026-03-07 13:19:28');
INSERT INTO `payments` (`id`, `order_id`, `amount`, `payment_method`, `payment_account_id`, `proof_path`, `notes`, `cashier_id`, `created_at`, `updated_at`) VALUES ('435', '627', '66000.00', 'transfer', '8', NULL, NULL, '16', '2026-03-07 13:19:28', '2026-03-07 13:19:28');
INSERT INTO `payments` (`id`, `order_id`, `amount`, `payment_method`, `payment_account_id`, `proof_path`, `notes`, `cashier_id`, `created_at`, `updated_at`) VALUES ('436', '622', '32400.00', 'transfer', '10', NULL, NULL, '16', '2026-03-07 13:19:51', '2026-03-07 13:19:51');
INSERT INTO `payments` (`id`, `order_id`, `amount`, `payment_method`, `payment_account_id`, `proof_path`, `notes`, `cashier_id`, `created_at`, `updated_at`) VALUES ('437', '532', '75000.00', 'transfer', '8', NULL, NULL, '16', '2026-03-07 13:20:33', '2026-03-07 13:20:33');
INSERT INTO `payments` (`id`, `order_id`, `amount`, `payment_method`, `payment_account_id`, `proof_path`, `notes`, `cashier_id`, `created_at`, `updated_at`) VALUES ('438', '604', '90000.00', 'transfer', '11', NULL, NULL, '16', '2026-03-07 13:20:50', '2026-03-07 13:20:50');
INSERT INTO `payments` (`id`, `order_id`, `amount`, `payment_method`, `payment_account_id`, `proof_path`, `notes`, `cashier_id`, `created_at`, `updated_at`) VALUES ('439', '602', '9200.00', 'transfer', '8', NULL, NULL, '16', '2026-03-07 13:21:18', '2026-03-07 13:21:18');
INSERT INTO `payments` (`id`, `order_id`, `amount`, `payment_method`, `payment_account_id`, `proof_path`, `notes`, `cashier_id`, `created_at`, `updated_at`) VALUES ('440', '612', '50600.00', 'transfer', '8', NULL, NULL, '16', '2026-03-07 13:24:49', '2026-03-07 13:24:49');
INSERT INTO `payments` (`id`, `order_id`, `amount`, `payment_method`, `payment_account_id`, `proof_path`, `notes`, `cashier_id`, `created_at`, `updated_at`) VALUES ('441', '621', '63000.00', 'transfer', '8', NULL, NULL, '16', '2026-03-07 13:24:49', '2026-03-07 13:24:49');
INSERT INTO `payments` (`id`, `order_id`, `amount`, `payment_method`, `payment_account_id`, `proof_path`, `notes`, `cashier_id`, `created_at`, `updated_at`) VALUES ('442', '444', '29900.00', 'cash', NULL, NULL, NULL, '16', '2026-03-07 13:27:30', '2026-03-07 13:27:30');
INSERT INTO `payments` (`id`, `order_id`, `amount`, `payment_method`, `payment_account_id`, `proof_path`, `notes`, `cashier_id`, `created_at`, `updated_at`) VALUES ('443', '509', '3800.00', 'cash', NULL, NULL, NULL, '16', '2026-03-07 13:27:30', '2026-03-07 13:27:30');
INSERT INTO `payments` (`id`, `order_id`, `amount`, `payment_method`, `payment_account_id`, `proof_path`, `notes`, `cashier_id`, `created_at`, `updated_at`) VALUES ('444', '521', '26400.00', 'cash', NULL, NULL, NULL, '16', '2026-03-07 13:27:30', '2026-03-07 13:27:30');
INSERT INTO `payments` (`id`, `order_id`, `amount`, `payment_method`, `payment_account_id`, `proof_path`, `notes`, `cashier_id`, `created_at`, `updated_at`) VALUES ('445', '562', '53300.00', 'cash', NULL, NULL, NULL, '16', '2026-03-07 13:27:30', '2026-03-07 13:27:30');
INSERT INTO `payments` (`id`, `order_id`, `amount`, `payment_method`, `payment_account_id`, `proof_path`, `notes`, `cashier_id`, `created_at`, `updated_at`) VALUES ('446', '576', '15000.00', 'cash', NULL, NULL, NULL, '16', '2026-03-07 13:27:30', '2026-03-07 13:27:30');
INSERT INTO `payments` (`id`, `order_id`, `amount`, `payment_method`, `payment_account_id`, `proof_path`, `notes`, `cashier_id`, `created_at`, `updated_at`) VALUES ('447', '446', '3000.00', 'cash', NULL, NULL, NULL, '16', '2026-03-07 13:33:14', '2026-03-07 13:33:14');
INSERT INTO `payments` (`id`, `order_id`, `amount`, `payment_method`, `payment_account_id`, `proof_path`, `notes`, `cashier_id`, `created_at`, `updated_at`) VALUES ('448', '453', '2600.00', 'cash', NULL, NULL, NULL, '16', '2026-03-07 13:33:14', '2026-03-07 13:33:14');
INSERT INTO `payments` (`id`, `order_id`, `amount`, `payment_method`, `payment_account_id`, `proof_path`, `notes`, `cashier_id`, `created_at`, `updated_at`) VALUES ('449', '454', '15000.00', 'cash', NULL, NULL, NULL, '16', '2026-03-07 13:33:14', '2026-03-07 13:33:14');
INSERT INTO `payments` (`id`, `order_id`, `amount`, `payment_method`, `payment_account_id`, `proof_path`, `notes`, `cashier_id`, `created_at`, `updated_at`) VALUES ('450', '663', '50000.00', 'cash', NULL, NULL, NULL, '16', '2026-03-07 13:34:37', '2026-03-07 13:34:37');
INSERT INTO `payments` (`id`, `order_id`, `amount`, `payment_method`, `payment_account_id`, `proof_path`, `notes`, `cashier_id`, `created_at`, `updated_at`) VALUES ('451', '652', '10000.00', 'cash', NULL, NULL, NULL, '16', '2026-03-07 13:36:27', '2026-03-07 13:36:27');
INSERT INTO `payments` (`id`, `order_id`, `amount`, `payment_method`, `payment_account_id`, `proof_path`, `notes`, `cashier_id`, `created_at`, `updated_at`) VALUES ('452', '517', '33000.00', 'cash', NULL, NULL, NULL, '16', '2026-03-07 13:44:31', '2026-03-07 13:44:31');
INSERT INTO `payments` (`id`, `order_id`, `amount`, `payment_method`, `payment_account_id`, `proof_path`, `notes`, `cashier_id`, `created_at`, `updated_at`) VALUES ('453', '519', '13200.00', 'cash', NULL, NULL, NULL, '16', '2026-03-07 13:44:31', '2026-03-07 13:44:31');
INSERT INTO `payments` (`id`, `order_id`, `amount`, `payment_method`, `payment_account_id`, `proof_path`, `notes`, `cashier_id`, `created_at`, `updated_at`) VALUES ('454', '669', '15000.00', 'cash', NULL, NULL, NULL, '16', '2026-03-07 13:45:29', '2026-03-07 13:45:29');
INSERT INTO `payments` (`id`, `order_id`, `amount`, `payment_method`, `payment_account_id`, `proof_path`, `notes`, `cashier_id`, `created_at`, `updated_at`) VALUES ('455', '608', '100000.00', 'cash', NULL, NULL, NULL, '16', '2026-03-07 13:46:13', '2026-03-07 13:46:13');
INSERT INTO `payments` (`id`, `order_id`, `amount`, `payment_method`, `payment_account_id`, `proof_path`, `notes`, `cashier_id`, `created_at`, `updated_at`) VALUES ('456', '188', '30000.00', 'cash', NULL, NULL, NULL, '16', '2026-03-07 14:06:35', '2026-03-07 14:06:35');
INSERT INTO `payments` (`id`, `order_id`, `amount`, `payment_method`, `payment_account_id`, `proof_path`, `notes`, `cashier_id`, `created_at`, `updated_at`) VALUES ('457', '467', '150000.00', 'cash', NULL, NULL, NULL, '16', '2026-03-07 14:15:42', '2026-03-07 14:15:42');
INSERT INTO `payments` (`id`, `order_id`, `amount`, `payment_method`, `payment_account_id`, `proof_path`, `notes`, `cashier_id`, `created_at`, `updated_at`) VALUES ('458', '432', '308000.00', 'transfer', '8', NULL, NULL, '16', '2026-03-07 14:21:17', '2026-03-07 14:21:17');
INSERT INTO `payments` (`id`, `order_id`, `amount`, `payment_method`, `payment_account_id`, `proof_path`, `notes`, `cashier_id`, `created_at`, `updated_at`) VALUES ('459', '433', '3000.00', 'transfer', '8', NULL, NULL, '16', '2026-03-07 14:21:17', '2026-03-07 14:21:17');
INSERT INTO `payments` (`id`, `order_id`, `amount`, `payment_method`, `payment_account_id`, `proof_path`, `notes`, `cashier_id`, `created_at`, `updated_at`) VALUES ('460', '434', '244800.00', 'transfer', '8', NULL, NULL, '16', '2026-03-07 14:21:17', '2026-03-07 14:21:17');
INSERT INTO `payments` (`id`, `order_id`, `amount`, `payment_method`, `payment_account_id`, `proof_path`, `notes`, `cashier_id`, `created_at`, `updated_at`) VALUES ('461', '619', '100000.00', 'cash', NULL, NULL, NULL, '16', '2026-03-07 14:34:49', '2026-03-07 14:34:49');
INSERT INTO `payments` (`id`, `order_id`, `amount`, `payment_method`, `payment_account_id`, `proof_path`, `notes`, `cashier_id`, `created_at`, `updated_at`) VALUES ('462', '628', '50000.00', 'transfer', '8', NULL, NULL, '16', '2026-03-07 14:37:36', '2026-03-07 14:37:36');
INSERT INTO `payments` (`id`, `order_id`, `amount`, `payment_method`, `payment_account_id`, `proof_path`, `notes`, `cashier_id`, `created_at`, `updated_at`) VALUES ('463', '549', '18200.00', 'transfer', '10', NULL, NULL, '16', '2026-03-07 14:38:02', '2026-03-07 14:38:02');
INSERT INTO `payments` (`id`, `order_id`, `amount`, `payment_method`, `payment_account_id`, `proof_path`, `notes`, `cashier_id`, `created_at`, `updated_at`) VALUES ('464', '609', '150000.00', 'transfer', '11', NULL, NULL, '16', '2026-03-07 14:38:23', '2026-03-07 14:38:23');
INSERT INTO `payments` (`id`, `order_id`, `amount`, `payment_method`, `payment_account_id`, `proof_path`, `notes`, `cashier_id`, `created_at`, `updated_at`) VALUES ('465', '651', '5400.00', 'transfer', '8', NULL, NULL, '16', '2026-03-07 14:38:40', '2026-03-07 14:38:40');
INSERT INTO `payments` (`id`, `order_id`, `amount`, `payment_method`, `payment_account_id`, `proof_path`, `notes`, `cashier_id`, `created_at`, `updated_at`) VALUES ('466', '635', '5100.00', 'transfer', '8', NULL, NULL, '16', '2026-03-07 14:39:46', '2026-03-07 14:39:46');
INSERT INTO `payments` (`id`, `order_id`, `amount`, `payment_method`, `payment_account_id`, `proof_path`, `notes`, `cashier_id`, `created_at`, `updated_at`) VALUES ('467', '554', '74200.00', 'transfer', '8', NULL, NULL, '16', '2026-03-07 14:40:10', '2026-03-07 14:40:10');
INSERT INTO `payments` (`id`, `order_id`, `amount`, `payment_method`, `payment_account_id`, `proof_path`, `notes`, `cashier_id`, `created_at`, `updated_at`) VALUES ('468', '615', '270400.00', 'transfer', '10', NULL, NULL, '16', '2026-03-07 14:40:30', '2026-03-07 14:40:30');
INSERT INTO `payments` (`id`, `order_id`, `amount`, `payment_method`, `payment_account_id`, `proof_path`, `notes`, `cashier_id`, `created_at`, `updated_at`) VALUES ('469', '320', '3300.00', 'transfer', '10', NULL, NULL, '16', '2026-03-07 14:40:56', '2026-03-07 14:40:56');
INSERT INTO `payments` (`id`, `order_id`, `amount`, `payment_method`, `payment_account_id`, `proof_path`, `notes`, `cashier_id`, `created_at`, `updated_at`) VALUES ('470', '552', '56700.00', 'transfer', '8', NULL, NULL, '16', '2026-03-07 14:41:24', '2026-03-07 14:41:24');
INSERT INTO `payments` (`id`, `order_id`, `amount`, `payment_method`, `payment_account_id`, `proof_path`, `notes`, `cashier_id`, `created_at`, `updated_at`) VALUES ('471', '661', '8100.00', 'transfer', '8', NULL, NULL, '16', '2026-03-07 14:41:24', '2026-03-07 14:41:24');
INSERT INTO `payments` (`id`, `order_id`, `amount`, `payment_method`, `payment_account_id`, `proof_path`, `notes`, `cashier_id`, `created_at`, `updated_at`) VALUES ('472', '666', '25000.00', 'transfer', '11', NULL, NULL, '16', '2026-03-07 14:41:45', '2026-03-07 14:41:45');
INSERT INTO `payments` (`id`, `order_id`, `amount`, `payment_method`, `payment_account_id`, `proof_path`, `notes`, `cashier_id`, `created_at`, `updated_at`) VALUES ('473', '295', '125300.00', 'transfer', '8', NULL, NULL, '16', '2026-03-07 14:55:40', '2026-03-07 14:55:40');
INSERT INTO `payments` (`id`, `order_id`, `amount`, `payment_method`, `payment_account_id`, `proof_path`, `notes`, `cashier_id`, `created_at`, `updated_at`) VALUES ('474', '383', '10400.00', 'transfer', '8', NULL, NULL, '16', '2026-03-07 14:55:40', '2026-03-07 14:55:40');
INSERT INTO `payments` (`id`, `order_id`, `amount`, `payment_method`, `payment_account_id`, `proof_path`, `notes`, `cashier_id`, `created_at`, `updated_at`) VALUES ('475', '396', '120000.00', 'transfer', '8', NULL, NULL, '16', '2026-03-07 14:56:21', '2026-03-07 14:56:21');
INSERT INTO `payments` (`id`, `order_id`, `amount`, `payment_method`, `payment_account_id`, `proof_path`, `notes`, `cashier_id`, `created_at`, `updated_at`) VALUES ('476', '636', '33000.00', 'transfer', '10', NULL, NULL, '16', '2026-03-07 15:12:15', '2026-03-07 15:12:15');
INSERT INTO `payments` (`id`, `order_id`, `amount`, `payment_method`, `payment_account_id`, `proof_path`, `notes`, `cashier_id`, `created_at`, `updated_at`) VALUES ('477', '675', '20000.00', 'transfer', '10', NULL, NULL, '16', '2026-03-07 15:12:15', '2026-03-07 15:12:15');
INSERT INTO `payments` (`id`, `order_id`, `amount`, `payment_method`, `payment_account_id`, `proof_path`, `notes`, `cashier_id`, `created_at`, `updated_at`) VALUES ('478', '364', '190000.00', 'transfer', '8', NULL, NULL, '16', '2026-03-07 15:20:49', '2026-03-07 15:20:49');
INSERT INTO `payments` (`id`, `order_id`, `amount`, `payment_method`, `payment_account_id`, `proof_path`, `notes`, `cashier_id`, `created_at`, `updated_at`) VALUES ('479', '634', '10000.00', 'cash', NULL, NULL, NULL, '16', '2026-03-07 15:21:34', '2026-03-07 15:21:34');
INSERT INTO `payments` (`id`, `order_id`, `amount`, `payment_method`, `payment_account_id`, `proof_path`, `notes`, `cashier_id`, `created_at`, `updated_at`) VALUES ('480', '538', '42500.00', 'transfer', '8', NULL, NULL, '16', '2026-03-07 15:29:55', '2026-03-07 15:29:55');
INSERT INTO `payments` (`id`, `order_id`, `amount`, `payment_method`, `payment_account_id`, `proof_path`, `notes`, `cashier_id`, `created_at`, `updated_at`) VALUES ('481', '682', '10000.00', 'cash', NULL, NULL, NULL, '16', '2026-03-07 15:39:08', '2026-03-07 15:39:08');
INSERT INTO `payments` (`id`, `order_id`, `amount`, `payment_method`, `payment_account_id`, `proof_path`, `notes`, `cashier_id`, `created_at`, `updated_at`) VALUES ('482', '626', '217000.00', 'cash', NULL, NULL, NULL, '16', '2026-03-07 15:55:42', '2026-03-07 15:55:42');
INSERT INTO `payments` (`id`, `order_id`, `amount`, `payment_method`, `payment_account_id`, `proof_path`, `notes`, `cashier_id`, `created_at`, `updated_at`) VALUES ('483', '573', '25000.00', 'cash', NULL, NULL, NULL, '5', '2026-03-07 16:03:34', '2026-03-07 16:03:34');
INSERT INTO `payments` (`id`, `order_id`, `amount`, `payment_method`, `payment_account_id`, `proof_path`, `notes`, `cashier_id`, `created_at`, `updated_at`) VALUES ('484', '618', '75000.00', 'cash', NULL, NULL, NULL, '5', '2026-03-07 16:03:34', '2026-03-07 16:03:34');
INSERT INTO `payments` (`id`, `order_id`, `amount`, `payment_method`, `payment_account_id`, `proof_path`, `notes`, `cashier_id`, `created_at`, `updated_at`) VALUES ('485', '488', '100000.00', 'cash', NULL, NULL, NULL, '5', '2026-03-07 16:04:28', '2026-03-07 16:04:28');
INSERT INTO `payments` (`id`, `order_id`, `amount`, `payment_method`, `payment_account_id`, `proof_path`, `notes`, `cashier_id`, `created_at`, `updated_at`) VALUES ('486', '686', '10000.00', 'cash', NULL, NULL, NULL, '16', '2026-03-07 16:10:05', '2026-03-07 16:10:05');
INSERT INTO `payments` (`id`, `order_id`, `amount`, `payment_method`, `payment_account_id`, `proof_path`, `notes`, `cashier_id`, `created_at`, `updated_at`) VALUES ('487', '694', '5800.00', 'cash', NULL, NULL, NULL, '16', '2026-03-07 16:10:05', '2026-03-07 16:10:05');
INSERT INTO `payments` (`id`, `order_id`, `amount`, `payment_method`, `payment_account_id`, `proof_path`, `notes`, `cashier_id`, `created_at`, `updated_at`) VALUES ('488', '679', '10400.00', 'transfer', '8', NULL, NULL, '16', '2026-03-07 16:18:12', '2026-03-07 16:18:12');
INSERT INTO `payments` (`id`, `order_id`, `amount`, `payment_method`, `payment_account_id`, `proof_path`, `notes`, `cashier_id`, `created_at`, `updated_at`) VALUES ('489', '684', '25000.00', 'transfer', '8', NULL, NULL, '16', '2026-03-07 16:18:12', '2026-03-07 16:18:12');
INSERT INTO `payments` (`id`, `order_id`, `amount`, `payment_method`, `payment_account_id`, `proof_path`, `notes`, `cashier_id`, `created_at`, `updated_at`) VALUES ('490', '683', '9900.00', 'transfer', '10', NULL, NULL, '16', '2026-03-07 16:18:45', '2026-03-07 16:18:45');
INSERT INTO `payments` (`id`, `order_id`, `amount`, `payment_method`, `payment_account_id`, `proof_path`, `notes`, `cashier_id`, `created_at`, `updated_at`) VALUES ('491', '607', '11600.00', 'transfer', '8', NULL, NULL, '5', '2026-03-07 16:26:21', '2026-03-07 16:26:21');
INSERT INTO `payments` (`id`, `order_id`, `amount`, `payment_method`, `payment_account_id`, `proof_path`, `notes`, `cashier_id`, `created_at`, `updated_at`) VALUES ('492', '649', '10000.00', 'transfer', '8', NULL, NULL, '5', '2026-03-07 16:26:21', '2026-03-07 16:26:21');
INSERT INTO `payments` (`id`, `order_id`, `amount`, `payment_method`, `payment_account_id`, `proof_path`, `notes`, `cashier_id`, `created_at`, `updated_at`) VALUES ('493', '667', '4400.00', 'transfer', '8', NULL, NULL, '5', '2026-03-07 16:26:21', '2026-03-07 16:26:21');
INSERT INTO `payments` (`id`, `order_id`, `amount`, `payment_method`, `payment_account_id`, `proof_path`, `notes`, `cashier_id`, `created_at`, `updated_at`) VALUES ('494', '613', '9600.00', 'cash', NULL, NULL, NULL, '16', '2026-03-07 16:30:49', '2026-03-07 16:30:49');
INSERT INTO `payments` (`id`, `order_id`, `amount`, `payment_method`, `payment_account_id`, `proof_path`, `notes`, `cashier_id`, `created_at`, `updated_at`) VALUES ('495', '614', '42500.00', 'cash', NULL, NULL, NULL, '16', '2026-03-07 16:30:49', '2026-03-07 16:30:49');
INSERT INTO `payments` (`id`, `order_id`, `amount`, `payment_method`, `payment_account_id`, `proof_path`, `notes`, `cashier_id`, `created_at`, `updated_at`) VALUES ('496', '657', '50500.00', 'cash', NULL, NULL, NULL, '16', '2026-03-07 16:32:12', '2026-03-07 16:32:12');
INSERT INTO `payments` (`id`, `order_id`, `amount`, `payment_method`, `payment_account_id`, `proof_path`, `notes`, `cashier_id`, `created_at`, `updated_at`) VALUES ('497', '582', '48000.00', 'transfer', '10', NULL, NULL, '16', '2026-03-07 16:37:37', '2026-03-07 16:37:37');
INSERT INTO `payments` (`id`, `order_id`, `amount`, `payment_method`, `payment_account_id`, `proof_path`, `notes`, `cashier_id`, `created_at`, `updated_at`) VALUES ('498', '699', '8100.00', 'cash', NULL, NULL, NULL, '16', '2026-03-07 16:41:22', '2026-03-07 16:41:22');
INSERT INTO `payments` (`id`, `order_id`, `amount`, `payment_method`, `payment_account_id`, `proof_path`, `notes`, `cashier_id`, `created_at`, `updated_at`) VALUES ('499', '655', '50000.00', 'transfer', '8', NULL, NULL, '16', '2026-03-07 16:42:58', '2026-03-07 16:42:58');
INSERT INTO `payments` (`id`, `order_id`, `amount`, `payment_method`, `payment_account_id`, `proof_path`, `notes`, `cashier_id`, `created_at`, `updated_at`) VALUES ('500', '473', '300000.00', 'cash', NULL, NULL, NULL, '16', '2026-03-07 16:43:47', '2026-03-07 16:43:47');
INSERT INTO `payments` (`id`, `order_id`, `amount`, `payment_method`, `payment_account_id`, `proof_path`, `notes`, `cashier_id`, `created_at`, `updated_at`) VALUES ('501', '496', '22000.00', 'cash', NULL, NULL, NULL, '16', '2026-03-07 16:47:36', '2026-03-07 16:47:36');
INSERT INTO `payments` (`id`, `order_id`, `amount`, `payment_method`, `payment_account_id`, `proof_path`, `notes`, `cashier_id`, `created_at`, `updated_at`) VALUES ('502', '561', '80300.00', 'cash', NULL, NULL, NULL, '16', '2026-03-07 16:50:24', '2026-03-07 16:50:24');
INSERT INTO `payments` (`id`, `order_id`, `amount`, `payment_method`, `payment_account_id`, `proof_path`, `notes`, `cashier_id`, `created_at`, `updated_at`) VALUES ('503', '563', '221850.00', 'cash', NULL, NULL, NULL, '16', '2026-03-07 16:50:24', '2026-03-07 16:50:24');
INSERT INTO `payments` (`id`, `order_id`, `amount`, `payment_method`, `payment_account_id`, `proof_path`, `notes`, `cashier_id`, `created_at`, `updated_at`) VALUES ('504', '566', '161500.00', 'cash', NULL, NULL, NULL, '16', '2026-03-07 16:50:24', '2026-03-07 16:50:24');
INSERT INTO `payments` (`id`, `order_id`, `amount`, `payment_method`, `payment_account_id`, `proof_path`, `notes`, `cashier_id`, `created_at`, `updated_at`) VALUES ('505', '567', '86700.00', 'cash', NULL, NULL, NULL, '16', '2026-03-07 16:50:24', '2026-03-07 16:50:24');
INSERT INTO `payments` (`id`, `order_id`, `amount`, `payment_method`, `payment_account_id`, `proof_path`, `notes`, `cashier_id`, `created_at`, `updated_at`) VALUES ('506', '677', '100000.00', 'cash', NULL, NULL, NULL, '16', '2026-03-07 16:57:47', '2026-03-07 16:57:47');
INSERT INTO `payments` (`id`, `order_id`, `amount`, `payment_method`, `payment_account_id`, `proof_path`, `notes`, `cashier_id`, `created_at`, `updated_at`) VALUES ('507', '665', '10600.00', 'cash', NULL, NULL, NULL, '16', '2026-03-07 17:01:37', '2026-03-07 17:01:37');
INSERT INTO `payments` (`id`, `order_id`, `amount`, `payment_method`, `payment_account_id`, `proof_path`, `notes`, `cashier_id`, `created_at`, `updated_at`) VALUES ('508', '187', '24000.00', 'cash', NULL, NULL, NULL, '16', '2026-03-07 17:19:04', '2026-03-07 17:19:04');

-- --------------------------------------------------------
-- Table structure for table `permissions`
-- --------------------------------------------------------

CREATE TABLE `permissions` (
  `id` bigint(20) unsigned NOT NULL AUTO_INCREMENT,
  `name` varchar(255) NOT NULL,
  `guard_name` varchar(255) NOT NULL,
  `created_at` timestamp NULL DEFAULT NULL,
  `updated_at` timestamp NULL DEFAULT NULL,
  PRIMARY KEY (`id`),
  UNIQUE KEY `permissions_name_guard_name_unique` (`name`,`guard_name`)
) ENGINE=InnoDB AUTO_INCREMENT=47 DEFAULT CHARSET=utf8mb4 COLLATE=utf8mb4_unicode_ci;

-- Dumping data for table `permissions`

INSERT INTO `permissions` (`id`, `name`, `guard_name`, `created_at`, `updated_at`) VALUES ('1', 'manage users', 'web', '2026-02-09 13:27:05', '2026-02-09 13:27:05');
INSERT INTO `permissions` (`id`, `name`, `guard_name`, `created_at`, `updated_at`) VALUES ('2', 'create orders', 'web', '2026-02-09 13:27:05', '2026-02-09 13:27:05');
INSERT INTO `permissions` (`id`, `name`, `guard_name`, `created_at`, `updated_at`) VALUES ('3', 'process payments', 'web', '2026-02-09 13:27:05', '2026-02-09 13:27:05');
INSERT INTO `permissions` (`id`, `name`, `guard_name`, `created_at`, `updated_at`) VALUES ('4', 'update production', 'web', '2026-02-09 13:27:05', '2026-02-09 13:27:05');
INSERT INTO `permissions` (`id`, `name`, `guard_name`, `created_at`, `updated_at`) VALUES ('5', 'view reports', 'web', '2026-02-09 13:27:05', '2026-02-09 13:27:05');
INSERT INTO `permissions` (`id`, `name`, `guard_name`, `created_at`, `updated_at`) VALUES ('6', 'view click reports', 'web', '2026-02-09 13:27:05', '2026-02-09 13:27:05');
INSERT INTO `permissions` (`id`, `name`, `guard_name`, `created_at`, `updated_at`) VALUES ('7', 'print spk', 'web', '2026-02-09 13:27:05', '2026-02-09 13:27:05');
INSERT INTO `permissions` (`id`, `name`, `guard_name`, `created_at`, `updated_at`) VALUES ('8', 'management access', 'web', '2026-02-09 13:27:05', '2026-02-09 13:27:05');
INSERT INTO `permissions` (`id`, `name`, `guard_name`, `created_at`, `updated_at`) VALUES ('9', 'view customers', 'web', '2026-02-09 13:27:05', '2026-02-09 13:27:05');
INSERT INTO `permissions` (`id`, `name`, `guard_name`, `created_at`, `updated_at`) VALUES ('10', 'create customers', 'web', '2026-02-09 13:27:05', '2026-02-09 13:27:05');
INSERT INTO `permissions` (`id`, `name`, `guard_name`, `created_at`, `updated_at`) VALUES ('11', 'edit customers', 'web', '2026-02-09 13:27:05', '2026-02-09 13:27:05');
INSERT INTO `permissions` (`id`, `name`, `guard_name`, `created_at`, `updated_at`) VALUES ('12', 'delete customers', 'web', '2026-02-09 13:27:05', '2026-02-09 13:27:05');
INSERT INTO `permissions` (`id`, `name`, `guard_name`, `created_at`, `updated_at`) VALUES ('13', 'view products', 'web', '2026-02-09 13:27:05', '2026-02-09 13:27:05');
INSERT INTO `permissions` (`id`, `name`, `guard_name`, `created_at`, `updated_at`) VALUES ('14', 'create products', 'web', '2026-02-09 13:27:05', '2026-02-09 13:27:05');
INSERT INTO `permissions` (`id`, `name`, `guard_name`, `created_at`, `updated_at`) VALUES ('15', 'edit products', 'web', '2026-02-09 13:27:05', '2026-02-09 13:27:05');
INSERT INTO `permissions` (`id`, `name`, `guard_name`, `created_at`, `updated_at`) VALUES ('16', 'delete products', 'web', '2026-02-09 13:27:05', '2026-02-09 13:27:05');
INSERT INTO `permissions` (`id`, `name`, `guard_name`, `created_at`, `updated_at`) VALUES ('17', 'view units', 'web', '2026-02-09 13:27:05', '2026-02-09 13:27:05');
INSERT INTO `permissions` (`id`, `name`, `guard_name`, `created_at`, `updated_at`) VALUES ('18', 'manage units', 'web', '2026-02-09 13:27:05', '2026-02-09 13:27:05');
INSERT INTO `permissions` (`id`, `name`, `guard_name`, `created_at`, `updated_at`) VALUES ('19', 'view suppliers', 'web', '2026-02-09 13:27:05', '2026-02-09 13:27:05');
INSERT INTO `permissions` (`id`, `name`, `guard_name`, `created_at`, `updated_at`) VALUES ('20', 'manage suppliers', 'web', '2026-02-09 13:27:05', '2026-02-09 13:27:05');
INSERT INTO `permissions` (`id`, `name`, `guard_name`, `created_at`, `updated_at`) VALUES ('21', 'view finance', 'web', '2026-02-09 13:27:05', '2026-02-09 13:27:05');
INSERT INTO `permissions` (`id`, `name`, `guard_name`, `created_at`, `updated_at`) VALUES ('22', 'manage deposits', 'web', '2026-02-09 13:27:05', '2026-02-09 13:27:05');
INSERT INTO `permissions` (`id`, `name`, `guard_name`, `created_at`, `updated_at`) VALUES ('23', 'view stock', 'web', '2026-02-09 13:27:05', '2026-02-09 13:27:05');
INSERT INTO `permissions` (`id`, `name`, `guard_name`, `created_at`, `updated_at`) VALUES ('24', 'manage stock', 'web', '2026-02-09 13:27:05', '2026-02-09 13:27:05');
INSERT INTO `permissions` (`id`, `name`, `guard_name`, `created_at`, `updated_at`) VALUES ('25', 'view materials', 'web', '2026-02-09 13:27:05', '2026-02-09 13:27:05');
INSERT INTO `permissions` (`id`, `name`, `guard_name`, `created_at`, `updated_at`) VALUES ('26', 'manage materials', 'web', '2026-02-09 13:27:05', '2026-02-09 13:27:05');
INSERT INTO `permissions` (`id`, `name`, `guard_name`, `created_at`, `updated_at`) VALUES ('27', 'view expenses', 'web', '2026-02-09 13:27:05', '2026-02-09 13:27:05');
INSERT INTO `permissions` (`id`, `name`, `guard_name`, `created_at`, `updated_at`) VALUES ('28', 'manage expenses', 'web', '2026-02-09 13:27:05', '2026-02-09 13:27:05');
INSERT INTO `permissions` (`id`, `name`, `guard_name`, `created_at`, `updated_at`) VALUES ('29', 'view employees', 'web', '2026-02-09 13:27:05', '2026-02-09 13:27:05');
INSERT INTO `permissions` (`id`, `name`, `guard_name`, `created_at`, `updated_at`) VALUES ('30', 'create employees', 'web', '2026-02-09 13:27:05', '2026-02-09 13:27:05');
INSERT INTO `permissions` (`id`, `name`, `guard_name`, `created_at`, `updated_at`) VALUES ('31', 'edit employees', 'web', '2026-02-09 13:27:05', '2026-02-09 13:27:05');
INSERT INTO `permissions` (`id`, `name`, `guard_name`, `created_at`, `updated_at`) VALUES ('32', 'delete employees', 'web', '2026-02-09 13:27:05', '2026-02-09 13:27:05');
INSERT INTO `permissions` (`id`, `name`, `guard_name`, `created_at`, `updated_at`) VALUES ('33', 'view salaries', 'web', '2026-02-09 13:27:05', '2026-02-09 13:27:05');
INSERT INTO `permissions` (`id`, `name`, `guard_name`, `created_at`, `updated_at`) VALUES ('34', 'create salaries', 'web', '2026-02-09 13:27:05', '2026-02-09 13:27:05');
INSERT INTO `permissions` (`id`, `name`, `guard_name`, `created_at`, `updated_at`) VALUES ('35', 'edit salaries', 'web', '2026-02-09 13:27:05', '2026-02-09 13:27:05');
INSERT INTO `permissions` (`id`, `name`, `guard_name`, `created_at`, `updated_at`) VALUES ('36', 'delete salaries', 'web', '2026-02-09 13:27:05', '2026-02-09 13:27:05');
INSERT INTO `permissions` (`id`, `name`, `guard_name`, `created_at`, `updated_at`) VALUES ('37', 'manage backups', 'web', '2026-02-09 13:27:05', '2026-02-09 13:27:05');
INSERT INTO `permissions` (`id`, `name`, `guard_name`, `created_at`, `updated_at`) VALUES ('38', 'manage payment accounts', 'web', '2026-02-09 13:27:05', '2026-02-09 13:27:05');
INSERT INTO `permissions` (`id`, `name`, `guard_name`, `created_at`, `updated_at`) VALUES ('39', 'request cancellations', 'web', '2026-02-10 01:47:14', '2026-02-10 01:47:14');
INSERT INTO `permissions` (`id`, `name`, `guard_name`, `created_at`, `updated_at`) VALUES ('40', 'approve cancellations', 'web', '2026-02-10 01:47:14', '2026-02-10 01:47:14');
INSERT INTO `permissions` (`id`, `name`, `guard_name`, `created_at`, `updated_at`) VALUES ('41', 'view orders', 'web', '2026-02-10 08:23:29', '2026-02-10 08:23:29');
INSERT INTO `permissions` (`id`, `name`, `guard_name`, `created_at`, `updated_at`) VALUES ('42', 'view machines', 'web', '2026-02-09 13:27:05', '2026-02-09 13:27:05');
INSERT INTO `permissions` (`id`, `name`, `guard_name`, `created_at`, `updated_at`) VALUES ('43', 'manage machines', 'web', '2026-02-09 13:27:05', '2026-02-09 13:27:05');
INSERT INTO `permissions` (`id`, `name`, `guard_name`, `created_at`, `updated_at`) VALUES ('44', 'view ai', 'web', '2026-03-02 12:56:49', '2026-03-02 12:56:49');
INSERT INTO `permissions` (`id`, `name`, `guard_name`, `created_at`, `updated_at`) VALUES ('45', 'manage settings', 'web', '2026-03-02 12:56:49', '2026-03-02 12:56:49');
INSERT INTO `permissions` (`id`, `name`, `guard_name`, `created_at`, `updated_at`) VALUES ('46', 'manage customers', 'web', '2026-03-02 12:56:49', '2026-03-02 12:56:49');

-- --------------------------------------------------------
-- Table structure for table `product_material`
-- --------------------------------------------------------

CREATE TABLE `product_material` (
  `id` bigint(20) unsigned NOT NULL AUTO_INCREMENT,
  `product_id` bigint(20) unsigned NOT NULL,
  `material_id` bigint(20) unsigned NOT NULL,
  `created_at` timestamp NULL DEFAULT NULL,
  `updated_at` timestamp NULL DEFAULT NULL,
  PRIMARY KEY (`id`),
  UNIQUE KEY `product_material_product_id_material_id_unique` (`product_id`,`material_id`),
  KEY `product_material_material_id_foreign` (`material_id`),
  CONSTRAINT `product_material_material_id_foreign` FOREIGN KEY (`material_id`) REFERENCES `materials` (`id`) ON DELETE CASCADE,
  CONSTRAINT `product_material_product_id_foreign` FOREIGN KEY (`product_id`) REFERENCES `products` (`id`) ON DELETE CASCADE
) ENGINE=InnoDB AUTO_INCREMENT=158 DEFAULT CHARSET=utf8mb4 COLLATE=utf8mb4_unicode_ci;

-- Dumping data for table `product_material`

INSERT INTO `product_material` (`id`, `product_id`, `material_id`, `created_at`, `updated_at`) VALUES ('87', '21', '44', NULL, NULL);
INSERT INTO `product_material` (`id`, `product_id`, `material_id`, `created_at`, `updated_at`) VALUES ('88', '21', '45', NULL, NULL);
INSERT INTO `product_material` (`id`, `product_id`, `material_id`, `created_at`, `updated_at`) VALUES ('89', '21', '47', NULL, NULL);
INSERT INTO `product_material` (`id`, `product_id`, `material_id`, `created_at`, `updated_at`) VALUES ('90', '21', '48', NULL, NULL);
INSERT INTO `product_material` (`id`, `product_id`, `material_id`, `created_at`, `updated_at`) VALUES ('91', '21', '49', NULL, NULL);
INSERT INTO `product_material` (`id`, `product_id`, `material_id`, `created_at`, `updated_at`) VALUES ('92', '21', '50', NULL, NULL);
INSERT INTO `product_material` (`id`, `product_id`, `material_id`, `created_at`, `updated_at`) VALUES ('93', '21', '46', NULL, NULL);
INSERT INTO `product_material` (`id`, `product_id`, `material_id`, `created_at`, `updated_at`) VALUES ('94', '21', '55', NULL, NULL);
INSERT INTO `product_material` (`id`, `product_id`, `material_id`, `created_at`, `updated_at`) VALUES ('95', '21', '54', NULL, NULL);
INSERT INTO `product_material` (`id`, `product_id`, `material_id`, `created_at`, `updated_at`) VALUES ('96', '21', '51', NULL, NULL);
INSERT INTO `product_material` (`id`, `product_id`, `material_id`, `created_at`, `updated_at`) VALUES ('97', '21', '52', NULL, NULL);
INSERT INTO `product_material` (`id`, `product_id`, `material_id`, `created_at`, `updated_at`) VALUES ('98', '21', '53', NULL, NULL);
INSERT INTO `product_material` (`id`, `product_id`, `material_id`, `created_at`, `updated_at`) VALUES ('99', '21', '56', NULL, NULL);
INSERT INTO `product_material` (`id`, `product_id`, `material_id`, `created_at`, `updated_at`) VALUES ('100', '21', '58', NULL, NULL);
INSERT INTO `product_material` (`id`, `product_id`, `material_id`, `created_at`, `updated_at`) VALUES ('101', '21', '59', NULL, NULL);
INSERT INTO `product_material` (`id`, `product_id`, `material_id`, `created_at`, `updated_at`) VALUES ('102', '21', '60', NULL, NULL);
INSERT INTO `product_material` (`id`, `product_id`, `material_id`, `created_at`, `updated_at`) VALUES ('103', '21', '57', NULL, NULL);
INSERT INTO `product_material` (`id`, `product_id`, `material_id`, `created_at`, `updated_at`) VALUES ('104', '23', '89', NULL, NULL);
INSERT INTO `product_material` (`id`, `product_id`, `material_id`, `created_at`, `updated_at`) VALUES ('106', '23', '85', NULL, NULL);
INSERT INTO `product_material` (`id`, `product_id`, `material_id`, `created_at`, `updated_at`) VALUES ('107', '23', '86', NULL, NULL);
INSERT INTO `product_material` (`id`, `product_id`, `material_id`, `created_at`, `updated_at`) VALUES ('108', '23', '87', NULL, NULL);
INSERT INTO `product_material` (`id`, `product_id`, `material_id`, `created_at`, `updated_at`) VALUES ('109', '23', '88', NULL, NULL);
INSERT INTO `product_material` (`id`, `product_id`, `material_id`, `created_at`, `updated_at`) VALUES ('110', '22', '64', NULL, NULL);
INSERT INTO `product_material` (`id`, `product_id`, `material_id`, `created_at`, `updated_at`) VALUES ('111', '22', '66', NULL, NULL);
INSERT INTO `product_material` (`id`, `product_id`, `material_id`, `created_at`, `updated_at`) VALUES ('112', '22', '80', NULL, NULL);
INSERT INTO `product_material` (`id`, `product_id`, `material_id`, `created_at`, `updated_at`) VALUES ('113', '22', '61', NULL, NULL);
INSERT INTO `product_material` (`id`, `product_id`, `material_id`, `created_at`, `updated_at`) VALUES ('114', '22', '65', NULL, NULL);
INSERT INTO `product_material` (`id`, `product_id`, `material_id`, `created_at`, `updated_at`) VALUES ('115', '22', '63', NULL, NULL);
INSERT INTO `product_material` (`id`, `product_id`, `material_id`, `created_at`, `updated_at`) VALUES ('116', '22', '77', NULL, NULL);
INSERT INTO `product_material` (`id`, `product_id`, `material_id`, `created_at`, `updated_at`) VALUES ('117', '23', '97', NULL, NULL);
INSERT INTO `product_material` (`id`, `product_id`, `material_id`, `created_at`, `updated_at`) VALUES ('118', '22', '76', NULL, NULL);
INSERT INTO `product_material` (`id`, `product_id`, `material_id`, `created_at`, `updated_at`) VALUES ('119', '22', '78', NULL, NULL);
INSERT INTO `product_material` (`id`, `product_id`, `material_id`, `created_at`, `updated_at`) VALUES ('120', '22', '79', NULL, NULL);
INSERT INTO `product_material` (`id`, `product_id`, `material_id`, `created_at`, `updated_at`) VALUES ('121', '22', '75', NULL, NULL);
INSERT INTO `product_material` (`id`, `product_id`, `material_id`, `created_at`, `updated_at`) VALUES ('122', '22', '83', NULL, NULL);
INSERT INTO `product_material` (`id`, `product_id`, `material_id`, `created_at`, `updated_at`) VALUES ('123', '22', '84', NULL, NULL);
INSERT INTO `product_material` (`id`, `product_id`, `material_id`, `created_at`, `updated_at`) VALUES ('124', '22', '82', NULL, NULL);
INSERT INTO `product_material` (`id`, `product_id`, `material_id`, `created_at`, `updated_at`) VALUES ('125', '22', '81', NULL, NULL);
INSERT INTO `product_material` (`id`, `product_id`, `material_id`, `created_at`, `updated_at`) VALUES ('126', '22', '72', NULL, NULL);
INSERT INTO `product_material` (`id`, `product_id`, `material_id`, `created_at`, `updated_at`) VALUES ('127', '22', '74', NULL, NULL);
INSERT INTO `product_material` (`id`, `product_id`, `material_id`, `created_at`, `updated_at`) VALUES ('128', '22', '73', NULL, NULL);
INSERT INTO `product_material` (`id`, `product_id`, `material_id`, `created_at`, `updated_at`) VALUES ('129', '22', '70', NULL, NULL);
INSERT INTO `product_material` (`id`, `product_id`, `material_id`, `created_at`, `updated_at`) VALUES ('130', '22', '71', NULL, NULL);
INSERT INTO `product_material` (`id`, `product_id`, `material_id`, `created_at`, `updated_at`) VALUES ('131', '21', '90', NULL, NULL);
INSERT INTO `product_material` (`id`, `product_id`, `material_id`, `created_at`, `updated_at`) VALUES ('132', '21', '69', NULL, NULL);
INSERT INTO `product_material` (`id`, `product_id`, `material_id`, `created_at`, `updated_at`) VALUES ('133', '21', '96', NULL, NULL);
INSERT INTO `product_material` (`id`, `product_id`, `material_id`, `created_at`, `updated_at`) VALUES ('134', '21', '95', NULL, NULL);
INSERT INTO `product_material` (`id`, `product_id`, `material_id`, `created_at`, `updated_at`) VALUES ('135', '21', '93', NULL, NULL);
INSERT INTO `product_material` (`id`, `product_id`, `material_id`, `created_at`, `updated_at`) VALUES ('136', '21', '67', NULL, NULL);
INSERT INTO `product_material` (`id`, `product_id`, `material_id`, `created_at`, `updated_at`) VALUES ('137', '21', '68', NULL, NULL);
INSERT INTO `product_material` (`id`, `product_id`, `material_id`, `created_at`, `updated_at`) VALUES ('138', '21', '94', NULL, NULL);
INSERT INTO `product_material` (`id`, `product_id`, `material_id`, `created_at`, `updated_at`) VALUES ('139', '22', '62', NULL, NULL);
INSERT INTO `product_material` (`id`, `product_id`, `material_id`, `created_at`, `updated_at`) VALUES ('144', '22', '101', NULL, NULL);
INSERT INTO `product_material` (`id`, `product_id`, `material_id`, `created_at`, `updated_at`) VALUES ('148', '25', '57', NULL, NULL);
INSERT INTO `product_material` (`id`, `product_id`, `material_id`, `created_at`, `updated_at`) VALUES ('149', '22', '98', NULL, NULL);
INSERT INTO `product_material` (`id`, `product_id`, `material_id`, `created_at`, `updated_at`) VALUES ('150', '22', '99', NULL, NULL);
INSERT INTO `product_material` (`id`, `product_id`, `material_id`, `created_at`, `updated_at`) VALUES ('151', '21', '92', NULL, NULL);
INSERT INTO `product_material` (`id`, `product_id`, `material_id`, `created_at`, `updated_at`) VALUES ('152', '21', '91', NULL, NULL);
INSERT INTO `product_material` (`id`, `product_id`, `material_id`, `created_at`, `updated_at`) VALUES ('153', '22', '97', NULL, NULL);
INSERT INTO `product_material` (`id`, `product_id`, `material_id`, `created_at`, `updated_at`) VALUES ('154', '24', '100', NULL, NULL);
INSERT INTO `product_material` (`id`, `product_id`, `material_id`, `created_at`, `updated_at`) VALUES ('155', '21', '100', NULL, NULL);
INSERT INTO `product_material` (`id`, `product_id`, `material_id`, `created_at`, `updated_at`) VALUES ('157', '25', '105', NULL, NULL);

-- --------------------------------------------------------
-- Table structure for table `products`
-- --------------------------------------------------------

CREATE TABLE `products` (
  `id` bigint(20) unsigned NOT NULL AUTO_INCREMENT,
  `name` varchar(255) NOT NULL,
  `code` varchar(255) NOT NULL,
  `description` text DEFAULT NULL,
  `unit_id` bigint(20) unsigned DEFAULT NULL,
  `is_active` tinyint(1) NOT NULL DEFAULT 1,
  `track_clicks` tinyint(1) NOT NULL DEFAULT 0,
  `created_at` timestamp NULL DEFAULT NULL,
  `updated_at` timestamp NULL DEFAULT NULL,
  PRIMARY KEY (`id`),
  UNIQUE KEY `products_code_unique` (`code`),
  KEY `products_is_active_index` (`is_active`),
  KEY `products_unit_id_foreign` (`unit_id`),
  CONSTRAINT `products_unit_id_foreign` FOREIGN KEY (`unit_id`) REFERENCES `units` (`id`) ON DELETE SET NULL
) ENGINE=InnoDB AUTO_INCREMENT=26 DEFAULT CHARSET=utf8mb4 COLLATE=utf8mb4_unicode_ci;

-- Dumping data for table `products`

INSERT INTO `products` (`id`, `name`, `code`, `description`, `unit_id`, `is_active`, `track_clicks`, `created_at`, `updated_at`) VALUES ('21', 'Versant', 'VR0001', NULL, NULL, '1', '1', '2026-02-17 11:16:10', '2026-02-17 11:16:10');
INSERT INTO `products` (`id`, `name`, `code`, `description`, `unit_id`, `is_active`, `track_clicks`, `created_at`, `updated_at`) VALUES ('22', 'Indoor', 'ID0001', NULL, NULL, '1', '0', '2026-02-17 11:16:29', '2026-02-17 11:16:29');
INSERT INTO `products` (`id`, `name`, `code`, `description`, `unit_id`, `is_active`, `track_clicks`, `created_at`, `updated_at`) VALUES ('23', 'Outdoor', 'OD0001', NULL, NULL, '1', '0', '2026-02-17 11:16:49', '2026-02-17 11:16:49');
INSERT INTO `products` (`id`, `name`, `code`, `description`, `unit_id`, `is_active`, `track_clicks`, `created_at`, `updated_at`) VALUES ('24', 'Jasa', 'CUTA3', NULL, NULL, '1', '0', '2026-02-27 13:44:32', '2026-03-07 10:30:35');
INSERT INTO `products` (`id`, `name`, `code`, `description`, `unit_id`, `is_active`, `track_clicks`, `created_at`, `updated_at`) VALUES ('25', 'Promo Kromo Ramadhan', 'PKR', NULL, NULL, '1', '1', '2026-03-02 15:48:26', '2026-03-07 10:30:19');

-- --------------------------------------------------------
-- Table structure for table `purchase_payments`
-- --------------------------------------------------------

CREATE TABLE `purchase_payments` (
  `id` bigint(20) unsigned NOT NULL AUTO_INCREMENT,
  `purchase_id` bigint(20) unsigned NOT NULL,
  `amount` decimal(15,2) NOT NULL,
  `payment_date` date NOT NULL,
  `proof` varchar(255) DEFAULT NULL,
  `notes` text DEFAULT NULL,
  `created_by` bigint(20) unsigned DEFAULT NULL,
  `created_at` timestamp NULL DEFAULT NULL,
  `updated_at` timestamp NULL DEFAULT NULL,
  PRIMARY KEY (`id`),
  KEY `purchase_payments_purchase_id_foreign` (`purchase_id`),
  KEY `purchase_payments_created_by_foreign` (`created_by`),
  CONSTRAINT `purchase_payments_created_by_foreign` FOREIGN KEY (`created_by`) REFERENCES `users` (`id`) ON DELETE SET NULL,
  CONSTRAINT `purchase_payments_purchase_id_foreign` FOREIGN KEY (`purchase_id`) REFERENCES `purchases` (`id`) ON DELETE CASCADE
) ENGINE=InnoDB AUTO_INCREMENT=2 DEFAULT CHARSET=utf8mb4 COLLATE=utf8mb4_unicode_ci;

-- --------------------------------------------------------
-- Table structure for table `purchases`
-- --------------------------------------------------------

CREATE TABLE `purchases` (
  `id` bigint(20) unsigned NOT NULL AUTO_INCREMENT,
  `material_id` bigint(20) unsigned NOT NULL,
  `purchase_date` date NOT NULL,
  `quantity` decimal(15,2) NOT NULL,
  `unit_price` decimal(15,2) NOT NULL DEFAULT 0.00,
  `total_price` decimal(15,2) NOT NULL DEFAULT 0.00,
  `paid_amount` decimal(15,2) NOT NULL DEFAULT 0.00,
  `payment_status` enum('unpaid','partial','paid') NOT NULL DEFAULT 'paid',
  `type` enum('satuan','meteran') NOT NULL DEFAULT 'satuan',
  `supplier` varchar(255) DEFAULT NULL,
  `supplier_id` bigint(20) unsigned DEFAULT NULL,
  `notes` text DEFAULT NULL,
  `created_by` bigint(20) unsigned DEFAULT NULL,
  `created_at` timestamp NULL DEFAULT NULL,
  `updated_at` timestamp NULL DEFAULT NULL,
  PRIMARY KEY (`id`),
  KEY `purchases_material_id_foreign` (`material_id`),
  KEY `purchases_created_by_foreign` (`created_by`),
  KEY `purchases_supplier_id_foreign` (`supplier_id`),
  CONSTRAINT `purchases_created_by_foreign` FOREIGN KEY (`created_by`) REFERENCES `users` (`id`) ON DELETE SET NULL,
  CONSTRAINT `purchases_material_id_foreign` FOREIGN KEY (`material_id`) REFERENCES `materials` (`id`) ON DELETE CASCADE,
  CONSTRAINT `purchases_supplier_id_foreign` FOREIGN KEY (`supplier_id`) REFERENCES `suppliers` (`id`) ON DELETE SET NULL
) ENGINE=InnoDB AUTO_INCREMENT=4 DEFAULT CHARSET=utf8mb4 COLLATE=utf8mb4_unicode_ci;

-- Dumping data for table `purchases`

INSERT INTO `purchases` (`id`, `material_id`, `purchase_date`, `quantity`, `unit_price`, `total_price`, `paid_amount`, `payment_status`, `type`, `supplier`, `supplier_id`, `notes`, `created_by`, `created_at`, `updated_at`) VALUES ('2', '85', '2026-03-04', '3360.00', '5650.00', '18984000.00', '0.00', 'unpaid', 'meteran', NULL, '7', NULL, '8', '2026-03-04 11:12:44', '2026-03-04 11:12:44');
INSERT INTO `purchases` (`id`, `material_id`, `purchase_date`, `quantity`, `unit_price`, `total_price`, `paid_amount`, `payment_status`, `type`, `supplier`, `supplier_id`, `notes`, `created_by`, `created_at`, `updated_at`) VALUES ('3', '88', '2026-03-04', '160.00', '11500.00', '1840000.00', '0.00', 'unpaid', 'meteran', NULL, '7', NULL, '8', '2026-03-04 11:13:26', '2026-03-04 11:13:26');

-- --------------------------------------------------------
-- Table structure for table `role_has_permissions`
-- --------------------------------------------------------

CREATE TABLE `role_has_permissions` (
  `permission_id` bigint(20) unsigned NOT NULL,
  `role_id` bigint(20) unsigned NOT NULL,
  PRIMARY KEY (`permission_id`,`role_id`),
  KEY `role_has_permissions_role_id_foreign` (`role_id`),
  CONSTRAINT `role_has_permissions_permission_id_foreign` FOREIGN KEY (`permission_id`) REFERENCES `permissions` (`id`) ON DELETE CASCADE,
  CONSTRAINT `role_has_permissions_role_id_foreign` FOREIGN KEY (`role_id`) REFERENCES `roles` (`id`) ON DELETE CASCADE
) ENGINE=InnoDB DEFAULT CHARSET=utf8mb4 COLLATE=utf8mb4_unicode_ci;

-- Dumping data for table `role_has_permissions`

INSERT INTO `role_has_permissions` (`permission_id`, `role_id`) VALUES ('1', '1');
INSERT INTO `role_has_permissions` (`permission_id`, `role_id`) VALUES ('1', '6');
INSERT INTO `role_has_permissions` (`permission_id`, `role_id`) VALUES ('1', '7');
INSERT INTO `role_has_permissions` (`permission_id`, `role_id`) VALUES ('2', '1');
INSERT INTO `role_has_permissions` (`permission_id`, `role_id`) VALUES ('2', '3');
INSERT INTO `role_has_permissions` (`permission_id`, `role_id`) VALUES ('2', '6');
INSERT INTO `role_has_permissions` (`permission_id`, `role_id`) VALUES ('2', '7');
INSERT INTO `role_has_permissions` (`permission_id`, `role_id`) VALUES ('3', '1');
INSERT INTO `role_has_permissions` (`permission_id`, `role_id`) VALUES ('3', '4');
INSERT INTO `role_has_permissions` (`permission_id`, `role_id`) VALUES ('3', '6');
INSERT INTO `role_has_permissions` (`permission_id`, `role_id`) VALUES ('3', '7');
INSERT INTO `role_has_permissions` (`permission_id`, `role_id`) VALUES ('4', '1');
INSERT INTO `role_has_permissions` (`permission_id`, `role_id`) VALUES ('4', '5');
INSERT INTO `role_has_permissions` (`permission_id`, `role_id`) VALUES ('4', '6');
INSERT INTO `role_has_permissions` (`permission_id`, `role_id`) VALUES ('4', '7');
INSERT INTO `role_has_permissions` (`permission_id`, `role_id`) VALUES ('4', '8');
INSERT INTO `role_has_permissions` (`permission_id`, `role_id`) VALUES ('5', '1');
INSERT INTO `role_has_permissions` (`permission_id`, `role_id`) VALUES ('5', '2');
INSERT INTO `role_has_permissions` (`permission_id`, `role_id`) VALUES ('5', '6');
INSERT INTO `role_has_permissions` (`permission_id`, `role_id`) VALUES ('5', '7');
INSERT INTO `role_has_permissions` (`permission_id`, `role_id`) VALUES ('6', '1');
INSERT INTO `role_has_permissions` (`permission_id`, `role_id`) VALUES ('6', '2');
INSERT INTO `role_has_permissions` (`permission_id`, `role_id`) VALUES ('6', '6');
INSERT INTO `role_has_permissions` (`permission_id`, `role_id`) VALUES ('6', '7');
INSERT INTO `role_has_permissions` (`permission_id`, `role_id`) VALUES ('7', '1');
INSERT INTO `role_has_permissions` (`permission_id`, `role_id`) VALUES ('7', '3');
INSERT INTO `role_has_permissions` (`permission_id`, `role_id`) VALUES ('7', '6');
INSERT INTO `role_has_permissions` (`permission_id`, `role_id`) VALUES ('7', '7');
INSERT INTO `role_has_permissions` (`permission_id`, `role_id`) VALUES ('8', '1');
INSERT INTO `role_has_permissions` (`permission_id`, `role_id`) VALUES ('9', '1');
INSERT INTO `role_has_permissions` (`permission_id`, `role_id`) VALUES ('9', '2');
INSERT INTO `role_has_permissions` (`permission_id`, `role_id`) VALUES ('9', '3');
INSERT INTO `role_has_permissions` (`permission_id`, `role_id`) VALUES ('9', '6');
INSERT INTO `role_has_permissions` (`permission_id`, `role_id`) VALUES ('9', '7');
INSERT INTO `role_has_permissions` (`permission_id`, `role_id`) VALUES ('10', '1');
INSERT INTO `role_has_permissions` (`permission_id`, `role_id`) VALUES ('10', '2');
INSERT INTO `role_has_permissions` (`permission_id`, `role_id`) VALUES ('10', '3');
INSERT INTO `role_has_permissions` (`permission_id`, `role_id`) VALUES ('10', '6');
INSERT INTO `role_has_permissions` (`permission_id`, `role_id`) VALUES ('10', '7');
INSERT INTO `role_has_permissions` (`permission_id`, `role_id`) VALUES ('11', '1');
INSERT INTO `role_has_permissions` (`permission_id`, `role_id`) VALUES ('11', '2');
INSERT INTO `role_has_permissions` (`permission_id`, `role_id`) VALUES ('11', '3');
INSERT INTO `role_has_permissions` (`permission_id`, `role_id`) VALUES ('11', '6');
INSERT INTO `role_has_permissions` (`permission_id`, `role_id`) VALUES ('11', '7');
INSERT INTO `role_has_permissions` (`permission_id`, `role_id`) VALUES ('12', '1');
INSERT INTO `role_has_permissions` (`permission_id`, `role_id`) VALUES ('12', '2');
INSERT INTO `role_has_permissions` (`permission_id`, `role_id`) VALUES ('12', '3');
INSERT INTO `role_has_permissions` (`permission_id`, `role_id`) VALUES ('12', '6');
INSERT INTO `role_has_permissions` (`permission_id`, `role_id`) VALUES ('12', '7');
INSERT INTO `role_has_permissions` (`permission_id`, `role_id`) VALUES ('13', '1');
INSERT INTO `role_has_permissions` (`permission_id`, `role_id`) VALUES ('13', '2');
INSERT INTO `role_has_permissions` (`permission_id`, `role_id`) VALUES ('13', '3');
INSERT INTO `role_has_permissions` (`permission_id`, `role_id`) VALUES ('13', '6');
INSERT INTO `role_has_permissions` (`permission_id`, `role_id`) VALUES ('13', '7');
INSERT INTO `role_has_permissions` (`permission_id`, `role_id`) VALUES ('14', '1');
INSERT INTO `role_has_permissions` (`permission_id`, `role_id`) VALUES ('14', '6');
INSERT INTO `role_has_permissions` (`permission_id`, `role_id`) VALUES ('14', '7');
INSERT INTO `role_has_permissions` (`permission_id`, `role_id`) VALUES ('15', '1');
INSERT INTO `role_has_permissions` (`permission_id`, `role_id`) VALUES ('15', '6');
INSERT INTO `role_has_permissions` (`permission_id`, `role_id`) VALUES ('15', '7');
INSERT INTO `role_has_permissions` (`permission_id`, `role_id`) VALUES ('16', '1');
INSERT INTO `role_has_permissions` (`permission_id`, `role_id`) VALUES ('16', '6');
INSERT INTO `role_has_permissions` (`permission_id`, `role_id`) VALUES ('16', '7');
INSERT INTO `role_has_permissions` (`permission_id`, `role_id`) VALUES ('17', '1');
INSERT INTO `role_has_permissions` (`permission_id`, `role_id`) VALUES ('17', '2');
INSERT INTO `role_has_permissions` (`permission_id`, `role_id`) VALUES ('17', '6');
INSERT INTO `role_has_permissions` (`permission_id`, `role_id`) VALUES ('17', '7');
INSERT INTO `role_has_permissions` (`permission_id`, `role_id`) VALUES ('18', '1');
INSERT INTO `role_has_permissions` (`permission_id`, `role_id`) VALUES ('18', '6');
INSERT INTO `role_has_permissions` (`permission_id`, `role_id`) VALUES ('18', '7');
INSERT INTO `role_has_permissions` (`permission_id`, `role_id`) VALUES ('19', '1');
INSERT INTO `role_has_permissions` (`permission_id`, `role_id`) VALUES ('19', '2');
INSERT INTO `role_has_permissions` (`permission_id`, `role_id`) VALUES ('19', '6');
INSERT INTO `role_has_permissions` (`permission_id`, `role_id`) VALUES ('19', '7');
INSERT INTO `role_has_permissions` (`permission_id`, `role_id`) VALUES ('20', '1');
INSERT INTO `role_has_permissions` (`permission_id`, `role_id`) VALUES ('20', '6');
INSERT INTO `role_has_permissions` (`permission_id`, `role_id`) VALUES ('20', '7');
INSERT INTO `role_has_permissions` (`permission_id`, `role_id`) VALUES ('21', '1');
INSERT INTO `role_has_permissions` (`permission_id`, `role_id`) VALUES ('21', '2');
INSERT INTO `role_has_permissions` (`permission_id`, `role_id`) VALUES ('21', '4');
INSERT INTO `role_has_permissions` (`permission_id`, `role_id`) VALUES ('21', '6');
INSERT INTO `role_has_permissions` (`permission_id`, `role_id`) VALUES ('21', '7');
INSERT INTO `role_has_permissions` (`permission_id`, `role_id`) VALUES ('22', '1');
INSERT INTO `role_has_permissions` (`permission_id`, `role_id`) VALUES ('22', '2');
INSERT INTO `role_has_permissions` (`permission_id`, `role_id`) VALUES ('22', '4');
INSERT INTO `role_has_permissions` (`permission_id`, `role_id`) VALUES ('22', '6');
INSERT INTO `role_has_permissions` (`permission_id`, `role_id`) VALUES ('22', '7');
INSERT INTO `role_has_permissions` (`permission_id`, `role_id`) VALUES ('23', '1');
INSERT INTO `role_has_permissions` (`permission_id`, `role_id`) VALUES ('23', '2');
INSERT INTO `role_has_permissions` (`permission_id`, `role_id`) VALUES ('23', '6');
INSERT INTO `role_has_permissions` (`permission_id`, `role_id`) VALUES ('23', '7');
INSERT INTO `role_has_permissions` (`permission_id`, `role_id`) VALUES ('24', '1');
INSERT INTO `role_has_permissions` (`permission_id`, `role_id`) VALUES ('24', '5');
INSERT INTO `role_has_permissions` (`permission_id`, `role_id`) VALUES ('24', '6');
INSERT INTO `role_has_permissions` (`permission_id`, `role_id`) VALUES ('24', '7');
INSERT INTO `role_has_permissions` (`permission_id`, `role_id`) VALUES ('25', '1');
INSERT INTO `role_has_permissions` (`permission_id`, `role_id`) VALUES ('25', '2');
INSERT INTO `role_has_permissions` (`permission_id`, `role_id`) VALUES ('25', '5');
INSERT INTO `role_has_permissions` (`permission_id`, `role_id`) VALUES ('25', '6');
INSERT INTO `role_has_permissions` (`permission_id`, `role_id`) VALUES ('25', '7');
INSERT INTO `role_has_permissions` (`permission_id`, `role_id`) VALUES ('26', '1');
INSERT INTO `role_has_permissions` (`permission_id`, `role_id`) VALUES ('26', '5');
INSERT INTO `role_has_permissions` (`permission_id`, `role_id`) VALUES ('26', '6');
INSERT INTO `role_has_permissions` (`permission_id`, `role_id`) VALUES ('26', '7');
INSERT INTO `role_has_permissions` (`permission_id`, `role_id`) VALUES ('27', '1');
INSERT INTO `role_has_permissions` (`permission_id`, `role_id`) VALUES ('27', '2');
INSERT INTO `role_has_permissions` (`permission_id`, `role_id`) VALUES ('27', '4');
INSERT INTO `role_has_permissions` (`permission_id`, `role_id`) VALUES ('27', '6');
INSERT INTO `role_has_permissions` (`permission_id`, `role_id`) VALUES ('27', '7');
INSERT INTO `role_has_permissions` (`permission_id`, `role_id`) VALUES ('28', '1');
INSERT INTO `role_has_permissions` (`permission_id`, `role_id`) VALUES ('28', '2');
INSERT INTO `role_has_permissions` (`permission_id`, `role_id`) VALUES ('28', '4');
INSERT INTO `role_has_permissions` (`permission_id`, `role_id`) VALUES ('28', '6');
INSERT INTO `role_has_permissions` (`permission_id`, `role_id`) VALUES ('28', '7');
INSERT INTO `role_has_permissions` (`permission_id`, `role_id`) VALUES ('29', '1');
INSERT INTO `role_has_permissions` (`permission_id`, `role_id`) VALUES ('29', '2');
INSERT INTO `role_has_permissions` (`permission_id`, `role_id`) VALUES ('29', '6');
INSERT INTO `role_has_permissions` (`permission_id`, `role_id`) VALUES ('29', '7');
INSERT INTO `role_has_permissions` (`permission_id`, `role_id`) VALUES ('30', '1');
INSERT INTO `role_has_permissions` (`permission_id`, `role_id`) VALUES ('30', '6');
INSERT INTO `role_has_permissions` (`permission_id`, `role_id`) VALUES ('30', '7');
INSERT INTO `role_has_permissions` (`permission_id`, `role_id`) VALUES ('31', '1');
INSERT INTO `role_has_permissions` (`permission_id`, `role_id`) VALUES ('31', '6');
INSERT INTO `role_has_permissions` (`permission_id`, `role_id`) VALUES ('31', '7');
INSERT INTO `role_has_permissions` (`permission_id`, `role_id`) VALUES ('32', '1');
INSERT INTO `role_has_permissions` (`permission_id`, `role_id`) VALUES ('32', '6');
INSERT INTO `role_has_permissions` (`permission_id`, `role_id`) VALUES ('32', '7');
INSERT INTO `role_has_permissions` (`permission_id`, `role_id`) VALUES ('33', '1');
INSERT INTO `role_has_permissions` (`permission_id`, `role_id`) VALUES ('33', '2');
INSERT INTO `role_has_permissions` (`permission_id`, `role_id`) VALUES ('33', '6');
INSERT INTO `role_has_permissions` (`permission_id`, `role_id`) VALUES ('33', '7');
INSERT INTO `role_has_permissions` (`permission_id`, `role_id`) VALUES ('34', '1');
INSERT INTO `role_has_permissions` (`permission_id`, `role_id`) VALUES ('34', '6');
INSERT INTO `role_has_permissions` (`permission_id`, `role_id`) VALUES ('34', '7');
INSERT INTO `role_has_permissions` (`permission_id`, `role_id`) VALUES ('35', '1');
INSERT INTO `role_has_permissions` (`permission_id`, `role_id`) VALUES ('35', '6');
INSERT INTO `role_has_permissions` (`permission_id`, `role_id`) VALUES ('35', '7');
INSERT INTO `role_has_permissions` (`permission_id`, `role_id`) VALUES ('36', '1');
INSERT INTO `role_has_permissions` (`permission_id`, `role_id`) VALUES ('36', '6');
INSERT INTO `role_has_permissions` (`permission_id`, `role_id`) VALUES ('36', '7');
INSERT INTO `role_has_permissions` (`permission_id`, `role_id`) VALUES ('37', '1');
INSERT INTO `role_has_permissions` (`permission_id`, `role_id`) VALUES ('37', '6');
INSERT INTO `role_has_permissions` (`permission_id`, `role_id`) VALUES ('37', '7');
INSERT INTO `role_has_permissions` (`permission_id`, `role_id`) VALUES ('38', '1');
INSERT INTO `role_has_permissions` (`permission_id`, `role_id`) VALUES ('38', '2');
INSERT INTO `role_has_permissions` (`permission_id`, `role_id`) VALUES ('38', '4');
INSERT INTO `role_has_permissions` (`permission_id`, `role_id`) VALUES ('38', '6');
INSERT INTO `role_has_permissions` (`permission_id`, `role_id`) VALUES ('38', '7');
INSERT INTO `role_has_permissions` (`permission_id`, `role_id`) VALUES ('39', '1');
INSERT INTO `role_has_permissions` (`permission_id`, `role_id`) VALUES ('39', '2');
INSERT INTO `role_has_permissions` (`permission_id`, `role_id`) VALUES ('39', '3');
INSERT INTO `role_has_permissions` (`permission_id`, `role_id`) VALUES ('39', '4');
INSERT INTO `role_has_permissions` (`permission_id`, `role_id`) VALUES ('39', '6');
INSERT INTO `role_has_permissions` (`permission_id`, `role_id`) VALUES ('39', '7');
INSERT INTO `role_has_permissions` (`permission_id`, `role_id`) VALUES ('40', '1');
INSERT INTO `role_has_permissions` (`permission_id`, `role_id`) VALUES ('40', '2');
INSERT INTO `role_has_permissions` (`permission_id`, `role_id`) VALUES ('40', '6');
INSERT INTO `role_has_permissions` (`permission_id`, `role_id`) VALUES ('40', '7');
INSERT INTO `role_has_permissions` (`permission_id`, `role_id`) VALUES ('41', '1');
INSERT INTO `role_has_permissions` (`permission_id`, `role_id`) VALUES ('41', '2');
INSERT INTO `role_has_permissions` (`permission_id`, `role_id`) VALUES ('41', '3');
INSERT INTO `role_has_permissions` (`permission_id`, `role_id`) VALUES ('41', '4');
INSERT INTO `role_has_permissions` (`permission_id`, `role_id`) VALUES ('41', '6');
INSERT INTO `role_has_permissions` (`permission_id`, `role_id`) VALUES ('41', '7');
INSERT INTO `role_has_permissions` (`permission_id`, `role_id`) VALUES ('42', '1');
INSERT INTO `role_has_permissions` (`permission_id`, `role_id`) VALUES ('42', '2');
INSERT INTO `role_has_permissions` (`permission_id`, `role_id`) VALUES ('42', '6');
INSERT INTO `role_has_permissions` (`permission_id`, `role_id`) VALUES ('42', '7');
INSERT INTO `role_has_permissions` (`permission_id`, `role_id`) VALUES ('43', '1');
INSERT INTO `role_has_permissions` (`permission_id`, `role_id`) VALUES ('43', '6');
INSERT INTO `role_has_permissions` (`permission_id`, `role_id`) VALUES ('44', '1');
INSERT INTO `role_has_permissions` (`permission_id`, `role_id`) VALUES ('44', '2');
INSERT INTO `role_has_permissions` (`permission_id`, `role_id`) VALUES ('44', '6');
INSERT INTO `role_has_permissions` (`permission_id`, `role_id`) VALUES ('44', '7');
INSERT INTO `role_has_permissions` (`permission_id`, `role_id`) VALUES ('45', '1');
INSERT INTO `role_has_permissions` (`permission_id`, `role_id`) VALUES ('45', '2');
INSERT INTO `role_has_permissions` (`permission_id`, `role_id`) VALUES ('45', '6');
INSERT INTO `role_has_permissions` (`permission_id`, `role_id`) VALUES ('45', '7');
INSERT INTO `role_has_permissions` (`permission_id`, `role_id`) VALUES ('46', '1');
INSERT INTO `role_has_permissions` (`permission_id`, `role_id`) VALUES ('46', '2');
INSERT INTO `role_has_permissions` (`permission_id`, `role_id`) VALUES ('46', '3');
INSERT INTO `role_has_permissions` (`permission_id`, `role_id`) VALUES ('46', '6');

-- --------------------------------------------------------
-- Table structure for table `roles`
-- --------------------------------------------------------

CREATE TABLE `roles` (
  `id` bigint(20) unsigned NOT NULL AUTO_INCREMENT,
  `name` varchar(255) NOT NULL,
  `guard_name` varchar(255) NOT NULL,
  `created_at` timestamp NULL DEFAULT NULL,
  `updated_at` timestamp NULL DEFAULT NULL,
  PRIMARY KEY (`id`),
  UNIQUE KEY `roles_name_guard_name_unique` (`name`,`guard_name`)
) ENGINE=InnoDB AUTO_INCREMENT=9 DEFAULT CHARSET=utf8mb4 COLLATE=utf8mb4_unicode_ci;

-- Dumping data for table `roles`

INSERT INTO `roles` (`id`, `name`, `guard_name`, `created_at`, `updated_at`) VALUES ('1', 'developer', 'web', '2026-02-09 13:27:05', '2026-02-09 13:27:05');
INSERT INTO `roles` (`id`, `name`, `guard_name`, `created_at`, `updated_at`) VALUES ('2', 'owner', 'web', '2026-02-09 13:27:05', '2026-02-09 13:27:05');
INSERT INTO `roles` (`id`, `name`, `guard_name`, `created_at`, `updated_at`) VALUES ('3', 'designer', 'web', '2026-02-09 13:27:05', '2026-02-09 13:27:05');
INSERT INTO `roles` (`id`, `name`, `guard_name`, `created_at`, `updated_at`) VALUES ('4', 'kasir', 'web', '2026-02-09 13:27:05', '2026-02-09 13:27:05');
INSERT INTO `roles` (`id`, `name`, `guard_name`, `created_at`, `updated_at`) VALUES ('5', 'operator', 'web', '2026-02-09 13:27:05', '2026-02-09 13:27:05');
INSERT INTO `roles` (`id`, `name`, `guard_name`, `created_at`, `updated_at`) VALUES ('6', 'spv', 'web', '2026-02-10 01:47:14', '2026-02-10 01:47:14');
INSERT INTO `roles` (`id`, `name`, `guard_name`, `created_at`, `updated_at`) VALUES ('7', 'Administrasi', 'web', '2026-02-27 01:29:49', '2026-02-27 01:29:49');
INSERT INTO `roles` (`id`, `name`, `guard_name`, `created_at`, `updated_at`) VALUES ('8', 'Finishing', 'web', '2026-03-05 21:43:26', '2026-03-05 21:43:26');

-- --------------------------------------------------------
-- Table structure for table `salaries`
-- --------------------------------------------------------

CREATE TABLE `salaries` (
  `id` bigint(20) unsigned NOT NULL AUTO_INCREMENT,
  `employee_id` bigint(20) unsigned NOT NULL,
  `period` varchar(255) NOT NULL,
  `base_salary` decimal(12,2) NOT NULL DEFAULT 0.00,
  `allowance` decimal(12,2) NOT NULL DEFAULT 0.00,
  `overtime` decimal(12,2) NOT NULL DEFAULT 0.00,
  `bonus` decimal(12,2) NOT NULL DEFAULT 0.00,
  `deduction` decimal(12,2) NOT NULL DEFAULT 0.00,
  `total` decimal(12,2) NOT NULL DEFAULT 0.00,
  `notes` text DEFAULT NULL,
  `status` enum('draft','paid') NOT NULL DEFAULT 'draft',
  `paid_at` date DEFAULT NULL,
  `created_at` timestamp NULL DEFAULT NULL,
  `updated_at` timestamp NULL DEFAULT NULL,
  PRIMARY KEY (`id`),
  UNIQUE KEY `salaries_employee_id_period_unique` (`employee_id`,`period`),
  CONSTRAINT `salaries_employee_id_foreign` FOREIGN KEY (`employee_id`) REFERENCES `employees` (`id`) ON DELETE CASCADE
) ENGINE=InnoDB DEFAULT CHARSET=utf8mb4 COLLATE=utf8mb4_unicode_ci;

-- --------------------------------------------------------
-- Table structure for table `sessions`
-- --------------------------------------------------------

CREATE TABLE `sessions` (
  `id` varchar(255) NOT NULL,
  `user_id` bigint(20) unsigned DEFAULT NULL,
  `ip_address` varchar(45) DEFAULT NULL,
  `user_agent` text DEFAULT NULL,
  `payload` longtext NOT NULL,
  `last_activity` int(11) NOT NULL,
  PRIMARY KEY (`id`),
  KEY `sessions_user_id_index` (`user_id`),
  KEY `sessions_last_activity_index` (`last_activity`)
) ENGINE=InnoDB DEFAULT CHARSET=utf8mb4 COLLATE=utf8mb4_unicode_ci;

-- Dumping data for table `sessions`

INSERT INTO `sessions` (`id`, `user_id`, `ip_address`, `user_agent`, `payload`, `last_activity`) VALUES ('J4c546gpCTrwpTBO1B6Rs0ArWPpN2xWRReAmeEqE', NULL, '182.253.63.6', 'Mozilla/5.0 (Linux; Android 10; K) AppleWebKit/537.36 (KHTML, like Gecko) Chrome/145.0.0.0 Mobile Safari/537.36', 'YTo0OntzOjY6Il90b2tlbiI7czo0MDoiTEl2bTQwaGc1MEtyWlhtM2J5M3Y4OWZRbUk1VVVENTFyWGM0MGluZyI7czozOiJ1cmwiO2E6MTp7czo4OiJpbnRlbmRlZCI7czo3ODoiaHR0cHM6Ly9wb3MuZXJrYWdyYXBoaWEuY29tL3Byb2R1a3NpP2NhdGVnb3J5PWFsbCZtb2RlPXBlcl9pdGVtJnNlYXJjaD1PdXRkb29yIjt9czo5OiJfcHJldmlvdXMiO2E6MTp7czozOiJ1cmwiO3M6MzM6Imh0dHBzOi8vcG9zLmVya2FncmFwaGlhLmNvbS9sb2dpbiI7fXM6NjoiX2ZsYXNoIjthOjI6e3M6Mzoib2xkIjthOjA6e31zOjM6Im5ldyI7YTowOnt9fX0=', '1772892714');
INSERT INTO `sessions` (`id`, `user_id`, `ip_address`, `user_agent`, `payload`, `last_activity`) VALUES ('jxFVw3zz4kMrxnkd2YTJfAgvWSqwRGWg7Cg4BpCv', '1', '103.87.231.226', 'Mozilla/5.0 (Windows NT 10.0; Win64; x64; rv:148.0) Gecko/20100101 Firefox/148.0', 'YTo1OntzOjY6Il90b2tlbiI7czo0MDoicWdzbEtmSm1yaWtHeXdMWGtPb0xGaG10NE42WlE4MDA1dHpkZFpucCI7czozOiJ1cmwiO2E6MDp7fXM6OToiX3ByZXZpb3VzIjthOjE6e3M6MzoidXJsIjtzOjM1OiJodHRwczovL3Bvcy5lcmthZ3JhcGhpYS5jb20vYmFja3VwcyI7fXM6NjoiX2ZsYXNoIjthOjI6e3M6Mzoib2xkIjthOjA6e31zOjM6Im5ldyI7YTowOnt9fXM6NTA6ImxvZ2luX3dlYl81OWJhMzZhZGRjMmIyZjk0MDE1ODBmMDE0YzdmNThlYTRlMzA5ODlkIjtpOjE7fQ==', '1772899039');
INSERT INTO `sessions` (`id`, `user_id`, `ip_address`, `user_agent`, `payload`, `last_activity`) VALUES ('OQ6rqZLdr3VUxcogtsvnVL70DiIbwGAZtDHlgQsI', '17', '182.253.63.6', 'Mozilla/5.0 (Windows NT 10.0; Win64; x64) AppleWebKit/537.36 (KHTML, like Gecko) Chrome/109.0.0.0 Safari/537.36', 'YTo0OntzOjY6Il90b2tlbiI7czo0MDoidUNFanp0a1BuNlBLSmdwM2dUZ3Y4ZFFPWUdIRXJtTkxXdXZVQlVPdSI7czo2OiJfZmxhc2giO2E6Mjp7czozOiJvbGQiO2E6MDp7fXM6MzoibmV3IjthOjA6e319czo5OiJfcHJldmlvdXMiO2E6MTp7czozOiJ1cmwiO3M6NjQ6Imh0dHBzOi8vcG9zLmVya2FncmFwaGlhLmNvbS9vcGVyYXRvci9kYXNoYm9hcmQvbGl2ZT9zaW5jZV9pZD03MDAiO31zOjUwOiJsb2dpbl93ZWJfNTliYTM2YWRkYzJiMmY5NDAxNTgwZjAxNGM3ZjU4ZWE0ZTMwOTg5ZCI7aToxNzt9', '1772899042');

-- --------------------------------------------------------
-- Table structure for table `stock_movements`
-- --------------------------------------------------------

CREATE TABLE `stock_movements` (
  `id` bigint(20) unsigned NOT NULL AUTO_INCREMENT,
  `material_id` bigint(20) unsigned NOT NULL,
  `type` enum('in','out','damaged','adjustment') NOT NULL,
  `quantity` decimal(15,2) NOT NULL,
  `unit_price` decimal(15,2) NOT NULL DEFAULT 0.00,
  `total_price` decimal(15,2) NOT NULL DEFAULT 0.00,
  `reference_type` varchar(255) DEFAULT NULL,
  `reference_id` bigint(20) unsigned DEFAULT NULL,
  `notes` text DEFAULT NULL,
  `user_id` bigint(20) unsigned DEFAULT NULL,
  `created_at` timestamp NULL DEFAULT NULL,
  `updated_at` timestamp NULL DEFAULT NULL,
  PRIMARY KEY (`id`),
  KEY `stock_movements_user_id_foreign` (`user_id`),
  KEY `stock_movements_material_id_type_index` (`material_id`,`type`),
  KEY `stock_movements_reference_type_reference_id_index` (`reference_type`,`reference_id`),
  CONSTRAINT `stock_movements_material_id_foreign` FOREIGN KEY (`material_id`) REFERENCES `materials` (`id`) ON DELETE CASCADE,
  CONSTRAINT `stock_movements_user_id_foreign` FOREIGN KEY (`user_id`) REFERENCES `users` (`id`) ON DELETE SET NULL
) ENGINE=InnoDB AUTO_INCREMENT=1304 DEFAULT CHARSET=utf8mb4 COLLATE=utf8mb4_unicode_ci;

-- Dumping data for table `stock_movements`

INSERT INTO `stock_movements` (`id`, `material_id`, `type`, `quantity`, `unit_price`, `total_price`, `reference_type`, `reference_id`, `notes`, `user_id`, `created_at`, `updated_at`) VALUES ('14', '62', 'out', '6.00', '0.00', '0.00', 'App\\Models\\Order', '9', 'Order #INV-20260227-0001 - kunyuk', '1', '2026-02-27 13:56:04', '2026-02-27 13:56:04');
INSERT INTO `stock_movements` (`id`, `material_id`, `type`, `quantity`, `unit_price`, `total_price`, `reference_type`, `reference_id`, `notes`, `user_id`, `created_at`, `updated_at`) VALUES ('15', '62', 'out', '8.00', '0.00', '0.00', 'App\\Models\\Order', '10', 'Order #INV-20260227-0002 - Fajar rk', '1', '2026-02-27 14:17:50', '2026-02-27 14:17:50');
INSERT INTO `stock_movements` (`id`, `material_id`, `type`, `quantity`, `unit_price`, `total_price`, `reference_type`, `reference_id`, `notes`, `user_id`, `created_at`, `updated_at`) VALUES ('16', '47', 'out', '1.00', '0.00', '0.00', 'App\\Models\\Order', '11', 'Order #INV-20260228-0001 - xxx', '3', '2026-02-28 08:22:00', '2026-02-28 08:22:00');
INSERT INTO `stock_movements` (`id`, `material_id`, `type`, `quantity`, `unit_price`, `total_price`, `reference_type`, `reference_id`, `notes`, `user_id`, `created_at`, `updated_at`) VALUES ('17', '47', 'out', '9.00', '0.00', '0.00', 'App\\Models\\Order', '12', 'Order #INV-20260228-0002 - aaa', '3', '2026-02-28 08:24:00', '2026-02-28 08:24:00');
INSERT INTO `stock_movements` (`id`, `material_id`, `type`, `quantity`, `unit_price`, `total_price`, `reference_type`, `reference_id`, `notes`, `user_id`, `created_at`, `updated_at`) VALUES ('18', '62', 'out', '1.00', '0.00', '0.00', 'App\\Models\\Order', '13', 'Order #INV-20260228-0003 - asda', '3', '2026-02-28 08:28:34', '2026-02-28 08:28:34');
INSERT INTO `stock_movements` (`id`, `material_id`, `type`, `quantity`, `unit_price`, `total_price`, `reference_type`, `reference_id`, `notes`, `user_id`, `created_at`, `updated_at`) VALUES ('19', '47', 'out', '111.00', '0.00', '0.00', 'App\\Models\\Order', '14', 'Order #INV-20260228-0004 - xx', '1', '2026-02-28 08:30:48', '2026-02-28 08:30:48');
INSERT INTO `stock_movements` (`id`, `material_id`, `type`, `quantity`, `unit_price`, `total_price`, `reference_type`, `reference_id`, `notes`, `user_id`, `created_at`, `updated_at`) VALUES ('20', '47', 'out', '1.00', '0.00', '0.00', 'App\\Models\\Order', '15', 'Order #INV-20260228-0005 - aaaa', '1', '2026-02-28 09:19:32', '2026-02-28 09:19:32');
INSERT INTO `stock_movements` (`id`, `material_id`, `type`, `quantity`, `unit_price`, `total_price`, `reference_type`, `reference_id`, `notes`, `user_id`, `created_at`, `updated_at`) VALUES ('21', '47', 'out', '1.00', '0.00', '0.00', 'App\\Models\\Order', '16', 'Order #INV-20260228-0006 - jhjh', '1', '2026-02-28 09:21:13', '2026-02-28 09:21:13');
INSERT INTO `stock_movements` (`id`, `material_id`, `type`, `quantity`, `unit_price`, `total_price`, `reference_type`, `reference_id`, `notes`, `user_id`, `created_at`, `updated_at`) VALUES ('22', '61', 'in', '680.00', '18000.00', '12240000.00', NULL, NULL, 'prinmate', '8', '2026-02-28 16:36:25', '2026-02-28 16:36:25');
INSERT INTO `stock_movements` (`id`, `material_id`, `type`, `quantity`, `unit_price`, `total_price`, `reference_type`, `reference_id`, `notes`, `user_id`, `created_at`, `updated_at`) VALUES ('23', '101', 'in', '60.00', '20000.00', '1200000.00', NULL, NULL, 'prinmate', '8', '2026-02-28 16:43:07', '2026-02-28 16:43:07');
INSERT INTO `stock_movements` (`id`, `material_id`, `type`, `quantity`, `unit_price`, `total_price`, `reference_type`, `reference_id`, `notes`, `user_id`, `created_at`, `updated_at`) VALUES ('24', '64', 'in', '55.00', '45000.00', '2475000.00', NULL, NULL, 'prinmate', '8', '2026-02-28 16:43:37', '2026-02-28 16:43:37');
INSERT INTO `stock_movements` (`id`, `material_id`, `type`, `quantity`, `unit_price`, `total_price`, `reference_type`, `reference_id`, `notes`, `user_id`, `created_at`, `updated_at`) VALUES ('25', '62', 'in', '150.00', '15000.00', '2250000.00', NULL, NULL, 'visi media', '8', '2026-02-28 16:44:25', '2026-02-28 16:44:25');
INSERT INTO `stock_movements` (`id`, `material_id`, `type`, `quantity`, `unit_price`, `total_price`, `reference_type`, `reference_id`, `notes`, `user_id`, `created_at`, `updated_at`) VALUES ('26', '63', 'in', '180.00', '18000.00', '3240000.00', NULL, NULL, NULL, '8', '2026-02-28 16:45:11', '2026-02-28 16:45:11');
INSERT INTO `stock_movements` (`id`, `material_id`, `type`, `quantity`, `unit_price`, `total_price`, `reference_type`, `reference_id`, `notes`, `user_id`, `created_at`, `updated_at`) VALUES ('27', '66', 'in', '40.00', '2600.00', '104000.00', NULL, NULL, 'visi media', '8', '2026-02-28 16:45:57', '2026-02-28 16:45:57');
INSERT INTO `stock_movements` (`id`, `material_id`, `type`, `quantity`, `unit_price`, `total_price`, `reference_type`, `reference_id`, `notes`, `user_id`, `created_at`, `updated_at`) VALUES ('28', '82', 'in', '820.00', '8500.00', '6970000.00', NULL, NULL, 'prinmate', '8', '2026-02-28 16:47:11', '2026-02-28 16:47:11');
INSERT INTO `stock_movements` (`id`, `material_id`, `type`, `quantity`, `unit_price`, `total_price`, `reference_type`, `reference_id`, `notes`, `user_id`, `created_at`, `updated_at`) VALUES ('29', '81', 'in', '490.00', '8500.00', '4165000.00', NULL, NULL, 'prinmate', '8', '2026-02-28 16:52:41', '2026-02-28 16:52:41');
INSERT INTO `stock_movements` (`id`, `material_id`, `type`, `quantity`, `unit_price`, `total_price`, `reference_type`, `reference_id`, `notes`, `user_id`, `created_at`, `updated_at`) VALUES ('31', '65', 'in', '35.00', '45000.00', '1575000.00', NULL, NULL, 'visi media', '8', '2026-03-01 07:05:22', '2026-03-01 07:05:22');
INSERT INTO `stock_movements` (`id`, `material_id`, `type`, `quantity`, `unit_price`, `total_price`, `reference_type`, `reference_id`, `notes`, `user_id`, `created_at`, `updated_at`) VALUES ('32', '70', 'in', '27.00', '21000.00', '567000.00', NULL, NULL, 'VISI MEDIA', '8', '2026-03-01 07:10:32', '2026-03-01 07:10:32');
INSERT INTO `stock_movements` (`id`, `material_id`, `type`, `quantity`, `unit_price`, `total_price`, `reference_type`, `reference_id`, `notes`, `user_id`, `created_at`, `updated_at`) VALUES ('33', '71', 'in', '21.00', '35000.00', '735000.00', NULL, NULL, 'VISI MEDIA', '8', '2026-03-01 07:11:11', '2026-03-01 07:11:11');
INSERT INTO `stock_movements` (`id`, `material_id`, `type`, `quantity`, `unit_price`, `total_price`, `reference_type`, `reference_id`, `notes`, `user_id`, `created_at`, `updated_at`) VALUES ('34', '74', 'in', '3.00', '75000.00', '225000.00', NULL, NULL, 'ONLINE', '8', '2026-03-01 07:11:52', '2026-03-01 07:11:52');
INSERT INTO `stock_movements` (`id`, `material_id`, `type`, `quantity`, `unit_price`, `total_price`, `reference_type`, `reference_id`, `notes`, `user_id`, `created_at`, `updated_at`) VALUES ('35', '76', 'in', '95.00', '12000.00', '1140000.00', NULL, NULL, 'VISI MEDIA', '8', '2026-03-01 07:14:24', '2026-03-01 07:14:24');
INSERT INTO `stock_movements` (`id`, `material_id`, `type`, `quantity`, `unit_price`, `total_price`, `reference_type`, `reference_id`, `notes`, `user_id`, `created_at`, `updated_at`) VALUES ('36', '77', 'in', '50.00', '35000.00', '1750000.00', NULL, NULL, 'VISI MEDIA', '8', '2026-03-01 07:15:21', '2026-03-01 07:15:21');
INSERT INTO `stock_movements` (`id`, `material_id`, `type`, `quantity`, `unit_price`, `total_price`, `reference_type`, `reference_id`, `notes`, `user_id`, `created_at`, `updated_at`) VALUES ('37', '79', 'in', '1.00', '130000.00', '130000.00', NULL, NULL, 'VISI MEDIA', '8', '2026-03-01 07:16:12', '2026-03-01 07:16:12');
INSERT INTO `stock_movements` (`id`, `material_id`, `type`, `quantity`, `unit_price`, `total_price`, `reference_type`, `reference_id`, `notes`, `user_id`, `created_at`, `updated_at`) VALUES ('38', '80', 'in', '120.00', '11000.00', '1320000.00', NULL, NULL, 'VISI MEDIA', '8', '2026-03-01 07:27:57', '2026-03-01 07:27:57');
INSERT INTO `stock_movements` (`id`, `material_id`, `type`, `quantity`, `unit_price`, `total_price`, `reference_type`, `reference_id`, `notes`, `user_id`, `created_at`, `updated_at`) VALUES ('39', '85', 'in', '722.00', '5700.00', '4115400.00', NULL, NULL, 'VISI MEDIA', '8', '2026-03-01 07:28:59', '2026-03-01 07:28:59');
INSERT INTO `stock_movements` (`id`, `material_id`, `type`, `quantity`, `unit_price`, `total_price`, `reference_type`, `reference_id`, `notes`, `user_id`, `created_at`, `updated_at`) VALUES ('40', '86', 'in', '120.00', '7700.00', '924000.00', NULL, NULL, 'VISI MEDIA', '8', '2026-03-01 07:29:33', '2026-03-01 07:29:33');
INSERT INTO `stock_movements` (`id`, `material_id`, `type`, `quantity`, `unit_price`, `total_price`, `reference_type`, `reference_id`, `notes`, `user_id`, `created_at`, `updated_at`) VALUES ('41', '87', 'in', '265.00', '19000.00', '5035000.00', NULL, NULL, 'VISI MEDIA', '8', '2026-03-01 07:30:51', '2026-03-01 07:30:51');
INSERT INTO `stock_movements` (`id`, `material_id`, `type`, `quantity`, `unit_price`, `total_price`, `reference_type`, `reference_id`, `notes`, `user_id`, `created_at`, `updated_at`) VALUES ('42', '88', 'in', '95.00', '18000.00', '1710000.00', NULL, NULL, NULL, '8', '2026-03-01 07:31:35', '2026-03-01 07:31:35');
INSERT INTO `stock_movements` (`id`, `material_id`, `type`, `quantity`, `unit_price`, `total_price`, `reference_type`, `reference_id`, `notes`, `user_id`, `created_at`, `updated_at`) VALUES ('43', '89', 'in', '160.00', '21500.00', '3440000.00', NULL, NULL, NULL, '8', '2026-03-01 07:32:15', '2026-03-01 07:32:15');
INSERT INTO `stock_movements` (`id`, `material_id`, `type`, `quantity`, `unit_price`, `total_price`, `reference_type`, `reference_id`, `notes`, `user_id`, `created_at`, `updated_at`) VALUES ('44', '44', 'in', '700.00', '365.00', '255500.00', NULL, NULL, 'INDAH SARI ABADI', '8', '2026-03-01 07:33:32', '2026-03-01 07:33:32');
INSERT INTO `stock_movements` (`id`, `material_id`, `type`, `quantity`, `unit_price`, `total_price`, `reference_type`, `reference_id`, `notes`, `user_id`, `created_at`, `updated_at`) VALUES ('45', '45', 'in', '1395.00', '455.00', '634725.00', NULL, NULL, 'INDAH SARI ABADI', '8', '2026-03-01 07:34:22', '2026-03-01 07:34:22');
INSERT INTO `stock_movements` (`id`, `material_id`, `type`, `quantity`, `unit_price`, `total_price`, `reference_type`, `reference_id`, `notes`, `user_id`, `created_at`, `updated_at`) VALUES ('46', '46', 'in', '375.00', '575.00', '215625.00', NULL, NULL, 'INDAH SARI ABADI', '8', '2026-03-01 07:34:57', '2026-03-01 07:34:57');
INSERT INTO `stock_movements` (`id`, `material_id`, `type`, `quantity`, `unit_price`, `total_price`, `reference_type`, `reference_id`, `notes`, `user_id`, `created_at`, `updated_at`) VALUES ('47', '48', 'in', '750.00', '775.00', '581250.00', NULL, NULL, 'INDAH SARI ABADI', '8', '2026-03-01 07:35:44', '2026-03-01 07:35:44');
INSERT INTO `stock_movements` (`id`, `material_id`, `type`, `quantity`, `unit_price`, `total_price`, `reference_type`, `reference_id`, `notes`, `user_id`, `created_at`, `updated_at`) VALUES ('49', '49', 'in', '230.00', '889.00', '204470.00', NULL, NULL, 'INDAH SARI ABADI', '8', '2026-03-01 07:42:54', '2026-03-01 07:42:54');
INSERT INTO `stock_movements` (`id`, `material_id`, `type`, `quantity`, `unit_price`, `total_price`, `reference_type`, `reference_id`, `notes`, `user_id`, `created_at`, `updated_at`) VALUES ('50', '50', 'in', '300.00', '965.00', '289500.00', NULL, NULL, 'INDAH SARI ABADI', '8', '2026-03-01 07:49:34', '2026-03-01 07:49:34');
INSERT INTO `stock_movements` (`id`, `material_id`, `type`, `quantity`, `unit_price`, `total_price`, `reference_type`, `reference_id`, `notes`, `user_id`, `created_at`, `updated_at`) VALUES ('51', '51', 'in', '1000.00', '242.00', '242000.00', NULL, NULL, 'INDAH SARI ABADI', '8', '2026-03-01 07:50:36', '2026-03-01 07:50:36');
INSERT INTO `stock_movements` (`id`, `material_id`, `type`, `quantity`, `unit_price`, `total_price`, `reference_type`, `reference_id`, `notes`, `user_id`, `created_at`, `updated_at`) VALUES ('52', '53', 'in', '220.00', '1625.00', '357500.00', NULL, NULL, 'INDAH SARI ABADI', '8', '2026-03-01 07:51:08', '2026-03-01 07:51:08');
INSERT INTO `stock_movements` (`id`, `material_id`, `type`, `quantity`, `unit_price`, `total_price`, `reference_type`, `reference_id`, `notes`, `user_id`, `created_at`, `updated_at`) VALUES ('53', '55', 'in', '345.00', '1088.00', '375360.00', NULL, NULL, 'INDAH SARI ABADI', '8', '2026-03-01 07:51:58', '2026-03-01 07:51:58');
INSERT INTO `stock_movements` (`id`, `material_id`, `type`, `quantity`, `unit_price`, `total_price`, `reference_type`, `reference_id`, `notes`, `user_id`, `created_at`, `updated_at`) VALUES ('54', '56', 'in', '31.00', '3900.00', '120900.00', NULL, NULL, 'INDAH SARI ABADI', '8', '2026-03-01 07:52:23', '2026-03-01 07:52:23');
INSERT INTO `stock_movements` (`id`, `material_id`, `type`, `quantity`, `unit_price`, `total_price`, `reference_type`, `reference_id`, `notes`, `user_id`, `created_at`, `updated_at`) VALUES ('55', '57', 'in', '35535.00', '1018.00', '36174630.00', NULL, NULL, 'DSI', '8', '2026-03-01 07:53:22', '2026-03-01 07:53:22');
INSERT INTO `stock_movements` (`id`, `material_id`, `type`, `quantity`, `unit_price`, `total_price`, `reference_type`, `reference_id`, `notes`, `user_id`, `created_at`, `updated_at`) VALUES ('56', '58', 'in', '2914.00', '1018.00', '2966452.00', NULL, NULL, 'DSI', '8', '2026-03-01 07:54:00', '2026-03-01 07:54:00');
INSERT INTO `stock_movements` (`id`, `material_id`, `type`, `quantity`, `unit_price`, `total_price`, `reference_type`, `reference_id`, `notes`, `user_id`, `created_at`, `updated_at`) VALUES ('57', '59', 'in', '3250.00', '2477.00', '8050250.00', NULL, NULL, 'DSI', '8', '2026-03-01 07:55:22', '2026-03-01 07:55:22');
INSERT INTO `stock_movements` (`id`, `material_id`, `type`, `quantity`, `unit_price`, `total_price`, `reference_type`, `reference_id`, `notes`, `user_id`, `created_at`, `updated_at`) VALUES ('58', '60', 'in', '1085.00', '2477.00', '2687545.00', NULL, NULL, 'DSI', '8', '2026-03-01 07:56:05', '2026-03-01 07:56:05');
INSERT INTO `stock_movements` (`id`, `material_id`, `type`, `quantity`, `unit_price`, `total_price`, `reference_type`, `reference_id`, `notes`, `user_id`, `created_at`, `updated_at`) VALUES ('59', '69', 'in', '1.00', '10000.00', '10000.00', NULL, NULL, 'INDAH SARI ABADI', '8', '2026-03-01 07:57:25', '2026-03-01 07:57:25');
INSERT INTO `stock_movements` (`id`, `material_id`, `type`, `quantity`, `unit_price`, `total_price`, `reference_type`, `reference_id`, `notes`, `user_id`, `created_at`, `updated_at`) VALUES ('60', '68', 'in', '1250.00', '145.00', '181250.00', NULL, NULL, 'ONLINE', '8', '2026-03-01 08:02:23', '2026-03-01 08:02:23');
INSERT INTO `stock_movements` (`id`, `material_id`, `type`, `quantity`, `unit_price`, `total_price`, `reference_type`, `reference_id`, `notes`, `user_id`, `created_at`, `updated_at`) VALUES ('61', '67', 'in', '7500.00', '145.00', '1087500.00', NULL, NULL, 'ONLINE', '8', '2026-03-01 08:02:59', '2026-03-01 08:02:59');
INSERT INTO `stock_movements` (`id`, `material_id`, `type`, `quantity`, `unit_price`, `total_price`, `reference_type`, `reference_id`, `notes`, `user_id`, `created_at`, `updated_at`) VALUES ('62', '52', 'in', '225.00', '525.00', '118125.00', NULL, NULL, 'INDAH SARI ABADI', '8', '2026-03-01 08:03:31', '2026-03-01 08:03:31');
INSERT INTO `stock_movements` (`id`, `material_id`, `type`, `quantity`, `unit_price`, `total_price`, `reference_type`, `reference_id`, `notes`, `user_id`, `created_at`, `updated_at`) VALUES ('63', '93', 'in', '750.00', '250.00', '187500.00', NULL, NULL, 'BINTANG TERANG', '8', '2026-03-01 08:04:05', '2026-03-01 08:04:05');
INSERT INTO `stock_movements` (`id`, `material_id`, `type`, `quantity`, `unit_price`, `total_price`, `reference_type`, `reference_id`, `notes`, `user_id`, `created_at`, `updated_at`) VALUES ('64', '54', 'in', '480.00', '1425.00', '684000.00', NULL, NULL, 'INDAH SARI ABADI', '8', '2026-03-01 08:06:55', '2026-03-01 08:06:55');
INSERT INTO `stock_movements` (`id`, `material_id`, `type`, `quantity`, `unit_price`, `total_price`, `reference_type`, `reference_id`, `notes`, `user_id`, `created_at`, `updated_at`) VALUES ('65', '102', 'in', '1.00', '460000.00', '460000.00', NULL, NULL, 'VISI MEDIA', '8', '2026-03-01 08:07:50', '2026-03-01 08:07:50');
INSERT INTO `stock_movements` (`id`, `material_id`, `type`, `quantity`, `unit_price`, `total_price`, `reference_type`, `reference_id`, `notes`, `user_id`, `created_at`, `updated_at`) VALUES ('66', '72', 'in', '1.00', '105000.00', '105000.00', NULL, NULL, 'VISI MEDIA', '8', '2026-03-01 08:20:45', '2026-03-01 08:20:45');
INSERT INTO `stock_movements` (`id`, `material_id`, `type`, `quantity`, `unit_price`, `total_price`, `reference_type`, `reference_id`, `notes`, `user_id`, `created_at`, `updated_at`) VALUES ('67', '73', 'in', '7.00', '130000.00', '910000.00', NULL, NULL, 'VISI MEDIA', '8', '2026-03-01 08:22:44', '2026-03-01 08:22:44');
INSERT INTO `stock_movements` (`id`, `material_id`, `type`, `quantity`, `unit_price`, `total_price`, `reference_type`, `reference_id`, `notes`, `user_id`, `created_at`, `updated_at`) VALUES ('68', '94', 'in', '50.00', '1000.00', '50000.00', NULL, NULL, 'ONLINE', '8', '2026-03-01 08:23:39', '2026-03-01 08:23:39');
INSERT INTO `stock_movements` (`id`, `material_id`, `type`, `quantity`, `unit_price`, `total_price`, `reference_type`, `reference_id`, `notes`, `user_id`, `created_at`, `updated_at`) VALUES ('69', '91', 'in', '100000000000.00', '0.00', '0.00', NULL, NULL, 'ONLINE', '8', '2026-03-01 10:24:21', '2026-03-01 10:24:21');
INSERT INTO `stock_movements` (`id`, `material_id`, `type`, `quantity`, `unit_price`, `total_price`, `reference_type`, `reference_id`, `notes`, `user_id`, `created_at`, `updated_at`) VALUES ('70', '92', 'in', '100000000000.00', '0.00', '0.00', NULL, NULL, 'ONLINE', '8', '2026-03-01 10:25:30', '2026-03-01 10:25:30');
INSERT INTO `stock_movements` (`id`, `material_id`, `type`, `quantity`, `unit_price`, `total_price`, `reference_type`, `reference_id`, `notes`, `user_id`, `created_at`, `updated_at`) VALUES ('71', '98', 'in', '10000000000.00', '0.00', '0.00', NULL, NULL, 'ONLINE', '8', '2026-03-01 10:26:05', '2026-03-01 10:26:05');
INSERT INTO `stock_movements` (`id`, `material_id`, `type`, `quantity`, `unit_price`, `total_price`, `reference_type`, `reference_id`, `notes`, `user_id`, `created_at`, `updated_at`) VALUES ('72', '99', 'in', '10000000000.00', '0.00', '0.00', NULL, NULL, 'ONLINE', '8', '2026-03-01 10:26:45', '2026-03-01 10:26:45');
INSERT INTO `stock_movements` (`id`, `material_id`, `type`, `quantity`, `unit_price`, `total_price`, `reference_type`, `reference_id`, `notes`, `user_id`, `created_at`, `updated_at`) VALUES ('73', '59', 'out', '20.00', '0.00', '0.00', 'App\\Models\\Order', '17', 'Order #INV-20260302-0001 - relya kemiri', '20', '2026-03-02 10:08:57', '2026-03-02 10:08:57');
INSERT INTO `stock_movements` (`id`, `material_id`, `type`, `quantity`, `unit_price`, `total_price`, `reference_type`, `reference_id`, `notes`, `user_id`, `created_at`, `updated_at`) VALUES ('74', '68', 'out', '20.00', '0.00', '0.00', 'App\\Models\\Order', '17', 'Order #INV-20260302-0001 - relya kemiri', '20', '2026-03-02 10:08:57', '2026-03-02 10:08:57');
INSERT INTO `stock_movements` (`id`, `material_id`, `type`, `quantity`, `unit_price`, `total_price`, `reference_type`, `reference_id`, `notes`, `user_id`, `created_at`, `updated_at`) VALUES ('75', '60', 'out', '4.00', '0.00', '0.00', 'App\\Models\\Order', '18', 'Order #INV-20260302-0002 - glow beauty', '3', '2026-03-02 10:10:46', '2026-03-02 10:10:46');
INSERT INTO `stock_movements` (`id`, `material_id`, `type`, `quantity`, `unit_price`, `total_price`, `reference_type`, `reference_id`, `notes`, `user_id`, `created_at`, `updated_at`) VALUES ('76', '57', 'out', '6.00', '0.00', '0.00', 'App\\Models\\Order', '18', 'Order #INV-20260302-0002 - pipito', '3', '2026-03-02 10:10:46', '2026-03-02 10:10:46');
INSERT INTO `stock_movements` (`id`, `material_id`, `type`, `quantity`, `unit_price`, `total_price`, `reference_type`, `reference_id`, `notes`, `user_id`, `created_at`, `updated_at`) VALUES ('77', '57', 'out', '11.00', '0.00', '0.00', 'App\\Models\\Order', '18', 'Order #INV-20260302-0002 - pipito sedang', '3', '2026-03-02 10:10:46', '2026-03-02 10:10:46');
INSERT INTO `stock_movements` (`id`, `material_id`, `type`, `quantity`, `unit_price`, `total_price`, `reference_type`, `reference_id`, `notes`, `user_id`, `created_at`, `updated_at`) VALUES ('78', '57', 'out', '7.00', '0.00', '0.00', 'App\\Models\\Order', '18', 'Order #INV-20260302-0002 - azzae', '3', '2026-03-02 10:10:46', '2026-03-02 10:10:46');
INSERT INTO `stock_movements` (`id`, `material_id`, `type`, `quantity`, `unit_price`, `total_price`, `reference_type`, `reference_id`, `notes`, `user_id`, `created_at`, `updated_at`) VALUES ('79', '57', 'out', '10.00', '0.00', '0.00', 'App\\Models\\Order', '18', 'Order #INV-20260302-0002 - cahaya rs', '3', '2026-03-02 10:10:46', '2026-03-02 10:10:46');
INSERT INTO `stock_movements` (`id`, `material_id`, `type`, `quantity`, `unit_price`, `total_price`, `reference_type`, `reference_id`, `notes`, `user_id`, `created_at`, `updated_at`) VALUES ('80', '59', 'in', '20.00', '0.00', '0.00', 'App\\Models\\Order', '17', 'Stok dikembalikan - Edit Order #INV-20260302-0001', '20', '2026-03-02 10:12:13', '2026-03-02 10:12:13');
INSERT INTO `stock_movements` (`id`, `material_id`, `type`, `quantity`, `unit_price`, `total_price`, `reference_type`, `reference_id`, `notes`, `user_id`, `created_at`, `updated_at`) VALUES ('81', '68', 'in', '20.00', '0.00', '0.00', 'App\\Models\\Order', '17', 'Stok dikembalikan - Edit Order #INV-20260302-0001', '20', '2026-03-02 10:12:13', '2026-03-02 10:12:13');
INSERT INTO `stock_movements` (`id`, `material_id`, `type`, `quantity`, `unit_price`, `total_price`, `reference_type`, `reference_id`, `notes`, `user_id`, `created_at`, `updated_at`) VALUES ('82', '91', 'out', '20.00', '0.00', '0.00', 'App\\Models\\Order', '17', 'Order #INV-20260302-0001 - relya kemiri', '20', '2026-03-02 10:12:13', '2026-03-02 10:12:13');
INSERT INTO `stock_movements` (`id`, `material_id`, `type`, `quantity`, `unit_price`, `total_price`, `reference_type`, `reference_id`, `notes`, `user_id`, `created_at`, `updated_at`) VALUES ('83', '60', 'in', '4.00', '0.00', '0.00', 'App\\Models\\Order', '18', 'Stok dikembalikan - Edit Order #INV-20260302-0002', '3', '2026-03-02 10:12:52', '2026-03-02 10:12:52');
INSERT INTO `stock_movements` (`id`, `material_id`, `type`, `quantity`, `unit_price`, `total_price`, `reference_type`, `reference_id`, `notes`, `user_id`, `created_at`, `updated_at`) VALUES ('84', '57', 'in', '6.00', '0.00', '0.00', 'App\\Models\\Order', '18', 'Stok dikembalikan - Edit Order #INV-20260302-0002', '3', '2026-03-02 10:12:52', '2026-03-02 10:12:52');
INSERT INTO `stock_movements` (`id`, `material_id`, `type`, `quantity`, `unit_price`, `total_price`, `reference_type`, `reference_id`, `notes`, `user_id`, `created_at`, `updated_at`) VALUES ('85', '57', 'in', '11.00', '0.00', '0.00', 'App\\Models\\Order', '18', 'Stok dikembalikan - Edit Order #INV-20260302-0002', '3', '2026-03-02 10:12:52', '2026-03-02 10:12:52');
INSERT INTO `stock_movements` (`id`, `material_id`, `type`, `quantity`, `unit_price`, `total_price`, `reference_type`, `reference_id`, `notes`, `user_id`, `created_at`, `updated_at`) VALUES ('86', '57', 'in', '7.00', '0.00', '0.00', 'App\\Models\\Order', '18', 'Stok dikembalikan - Edit Order #INV-20260302-0002', '3', '2026-03-02 10:12:52', '2026-03-02 10:12:52');
INSERT INTO `stock_movements` (`id`, `material_id`, `type`, `quantity`, `unit_price`, `total_price`, `reference_type`, `reference_id`, `notes`, `user_id`, `created_at`, `updated_at`) VALUES ('87', '57', 'in', '10.00', '0.00', '0.00', 'App\\Models\\Order', '18', 'Stok dikembalikan - Edit Order #INV-20260302-0002', '3', '2026-03-02 10:12:52', '2026-03-02 10:12:52');
INSERT INTO `stock_movements` (`id`, `material_id`, `type`, `quantity`, `unit_price`, `total_price`, `reference_type`, `reference_id`, `notes`, `user_id`, `created_at`, `updated_at`) VALUES ('88', '48', 'out', '1.00', '0.00', '0.00', 'App\\Models\\Order', '18', 'Order #INV-20260302-0002 - ria zulian', '3', '2026-03-02 10:12:52', '2026-03-02 10:12:52');
INSERT INTO `stock_movements` (`id`, `material_id`, `type`, `quantity`, `unit_price`, `total_price`, `reference_type`, `reference_id`, `notes`, `user_id`, `created_at`, `updated_at`) VALUES ('89', '48', 'in', '1.00', '0.00', '0.00', 'App\\Models\\Order', '18', 'Stok dikembalikan - Edit Order #INV-20260302-0002', '3', '2026-03-02 10:13:24', '2026-03-02 10:13:24');
INSERT INTO `stock_movements` (`id`, `material_id`, `type`, `quantity`, `unit_price`, `total_price`, `reference_type`, `reference_id`, `notes`, `user_id`, `created_at`, `updated_at`) VALUES ('90', '51', 'out', '8.00', '0.00', '0.00', 'App\\Models\\Order', '19', 'Order #INV-20260302-0003 - dinamika 0302', '19', '2026-03-02 10:18:14', '2026-03-02 10:18:14');
INSERT INTO `stock_movements` (`id`, `material_id`, `type`, `quantity`, `unit_price`, `total_price`, `reference_type`, `reference_id`, `notes`, `user_id`, `created_at`, `updated_at`) VALUES ('91', '51', 'out', '8.00', '0.00', '0.00', 'App\\Models\\Order', '19', 'Order #INV-20260302-0003 - sekabar', '19', '2026-03-02 10:18:14', '2026-03-02 10:18:14');
INSERT INTO `stock_movements` (`id`, `material_id`, `type`, `quantity`, `unit_price`, `total_price`, `reference_type`, `reference_id`, `notes`, `user_id`, `created_at`, `updated_at`) VALUES ('92', '57', 'out', '4.00', '0.00', '0.00', 'App\\Models\\Order', '20', 'Order #INV-20260302-0004 - maps sc', '20', '2026-03-02 10:20:34', '2026-03-02 10:20:34');
INSERT INTO `stock_movements` (`id`, `material_id`, `type`, `quantity`, `unit_price`, `total_price`, `reference_type`, `reference_id`, `notes`, `user_id`, `created_at`, `updated_at`) VALUES ('93', '91', 'out', '4.00', '0.00', '0.00', 'App\\Models\\Order', '20', 'Order #INV-20260302-0004 - maps sc', '20', '2026-03-02 10:20:34', '2026-03-02 10:20:34');
INSERT INTO `stock_movements` (`id`, `material_id`, `type`, `quantity`, `unit_price`, `total_price`, `reference_type`, `reference_id`, `notes`, `user_id`, `created_at`, `updated_at`) VALUES ('94', '85', 'out', '6.00', '0.00', '0.00', 'App\\Models\\Order', '21', 'Order #INV-20260302-0005 - PATRA NIAGA', '3', '2026-03-02 10:32:24', '2026-03-02 10:32:24');
INSERT INTO `stock_movements` (`id`, `material_id`, `type`, `quantity`, `unit_price`, `total_price`, `reference_type`, `reference_id`, `notes`, `user_id`, `created_at`, `updated_at`) VALUES ('95', '85', 'out', '2.40', '0.00', '0.00', 'App\\Models\\Order', '21', 'Order #INV-20260302-0005 - PATRA NIAGA 2', '3', '2026-03-02 10:32:24', '2026-03-02 10:32:24');
INSERT INTO `stock_movements` (`id`, `material_id`, `type`, `quantity`, `unit_price`, `total_price`, `reference_type`, `reference_id`, `notes`, `user_id`, `created_at`, `updated_at`) VALUES ('96', '85', 'out', '10.00', '0.00', '0.00', 'App\\Models\\Order', '21', 'Order #INV-20260302-0005 - PANGKALAN', '3', '2026-03-02 10:32:24', '2026-03-02 10:32:24');
INSERT INTO `stock_movements` (`id`, `material_id`, `type`, `quantity`, `unit_price`, `total_price`, `reference_type`, `reference_id`, `notes`, `user_id`, `created_at`, `updated_at`) VALUES ('97', '85', 'out', '2.00', '0.00', '0.00', 'App\\Models\\Order', '21', 'Order #INV-20260302-0005 - AGEN LPG', '3', '2026-03-02 10:32:24', '2026-03-02 10:32:24');
INSERT INTO `stock_movements` (`id`, `material_id`, `type`, `quantity`, `unit_price`, `total_price`, `reference_type`, `reference_id`, `notes`, `user_id`, `created_at`, `updated_at`) VALUES ('98', '44', 'out', '12.00', '0.00', '0.00', 'App\\Models\\Order', '22', 'Order #INV-20260302-0006 - lalabelt', '20', '2026-03-02 10:34:05', '2026-03-02 10:34:05');
INSERT INTO `stock_movements` (`id`, `material_id`, `type`, `quantity`, `unit_price`, `total_price`, `reference_type`, `reference_id`, `notes`, `user_id`, `created_at`, `updated_at`) VALUES ('99', '44', 'out', '8.00', '0.00', '0.00', 'App\\Models\\Order', '23', 'Order #INV-20260302-0007 - argarian', '19', '2026-03-02 10:35:30', '2026-03-02 10:35:30');
INSERT INTO `stock_movements` (`id`, `material_id`, `type`, `quantity`, `unit_price`, `total_price`, `reference_type`, `reference_id`, `notes`, `user_id`, `created_at`, `updated_at`) VALUES ('100', '57', 'out', '1.00', '0.00', '0.00', 'App\\Models\\Order', '24', 'Order #INV-20260302-0008 - vans', '3', '2026-03-02 10:37:42', '2026-03-02 10:37:42');
INSERT INTO `stock_movements` (`id`, `material_id`, `type`, `quantity`, `unit_price`, `total_price`, `reference_type`, `reference_id`, `notes`, `user_id`, `created_at`, `updated_at`) VALUES ('101', '57', 'out', '15.00', '0.00', '0.00', 'App\\Models\\Order', '25', 'Order #INV-20260302-0009 - lk you', '20', '2026-03-02 10:45:54', '2026-03-02 10:45:54');
INSERT INTO `stock_movements` (`id`, `material_id`, `type`, `quantity`, `unit_price`, `total_price`, `reference_type`, `reference_id`, `notes`, `user_id`, `created_at`, `updated_at`) VALUES ('102', '68', 'out', '15.00', '0.00', '0.00', 'App\\Models\\Order', '25', 'Order #INV-20260302-0009 - lk you', '20', '2026-03-02 10:45:54', '2026-03-02 10:45:54');
INSERT INTO `stock_movements` (`id`, `material_id`, `type`, `quantity`, `unit_price`, `total_price`, `reference_type`, `reference_id`, `notes`, `user_id`, `created_at`, `updated_at`) VALUES ('103', '91', 'out', '15.00', '0.00', '0.00', 'App\\Models\\Order', '25', 'Order #INV-20260302-0009 - lk you', '20', '2026-03-02 10:45:54', '2026-03-02 10:45:54');
INSERT INTO `stock_movements` (`id`, `material_id`, `type`, `quantity`, `unit_price`, `total_price`, `reference_type`, `reference_id`, `notes`, `user_id`, `created_at`, `updated_at`) VALUES ('104', '57', 'in', '15.00', '0.00', '0.00', 'App\\Models\\Order', '25', 'Stok dikembalikan - Edit Order #INV-20260302-0009', '20', '2026-03-02 10:46:31', '2026-03-02 10:46:31');
INSERT INTO `stock_movements` (`id`, `material_id`, `type`, `quantity`, `unit_price`, `total_price`, `reference_type`, `reference_id`, `notes`, `user_id`, `created_at`, `updated_at`) VALUES ('105', '68', 'in', '15.00', '0.00', '0.00', 'App\\Models\\Order', '25', 'Stok dikembalikan - Edit Order #INV-20260302-0009', '20', '2026-03-02 10:46:31', '2026-03-02 10:46:31');
INSERT INTO `stock_movements` (`id`, `material_id`, `type`, `quantity`, `unit_price`, `total_price`, `reference_type`, `reference_id`, `notes`, `user_id`, `created_at`, `updated_at`) VALUES ('106', '91', 'in', '15.00', '0.00', '0.00', 'App\\Models\\Order', '25', 'Stok dikembalikan - Edit Order #INV-20260302-0009', '20', '2026-03-02 10:46:31', '2026-03-02 10:46:31');
INSERT INTO `stock_movements` (`id`, `material_id`, `type`, `quantity`, `unit_price`, `total_price`, `reference_type`, `reference_id`, `notes`, `user_id`, `created_at`, `updated_at`) VALUES ('107', '58', 'out', '100.00', '0.00', '0.00', 'App\\Models\\Order', '26', 'Order #INV-20260302-0010 - krenyess', '3', '2026-03-02 10:51:22', '2026-03-02 10:51:22');
INSERT INTO `stock_movements` (`id`, `material_id`, `type`, `quantity`, `unit_price`, `total_price`, `reference_type`, `reference_id`, `notes`, `user_id`, `created_at`, `updated_at`) VALUES ('108', '58', 'in', '100.00', '0.00', '0.00', 'App\\Models\\Order', '26', 'Stok dikembalikan - Edit Order #INV-20260302-0010', '3', '2026-03-02 10:52:10', '2026-03-02 10:52:10');
INSERT INTO `stock_movements` (`id`, `material_id`, `type`, `quantity`, `unit_price`, `total_price`, `reference_type`, `reference_id`, `notes`, `user_id`, `created_at`, `updated_at`) VALUES ('109', '57', 'out', '100.00', '0.00', '0.00', 'App\\Models\\Order', '26', 'Order #INV-20260302-0010 - krenyess', '3', '2026-03-02 10:52:10', '2026-03-02 10:52:10');
INSERT INTO `stock_movements` (`id`, `material_id`, `type`, `quantity`, `unit_price`, `total_price`, `reference_type`, `reference_id`, `notes`, `user_id`, `created_at`, `updated_at`) VALUES ('110', '48', 'out', '9.00', '0.00', '0.00', 'App\\Models\\Order', '27', 'Order #INV-20260302-0011 - beny daryono', '20', '2026-03-02 10:56:30', '2026-03-02 10:56:30');
INSERT INTO `stock_movements` (`id`, `material_id`, `type`, `quantity`, `unit_price`, `total_price`, `reference_type`, `reference_id`, `notes`, `user_id`, `created_at`, `updated_at`) VALUES ('111', '57', 'out', '30.00', '0.00', '0.00', 'App\\Models\\Order', '28', 'Order #INV-20260302-0012 - si biru new x7 MUDIN', '23', '2026-03-02 11:07:09', '2026-03-02 11:07:09');
INSERT INTO `stock_movements` (`id`, `material_id`, `type`, `quantity`, `unit_price`, `total_price`, `reference_type`, `reference_id`, `notes`, `user_id`, `created_at`, `updated_at`) VALUES ('112', '48', 'out', '40.00', '0.00', '0.00', 'App\\Models\\Order', '28', 'Order #INV-20260302-0012 - enyong lure MUDIN', '23', '2026-03-02 11:07:09', '2026-03-02 11:07:09');
INSERT INTO `stock_movements` (`id`, `material_id`, `type`, `quantity`, `unit_price`, `total_price`, `reference_type`, `reference_id`, `notes`, `user_id`, `created_at`, `updated_at`) VALUES ('113', '53', 'out', '1.00', '0.00', '0.00', 'App\\Models\\Order', '29', 'Order #INV-20260302-0013 - yanvaldi', '20', '2026-03-02 11:07:41', '2026-03-02 11:07:41');
INSERT INTO `stock_movements` (`id`, `material_id`, `type`, `quantity`, `unit_price`, `total_price`, `reference_type`, `reference_id`, `notes`, `user_id`, `created_at`, `updated_at`) VALUES ('114', '48', 'out', '20.00', '0.00', '0.00', 'App\\Models\\Order', '30', 'Order #INV-20260302-0014 - balai busana', '19', '2026-03-02 11:09:09', '2026-03-02 11:09:09');
INSERT INTO `stock_movements` (`id`, `material_id`, `type`, `quantity`, `unit_price`, `total_price`, `reference_type`, `reference_id`, `notes`, `user_id`, `created_at`, `updated_at`) VALUES ('115', '57', 'in', '30.00', '0.00', '0.00', 'App\\Models\\Order', '28', 'Stok dikembalikan - Edit Order #INV-20260302-0012', '19', '2026-03-02 11:11:28', '2026-03-02 11:11:28');
INSERT INTO `stock_movements` (`id`, `material_id`, `type`, `quantity`, `unit_price`, `total_price`, `reference_type`, `reference_id`, `notes`, `user_id`, `created_at`, `updated_at`) VALUES ('116', '48', 'in', '40.00', '0.00', '0.00', 'App\\Models\\Order', '28', 'Stok dikembalikan - Edit Order #INV-20260302-0012', '19', '2026-03-02 11:11:28', '2026-03-02 11:11:28');
INSERT INTO `stock_movements` (`id`, `material_id`, `type`, `quantity`, `unit_price`, `total_price`, `reference_type`, `reference_id`, `notes`, `user_id`, `created_at`, `updated_at`) VALUES ('117', '44', 'in', '8.00', '0.00', '0.00', 'App\\Models\\Order', '23', 'Stok dikembalikan - Edit Order #INV-20260302-0007', '19', '2026-03-02 11:11:58', '2026-03-02 11:11:58');
INSERT INTO `stock_movements` (`id`, `material_id`, `type`, `quantity`, `unit_price`, `total_price`, `reference_type`, `reference_id`, `notes`, `user_id`, `created_at`, `updated_at`) VALUES ('118', '47', 'out', '4.00', '0.00', '0.00', 'App\\Models\\Order', '31', 'Order #INV-20260302-0015 - nonome', '20', '2026-03-02 11:14:44', '2026-03-02 11:14:44');
INSERT INTO `stock_movements` (`id`, `material_id`, `type`, `quantity`, `unit_price`, `total_price`, `reference_type`, `reference_id`, `notes`, `user_id`, `created_at`, `updated_at`) VALUES ('119', '61', 'out', '0.60', '0.00', '0.00', 'App\\Models\\Order', '32', 'Order #INV-20260302-0016 - foto anak kecil', '3', '2026-03-02 11:15:31', '2026-03-02 11:15:31');
INSERT INTO `stock_movements` (`id`, `material_id`, `type`, `quantity`, `unit_price`, `total_price`, `reference_type`, `reference_id`, `notes`, `user_id`, `created_at`, `updated_at`) VALUES ('120', '90', 'out', '14.00', '0.00', '0.00', 'App\\Models\\Order', '33', 'Order #INV-20260302-0017 - fashionbie & ukong', '3', '2026-03-02 11:19:01', '2026-03-02 11:19:01');
INSERT INTO `stock_movements` (`id`, `material_id`, `type`, `quantity`, `unit_price`, `total_price`, `reference_type`, `reference_id`, `notes`, `user_id`, `created_at`, `updated_at`) VALUES ('121', '57', 'out', '5.00', '0.00', '0.00', 'App\\Models\\Order', '33', 'Order #INV-20260302-0017 - fashionbie & ukong', '3', '2026-03-02 11:19:01', '2026-03-02 11:19:01');
INSERT INTO `stock_movements` (`id`, `material_id`, `type`, `quantity`, `unit_price`, `total_price`, `reference_type`, `reference_id`, `notes`, `user_id`, `created_at`, `updated_at`) VALUES ('122', '51', 'out', '1.00', '0.00', '0.00', 'App\\Models\\Order', '34', 'Order #INV-20260302-0018 - rs medika 1', '3', '2026-03-02 11:22:59', '2026-03-02 11:22:59');
INSERT INTO `stock_movements` (`id`, `material_id`, `type`, `quantity`, `unit_price`, `total_price`, `reference_type`, `reference_id`, `notes`, `user_id`, `created_at`, `updated_at`) VALUES ('123', '87', 'out', '8.00', '0.00', '0.00', 'App\\Models\\Order', '35', 'Order #INV-20260302-0019 - MA FASION', '20', '2026-03-02 11:23:12', '2026-03-02 11:23:12');
INSERT INTO `stock_movements` (`id`, `material_id`, `type`, `quantity`, `unit_price`, `total_price`, `reference_type`, `reference_id`, `notes`, `user_id`, `created_at`, `updated_at`) VALUES ('124', '51', 'out', '3.00', '0.00', '0.00', 'App\\Models\\Order', '36', 'Order #INV-20260302-0020 - ny ririn', '19', '2026-03-02 11:24:31', '2026-03-02 11:24:31');
INSERT INTO `stock_movements` (`id`, `material_id`, `type`, `quantity`, `unit_price`, `total_price`, `reference_type`, `reference_id`, `notes`, `user_id`, `created_at`, `updated_at`) VALUES ('125', '45', 'out', '7.00', '0.00', '0.00', 'App\\Models\\Order', '37', 'Order #INV-20260302-0021 - eid mubarak', '3', '2026-03-02 11:26:02', '2026-03-02 11:26:02');
INSERT INTO `stock_movements` (`id`, `material_id`, `type`, `quantity`, `unit_price`, `total_price`, `reference_type`, `reference_id`, `notes`, `user_id`, `created_at`, `updated_at`) VALUES ('126', '85', 'out', '3.00', '0.00', '0.00', 'App\\Models\\Order', '38', 'Order #INV-20260302-0022 - PT HAIDA', '20', '2026-03-02 11:27:14', '2026-03-02 11:27:14');
INSERT INTO `stock_movements` (`id`, `material_id`, `type`, `quantity`, `unit_price`, `total_price`, `reference_type`, `reference_id`, `notes`, `user_id`, `created_at`, `updated_at`) VALUES ('127', '57', 'out', '1.00', '0.00', '0.00', 'App\\Models\\Order', '39', 'Order #INV-20260302-0023 - bunda delicious', '19', '2026-03-02 11:32:07', '2026-03-02 11:32:07');
INSERT INTO `stock_movements` (`id`, `material_id`, `type`, `quantity`, `unit_price`, `total_price`, `reference_type`, `reference_id`, `notes`, `user_id`, `created_at`, `updated_at`) VALUES ('128', '91', 'out', '1.00', '0.00', '0.00', 'App\\Models\\Order', '39', 'Order #INV-20260302-0023 - bunda delicious', '19', '2026-03-02 11:32:07', '2026-03-02 11:32:07');
INSERT INTO `stock_movements` (`id`, `material_id`, `type`, `quantity`, `unit_price`, `total_price`, `reference_type`, `reference_id`, `notes`, `user_id`, `created_at`, `updated_at`) VALUES ('129', '86', 'out', '25.00', '0.00', '0.00', 'App\\Models\\Order', '40', 'Order #INV-20260302-0024 - PT ANUGERAH 1', '3', '2026-03-02 11:32:25', '2026-03-02 11:32:25');
INSERT INTO `stock_movements` (`id`, `material_id`, `type`, `quantity`, `unit_price`, `total_price`, `reference_type`, `reference_id`, `notes`, `user_id`, `created_at`, `updated_at`) VALUES ('130', '57', 'out', '2.00', '0.00', '0.00', 'App\\Models\\Order', '41', 'Order #INV-20260302-0025 - zuhri farm', '19', '2026-03-02 11:37:51', '2026-03-02 11:37:51');
INSERT INTO `stock_movements` (`id`, `material_id`, `type`, `quantity`, `unit_price`, `total_price`, `reference_type`, `reference_id`, `notes`, `user_id`, `created_at`, `updated_at`) VALUES ('131', '91', 'out', '2.00', '0.00', '0.00', 'App\\Models\\Order', '41', 'Order #INV-20260302-0025 - zuhri farm', '19', '2026-03-02 11:37:51', '2026-03-02 11:37:51');
INSERT INTO `stock_movements` (`id`, `material_id`, `type`, `quantity`, `unit_price`, `total_price`, `reference_type`, `reference_id`, `notes`, `user_id`, `created_at`, `updated_at`) VALUES ('132', '57', 'out', '15.00', '0.00', '0.00', 'App\\Models\\Order', '42', 'Order #INV-20260302-0026 - tisa cookies', '20', '2026-03-02 11:39:37', '2026-03-02 11:39:37');
INSERT INTO `stock_movements` (`id`, `material_id`, `type`, `quantity`, `unit_price`, `total_price`, `reference_type`, `reference_id`, `notes`, `user_id`, `created_at`, `updated_at`) VALUES ('133', '61', 'out', '0.85', '0.00', '0.00', 'App\\Models\\Order', '43', 'Order #INV-20260302-0027 - kopdeskel', '3', '2026-03-02 11:39:54', '2026-03-02 11:39:54');
INSERT INTO `stock_movements` (`id`, `material_id`, `type`, `quantity`, `unit_price`, `total_price`, `reference_type`, `reference_id`, `notes`, `user_id`, `created_at`, `updated_at`) VALUES ('134', '82', 'out', '0.85', '0.00', '0.00', 'App\\Models\\Order', '43', 'Order #INV-20260302-0027 - kopdeskel', '3', '2026-03-02 11:39:54', '2026-03-02 11:39:54');
INSERT INTO `stock_movements` (`id`, `material_id`, `type`, `quantity`, `unit_price`, `total_price`, `reference_type`, `reference_id`, `notes`, `user_id`, `created_at`, `updated_at`) VALUES ('135', '98', 'out', '0.85', '0.00', '0.00', 'App\\Models\\Order', '43', 'Order #INV-20260302-0027 - kopdeskel', '3', '2026-03-02 11:39:54', '2026-03-02 11:39:54');
INSERT INTO `stock_movements` (`id`, `material_id`, `type`, `quantity`, `unit_price`, `total_price`, `reference_type`, `reference_id`, `notes`, `user_id`, `created_at`, `updated_at`) VALUES ('136', '85', 'out', '2.00', '0.00', '0.00', 'App\\Models\\Order', '44', 'Order #INV-20260302-0028 - kejora 01', '19', '2026-03-02 11:41:34', '2026-03-02 11:41:34');
INSERT INTO `stock_movements` (`id`, `material_id`, `type`, `quantity`, `unit_price`, `total_price`, `reference_type`, `reference_id`, `notes`, `user_id`, `created_at`, `updated_at`) VALUES ('137', '85', 'out', '3.70', '0.00', '0.00', 'App\\Models\\Order', '44', 'Order #INV-20260302-0028 - kejora 02-03', '19', '2026-03-02 11:41:34', '2026-03-02 11:41:34');
INSERT INTO `stock_movements` (`id`, `material_id`, `type`, `quantity`, `unit_price`, `total_price`, `reference_type`, `reference_id`, `notes`, `user_id`, `created_at`, `updated_at`) VALUES ('138', '85', 'out', '1.46', '0.00', '0.00', 'App\\Models\\Order', '44', 'Order #INV-20260302-0028 - kejora 04', '19', '2026-03-02 11:41:34', '2026-03-02 11:41:34');
INSERT INTO `stock_movements` (`id`, `material_id`, `type`, `quantity`, `unit_price`, `total_price`, `reference_type`, `reference_id`, `notes`, `user_id`, `created_at`, `updated_at`) VALUES ('139', '61', 'in', '0.85', '0.00', '0.00', 'App\\Models\\Order', '43', 'Stok dikembalikan - Batal Order #INV-20260302-0027', '8', '2026-03-02 11:42:43', '2026-03-02 11:42:43');
INSERT INTO `stock_movements` (`id`, `material_id`, `type`, `quantity`, `unit_price`, `total_price`, `reference_type`, `reference_id`, `notes`, `user_id`, `created_at`, `updated_at`) VALUES ('140', '82', 'in', '0.85', '0.00', '0.00', 'App\\Models\\Order', '43', 'Stok dikembalikan - Batal Order #INV-20260302-0027', '8', '2026-03-02 11:42:43', '2026-03-02 11:42:43');
INSERT INTO `stock_movements` (`id`, `material_id`, `type`, `quantity`, `unit_price`, `total_price`, `reference_type`, `reference_id`, `notes`, `user_id`, `created_at`, `updated_at`) VALUES ('141', '98', 'in', '0.85', '0.00', '0.00', 'App\\Models\\Order', '43', 'Stok dikembalikan - Batal Order #INV-20260302-0027', '8', '2026-03-02 11:42:43', '2026-03-02 11:42:43');
INSERT INTO `stock_movements` (`id`, `material_id`, `type`, `quantity`, `unit_price`, `total_price`, `reference_type`, `reference_id`, `notes`, `user_id`, `created_at`, `updated_at`) VALUES ('142', '44', 'out', '7.00', '0.00', '0.00', 'App\\Models\\Order', '45', 'Order #INV-20260302-0029 - BI INUK FOTO', '20', '2026-03-02 11:45:32', '2026-03-02 11:45:32');
INSERT INTO `stock_movements` (`id`, `material_id`, `type`, `quantity`, `unit_price`, `total_price`, `reference_type`, `reference_id`, `notes`, `user_id`, `created_at`, `updated_at`) VALUES ('143', '61', 'out', '0.85', '0.00', '0.00', 'App\\Models\\Order', '46', 'Order #INV-20260302-0030 - kopdeskel', '3', '2026-03-02 11:46:14', '2026-03-02 11:46:14');
INSERT INTO `stock_movements` (`id`, `material_id`, `type`, `quantity`, `unit_price`, `total_price`, `reference_type`, `reference_id`, `notes`, `user_id`, `created_at`, `updated_at`) VALUES ('144', '82', 'out', '0.85', '0.00', '0.00', 'App\\Models\\Order', '46', 'Order #INV-20260302-0030 - kopdeskel', '3', '2026-03-02 11:46:14', '2026-03-02 11:46:14');
INSERT INTO `stock_movements` (`id`, `material_id`, `type`, `quantity`, `unit_price`, `total_price`, `reference_type`, `reference_id`, `notes`, `user_id`, `created_at`, `updated_at`) VALUES ('145', '98', 'out', '0.85', '0.00', '0.00', 'App\\Models\\Order', '46', 'Order #INV-20260302-0030 - kopdeskel', '3', '2026-03-02 11:46:14', '2026-03-02 11:46:14');
INSERT INTO `stock_movements` (`id`, `material_id`, `type`, `quantity`, `unit_price`, `total_price`, `reference_type`, `reference_id`, `notes`, `user_id`, `created_at`, `updated_at`) VALUES ('146', '85', 'out', '6.96', '0.00', '0.00', 'App\\Models\\Order', '47', 'Order #INV-20260302-0031 - cover gate sensor 84x138cm (1)', '23', '2026-03-02 11:47:26', '2026-03-02 11:47:26');
INSERT INTO `stock_movements` (`id`, `material_id`, `type`, `quantity`, `unit_price`, `total_price`, `reference_type`, `reference_id`, `notes`, `user_id`, `created_at`, `updated_at`) VALUES ('147', '61', 'out', '0.30', '0.00', '0.00', 'App\\Models\\Order', '47', 'Order #INV-20260302-0031 - pintu darurat exit', '23', '2026-03-02 11:47:26', '2026-03-02 11:47:26');
INSERT INTO `stock_movements` (`id`, `material_id`, `type`, `quantity`, `unit_price`, `total_price`, `reference_type`, `reference_id`, `notes`, `user_id`, `created_at`, `updated_at`) VALUES ('148', '85', 'in', '6.96', '0.00', '0.00', 'App\\Models\\Order', '47', 'Stok dikembalikan - Edit Order #INV-20260302-0031', '23', '2026-03-02 11:47:49', '2026-03-02 11:47:49');
INSERT INTO `stock_movements` (`id`, `material_id`, `type`, `quantity`, `unit_price`, `total_price`, `reference_type`, `reference_id`, `notes`, `user_id`, `created_at`, `updated_at`) VALUES ('149', '61', 'in', '0.30', '0.00', '0.00', 'App\\Models\\Order', '47', 'Stok dikembalikan - Edit Order #INV-20260302-0031', '23', '2026-03-02 11:47:49', '2026-03-02 11:47:49');
INSERT INTO `stock_movements` (`id`, `material_id`, `type`, `quantity`, `unit_price`, `total_price`, `reference_type`, `reference_id`, `notes`, `user_id`, `created_at`, `updated_at`) VALUES ('150', '61', 'out', '1.00', '0.00', '0.00', 'App\\Models\\Order', '48', 'Order #INV-20260302-0032 - hmg', '3', '2026-03-02 11:50:11', '2026-03-02 11:50:11');
INSERT INTO `stock_movements` (`id`, `material_id`, `type`, `quantity`, `unit_price`, `total_price`, `reference_type`, `reference_id`, `notes`, `user_id`, `created_at`, `updated_at`) VALUES ('151', '81', 'out', '1.00', '0.00', '0.00', 'App\\Models\\Order', '48', 'Order #INV-20260302-0032 - hmg', '3', '2026-03-02 11:50:11', '2026-03-02 11:50:11');
INSERT INTO `stock_movements` (`id`, `material_id`, `type`, `quantity`, `unit_price`, `total_price`, `reference_type`, `reference_id`, `notes`, `user_id`, `created_at`, `updated_at`) VALUES ('152', '99', 'out', '1.00', '0.00', '0.00', 'App\\Models\\Order', '48', 'Order #INV-20260302-0032 - hmg', '3', '2026-03-02 11:50:11', '2026-03-02 11:50:11');
INSERT INTO `stock_movements` (`id`, `material_id`, `type`, `quantity`, `unit_price`, `total_price`, `reference_type`, `reference_id`, `notes`, `user_id`, `created_at`, `updated_at`) VALUES ('153', '57', 'out', '5.00', '0.00', '0.00', 'App\\Models\\Order', '49', 'Order #INV-20260302-0033 - prz vanila', '19', '2026-03-02 11:51:08', '2026-03-02 11:51:08');
INSERT INTO `stock_movements` (`id`, `material_id`, `type`, `quantity`, `unit_price`, `total_price`, `reference_type`, `reference_id`, `notes`, `user_id`, `created_at`, `updated_at`) VALUES ('154', '91', 'out', '5.00', '0.00', '0.00', 'App\\Models\\Order', '49', 'Order #INV-20260302-0033 - prz vanila', '19', '2026-03-02 11:51:08', '2026-03-02 11:51:08');
INSERT INTO `stock_movements` (`id`, `material_id`, `type`, `quantity`, `unit_price`, `total_price`, `reference_type`, `reference_id`, `notes`, `user_id`, `created_at`, `updated_at`) VALUES ('155', '47', 'out', '13.00', '0.00', '0.00', 'App\\Models\\Order', '50', 'Order #INV-20260302-0034 - RADIF', '3', '2026-03-02 11:52:25', '2026-03-02 11:52:25');
INSERT INTO `stock_movements` (`id`, `material_id`, `type`, `quantity`, `unit_price`, `total_price`, `reference_type`, `reference_id`, `notes`, `user_id`, `created_at`, `updated_at`) VALUES ('156', '85', 'out', '2.00', '0.00', '0.00', 'App\\Models\\Order', '51', 'Order #INV-20260302-0035 - TEMBESU', '3', '2026-03-02 11:55:56', '2026-03-02 11:55:56');
INSERT INTO `stock_movements` (`id`, `material_id`, `type`, `quantity`, `unit_price`, `total_price`, `reference_type`, `reference_id`, `notes`, `user_id`, `created_at`, `updated_at`) VALUES ('157', '57', 'out', '4.00', '0.00', '0.00', 'App\\Models\\Order', '52', 'Order #INV-20260302-0036 - es bubur sumsum', '19', '2026-03-02 11:57:03', '2026-03-02 11:57:03');
INSERT INTO `stock_movements` (`id`, `material_id`, `type`, `quantity`, `unit_price`, `total_price`, `reference_type`, `reference_id`, `notes`, `user_id`, `created_at`, `updated_at`) VALUES ('158', '91', 'out', '4.00', '0.00', '0.00', 'App\\Models\\Order', '52', 'Order #INV-20260302-0036 - es bubur sumsum', '19', '2026-03-02 11:57:03', '2026-03-02 11:57:03');
INSERT INTO `stock_movements` (`id`, `material_id`, `type`, `quantity`, `unit_price`, `total_price`, `reference_type`, `reference_id`, `notes`, `user_id`, `created_at`, `updated_at`) VALUES ('159', '85', 'out', '4.00', '0.00', '0.00', 'App\\Models\\Order', '53', 'Order #INV-20260302-0037 - SPBU SIAGA 0302', '3', '2026-03-02 11:57:47', '2026-03-02 11:57:47');
INSERT INTO `stock_movements` (`id`, `material_id`, `type`, `quantity`, `unit_price`, `total_price`, `reference_type`, `reference_id`, `notes`, `user_id`, `created_at`, `updated_at`) VALUES ('160', '61', 'out', '6.97', '0.00', '0.00', 'App\\Models\\Order', '54', 'Order #INV-20260302-0038 - STIKER JEFRAN 1', '3', '2026-03-02 12:00:54', '2026-03-02 12:00:54');
INSERT INTO `stock_movements` (`id`, `material_id`, `type`, `quantity`, `unit_price`, `total_price`, `reference_type`, `reference_id`, `notes`, `user_id`, `created_at`, `updated_at`) VALUES ('161', '82', 'out', '6.97', '0.00', '0.00', 'App\\Models\\Order', '54', 'Order #INV-20260302-0038 - STIKER JEFRAN 1', '3', '2026-03-02 12:00:54', '2026-03-02 12:00:54');
INSERT INTO `stock_movements` (`id`, `material_id`, `type`, `quantity`, `unit_price`, `total_price`, `reference_type`, `reference_id`, `notes`, `user_id`, `created_at`, `updated_at`) VALUES ('162', '57', 'out', '5.00', '0.00', '0.00', 'App\\Models\\Order', '55', 'Order #INV-20260302-0039 - kripik n3', '19', '2026-03-02 12:01:36', '2026-03-02 12:01:36');
INSERT INTO `stock_movements` (`id`, `material_id`, `type`, `quantity`, `unit_price`, `total_price`, `reference_type`, `reference_id`, `notes`, `user_id`, `created_at`, `updated_at`) VALUES ('163', '91', 'out', '5.00', '0.00', '0.00', 'App\\Models\\Order', '55', 'Order #INV-20260302-0039 - kripik n3', '19', '2026-03-02 12:01:36', '2026-03-02 12:01:36');
INSERT INTO `stock_movements` (`id`, `material_id`, `type`, `quantity`, `unit_price`, `total_price`, `reference_type`, `reference_id`, `notes`, `user_id`, `created_at`, `updated_at`) VALUES ('164', '47', 'out', '3.00', '0.00', '0.00', 'App\\Models\\Order', '56', 'Order #INV-20260302-0040 - jourell', '3', '2026-03-02 12:03:01', '2026-03-02 12:03:01');
INSERT INTO `stock_movements` (`id`, `material_id`, `type`, `quantity`, `unit_price`, `total_price`, `reference_type`, `reference_id`, `notes`, `user_id`, `created_at`, `updated_at`) VALUES ('165', '57', 'out', '70.00', '0.00', '0.00', 'App\\Models\\Order', '57', 'Order #INV-20260302-0041 - BAGUS RAMADI ASPAL', '23', '2026-03-02 12:04:00', '2026-03-02 12:04:00');
INSERT INTO `stock_movements` (`id`, `material_id`, `type`, `quantity`, `unit_price`, `total_price`, `reference_type`, `reference_id`, `notes`, `user_id`, `created_at`, `updated_at`) VALUES ('166', '57', 'in', '70.00', '0.00', '0.00', 'App\\Models\\Order', '57', 'Stok dikembalikan - Edit Order #INV-20260302-0041', '23', '2026-03-02 12:04:29', '2026-03-02 12:04:29');
INSERT INTO `stock_movements` (`id`, `material_id`, `type`, `quantity`, `unit_price`, `total_price`, `reference_type`, `reference_id`, `notes`, `user_id`, `created_at`, `updated_at`) VALUES ('167', '85', 'out', '3.00', '0.00', '0.00', 'App\\Models\\Order', '58', 'Order #INV-20260302-0042 - kunjungan', '19', '2026-03-02 12:04:35', '2026-03-02 12:04:35');
INSERT INTO `stock_movements` (`id`, `material_id`, `type`, `quantity`, `unit_price`, `total_price`, `reference_type`, `reference_id`, `notes`, `user_id`, `created_at`, `updated_at`) VALUES ('168', '47', 'out', '22.00', '0.00', '0.00', 'App\\Models\\Order', '59', 'Order #INV-20260302-0043 - kotrek 1', '3', '2026-03-02 12:06:25', '2026-03-02 12:06:25');
INSERT INTO `stock_movements` (`id`, `material_id`, `type`, `quantity`, `unit_price`, `total_price`, `reference_type`, `reference_id`, `notes`, `user_id`, `created_at`, `updated_at`) VALUES ('169', '57', 'out', '3.00', '0.00', '0.00', 'App\\Models\\Order', '59', 'Order #INV-20260302-0043 - dua putri 0203', '3', '2026-03-02 12:06:25', '2026-03-02 12:06:25');
INSERT INTO `stock_movements` (`id`, `material_id`, `type`, `quantity`, `unit_price`, `total_price`, `reference_type`, `reference_id`, `notes`, `user_id`, `created_at`, `updated_at`) VALUES ('170', '91', 'out', '3.00', '0.00', '0.00', 'App\\Models\\Order', '59', 'Order #INV-20260302-0043 - dua putri 0203', '3', '2026-03-02 12:06:25', '2026-03-02 12:06:25');
INSERT INTO `stock_movements` (`id`, `material_id`, `type`, `quantity`, `unit_price`, `total_price`, `reference_type`, `reference_id`, `notes`, `user_id`, `created_at`, `updated_at`) VALUES ('171', '57', 'out', '10.00', '0.00', '0.00', 'App\\Models\\Order', '60', 'Order #INV-20260302-0044 - tungku ikol kue', '19', '2026-03-02 12:08:33', '2026-03-02 12:08:33');
INSERT INTO `stock_movements` (`id`, `material_id`, `type`, `quantity`, `unit_price`, `total_price`, `reference_type`, `reference_id`, `notes`, `user_id`, `created_at`, `updated_at`) VALUES ('172', '91', 'out', '10.00', '0.00', '0.00', 'App\\Models\\Order', '60', 'Order #INV-20260302-0044 - tungku ikol kue', '19', '2026-03-02 12:08:33', '2026-03-02 12:08:33');
INSERT INTO `stock_movements` (`id`, `material_id`, `type`, `quantity`, `unit_price`, `total_price`, `reference_type`, `reference_id`, `notes`, `user_id`, `created_at`, `updated_at`) VALUES ('173', '59', 'out', '19.00', '0.00', '0.00', 'App\\Models\\Order', '61', 'Order #INV-20260302-0045 - from 0203', '3', '2026-03-02 12:08:53', '2026-03-02 12:08:53');
INSERT INTO `stock_movements` (`id`, `material_id`, `type`, `quantity`, `unit_price`, `total_price`, `reference_type`, `reference_id`, `notes`, `user_id`, `created_at`, `updated_at`) VALUES ('174', '68', 'out', '19.00', '0.00', '0.00', 'App\\Models\\Order', '61', 'Order #INV-20260302-0045 - from 0203', '3', '2026-03-02 12:08:53', '2026-03-02 12:08:53');
INSERT INTO `stock_movements` (`id`, `material_id`, `type`, `quantity`, `unit_price`, `total_price`, `reference_type`, `reference_id`, `notes`, `user_id`, `created_at`, `updated_at`) VALUES ('175', '47', 'out', '1.00', '0.00', '0.00', 'App\\Models\\Order', '62', 'Order #INV-20260302-0046 - agz 0203', '3', '2026-03-02 12:10:33', '2026-03-02 12:10:33');
INSERT INTO `stock_movements` (`id`, `material_id`, `type`, `quantity`, `unit_price`, `total_price`, `reference_type`, `reference_id`, `notes`, `user_id`, `created_at`, `updated_at`) VALUES ('176', '57', 'out', '6.00', '0.00', '0.00', 'App\\Models\\Order', '63', 'Order #INV-20260302-0047 - wannagive campur', '23', '2026-03-02 12:16:44', '2026-03-02 12:16:44');
INSERT INTO `stock_movements` (`id`, `material_id`, `type`, `quantity`, `unit_price`, `total_price`, `reference_type`, `reference_id`, `notes`, `user_id`, `created_at`, `updated_at`) VALUES ('177', '47', 'out', '5.00', '0.00', '0.00', 'App\\Models\\Order', '63', 'Order #INV-20260302-0047 - wannagive campur', '23', '2026-03-02 12:16:44', '2026-03-02 12:16:44');
INSERT INTO `stock_movements` (`id`, `material_id`, `type`, `quantity`, `unit_price`, `total_price`, `reference_type`, `reference_id`, `notes`, `user_id`, `created_at`, `updated_at`) VALUES ('178', '87', 'out', '10.50', '0.00', '0.00', 'App\\Models\\Order', '64', 'Order #INV-20260302-0048 - KRAKOTA', '20', '2026-03-02 12:50:33', '2026-03-02 12:50:33');
INSERT INTO `stock_movements` (`id`, `material_id`, `type`, `quantity`, `unit_price`, `total_price`, `reference_type`, `reference_id`, `notes`, `user_id`, `created_at`, `updated_at`) VALUES ('179', '87', 'in', '10.50', '0.00', '0.00', 'App\\Models\\Order', '64', 'Stok dikembalikan - Edit Order #INV-20260302-0048', '20', '2026-03-02 12:50:47', '2026-03-02 12:50:47');
INSERT INTO `stock_movements` (`id`, `material_id`, `type`, `quantity`, `unit_price`, `total_price`, `reference_type`, `reference_id`, `notes`, `user_id`, `created_at`, `updated_at`) VALUES ('180', '54', 'out', '50.00', '0.00', '0.00', 'App\\Models\\Order', '65', 'Order #INV-20260302-0049 - xu ping ok', '20', '2026-03-02 13:00:18', '2026-03-02 13:00:18');
INSERT INTO `stock_movements` (`id`, `material_id`, `type`, `quantity`, `unit_price`, `total_price`, `reference_type`, `reference_id`, `notes`, `user_id`, `created_at`, `updated_at`) VALUES ('181', '54', 'in', '50.00', '0.00', '0.00', 'App\\Models\\Order', '65', 'Stok dikembalikan - Edit Order #INV-20260302-0049', '20', '2026-03-02 13:01:21', '2026-03-02 13:01:21');
INSERT INTO `stock_movements` (`id`, `material_id`, `type`, `quantity`, `unit_price`, `total_price`, `reference_type`, `reference_id`, `notes`, `user_id`, `created_at`, `updated_at`) VALUES ('182', '57', 'out', '1.00', '0.00', '0.00', 'App\\Models\\Order', '66', 'Order #INV-20260302-0050 - warung snack', '19', '2026-03-02 13:02:17', '2026-03-02 13:02:17');
INSERT INTO `stock_movements` (`id`, `material_id`, `type`, `quantity`, `unit_price`, `total_price`, `reference_type`, `reference_id`, `notes`, `user_id`, `created_at`, `updated_at`) VALUES ('183', '91', 'out', '1.00', '0.00', '0.00', 'App\\Models\\Order', '66', 'Order #INV-20260302-0050 - warung snack', '19', '2026-03-02 13:02:17', '2026-03-02 13:02:17');
INSERT INTO `stock_movements` (`id`, `material_id`, `type`, `quantity`, `unit_price`, `total_price`, `reference_type`, `reference_id`, `notes`, `user_id`, `created_at`, `updated_at`) VALUES ('184', '44', 'out', '2.00', '0.00', '0.00', 'App\\Models\\Order', '67', 'Order #INV-20260302-0051 - ABAH AING', '20', '2026-03-02 13:04:06', '2026-03-02 13:04:06');
INSERT INTO `stock_movements` (`id`, `material_id`, `type`, `quantity`, `unit_price`, `total_price`, `reference_type`, `reference_id`, `notes`, `user_id`, `created_at`, `updated_at`) VALUES ('185', '47', 'out', '20.00', '0.00', '0.00', 'App\\Models\\Order', '68', 'Order #INV-20260302-0052 - rizki steven', '19', '2026-03-02 13:04:47', '2026-03-02 13:04:47');
INSERT INTO `stock_movements` (`id`, `material_id`, `type`, `quantity`, `unit_price`, `total_price`, `reference_type`, `reference_id`, `notes`, `user_id`, `created_at`, `updated_at`) VALUES ('186', '47', 'out', '4.00', '0.00', '0.00', 'App\\Models\\Order', '69', 'Order #INV-20260302-0053 - idul fitri 0203', '19', '2026-03-02 13:06:21', '2026-03-02 13:06:21');
INSERT INTO `stock_movements` (`id`, `material_id`, `type`, `quantity`, `unit_price`, `total_price`, `reference_type`, `reference_id`, `notes`, `user_id`, `created_at`, `updated_at`) VALUES ('187', '85', 'out', '1.00', '0.00', '0.00', 'App\\Models\\Order', '70', 'Order #INV-20260302-0054 - AL MUKMIN', '20', '2026-03-02 13:07:38', '2026-03-02 13:07:38');
INSERT INTO `stock_movements` (`id`, `material_id`, `type`, `quantity`, `unit_price`, `total_price`, `reference_type`, `reference_id`, `notes`, `user_id`, `created_at`, `updated_at`) VALUES ('188', '59', 'out', '10.00', '0.00', '0.00', 'App\\Models\\Order', '71', 'Order #INV-20260302-0055 - Glowing sunscreen', '3', '2026-03-02 13:07:53', '2026-03-02 13:07:53');
INSERT INTO `stock_movements` (`id`, `material_id`, `type`, `quantity`, `unit_price`, `total_price`, `reference_type`, `reference_id`, `notes`, `user_id`, `created_at`, `updated_at`) VALUES ('189', '59', 'out', '3.00', '0.00', '0.00', 'App\\Models\\Order', '71', 'Order #INV-20260302-0055 - new boosting white', '3', '2026-03-02 13:07:53', '2026-03-02 13:07:53');
INSERT INTO `stock_movements` (`id`, `material_id`, `type`, `quantity`, `unit_price`, `total_price`, `reference_type`, `reference_id`, `notes`, `user_id`, `created_at`, `updated_at`) VALUES ('190', '85', 'out', '3.75', '0.00', '0.00', 'App\\Models\\Order', '72', 'Order #INV-20260302-0056 - HUT PWKI', '20', '2026-03-02 13:10:09', '2026-03-02 13:10:09');
INSERT INTO `stock_movements` (`id`, `material_id`, `type`, `quantity`, `unit_price`, `total_price`, `reference_type`, `reference_id`, `notes`, `user_id`, `created_at`, `updated_at`) VALUES ('191', '85', 'in', '3.75', '0.00', '0.00', 'App\\Models\\Order', '72', 'Stok dikembalikan - Edit Order #INV-20260302-0056', '20', '2026-03-02 13:10:20', '2026-03-02 13:10:20');
INSERT INTO `stock_movements` (`id`, `material_id`, `type`, `quantity`, `unit_price`, `total_price`, `reference_type`, `reference_id`, `notes`, `user_id`, `created_at`, `updated_at`) VALUES ('192', '57', 'out', '50.00', '0.00', '0.00', 'App\\Models\\Order', '73', 'Order #INV-20260302-0057 - mayang sari 0203', '19', '2026-03-02 13:12:35', '2026-03-02 13:12:35');
INSERT INTO `stock_movements` (`id`, `material_id`, `type`, `quantity`, `unit_price`, `total_price`, `reference_type`, `reference_id`, `notes`, `user_id`, `created_at`, `updated_at`) VALUES ('193', '91', 'out', '50.00', '0.00', '0.00', 'App\\Models\\Order', '73', 'Order #INV-20260302-0057 - mayang sari 0203', '19', '2026-03-02 13:12:35', '2026-03-02 13:12:35');
INSERT INTO `stock_movements` (`id`, `material_id`, `type`, `quantity`, `unit_price`, `total_price`, `reference_type`, `reference_id`, `notes`, `user_id`, `created_at`, `updated_at`) VALUES ('194', '59', 'out', '1.00', '0.00', '0.00', 'App\\Models\\Order', '74', 'Order #INV-20260302-0058 - kementerian', '3', '2026-03-02 13:13:07', '2026-03-02 13:13:07');
INSERT INTO `stock_movements` (`id`, `material_id`, `type`, `quantity`, `unit_price`, `total_price`, `reference_type`, `reference_id`, `notes`, `user_id`, `created_at`, `updated_at`) VALUES ('195', '68', 'out', '1.00', '0.00', '0.00', 'App\\Models\\Order', '74', 'Order #INV-20260302-0058 - kementerian', '3', '2026-03-02 13:13:07', '2026-03-02 13:13:07');
INSERT INTO `stock_movements` (`id`, `material_id`, `type`, `quantity`, `unit_price`, `total_price`, `reference_type`, `reference_id`, `notes`, `user_id`, `created_at`, `updated_at`) VALUES ('196', '91', 'out', '1.00', '0.00', '0.00', 'App\\Models\\Order', '74', 'Order #INV-20260302-0058 - kementerian', '3', '2026-03-02 13:13:07', '2026-03-02 13:13:07');
INSERT INTO `stock_movements` (`id`, `material_id`, `type`, `quantity`, `unit_price`, `total_price`, `reference_type`, `reference_id`, `notes`, `user_id`, `created_at`, `updated_at`) VALUES ('197', '47', 'out', '80.00', '0.00', '0.00', 'App\\Models\\Order', '75', 'Order #INV-20260302-0059 - restu siska 210', '23', '2026-03-02 13:17:30', '2026-03-02 13:17:30');
INSERT INTO `stock_movements` (`id`, `material_id`, `type`, `quantity`, `unit_price`, `total_price`, `reference_type`, `reference_id`, `notes`, `user_id`, `created_at`, `updated_at`) VALUES ('198', '47', 'in', '80.00', '0.00', '0.00', 'App\\Models\\Order', '75', 'Stok dikembalikan - Edit Order #INV-20260302-0059', '23', '2026-03-02 13:18:02', '2026-03-02 13:18:02');
INSERT INTO `stock_movements` (`id`, `material_id`, `type`, `quantity`, `unit_price`, `total_price`, `reference_type`, `reference_id`, `notes`, `user_id`, `created_at`, `updated_at`) VALUES ('199', '59', 'out', '2.00', '0.00', '0.00', 'App\\Models\\Order', '76', 'Order #INV-20260302-0060 - symphony stiker', '19', '2026-03-02 13:20:42', '2026-03-02 13:20:42');
INSERT INTO `stock_movements` (`id`, `material_id`, `type`, `quantity`, `unit_price`, `total_price`, `reference_type`, `reference_id`, `notes`, `user_id`, `created_at`, `updated_at`) VALUES ('200', '68', 'out', '2.00', '0.00', '0.00', 'App\\Models\\Order', '76', 'Order #INV-20260302-0060 - symphony stiker', '19', '2026-03-02 13:20:42', '2026-03-02 13:20:42');
INSERT INTO `stock_movements` (`id`, `material_id`, `type`, `quantity`, `unit_price`, `total_price`, `reference_type`, `reference_id`, `notes`, `user_id`, `created_at`, `updated_at`) VALUES ('201', '91', 'out', '2.00', '0.00', '0.00', 'App\\Models\\Order', '76', 'Order #INV-20260302-0060 - symphony stiker', '19', '2026-03-02 13:20:42', '2026-03-02 13:20:42');
INSERT INTO `stock_movements` (`id`, `material_id`, `type`, `quantity`, `unit_price`, `total_price`, `reference_type`, `reference_id`, `notes`, `user_id`, `created_at`, `updated_at`) VALUES ('202', '85', 'out', '0.80', '0.00', '0.00', 'App\\Models\\Order', '77', 'Order #INV-20260302-0061 - STOP A- STOP B', '20', '2026-03-02 13:24:06', '2026-03-02 13:24:06');
INSERT INTO `stock_movements` (`id`, `material_id`, `type`, `quantity`, `unit_price`, `total_price`, `reference_type`, `reference_id`, `notes`, `user_id`, `created_at`, `updated_at`) VALUES ('203', '85', 'in', '0.80', '0.00', '0.00', 'App\\Models\\Order', '77', 'Stok dikembalikan - Edit Order #INV-20260302-0061', '20', '2026-03-02 13:24:23', '2026-03-02 13:24:23');
INSERT INTO `stock_movements` (`id`, `material_id`, `type`, `quantity`, `unit_price`, `total_price`, `reference_type`, `reference_id`, `notes`, `user_id`, `created_at`, `updated_at`) VALUES ('204', '50', 'out', '5.00', '0.00', '0.00', 'App\\Models\\Order', '78', 'Order #INV-20260302-0062 - SI MANIS 310', '23', '2026-03-02 13:25:56', '2026-03-02 13:25:56');
INSERT INTO `stock_movements` (`id`, `material_id`, `type`, `quantity`, `unit_price`, `total_price`, `reference_type`, `reference_id`, `notes`, `user_id`, `created_at`, `updated_at`) VALUES ('205', '57', 'out', '6.00', '0.00', '0.00', 'App\\Models\\Order', '78', 'Order #INV-20260302-0062 - si manis hijau new', '23', '2026-03-02 13:25:56', '2026-03-02 13:25:56');
INSERT INTO `stock_movements` (`id`, `material_id`, `type`, `quantity`, `unit_price`, `total_price`, `reference_type`, `reference_id`, `notes`, `user_id`, `created_at`, `updated_at`) VALUES ('206', '57', 'out', '6.00', '0.00', '0.00', 'App\\Models\\Order', '79', 'Order #INV-20260302-0063 - ngabubu thrift (@3 lembar)', '19', '2026-03-02 13:30:08', '2026-03-02 13:30:08');
INSERT INTO `stock_movements` (`id`, `material_id`, `type`, `quantity`, `unit_price`, `total_price`, `reference_type`, `reference_id`, `notes`, `user_id`, `created_at`, `updated_at`) VALUES ('207', '91', 'out', '6.00', '0.00', '0.00', 'App\\Models\\Order', '79', 'Order #INV-20260302-0063 - ngabubu thrift', '19', '2026-03-02 13:30:08', '2026-03-02 13:30:08');
INSERT INTO `stock_movements` (`id`, `material_id`, `type`, `quantity`, `unit_price`, `total_price`, `reference_type`, `reference_id`, `notes`, `user_id`, `created_at`, `updated_at`) VALUES ('208', '61', 'out', '1.48', '0.00', '0.00', 'App\\Models\\Order', '80', 'Order #INV-20260302-0064 - dilarang 1', '3', '2026-03-02 13:31:21', '2026-03-02 13:31:21');
INSERT INTO `stock_movements` (`id`, `material_id`, `type`, `quantity`, `unit_price`, `total_price`, `reference_type`, `reference_id`, `notes`, `user_id`, `created_at`, `updated_at`) VALUES ('209', '81', 'out', '1.48', '0.00', '0.00', 'App\\Models\\Order', '80', 'Order #INV-20260302-0064 - dilarang 1', '3', '2026-03-02 13:31:21', '2026-03-02 13:31:21');
INSERT INTO `stock_movements` (`id`, `material_id`, `type`, `quantity`, `unit_price`, `total_price`, `reference_type`, `reference_id`, `notes`, `user_id`, `created_at`, `updated_at`) VALUES ('210', '61', 'out', '1.01', '0.00', '0.00', 'App\\Models\\Order', '80', 'Order #INV-20260302-0064 - spbu 0203', '3', '2026-03-02 13:31:21', '2026-03-02 13:31:21');
INSERT INTO `stock_movements` (`id`, `material_id`, `type`, `quantity`, `unit_price`, `total_price`, `reference_type`, `reference_id`, `notes`, `user_id`, `created_at`, `updated_at`) VALUES ('211', '81', 'out', '1.01', '0.00', '0.00', 'App\\Models\\Order', '80', 'Order #INV-20260302-0064 - spbu 0203', '3', '2026-03-02 13:31:21', '2026-03-02 13:31:21');
INSERT INTO `stock_movements` (`id`, `material_id`, `type`, `quantity`, `unit_price`, `total_price`, `reference_type`, `reference_id`, `notes`, `user_id`, `created_at`, `updated_at`) VALUES ('212', '59', 'out', '5.00', '0.00', '0.00', 'App\\Models\\Order', '81', 'Order #INV-20260302-0065 - bybels', '20', '2026-03-02 13:39:18', '2026-03-02 13:39:18');
INSERT INTO `stock_movements` (`id`, `material_id`, `type`, `quantity`, `unit_price`, `total_price`, `reference_type`, `reference_id`, `notes`, `user_id`, `created_at`, `updated_at`) VALUES ('213', '91', 'out', '5.00', '0.00', '0.00', 'App\\Models\\Order', '81', 'Order #INV-20260302-0065 - bybels', '20', '2026-03-02 13:39:18', '2026-03-02 13:39:18');
INSERT INTO `stock_movements` (`id`, `material_id`, `type`, `quantity`, `unit_price`, `total_price`, `reference_type`, `reference_id`, `notes`, `user_id`, `created_at`, `updated_at`) VALUES ('214', '57', 'out', '8.00', '0.00', '0.00', 'App\\Models\\Order', '82', 'Order #INV-20260302-0066 - wanga 0203', '19', '2026-03-02 13:41:20', '2026-03-02 13:41:20');
INSERT INTO `stock_movements` (`id`, `material_id`, `type`, `quantity`, `unit_price`, `total_price`, `reference_type`, `reference_id`, `notes`, `user_id`, `created_at`, `updated_at`) VALUES ('215', '57', 'in', '8.00', '0.00', '0.00', 'App\\Models\\Order', '82', 'Stok dikembalikan - Edit Order #INV-20260302-0066', '19', '2026-03-02 13:42:43', '2026-03-02 13:42:43');
INSERT INTO `stock_movements` (`id`, `material_id`, `type`, `quantity`, `unit_price`, `total_price`, `reference_type`, `reference_id`, `notes`, `user_id`, `created_at`, `updated_at`) VALUES ('216', '57', 'out', '8.00', '0.00', '0.00', 'App\\Models\\Order', '82', 'Order #INV-20260302-0066 - wanga 0203', '19', '2026-03-02 13:42:43', '2026-03-02 13:42:43');
INSERT INTO `stock_movements` (`id`, `material_id`, `type`, `quantity`, `unit_price`, `total_price`, `reference_type`, `reference_id`, `notes`, `user_id`, `created_at`, `updated_at`) VALUES ('217', '91', 'out', '8.00', '0.00', '0.00', 'App\\Models\\Order', '82', 'Order #INV-20260302-0066 - wanga 0203', '19', '2026-03-02 13:42:43', '2026-03-02 13:42:43');
INSERT INTO `stock_movements` (`id`, `material_id`, `type`, `quantity`, `unit_price`, `total_price`, `reference_type`, `reference_id`, `notes`, `user_id`, `created_at`, `updated_at`) VALUES ('218', '47', 'out', '50.00', '0.00', '0.00', 'App\\Models\\Order', '83', 'Order #INV-20260302-0067 - bead sol', '20', '2026-03-02 13:43:58', '2026-03-02 13:43:58');
INSERT INTO `stock_movements` (`id`, `material_id`, `type`, `quantity`, `unit_price`, `total_price`, `reference_type`, `reference_id`, `notes`, `user_id`, `created_at`, `updated_at`) VALUES ('219', '85', 'in', '2.00', '0.00', '0.00', 'App\\Models\\Order', '44', 'Stok dikembalikan - Edit Order #INV-20260302-0028', '19', '2026-03-02 13:48:30', '2026-03-02 13:48:30');
INSERT INTO `stock_movements` (`id`, `material_id`, `type`, `quantity`, `unit_price`, `total_price`, `reference_type`, `reference_id`, `notes`, `user_id`, `created_at`, `updated_at`) VALUES ('220', '85', 'in', '3.70', '0.00', '0.00', 'App\\Models\\Order', '44', 'Stok dikembalikan - Edit Order #INV-20260302-0028', '19', '2026-03-02 13:48:30', '2026-03-02 13:48:30');
INSERT INTO `stock_movements` (`id`, `material_id`, `type`, `quantity`, `unit_price`, `total_price`, `reference_type`, `reference_id`, `notes`, `user_id`, `created_at`, `updated_at`) VALUES ('221', '85', 'in', '1.46', '0.00', '0.00', 'App\\Models\\Order', '44', 'Stok dikembalikan - Edit Order #INV-20260302-0028', '19', '2026-03-02 13:48:30', '2026-03-02 13:48:30');
INSERT INTO `stock_movements` (`id`, `material_id`, `type`, `quantity`, `unit_price`, `total_price`, `reference_type`, `reference_id`, `notes`, `user_id`, `created_at`, `updated_at`) VALUES ('222', '46', 'out', '42.00', '0.00', '0.00', 'App\\Models\\Order', '84', 'Order #INV-20260302-0068 - launa cendikia', '19', '2026-03-02 13:49:10', '2026-03-02 13:49:10');
INSERT INTO `stock_movements` (`id`, `material_id`, `type`, `quantity`, `unit_price`, `total_price`, `reference_type`, `reference_id`, `notes`, `user_id`, `created_at`, `updated_at`) VALUES ('223', '90', 'out', '10.00', '0.00', '0.00', 'App\\Models\\Order', '85', 'Order #INV-20260302-0069 - tn chandra', '3', '2026-03-02 13:51:59', '2026-03-02 13:51:59');
INSERT INTO `stock_movements` (`id`, `material_id`, `type`, `quantity`, `unit_price`, `total_price`, `reference_type`, `reference_id`, `notes`, `user_id`, `created_at`, `updated_at`) VALUES ('224', '61', 'in', '0.60', '0.00', '0.00', 'App\\Models\\Order', '32', 'Stok dikembalikan - Edit Order #INV-20260302-0016', '3', '2026-03-02 13:52:58', '2026-03-02 13:52:58');
INSERT INTO `stock_movements` (`id`, `material_id`, `type`, `quantity`, `unit_price`, `total_price`, `reference_type`, `reference_id`, `notes`, `user_id`, `created_at`, `updated_at`) VALUES ('225', '57', 'out', '2.00', '0.00', '0.00', 'App\\Models\\Order', '86', 'Order #INV-20260302-0070 - kychii', '19', '2026-03-02 13:55:15', '2026-03-02 13:55:15');
INSERT INTO `stock_movements` (`id`, `material_id`, `type`, `quantity`, `unit_price`, `total_price`, `reference_type`, `reference_id`, `notes`, `user_id`, `created_at`, `updated_at`) VALUES ('226', '91', 'out', '2.00', '0.00', '0.00', 'App\\Models\\Order', '86', 'Order #INV-20260302-0070 - kychii', '19', '2026-03-02 13:55:15', '2026-03-02 13:55:15');
INSERT INTO `stock_movements` (`id`, `material_id`, `type`, `quantity`, `unit_price`, `total_price`, `reference_type`, `reference_id`, `notes`, `user_id`, `created_at`, `updated_at`) VALUES ('227', '50', 'out', '11.00', '0.00', '0.00', 'App\\Models\\Order', '87', 'Order #INV-20260302-0071 - tag sale 1', '3', '2026-03-02 13:58:19', '2026-03-02 13:58:19');
INSERT INTO `stock_movements` (`id`, `material_id`, `type`, `quantity`, `unit_price`, `total_price`, `reference_type`, `reference_id`, `notes`, `user_id`, `created_at`, `updated_at`) VALUES ('228', '57', 'out', '3.00', '0.00', '0.00', 'App\\Models\\Order', '88', 'Order #INV-20260302-0072 - parfum abu', '19', '2026-03-02 14:03:17', '2026-03-02 14:03:17');
INSERT INTO `stock_movements` (`id`, `material_id`, `type`, `quantity`, `unit_price`, `total_price`, `reference_type`, `reference_id`, `notes`, `user_id`, `created_at`, `updated_at`) VALUES ('229', '91', 'out', '3.00', '0.00', '0.00', 'App\\Models\\Order', '88', 'Order #INV-20260302-0072 - parfum abu', '19', '2026-03-02 14:03:17', '2026-03-02 14:03:17');
INSERT INTO `stock_movements` (`id`, `material_id`, `type`, `quantity`, `unit_price`, `total_price`, `reference_type`, `reference_id`, `notes`, `user_id`, `created_at`, `updated_at`) VALUES ('230', '68', 'out', '3.00', '0.00', '0.00', 'App\\Models\\Order', '88', 'Order #INV-20260302-0072 - parfum abu', '19', '2026-03-02 14:03:17', '2026-03-02 14:03:17');
INSERT INTO `stock_movements` (`id`, `material_id`, `type`, `quantity`, `unit_price`, `total_price`, `reference_type`, `reference_id`, `notes`, `user_id`, `created_at`, `updated_at`) VALUES ('231', '48', 'out', '1.00', '0.00', '0.00', 'App\\Models\\Order', '89', 'Order #INV-20260302-0073 - Undangan Hoki 6', '23', '2026-03-02 14:04:47', '2026-03-02 14:04:47');
INSERT INTO `stock_movements` (`id`, `material_id`, `type`, `quantity`, `unit_price`, `total_price`, `reference_type`, `reference_id`, `notes`, `user_id`, `created_at`, `updated_at`) VALUES ('232', '86', 'in', '25.00', '0.00', '0.00', 'App\\Models\\Order', '40', 'Stok dikembalikan - Batal Order #INV-20260302-0024', '16', '2026-03-02 14:08:24', '2026-03-02 14:08:24');
INSERT INTO `stock_movements` (`id`, `material_id`, `type`, `quantity`, `unit_price`, `total_price`, `reference_type`, `reference_id`, `notes`, `user_id`, `created_at`, `updated_at`) VALUES ('233', '85', 'out', '16.00', '0.00', '0.00', 'App\\Models\\Order', '90', 'Order #INV-20260302-0074 - ngabubu 01-02', '19', '2026-03-02 14:10:00', '2026-03-02 14:10:00');
INSERT INTO `stock_movements` (`id`, `material_id`, `type`, `quantity`, `unit_price`, `total_price`, `reference_type`, `reference_id`, `notes`, `user_id`, `created_at`, `updated_at`) VALUES ('234', '85', 'out', '4.50', '0.00', '0.00', 'App\\Models\\Order', '90', 'Order #INV-20260302-0074 - ngabubu 03', '19', '2026-03-02 14:10:00', '2026-03-02 14:10:00');
INSERT INTO `stock_movements` (`id`, `material_id`, `type`, `quantity`, `unit_price`, `total_price`, `reference_type`, `reference_id`, `notes`, `user_id`, `created_at`, `updated_at`) VALUES ('235', '45', 'out', '5.00', '0.00', '0.00', 'App\\Models\\Order', '91', 'Order #INV-20260302-0075 - lamondo', '20', '2026-03-02 14:10:26', '2026-03-02 14:10:26');
INSERT INTO `stock_movements` (`id`, `material_id`, `type`, `quantity`, `unit_price`, `total_price`, `reference_type`, `reference_id`, `notes`, `user_id`, `created_at`, `updated_at`) VALUES ('236', '47', 'out', '1.00', '0.00', '0.00', 'App\\Models\\Order', '92', 'Order #INV-20260302-0076 - kotak build', '19', '2026-03-02 14:12:02', '2026-03-02 14:12:02');
INSERT INTO `stock_movements` (`id`, `material_id`, `type`, `quantity`, `unit_price`, `total_price`, `reference_type`, `reference_id`, `notes`, `user_id`, `created_at`, `updated_at`) VALUES ('237', '85', 'out', '1.00', '0.00', '0.00', 'App\\Models\\Order', '93', 'Order #INV-20260302-0077 - bazar jilbab', '19', '2026-03-02 14:15:48', '2026-03-02 14:15:48');
INSERT INTO `stock_movements` (`id`, `material_id`, `type`, `quantity`, `unit_price`, `total_price`, `reference_type`, `reference_id`, `notes`, `user_id`, `created_at`, `updated_at`) VALUES ('238', '57', 'out', '10.00', '0.00', '0.00', 'App\\Models\\Order', '94', 'Order #INV-20260302-0078 - faris barokah', '20', '2026-03-02 14:16:09', '2026-03-02 14:16:09');
INSERT INTO `stock_movements` (`id`, `material_id`, `type`, `quantity`, `unit_price`, `total_price`, `reference_type`, `reference_id`, `notes`, `user_id`, `created_at`, `updated_at`) VALUES ('239', '59', 'out', '100.00', '0.00', '0.00', 'App\\Models\\Order', '95', 'Order #INV-20260302-0079 - royal queen 2026', '19', '2026-03-02 14:20:43', '2026-03-02 14:20:43');
INSERT INTO `stock_movements` (`id`, `material_id`, `type`, `quantity`, `unit_price`, `total_price`, `reference_type`, `reference_id`, `notes`, `user_id`, `created_at`, `updated_at`) VALUES ('240', '91', 'out', '100.00', '0.00', '0.00', 'App\\Models\\Order', '95', 'Order #INV-20260302-0079 - royal queen 2026', '19', '2026-03-02 14:20:43', '2026-03-02 14:20:43');
INSERT INTO `stock_movements` (`id`, `material_id`, `type`, `quantity`, `unit_price`, `total_price`, `reference_type`, `reference_id`, `notes`, `user_id`, `created_at`, `updated_at`) VALUES ('241', '48', 'in', '1.00', '0.00', '0.00', 'App\\Models\\Order', '89', 'Stok dikembalikan - Edit Order #INV-20260302-0073', '23', '2026-03-02 14:23:23', '2026-03-02 14:23:23');
INSERT INTO `stock_movements` (`id`, `material_id`, `type`, `quantity`, `unit_price`, `total_price`, `reference_type`, `reference_id`, `notes`, `user_id`, `created_at`, `updated_at`) VALUES ('242', '57', 'out', '2.00', '0.00', '0.00', 'App\\Models\\Order', '96', 'Order #INV-20260302-0080 - kitchen rrr', '3', '2026-03-02 14:23:45', '2026-03-02 14:23:45');
INSERT INTO `stock_movements` (`id`, `material_id`, `type`, `quantity`, `unit_price`, `total_price`, `reference_type`, `reference_id`, `notes`, `user_id`, `created_at`, `updated_at`) VALUES ('243', '91', 'out', '2.00', '0.00', '0.00', 'App\\Models\\Order', '96', 'Order #INV-20260302-0080 - kitchen rrr', '3', '2026-03-02 14:23:45', '2026-03-02 14:23:45');
INSERT INTO `stock_movements` (`id`, `material_id`, `type`, `quantity`, `unit_price`, `total_price`, `reference_type`, `reference_id`, `notes`, `user_id`, `created_at`, `updated_at`) VALUES ('244', '57', 'out', '10.00', '0.00', '0.00', 'App\\Models\\Order', '97', 'Order #INV-20260302-0081 - akifa cakee', '20', '2026-03-02 14:32:49', '2026-03-02 14:32:49');
INSERT INTO `stock_movements` (`id`, `material_id`, `type`, `quantity`, `unit_price`, `total_price`, `reference_type`, `reference_id`, `notes`, `user_id`, `created_at`, `updated_at`) VALUES ('245', '91', 'out', '10.00', '0.00', '0.00', 'App\\Models\\Order', '97', 'Order #INV-20260302-0081 - akifa cakee', '20', '2026-03-02 14:32:49', '2026-03-02 14:32:49');
INSERT INTO `stock_movements` (`id`, `material_id`, `type`, `quantity`, `unit_price`, `total_price`, `reference_type`, `reference_id`, `notes`, `user_id`, `created_at`, `updated_at`) VALUES ('246', '48', 'out', '19.00', '0.00', '0.00', 'App\\Models\\Order', '98', 'Order #INV-20260302-0082 - briggs', '3', '2026-03-02 14:34:17', '2026-03-02 14:34:17');
INSERT INTO `stock_movements` (`id`, `material_id`, `type`, `quantity`, `unit_price`, `total_price`, `reference_type`, `reference_id`, `notes`, `user_id`, `created_at`, `updated_at`) VALUES ('247', '47', 'out', '73.00', '0.00', '0.00', 'App\\Models\\Order', '99', 'Order #INV-20260302-0083 - weton 1= 7, won 2 =13, weton 3=53', '20', '2026-03-02 14:35:56', '2026-03-02 14:35:56');
INSERT INTO `stock_movements` (`id`, `material_id`, `type`, `quantity`, `unit_price`, `total_price`, `reference_type`, `reference_id`, `notes`, `user_id`, `created_at`, `updated_at`) VALUES ('248', '47', 'in', '73.00', '0.00', '0.00', 'App\\Models\\Order', '99', 'Stok dikembalikan - Edit Order #INV-20260302-0083', '20', '2026-03-02 14:36:15', '2026-03-02 14:36:15');
INSERT INTO `stock_movements` (`id`, `material_id`, `type`, `quantity`, `unit_price`, `total_price`, `reference_type`, `reference_id`, `notes`, `user_id`, `created_at`, `updated_at`) VALUES ('249', '44', 'out', '86.00', '0.00', '0.00', 'App\\Models\\Order', '100', 'Order #INV-20260302-0084 - negeri cinta', '3', '2026-03-02 14:43:02', '2026-03-02 14:43:02');
INSERT INTO `stock_movements` (`id`, `material_id`, `type`, `quantity`, `unit_price`, `total_price`, `reference_type`, `reference_id`, `notes`, `user_id`, `created_at`, `updated_at`) VALUES ('250', '44', 'in', '86.00', '0.00', '0.00', 'App\\Models\\Order', '100', 'Stok dikembalikan - Edit Order #INV-20260302-0084', '3', '2026-03-02 14:43:34', '2026-03-02 14:43:34');
INSERT INTO `stock_movements` (`id`, `material_id`, `type`, `quantity`, `unit_price`, `total_price`, `reference_type`, `reference_id`, `notes`, `user_id`, `created_at`, `updated_at`) VALUES ('251', '44', 'out', '86.00', '0.00', '0.00', 'App\\Models\\Order', '100', 'Order #INV-20260302-0084 - negeri cinta', '3', '2026-03-02 14:43:34', '2026-03-02 14:43:34');
INSERT INTO `stock_movements` (`id`, `material_id`, `type`, `quantity`, `unit_price`, `total_price`, `reference_type`, `reference_id`, `notes`, `user_id`, `created_at`, `updated_at`) VALUES ('252', '59', 'in', '100.00', '0.00', '0.00', 'App\\Models\\Order', '95', 'Stok dikembalikan - Edit Order #INV-20260302-0079', '19', '2026-03-02 14:43:43', '2026-03-02 14:43:43');
INSERT INTO `stock_movements` (`id`, `material_id`, `type`, `quantity`, `unit_price`, `total_price`, `reference_type`, `reference_id`, `notes`, `user_id`, `created_at`, `updated_at`) VALUES ('253', '91', 'in', '100.00', '0.00', '0.00', 'App\\Models\\Order', '95', 'Stok dikembalikan - Edit Order #INV-20260302-0079', '19', '2026-03-02 14:43:43', '2026-03-02 14:43:43');
INSERT INTO `stock_movements` (`id`, `material_id`, `type`, `quantity`, `unit_price`, `total_price`, `reference_type`, `reference_id`, `notes`, `user_id`, `created_at`, `updated_at`) VALUES ('254', '44', 'in', '86.00', '0.00', '0.00', 'App\\Models\\Order', '100', 'Stok dikembalikan - Edit Order #INV-20260302-0084', '3', '2026-03-02 14:44:41', '2026-03-02 14:44:41');
INSERT INTO `stock_movements` (`id`, `material_id`, `type`, `quantity`, `unit_price`, `total_price`, `reference_type`, `reference_id`, `notes`, `user_id`, `created_at`, `updated_at`) VALUES ('255', '44', 'out', '86.00', '0.00', '0.00', 'App\\Models\\Order', '100', 'Order #INV-20260302-0084 - negeri cinta', '3', '2026-03-02 14:44:41', '2026-03-02 14:44:41');
INSERT INTO `stock_movements` (`id`, `material_id`, `type`, `quantity`, `unit_price`, `total_price`, `reference_type`, `reference_id`, `notes`, `user_id`, `created_at`, `updated_at`) VALUES ('256', '61', 'out', '0.80', '0.00', '0.00', 'App\\Models\\Order', '101', 'Order #INV-20260302-0085 - TDH FOOT', '20', '2026-03-02 14:53:13', '2026-03-02 14:53:13');
INSERT INTO `stock_movements` (`id`, `material_id`, `type`, `quantity`, `unit_price`, `total_price`, `reference_type`, `reference_id`, `notes`, `user_id`, `created_at`, `updated_at`) VALUES ('257', '61', 'out', '0.48', '0.00', '0.00', 'App\\Models\\Order', '101', 'Order #INV-20260302-0085 - HOUSE FOOT', '20', '2026-03-02 14:53:13', '2026-03-02 14:53:13');
INSERT INTO `stock_movements` (`id`, `material_id`, `type`, `quantity`, `unit_price`, `total_price`, `reference_type`, `reference_id`, `notes`, `user_id`, `created_at`, `updated_at`) VALUES ('258', '82', 'out', '0.80', '0.00', '0.00', 'App\\Models\\Order', '101', 'Order #INV-20260302-0085 - TDH FOOT', '20', '2026-03-02 14:53:13', '2026-03-02 14:53:13');
INSERT INTO `stock_movements` (`id`, `material_id`, `type`, `quantity`, `unit_price`, `total_price`, `reference_type`, `reference_id`, `notes`, `user_id`, `created_at`, `updated_at`) VALUES ('259', '82', 'out', '0.48', '0.00', '0.00', 'App\\Models\\Order', '101', 'Order #INV-20260302-0085 - HOUSEFOOT', '20', '2026-03-02 14:53:13', '2026-03-02 14:53:13');
INSERT INTO `stock_movements` (`id`, `material_id`, `type`, `quantity`, `unit_price`, `total_price`, `reference_type`, `reference_id`, `notes`, `user_id`, `created_at`, `updated_at`) VALUES ('260', '99', 'out', '1.28', '0.00', '0.00', 'App\\Models\\Order', '101', 'Order #INV-20260302-0085 - POTONGIN SEMUA', '20', '2026-03-02 14:53:13', '2026-03-02 14:53:13');
INSERT INTO `stock_movements` (`id`, `material_id`, `type`, `quantity`, `unit_price`, `total_price`, `reference_type`, `reference_id`, `notes`, `user_id`, `created_at`, `updated_at`) VALUES ('261', '57', 'out', '30.00', '0.00', '0.00', 'App\\Models\\Order', '102', 'Order #INV-20260302-0086 - boy fried 0203', '19', '2026-03-02 14:53:57', '2026-03-02 14:53:57');
INSERT INTO `stock_movements` (`id`, `material_id`, `type`, `quantity`, `unit_price`, `total_price`, `reference_type`, `reference_id`, `notes`, `user_id`, `created_at`, `updated_at`) VALUES ('262', '91', 'out', '30.00', '0.00', '0.00', 'App\\Models\\Order', '102', 'Order #INV-20260302-0086 - boy fried 0203', '19', '2026-03-02 14:53:57', '2026-03-02 14:53:57');
INSERT INTO `stock_movements` (`id`, `material_id`, `type`, `quantity`, `unit_price`, `total_price`, `reference_type`, `reference_id`, `notes`, `user_id`, `created_at`, `updated_at`) VALUES ('263', '61', 'in', '0.80', '0.00', '0.00', 'App\\Models\\Order', '101', 'Stok dikembalikan - Edit Order #INV-20260302-0085', '20', '2026-03-02 14:55:37', '2026-03-02 14:55:37');
INSERT INTO `stock_movements` (`id`, `material_id`, `type`, `quantity`, `unit_price`, `total_price`, `reference_type`, `reference_id`, `notes`, `user_id`, `created_at`, `updated_at`) VALUES ('264', '61', 'in', '0.48', '0.00', '0.00', 'App\\Models\\Order', '101', 'Stok dikembalikan - Edit Order #INV-20260302-0085', '20', '2026-03-02 14:55:37', '2026-03-02 14:55:37');
INSERT INTO `stock_movements` (`id`, `material_id`, `type`, `quantity`, `unit_price`, `total_price`, `reference_type`, `reference_id`, `notes`, `user_id`, `created_at`, `updated_at`) VALUES ('265', '82', 'in', '0.80', '0.00', '0.00', 'App\\Models\\Order', '101', 'Stok dikembalikan - Edit Order #INV-20260302-0085', '20', '2026-03-02 14:55:37', '2026-03-02 14:55:37');
INSERT INTO `stock_movements` (`id`, `material_id`, `type`, `quantity`, `unit_price`, `total_price`, `reference_type`, `reference_id`, `notes`, `user_id`, `created_at`, `updated_at`) VALUES ('266', '82', 'in', '0.48', '0.00', '0.00', 'App\\Models\\Order', '101', 'Stok dikembalikan - Edit Order #INV-20260302-0085', '20', '2026-03-02 14:55:37', '2026-03-02 14:55:37');
INSERT INTO `stock_movements` (`id`, `material_id`, `type`, `quantity`, `unit_price`, `total_price`, `reference_type`, `reference_id`, `notes`, `user_id`, `created_at`, `updated_at`) VALUES ('267', '99', 'in', '1.28', '0.00', '0.00', 'App\\Models\\Order', '101', 'Stok dikembalikan - Edit Order #INV-20260302-0085', '20', '2026-03-02 14:55:37', '2026-03-02 14:55:37');
INSERT INTO `stock_movements` (`id`, `material_id`, `type`, `quantity`, `unit_price`, `total_price`, `reference_type`, `reference_id`, `notes`, `user_id`, `created_at`, `updated_at`) VALUES ('268', '82', 'out', '1.28', '0.00', '0.00', 'App\\Models\\Order', '101', 'Order #INV-20260302-0085 - TDH FOOT', '20', '2026-03-02 14:55:37', '2026-03-02 14:55:37');
INSERT INTO `stock_movements` (`id`, `material_id`, `type`, `quantity`, `unit_price`, `total_price`, `reference_type`, `reference_id`, `notes`, `user_id`, `created_at`, `updated_at`) VALUES ('269', '82', 'in', '1.28', '0.00', '0.00', 'App\\Models\\Order', '101', 'Stok dikembalikan - Edit Order #INV-20260302-0085', '20', '2026-03-02 14:56:32', '2026-03-02 14:56:32');
INSERT INTO `stock_movements` (`id`, `material_id`, `type`, `quantity`, `unit_price`, `total_price`, `reference_type`, `reference_id`, `notes`, `user_id`, `created_at`, `updated_at`) VALUES ('270', '49', 'out', '135.00', '0.00', '0.00', 'App\\Models\\Order', '89', 'Order #INV-20260302-0073 - Undangan Hoki 6', '23', '2026-03-02 14:58:13', '2026-03-02 14:58:13');
INSERT INTO `stock_movements` (`id`, `material_id`, `type`, `quantity`, `unit_price`, `total_price`, `reference_type`, `reference_id`, `notes`, `user_id`, `created_at`, `updated_at`) VALUES ('271', '47', 'out', '9.00', '0.00', '0.00', 'App\\Models\\Order', '103', 'Order #INV-20260302-0087 - KUPON ZAKAT', '20', '2026-03-02 15:02:24', '2026-03-02 15:02:24');
INSERT INTO `stock_movements` (`id`, `material_id`, `type`, `quantity`, `unit_price`, `total_price`, `reference_type`, `reference_id`, `notes`, `user_id`, `created_at`, `updated_at`) VALUES ('272', '49', 'in', '720.00', '888.00', '639360.00', NULL, NULL, NULL, '8', '2026-03-02 15:12:40', '2026-03-02 15:12:40');
INSERT INTO `stock_movements` (`id`, `material_id`, `type`, `quantity`, `unit_price`, `total_price`, `reference_type`, `reference_id`, `notes`, `user_id`, `created_at`, `updated_at`) VALUES ('273', '57', 'out', '2.00', '0.00', '0.00', 'App\\Models\\Order', '104', 'Order #INV-20260302-0088 - cik ly', '19', '2026-03-02 15:49:40', '2026-03-02 15:49:40');
INSERT INTO `stock_movements` (`id`, `material_id`, `type`, `quantity`, `unit_price`, `total_price`, `reference_type`, `reference_id`, `notes`, `user_id`, `created_at`, `updated_at`) VALUES ('274', '68', 'out', '2.00', '0.00', '0.00', 'App\\Models\\Order', '104', 'Order #INV-20260302-0088 - cik ly', '19', '2026-03-02 15:49:40', '2026-03-02 15:49:40');
INSERT INTO `stock_movements` (`id`, `material_id`, `type`, `quantity`, `unit_price`, `total_price`, `reference_type`, `reference_id`, `notes`, `user_id`, `created_at`, `updated_at`) VALUES ('276', '59', 'out', '3.00', '0.00', '0.00', 'App\\Models\\Order', '105', 'Order #INV-20260302-0089 - DF PARFUME', '20', '2026-03-02 15:54:09', '2026-03-02 15:54:09');
INSERT INTO `stock_movements` (`id`, `material_id`, `type`, `quantity`, `unit_price`, `total_price`, `reference_type`, `reference_id`, `notes`, `user_id`, `created_at`, `updated_at`) VALUES ('277', '68', 'out', '3.00', '0.00', '0.00', 'App\\Models\\Order', '105', 'Order #INV-20260302-0089 - DF PARFUME', '20', '2026-03-02 15:54:09', '2026-03-02 15:54:09');
INSERT INTO `stock_movements` (`id`, `material_id`, `type`, `quantity`, `unit_price`, `total_price`, `reference_type`, `reference_id`, `notes`, `user_id`, `created_at`, `updated_at`) VALUES ('278', '91', 'out', '3.00', '0.00', '0.00', 'App\\Models\\Order', '105', 'Order #INV-20260302-0089 - DF PARFUME', '20', '2026-03-02 15:54:09', '2026-03-02 15:54:09');
INSERT INTO `stock_movements` (`id`, `material_id`, `type`, `quantity`, `unit_price`, `total_price`, `reference_type`, `reference_id`, `notes`, `user_id`, `created_at`, `updated_at`) VALUES ('279', '59', 'out', '9.00', '0.00', '0.00', 'App\\Models\\Order', '106', 'Order #INV-20260302-0090 - zainal stiker', '19', '2026-03-02 15:58:46', '2026-03-02 15:58:46');
INSERT INTO `stock_movements` (`id`, `material_id`, `type`, `quantity`, `unit_price`, `total_price`, `reference_type`, `reference_id`, `notes`, `user_id`, `created_at`, `updated_at`) VALUES ('280', '91', 'out', '9.00', '0.00', '0.00', 'App\\Models\\Order', '106', 'Order #INV-20260302-0090 - zainal stiker', '19', '2026-03-02 15:58:46', '2026-03-02 15:58:46');
INSERT INTO `stock_movements` (`id`, `material_id`, `type`, `quantity`, `unit_price`, `total_price`, `reference_type`, `reference_id`, `notes`, `user_id`, `created_at`, `updated_at`) VALUES ('281', '61', 'out', '0.24', '0.00', '0.00', 'App\\Models\\Order', '107', 'Order #INV-20260302-0091 - stop bullying', '3', '2026-03-02 15:59:33', '2026-03-02 15:59:33');
INSERT INTO `stock_movements` (`id`, `material_id`, `type`, `quantity`, `unit_price`, `total_price`, `reference_type`, `reference_id`, `notes`, `user_id`, `created_at`, `updated_at`) VALUES ('282', '50', 'out', '28.00', '0.00', '0.00', 'App\\Models\\Order', '108', 'Order #INV-20260302-0092 - shalinan', '19', '2026-03-02 16:01:50', '2026-03-02 16:01:50');
INSERT INTO `stock_movements` (`id`, `material_id`, `type`, `quantity`, `unit_price`, `total_price`, `reference_type`, `reference_id`, `notes`, `user_id`, `created_at`, `updated_at`) VALUES ('283', '44', 'out', '2.00', '0.00', '0.00', 'App\\Models\\Order', '109', 'Order #INV-20260302-0093 - voucher 1', '3', '2026-03-02 16:28:50', '2026-03-02 16:28:50');
INSERT INTO `stock_movements` (`id`, `material_id`, `type`, `quantity`, `unit_price`, `total_price`, `reference_type`, `reference_id`, `notes`, `user_id`, `created_at`, `updated_at`) VALUES ('284', '44', 'out', '20.00', '0.00', '0.00', 'App\\Models\\Order', '109', 'Order #INV-20260302-0093 - special 0203', '3', '2026-03-02 16:28:50', '2026-03-02 16:28:50');
INSERT INTO `stock_movements` (`id`, `material_id`, `type`, `quantity`, `unit_price`, `total_price`, `reference_type`, `reference_id`, `notes`, `user_id`, `created_at`, `updated_at`) VALUES ('285', '68', 'in', '9000.00', '150.00', '1350000.00', NULL, NULL, 'ONLINE', '8', '2026-03-02 16:29:25', '2026-03-02 16:29:25');
INSERT INTO `stock_movements` (`id`, `material_id`, `type`, `quantity`, `unit_price`, `total_price`, `reference_type`, `reference_id`, `notes`, `user_id`, `created_at`, `updated_at`) VALUES ('286', '47', 'out', '81.00', '0.00', '0.00', 'App\\Models\\Order', '110', 'Order #INV-20260302-0094 - yasin musni', '3', '2026-03-02 16:32:54', '2026-03-02 16:32:54');
INSERT INTO `stock_movements` (`id`, `material_id`, `type`, `quantity`, `unit_price`, `total_price`, `reference_type`, `reference_id`, `notes`, `user_id`, `created_at`, `updated_at`) VALUES ('287', '67', 'out', '81.00', '0.00', '0.00', 'App\\Models\\Order', '110', 'Order #INV-20260302-0094 - yasin musni', '3', '2026-03-02 16:32:54', '2026-03-02 16:32:54');
INSERT INTO `stock_movements` (`id`, `material_id`, `type`, `quantity`, `unit_price`, `total_price`, `reference_type`, `reference_id`, `notes`, `user_id`, `created_at`, `updated_at`) VALUES ('289', '61', 'out', '1.80', '0.00', '0.00', 'App\\Models\\Order', '112', 'Order #INV-20260302-0096 - stiker', '23', '2026-03-02 16:35:21', '2026-03-02 16:35:21');
INSERT INTO `stock_movements` (`id`, `material_id`, `type`, `quantity`, `unit_price`, `total_price`, `reference_type`, `reference_id`, `notes`, `user_id`, `created_at`, `updated_at`) VALUES ('290', '61', 'in', '1.80', '0.00', '0.00', 'App\\Models\\Order', '112', 'Stok dikembalikan - Edit Order #INV-20260302-0096', '23', '2026-03-02 16:35:41', '2026-03-02 16:35:41');
INSERT INTO `stock_movements` (`id`, `material_id`, `type`, `quantity`, `unit_price`, `total_price`, `reference_type`, `reference_id`, `notes`, `user_id`, `created_at`, `updated_at`) VALUES ('291', '49', 'out', '2.00', '0.00', '0.00', 'App\\Models\\Order', '113', 'Order #INV-20260302-0097 - hamperscake', '20', '2026-03-02 16:37:56', '2026-03-02 16:37:56');
INSERT INTO `stock_movements` (`id`, `material_id`, `type`, `quantity`, `unit_price`, `total_price`, `reference_type`, `reference_id`, `notes`, `user_id`, `created_at`, `updated_at`) VALUES ('292', '68', 'out', '2.00', '0.00', '0.00', 'App\\Models\\Order', '113', 'Order #INV-20260302-0097 - hamperscake', '20', '2026-03-02 16:37:56', '2026-03-02 16:37:56');
INSERT INTO `stock_movements` (`id`, `material_id`, `type`, `quantity`, `unit_price`, `total_price`, `reference_type`, `reference_id`, `notes`, `user_id`, `created_at`, `updated_at`) VALUES ('293', '85', 'out', '5.90', '0.00', '0.00', 'App\\Models\\Order', '114', 'Order #INV-20260302-0098 - folder visual motif', '23', '2026-03-02 16:40:32', '2026-03-02 16:40:32');
INSERT INTO `stock_movements` (`id`, `material_id`, `type`, `quantity`, `unit_price`, `total_price`, `reference_type`, `reference_id`, `notes`, `user_id`, `created_at`, `updated_at`) VALUES ('294', '85', 'out', '2.36', '0.00', '0.00', 'App\\Models\\Order', '114', 'Order #INV-20260302-0098 - folder visual motif', '23', '2026-03-02 16:40:32', '2026-03-02 16:40:32');
INSERT INTO `stock_movements` (`id`, `material_id`, `type`, `quantity`, `unit_price`, `total_price`, `reference_type`, `reference_id`, `notes`, `user_id`, `created_at`, `updated_at`) VALUES ('295', '85', 'out', '2.08', '0.00', '0.00', 'App\\Models\\Order', '114', 'Order #INV-20260302-0098 - folder visual motif', '23', '2026-03-02 16:40:32', '2026-03-02 16:40:32');
INSERT INTO `stock_movements` (`id`, `material_id`, `type`, `quantity`, `unit_price`, `total_price`, `reference_type`, `reference_id`, `notes`, `user_id`, `created_at`, `updated_at`) VALUES ('296', '85', 'out', '4.16', '0.00', '0.00', 'App\\Models\\Order', '114', 'Order #INV-20260302-0098 - folder visual motif', '23', '2026-03-02 16:40:32', '2026-03-02 16:40:32');
INSERT INTO `stock_movements` (`id`, `material_id`, `type`, `quantity`, `unit_price`, `total_price`, `reference_type`, `reference_id`, `notes`, `user_id`, `created_at`, `updated_at`) VALUES ('297', '85', 'out', '5.76', '0.00', '0.00', 'App\\Models\\Order', '114', 'Order #INV-20260302-0098 - folder visual motif', '23', '2026-03-02 16:40:32', '2026-03-02 16:40:32');
INSERT INTO `stock_movements` (`id`, `material_id`, `type`, `quantity`, `unit_price`, `total_price`, `reference_type`, `reference_id`, `notes`, `user_id`, `created_at`, `updated_at`) VALUES ('298', '85', 'out', '2.75', '0.00', '0.00', 'App\\Models\\Order', '114', 'Order #INV-20260302-0098 - folder visual motif', '23', '2026-03-02 16:40:32', '2026-03-02 16:40:32');
INSERT INTO `stock_movements` (`id`, `material_id`, `type`, `quantity`, `unit_price`, `total_price`, `reference_type`, `reference_id`, `notes`, `user_id`, `created_at`, `updated_at`) VALUES ('299', '59', 'out', '3.00', '0.00', '0.00', 'App\\Models\\Order', '115', 'Order #INV-20260302-0099 - MINI ONE 1', '3', '2026-03-02 16:43:56', '2026-03-02 16:43:56');
INSERT INTO `stock_movements` (`id`, `material_id`, `type`, `quantity`, `unit_price`, `total_price`, `reference_type`, `reference_id`, `notes`, `user_id`, `created_at`, `updated_at`) VALUES ('300', '91', 'out', '3.00', '0.00', '0.00', 'App\\Models\\Order', '115', 'Order #INV-20260302-0099 - MINI ONE 1', '3', '2026-03-02 16:43:56', '2026-03-02 16:43:56');
INSERT INTO `stock_movements` (`id`, `material_id`, `type`, `quantity`, `unit_price`, `total_price`, `reference_type`, `reference_id`, `notes`, `user_id`, `created_at`, `updated_at`) VALUES ('301', '61', 'out', '2.00', '0.00', '0.00', 'App\\Models\\Order', '116', 'Order #INV-20260302-0100 - M2REPAIR', '20', '2026-03-02 16:51:14', '2026-03-02 16:51:14');
INSERT INTO `stock_movements` (`id`, `material_id`, `type`, `quantity`, `unit_price`, `total_price`, `reference_type`, `reference_id`, `notes`, `user_id`, `created_at`, `updated_at`) VALUES ('302', '82', 'out', '2.00', '0.00', '0.00', 'App\\Models\\Order', '116', 'Order #INV-20260302-0100 - M2REPAIR', '20', '2026-03-02 16:51:14', '2026-03-02 16:51:14');
INSERT INTO `stock_movements` (`id`, `material_id`, `type`, `quantity`, `unit_price`, `total_price`, `reference_type`, `reference_id`, `notes`, `user_id`, `created_at`, `updated_at`) VALUES ('303', '61', 'in', '2.00', '0.00', '0.00', 'App\\Models\\Order', '116', 'Stok dikembalikan - Edit Order #INV-20260302-0100', '20', '2026-03-02 16:51:45', '2026-03-02 16:51:45');
INSERT INTO `stock_movements` (`id`, `material_id`, `type`, `quantity`, `unit_price`, `total_price`, `reference_type`, `reference_id`, `notes`, `user_id`, `created_at`, `updated_at`) VALUES ('304', '82', 'in', '2.00', '0.00', '0.00', 'App\\Models\\Order', '116', 'Stok dikembalikan - Edit Order #INV-20260302-0100', '20', '2026-03-02 16:51:45', '2026-03-02 16:51:45');
INSERT INTO `stock_movements` (`id`, `material_id`, `type`, `quantity`, `unit_price`, `total_price`, `reference_type`, `reference_id`, `notes`, `user_id`, `created_at`, `updated_at`) VALUES ('305', '61', 'out', '5.04', '0.00', '0.00', 'App\\Models\\Order', '117', 'Order #INV-20260302-0101 - HASIL BUMI', '20', '2026-03-02 16:56:05', '2026-03-02 16:56:05');
INSERT INTO `stock_movements` (`id`, `material_id`, `type`, `quantity`, `unit_price`, `total_price`, `reference_type`, `reference_id`, `notes`, `user_id`, `created_at`, `updated_at`) VALUES ('306', '82', 'out', '5.04', '0.00', '0.00', 'App\\Models\\Order', '117', 'Order #INV-20260302-0101 - HASIL BUMI', '20', '2026-03-02 16:56:05', '2026-03-02 16:56:05');
INSERT INTO `stock_movements` (`id`, `material_id`, `type`, `quantity`, `unit_price`, `total_price`, `reference_type`, `reference_id`, `notes`, `user_id`, `created_at`, `updated_at`) VALUES ('307', '61', 'in', '5.04', '0.00', '0.00', 'App\\Models\\Order', '117', 'Stok dikembalikan - Edit Order #INV-20260302-0101', '20', '2026-03-02 16:56:53', '2026-03-02 16:56:53');
INSERT INTO `stock_movements` (`id`, `material_id`, `type`, `quantity`, `unit_price`, `total_price`, `reference_type`, `reference_id`, `notes`, `user_id`, `created_at`, `updated_at`) VALUES ('308', '82', 'in', '5.04', '0.00', '0.00', 'App\\Models\\Order', '117', 'Stok dikembalikan - Edit Order #INV-20260302-0101', '20', '2026-03-02 16:56:53', '2026-03-02 16:56:53');
INSERT INTO `stock_movements` (`id`, `material_id`, `type`, `quantity`, `unit_price`, `total_price`, `reference_type`, `reference_id`, `notes`, `user_id`, `created_at`, `updated_at`) VALUES ('309', '61', 'out', '0.88', '0.00', '0.00', 'App\\Models\\Order', '118', 'Order #INV-20260302-0102 - LPG  SALIM', '20', '2026-03-02 16:59:33', '2026-03-02 16:59:33');
INSERT INTO `stock_movements` (`id`, `material_id`, `type`, `quantity`, `unit_price`, `total_price`, `reference_type`, `reference_id`, `notes`, `user_id`, `created_at`, `updated_at`) VALUES ('310', '82', 'out', '0.88', '0.00', '0.00', 'App\\Models\\Order', '118', 'Order #INV-20260302-0102 - LPG  SALIM', '20', '2026-03-02 16:59:33', '2026-03-02 16:59:33');
INSERT INTO `stock_movements` (`id`, `material_id`, `type`, `quantity`, `unit_price`, `total_price`, `reference_type`, `reference_id`, `notes`, `user_id`, `created_at`, `updated_at`) VALUES ('311', '85', 'out', '0.55', '0.00', '0.00', 'App\\Models\\Order', '119', 'Order #INV-20260302-0103 - 7 KEBIASAAN', '3', '2026-03-02 17:02:10', '2026-03-02 17:02:10');
INSERT INTO `stock_movements` (`id`, `material_id`, `type`, `quantity`, `unit_price`, `total_price`, `reference_type`, `reference_id`, `notes`, `user_id`, `created_at`, `updated_at`) VALUES ('312', '61', 'out', '1.70', '0.00', '0.00', 'App\\Models\\Order', '120', 'Order #INV-20260302-0104 - SUMBER NIAGA', '20', '2026-03-02 17:02:10', '2026-03-02 17:02:10');
INSERT INTO `stock_movements` (`id`, `material_id`, `type`, `quantity`, `unit_price`, `total_price`, `reference_type`, `reference_id`, `notes`, `user_id`, `created_at`, `updated_at`) VALUES ('313', '82', 'out', '1.70', '0.00', '0.00', 'App\\Models\\Order', '120', 'Order #INV-20260302-0104 - SUMBER NIAGA', '20', '2026-03-02 17:02:10', '2026-03-02 17:02:10');
INSERT INTO `stock_movements` (`id`, `material_id`, `type`, `quantity`, `unit_price`, `total_price`, `reference_type`, `reference_id`, `notes`, `user_id`, `created_at`, `updated_at`) VALUES ('314', '61', 'out', '1.72', '0.00', '0.00', 'App\\Models\\Order', '121', 'Order #INV-20260302-0105 - ELPIGI SALIM', '20', '2026-03-02 17:04:27', '2026-03-02 17:04:27');
INSERT INTO `stock_movements` (`id`, `material_id`, `type`, `quantity`, `unit_price`, `total_price`, `reference_type`, `reference_id`, `notes`, `user_id`, `created_at`, `updated_at`) VALUES ('315', '82', 'out', '1.72', '0.00', '0.00', 'App\\Models\\Order', '121', 'Order #INV-20260302-0105 - ELPIGI SALIM', '20', '2026-03-02 17:04:27', '2026-03-02 17:04:27');
INSERT INTO `stock_movements` (`id`, `material_id`, `type`, `quantity`, `unit_price`, `total_price`, `reference_type`, `reference_id`, `notes`, `user_id`, `created_at`, `updated_at`) VALUES ('316', '85', 'in', '0.55', '0.00', '0.00', 'App\\Models\\Order', '119', 'Stok dikembalikan - Edit Order #INV-20260302-0103', '3', '2026-03-02 17:04:33', '2026-03-02 17:04:33');
INSERT INTO `stock_movements` (`id`, `material_id`, `type`, `quantity`, `unit_price`, `total_price`, `reference_type`, `reference_id`, `notes`, `user_id`, `created_at`, `updated_at`) VALUES ('317', '85', 'out', '0.55', '0.00', '0.00', 'App\\Models\\Order', '119', 'Order #INV-20260302-0103 - 7 KEBIASAAN', '3', '2026-03-02 17:04:33', '2026-03-02 17:04:33');
INSERT INTO `stock_movements` (`id`, `material_id`, `type`, `quantity`, `unit_price`, `total_price`, `reference_type`, `reference_id`, `notes`, `user_id`, `created_at`, `updated_at`) VALUES ('318', '57', 'out', '21.00', '0.00', '0.00', 'App\\Models\\Order', '122', 'Order #INV-20260302-0106 - sogon', '20', '2026-03-02 17:11:01', '2026-03-02 17:11:01');
INSERT INTO `stock_movements` (`id`, `material_id`, `type`, `quantity`, `unit_price`, `total_price`, `reference_type`, `reference_id`, `notes`, `user_id`, `created_at`, `updated_at`) VALUES ('319', '57', 'in', '21.00', '0.00', '0.00', 'App\\Models\\Order', '122', 'Stok dikembalikan - Edit Order #INV-20260302-0106', '20', '2026-03-02 17:11:39', '2026-03-02 17:11:39');
INSERT INTO `stock_movements` (`id`, `material_id`, `type`, `quantity`, `unit_price`, `total_price`, `reference_type`, `reference_id`, `notes`, `user_id`, `created_at`, `updated_at`) VALUES ('320', '61', 'in', '1.72', '0.00', '0.00', 'App\\Models\\Order', '121', 'Stok dikembalikan - Edit Order #INV-20260302-0105', '1', '2026-03-03 02:23:52', '2026-03-03 02:23:52');
INSERT INTO `stock_movements` (`id`, `material_id`, `type`, `quantity`, `unit_price`, `total_price`, `reference_type`, `reference_id`, `notes`, `user_id`, `created_at`, `updated_at`) VALUES ('321', '82', 'in', '1.72', '0.00', '0.00', 'App\\Models\\Order', '121', 'Stok dikembalikan - Edit Order #INV-20260302-0105', '1', '2026-03-03 02:23:52', '2026-03-03 02:23:52');
INSERT INTO `stock_movements` (`id`, `material_id`, `type`, `quantity`, `unit_price`, `total_price`, `reference_type`, `reference_id`, `notes`, `user_id`, `created_at`, `updated_at`) VALUES ('322', '45', 'out', '13.00', '0.00', '0.00', 'App\\Models\\Order', '123', 'Order #INV-20260303-0001 - Belt Idul Fitri', '20', '2026-03-03 09:22:38', '2026-03-03 09:22:38');
INSERT INTO `stock_movements` (`id`, `material_id`, `type`, `quantity`, `unit_price`, `total_price`, `reference_type`, `reference_id`, `notes`, `user_id`, `created_at`, `updated_at`) VALUES ('323', '47', 'out', '8.00', '0.00', '0.00', 'App\\Models\\Order', '124', 'Order #INV-20260303-0002 - ucapan lebaran', '19', '2026-03-03 09:22:48', '2026-03-03 09:22:48');
INSERT INTO `stock_movements` (`id`, `material_id`, `type`, `quantity`, `unit_price`, `total_price`, `reference_type`, `reference_id`, `notes`, `user_id`, `created_at`, `updated_at`) VALUES ('324', '68', 'out', '8.00', '0.00', '0.00', 'App\\Models\\Order', '124', 'Order #INV-20260303-0002 - ucapan lebaran', '19', '2026-03-03 09:22:48', '2026-03-03 09:22:48');
INSERT INTO `stock_movements` (`id`, `material_id`, `type`, `quantity`, `unit_price`, `total_price`, `reference_type`, `reference_id`, `notes`, `user_id`, `created_at`, `updated_at`) VALUES ('325', '49', 'out', '7.00', '0.00', '0.00', 'App\\Models\\Order', '125', 'Order #INV-20260303-0003 - Card Lebaran', '20', '2026-03-03 09:24:01', '2026-03-03 09:24:01');
INSERT INTO `stock_movements` (`id`, `material_id`, `type`, `quantity`, `unit_price`, `total_price`, `reference_type`, `reference_id`, `notes`, `user_id`, `created_at`, `updated_at`) VALUES ('326', '59', 'out', '20.00', '0.00', '0.00', 'App\\Models\\Order', '126', 'Order #INV-20260303-0004 - cupten=10, arem= 5, lemper=5', '20', '2026-03-03 09:27:48', '2026-03-03 09:27:48');
INSERT INTO `stock_movements` (`id`, `material_id`, `type`, `quantity`, `unit_price`, `total_price`, `reference_type`, `reference_id`, `notes`, `user_id`, `created_at`, `updated_at`) VALUES ('327', '51', 'out', '72.00', '0.00', '0.00', 'App\\Models\\Order', '127', 'Order #INV-20260303-0005 - HAIKAL (1) - HAIKAL ( 18 )', '3', '2026-03-03 09:29:44', '2026-03-03 09:29:44');
INSERT INTO `stock_movements` (`id`, `material_id`, `type`, `quantity`, `unit_price`, `total_price`, `reference_type`, `reference_id`, `notes`, `user_id`, `created_at`, `updated_at`) VALUES ('328', '57', 'out', '10.00', '0.00', '0.00', 'App\\Models\\Order', '128', 'Order #INV-20260303-0006 - Hana MAt=5 Peony =5', '20', '2026-03-03 09:29:53', '2026-03-03 09:29:53');
INSERT INTO `stock_movements` (`id`, `material_id`, `type`, `quantity`, `unit_price`, `total_price`, `reference_type`, `reference_id`, `notes`, `user_id`, `created_at`, `updated_at`) VALUES ('329', '49', 'out', '8.00', '0.00', '0.00', 'App\\Models\\Order', '129', 'Order #INV-20260303-0007 - elty card', '20', '2026-03-03 09:32:55', '2026-03-03 09:32:55');
INSERT INTO `stock_movements` (`id`, `material_id`, `type`, `quantity`, `unit_price`, `total_price`, `reference_type`, `reference_id`, `notes`, `user_id`, `created_at`, `updated_at`) VALUES ('330', '67', 'out', '8.00', '0.00', '0.00', 'App\\Models\\Order', '129', 'Order #INV-20260303-0007 - elty card', '20', '2026-03-03 09:32:55', '2026-03-03 09:32:55');
INSERT INTO `stock_movements` (`id`, `material_id`, `type`, `quantity`, `unit_price`, `total_price`, `reference_type`, `reference_id`, `notes`, `user_id`, `created_at`, `updated_at`) VALUES ('331', '47', 'out', '34.00', '0.00', '0.00', 'App\\Models\\Order', '130', 'Order #INV-20260303-0008 - shafin', '19', '2026-03-03 09:33:34', '2026-03-03 09:33:34');
INSERT INTO `stock_movements` (`id`, `material_id`, `type`, `quantity`, `unit_price`, `total_price`, `reference_type`, `reference_id`, `notes`, `user_id`, `created_at`, `updated_at`) VALUES ('332', '47', 'out', '18.00', '0.00', '0.00', 'App\\Models\\Order', '131', 'Order #INV-20260303-0009 - menu oliv 0303', '3', '2026-03-03 09:35:11', '2026-03-03 09:35:11');
INSERT INTO `stock_movements` (`id`, `material_id`, `type`, `quantity`, `unit_price`, `total_price`, `reference_type`, `reference_id`, `notes`, `user_id`, `created_at`, `updated_at`) VALUES ('333', '67', 'out', '18.00', '0.00', '0.00', 'App\\Models\\Order', '131', 'Order #INV-20260303-0009 - menu oliv 0303', '3', '2026-03-03 09:35:11', '2026-03-03 09:35:11');
INSERT INTO `stock_movements` (`id`, `material_id`, `type`, `quantity`, `unit_price`, `total_price`, `reference_type`, `reference_id`, `notes`, `user_id`, `created_at`, `updated_at`) VALUES ('334', '53', 'out', '37.00', '0.00', '0.00', 'App\\Models\\Order', '132', 'Order #INV-20260303-0010 - sertif nur khozin', '19', '2026-03-03 09:37:22', '2026-03-03 09:37:22');
INSERT INTO `stock_movements` (`id`, `material_id`, `type`, `quantity`, `unit_price`, `total_price`, `reference_type`, `reference_id`, `notes`, `user_id`, `created_at`, `updated_at`) VALUES ('335', '49', 'out', '2.00', '0.00', '0.00', 'App\\Models\\Order', '133', 'Order #INV-20260303-0011 - crown heart', '20', '2026-03-03 09:38:06', '2026-03-03 09:38:06');
INSERT INTO `stock_movements` (`id`, `material_id`, `type`, `quantity`, `unit_price`, `total_price`, `reference_type`, `reference_id`, `notes`, `user_id`, `created_at`, `updated_at`) VALUES ('336', '44', 'out', '8.00', '0.00', '0.00', 'App\\Models\\Order', '134', 'Order #INV-20260303-0012 - planet 0303', '3', '2026-03-03 09:41:27', '2026-03-03 09:41:27');
INSERT INTO `stock_movements` (`id`, `material_id`, `type`, `quantity`, `unit_price`, `total_price`, `reference_type`, `reference_id`, `notes`, `user_id`, `created_at`, `updated_at`) VALUES ('337', '47', 'out', '4.00', '0.00', '0.00', 'App\\Models\\Order', '135', 'Order #INV-20260303-0013 - ari kurniawan', '19', '2026-03-03 09:44:42', '2026-03-03 09:44:42');
INSERT INTO `stock_movements` (`id`, `material_id`, `type`, `quantity`, `unit_price`, `total_price`, `reference_type`, `reference_id`, `notes`, `user_id`, `created_at`, `updated_at`) VALUES ('338', '85', 'out', '2.00', '0.00', '0.00', 'App\\Models\\Order', '136', 'Order #INV-20260303-0014 - pesantren ramadan', '19', '2026-03-03 09:45:23', '2026-03-03 09:45:23');
INSERT INTO `stock_movements` (`id`, `material_id`, `type`, `quantity`, `unit_price`, `total_price`, `reference_type`, `reference_id`, `notes`, `user_id`, `created_at`, `updated_at`) VALUES ('339', '57', 'out', '3.00', '0.00', '0.00', 'App\\Models\\Order', '137', 'Order #INV-20260303-0015 - KURMA BEBEK', '23', '2026-03-03 09:45:39', '2026-03-03 09:45:39');
INSERT INTO `stock_movements` (`id`, `material_id`, `type`, `quantity`, `unit_price`, `total_price`, `reference_type`, `reference_id`, `notes`, `user_id`, `created_at`, `updated_at`) VALUES ('340', '57', 'in', '3.00', '0.00', '0.00', 'App\\Models\\Order', '137', 'Stok dikembalikan - Edit Order #INV-20260303-0015', '23', '2026-03-03 09:46:52', '2026-03-03 09:46:52');
INSERT INTO `stock_movements` (`id`, `material_id`, `type`, `quantity`, `unit_price`, `total_price`, `reference_type`, `reference_id`, `notes`, `user_id`, `created_at`, `updated_at`) VALUES ('341', '57', 'out', '3.00', '0.00', '0.00', 'App\\Models\\Order', '137', 'Order #INV-20260303-0015 - KURMA BEBEK', '23', '2026-03-03 09:46:52', '2026-03-03 09:46:52');
INSERT INTO `stock_movements` (`id`, `material_id`, `type`, `quantity`, `unit_price`, `total_price`, `reference_type`, `reference_id`, `notes`, `user_id`, `created_at`, `updated_at`) VALUES ('342', '86', 'out', '4.50', '0.00', '0.00', 'App\\Models\\Order', '138', 'Order #INV-20260303-0016 - setia nada 01', '19', '2026-03-03 09:48:46', '2026-03-03 09:48:46');
INSERT INTO `stock_movements` (`id`, `material_id`, `type`, `quantity`, `unit_price`, `total_price`, `reference_type`, `reference_id`, `notes`, `user_id`, `created_at`, `updated_at`) VALUES ('343', '86', 'out', '1.20', '0.00', '0.00', 'App\\Models\\Order', '138', 'Order #INV-20260303-0016 - setia nada 02', '19', '2026-03-03 09:48:46', '2026-03-03 09:48:46');
INSERT INTO `stock_movements` (`id`, `material_id`, `type`, `quantity`, `unit_price`, `total_price`, `reference_type`, `reference_id`, `notes`, `user_id`, `created_at`, `updated_at`) VALUES ('344', '86', 'in', '4.50', '0.00', '0.00', 'App\\Models\\Order', '138', 'Stok dikembalikan - Edit Order #INV-20260303-0016', '19', '2026-03-03 09:49:11', '2026-03-03 09:49:11');
INSERT INTO `stock_movements` (`id`, `material_id`, `type`, `quantity`, `unit_price`, `total_price`, `reference_type`, `reference_id`, `notes`, `user_id`, `created_at`, `updated_at`) VALUES ('345', '86', 'in', '1.20', '0.00', '0.00', 'App\\Models\\Order', '138', 'Stok dikembalikan - Edit Order #INV-20260303-0016', '19', '2026-03-03 09:49:11', '2026-03-03 09:49:11');
INSERT INTO `stock_movements` (`id`, `material_id`, `type`, `quantity`, `unit_price`, `total_price`, `reference_type`, `reference_id`, `notes`, `user_id`, `created_at`, `updated_at`) VALUES ('347', '47', 'out', '2.00', '0.00', '0.00', 'App\\Models\\Order', '140', 'Order #INV-20260303-0018 - TENDA 2026 BIRU', '23', '2026-03-03 09:52:48', '2026-03-03 09:52:48');
INSERT INTO `stock_movements` (`id`, `material_id`, `type`, `quantity`, `unit_price`, `total_price`, `reference_type`, `reference_id`, `notes`, `user_id`, `created_at`, `updated_at`) VALUES ('348', '47', 'in', '2.00', '0.00', '0.00', 'App\\Models\\Order', '140', 'Stok dikembalikan - Edit Order #INV-20260303-0018', '23', '2026-03-03 09:53:16', '2026-03-03 09:53:16');
INSERT INTO `stock_movements` (`id`, `material_id`, `type`, `quantity`, `unit_price`, `total_price`, `reference_type`, `reference_id`, `notes`, `user_id`, `created_at`, `updated_at`) VALUES ('350', '57', 'out', '3.00', '0.00', '0.00', 'App\\Models\\Order', '142', 'Order #INV-20260303-0020 - ienoeycake 1', '3', '2026-03-03 10:00:56', '2026-03-03 10:00:56');
INSERT INTO `stock_movements` (`id`, `material_id`, `type`, `quantity`, `unit_price`, `total_price`, `reference_type`, `reference_id`, `notes`, `user_id`, `created_at`, `updated_at`) VALUES ('351', '68', 'out', '3.00', '0.00', '0.00', 'App\\Models\\Order', '142', 'Order #INV-20260303-0020 - ienoeycake 1', '3', '2026-03-03 10:00:56', '2026-03-03 10:00:56');
INSERT INTO `stock_movements` (`id`, `material_id`, `type`, `quantity`, `unit_price`, `total_price`, `reference_type`, `reference_id`, `notes`, `user_id`, `created_at`, `updated_at`) VALUES ('352', '91', 'out', '3.00', '0.00', '0.00', 'App\\Models\\Order', '142', 'Order #INV-20260303-0020 - ienoeycake 1', '3', '2026-03-03 10:00:56', '2026-03-03 10:00:56');
INSERT INTO `stock_movements` (`id`, `material_id`, `type`, `quantity`, `unit_price`, `total_price`, `reference_type`, `reference_id`, `notes`, `user_id`, `created_at`, `updated_at`) VALUES ('354', '57', 'out', '50.00', '0.00', '0.00', 'App\\Models\\Order', '144', 'Order #INV-20260303-0022 - razha 0303', '3', '2026-03-03 10:02:54', '2026-03-03 10:02:54');
INSERT INTO `stock_movements` (`id`, `material_id`, `type`, `quantity`, `unit_price`, `total_price`, `reference_type`, `reference_id`, `notes`, `user_id`, `created_at`, `updated_at`) VALUES ('355', '60', 'out', '19.00', '0.00', '0.00', 'App\\Models\\Order', '145', 'Order #INV-20260303-0023 - OTAK ZOMBIE', '20', '2026-03-03 10:07:36', '2026-03-03 10:07:36');
INSERT INTO `stock_movements` (`id`, `material_id`, `type`, `quantity`, `unit_price`, `total_price`, `reference_type`, `reference_id`, `notes`, `user_id`, `created_at`, `updated_at`) VALUES ('356', '54', 'out', '4.00', '0.00', '0.00', 'App\\Models\\Order', '146', 'Order #INV-20260303-0024 - himbarsi', '19', '2026-03-03 10:09:15', '2026-03-03 10:09:15');
INSERT INTO `stock_movements` (`id`, `material_id`, `type`, `quantity`, `unit_price`, `total_price`, `reference_type`, `reference_id`, `notes`, `user_id`, `created_at`, `updated_at`) VALUES ('357', '54', 'out', '15.00', '0.00', '0.00', 'App\\Models\\Order', '146', 'Order #INV-20260303-0024 - himbarsi', '19', '2026-03-03 10:09:15', '2026-03-03 10:09:15');
INSERT INTO `stock_movements` (`id`, `material_id`, `type`, `quantity`, `unit_price`, `total_price`, `reference_type`, `reference_id`, `notes`, `user_id`, `created_at`, `updated_at`) VALUES ('358', '92', 'out', '15.00', '0.00', '0.00', 'App\\Models\\Order', '146', 'Order #INV-20260303-0024 - himbarsi', '19', '2026-03-03 10:09:16', '2026-03-03 10:09:16');
INSERT INTO `stock_movements` (`id`, `material_id`, `type`, `quantity`, `unit_price`, `total_price`, `reference_type`, `reference_id`, `notes`, `user_id`, `created_at`, `updated_at`) VALUES ('359', '54', 'in', '4.00', '0.00', '0.00', 'App\\Models\\Order', '146', 'Stok dikembalikan - Edit Order #INV-20260303-0024', '19', '2026-03-03 10:10:38', '2026-03-03 10:10:38');
INSERT INTO `stock_movements` (`id`, `material_id`, `type`, `quantity`, `unit_price`, `total_price`, `reference_type`, `reference_id`, `notes`, `user_id`, `created_at`, `updated_at`) VALUES ('360', '54', 'in', '15.00', '0.00', '0.00', 'App\\Models\\Order', '146', 'Stok dikembalikan - Edit Order #INV-20260303-0024', '19', '2026-03-03 10:10:38', '2026-03-03 10:10:38');
INSERT INTO `stock_movements` (`id`, `material_id`, `type`, `quantity`, `unit_price`, `total_price`, `reference_type`, `reference_id`, `notes`, `user_id`, `created_at`, `updated_at`) VALUES ('361', '92', 'in', '15.00', '0.00', '0.00', 'App\\Models\\Order', '146', 'Stok dikembalikan - Edit Order #INV-20260303-0024', '19', '2026-03-03 10:10:38', '2026-03-03 10:10:38');
INSERT INTO `stock_movements` (`id`, `material_id`, `type`, `quantity`, `unit_price`, `total_price`, `reference_type`, `reference_id`, `notes`, `user_id`, `created_at`, `updated_at`) VALUES ('362', '48', 'out', '15.00', '0.00', '0.00', 'App\\Models\\Order', '146', 'Order #INV-20260303-0024 - himbarsi', '19', '2026-03-03 10:10:38', '2026-03-03 10:10:38');
INSERT INTO `stock_movements` (`id`, `material_id`, `type`, `quantity`, `unit_price`, `total_price`, `reference_type`, `reference_id`, `notes`, `user_id`, `created_at`, `updated_at`) VALUES ('363', '57', 'out', '4.00', '0.00', '0.00', 'App\\Models\\Order', '147', 'Order #INV-20260303-0025 - joan coffe stk', '19', '2026-03-03 10:11:04', '2026-03-03 10:11:04');
INSERT INTO `stock_movements` (`id`, `material_id`, `type`, `quantity`, `unit_price`, `total_price`, `reference_type`, `reference_id`, `notes`, `user_id`, `created_at`, `updated_at`) VALUES ('364', '50', 'out', '6.00', '0.00', '0.00', 'App\\Models\\Order', '148', 'Order #INV-20260303-0026 - green 1', '3', '2026-03-03 10:12:29', '2026-03-03 10:12:29');
INSERT INTO `stock_movements` (`id`, `material_id`, `type`, `quantity`, `unit_price`, `total_price`, `reference_type`, `reference_id`, `notes`, `user_id`, `created_at`, `updated_at`) VALUES ('365', '50', 'out', '6.00', '0.00', '0.00', 'App\\Models\\Order', '149', 'Order #INV-20260303-0027 - green 1', '3', '2026-03-03 10:12:31', '2026-03-03 10:12:31');
INSERT INTO `stock_movements` (`id`, `material_id`, `type`, `quantity`, `unit_price`, `total_price`, `reference_type`, `reference_id`, `notes`, `user_id`, `created_at`, `updated_at`) VALUES ('366', '50', 'out', '6.00', '0.00', '0.00', 'App\\Models\\Order', '150', 'Order #INV-20260303-0028 - green 1', '3', '2026-03-03 10:12:34', '2026-03-03 10:12:34');
INSERT INTO `stock_movements` (`id`, `material_id`, `type`, `quantity`, `unit_price`, `total_price`, `reference_type`, `reference_id`, `notes`, `user_id`, `created_at`, `updated_at`) VALUES ('367', '85', 'out', '4.00', '0.00', '0.00', 'App\\Models\\Order', '151', 'Order #INV-20260303-0029 - TANTOWI 1, TANTOWI 2', '20', '2026-03-03 10:15:42', '2026-03-03 10:15:42');
INSERT INTO `stock_movements` (`id`, `material_id`, `type`, `quantity`, `unit_price`, `total_price`, `reference_type`, `reference_id`, `notes`, `user_id`, `created_at`, `updated_at`) VALUES ('368', '85', 'out', '2.70', '0.00', '0.00', 'App\\Models\\Order', '152', 'Order #INV-20260303-0030 - STR PSW', '20', '2026-03-03 10:18:27', '2026-03-03 10:18:27');
INSERT INTO `stock_movements` (`id`, `material_id`, `type`, `quantity`, `unit_price`, `total_price`, `reference_type`, `reference_id`, `notes`, `user_id`, `created_at`, `updated_at`) VALUES ('369', '87', 'out', '4.00', '0.00', '0.00', 'App\\Models\\Order', '153', 'Order #INV-20260303-0031 - SINGGAH PANJI', '3', '2026-03-03 10:19:24', '2026-03-03 10:19:24');
INSERT INTO `stock_movements` (`id`, `material_id`, `type`, `quantity`, `unit_price`, `total_price`, `reference_type`, `reference_id`, `notes`, `user_id`, `created_at`, `updated_at`) VALUES ('370', '85', 'out', '3.50', '0.00', '0.00', 'App\\Models\\Order', '154', 'Order #INV-20260303-0032 - DINAS UPTD', '20', '2026-03-03 10:21:23', '2026-03-03 10:21:23');
INSERT INTO `stock_movements` (`id`, `material_id`, `type`, `quantity`, `unit_price`, `total_price`, `reference_type`, `reference_id`, `notes`, `user_id`, `created_at`, `updated_at`) VALUES ('371', '85', 'out', '4.00', '0.00', '0.00', 'App\\Models\\Order', '155', 'Order #INV-20260303-0033 - SINGGAH LIUBERTY', '3', '2026-03-03 10:22:43', '2026-03-03 10:22:43');
INSERT INTO `stock_movements` (`id`, `material_id`, `type`, `quantity`, `unit_price`, `total_price`, `reference_type`, `reference_id`, `notes`, `user_id`, `created_at`, `updated_at`) VALUES ('372', '85', 'out', '6.00', '0.00', '0.00', 'App\\Models\\Order', '156', 'Order #INV-20260303-0034 - monitoring 01-02', '19', '2026-03-03 10:23:40', '2026-03-03 10:23:40');
INSERT INTO `stock_movements` (`id`, `material_id`, `type`, `quantity`, `unit_price`, `total_price`, `reference_type`, `reference_id`, `notes`, `user_id`, `created_at`, `updated_at`) VALUES ('373', '85', 'out', '5.00', '0.00', '0.00', 'App\\Models\\Order', '156', 'Order #INV-20260303-0034 - monitoring 03-07', '19', '2026-03-03 10:23:40', '2026-03-03 10:23:40');
INSERT INTO `stock_movements` (`id`, `material_id`, `type`, `quantity`, `unit_price`, `total_price`, `reference_type`, `reference_id`, `notes`, `user_id`, `created_at`, `updated_at`) VALUES ('374', '85', 'out', '8.00', '0.00', '0.00', 'App\\Models\\Order', '156', 'Order #INV-20260303-0034 - gpib 01', '19', '2026-03-03 10:23:40', '2026-03-03 10:23:40');
INSERT INTO `stock_movements` (`id`, `material_id`, `type`, `quantity`, `unit_price`, `total_price`, `reference_type`, `reference_id`, `notes`, `user_id`, `created_at`, `updated_at`) VALUES ('375', '85', 'out', '4.00', '0.00', '0.00', 'App\\Models\\Order', '156', 'Order #INV-20260303-0034 - gpib 02', '19', '2026-03-03 10:23:40', '2026-03-03 10:23:40');
INSERT INTO `stock_movements` (`id`, `material_id`, `type`, `quantity`, `unit_price`, `total_price`, `reference_type`, `reference_id`, `notes`, `user_id`, `created_at`, `updated_at`) VALUES ('376', '61', 'out', '0.85', '0.00', '0.00', 'App\\Models\\Order', '157', 'Order #INV-20260303-0035 - licht 1', '3', '2026-03-03 10:24:28', '2026-03-03 10:24:28');
INSERT INTO `stock_movements` (`id`, `material_id`, `type`, `quantity`, `unit_price`, `total_price`, `reference_type`, `reference_id`, `notes`, `user_id`, `created_at`, `updated_at`) VALUES ('377', '82', 'out', '0.85', '0.00', '0.00', 'App\\Models\\Order', '157', 'Order #INV-20260303-0035 - licht 1', '3', '2026-03-03 10:24:28', '2026-03-03 10:24:28');
INSERT INTO `stock_movements` (`id`, `material_id`, `type`, `quantity`, `unit_price`, `total_price`, `reference_type`, `reference_id`, `notes`, `user_id`, `created_at`, `updated_at`) VALUES ('379', '85', 'in', '3.50', '0.00', '0.00', 'App\\Models\\Order', '154', 'Stok dikembalikan - Edit Order #INV-20260303-0032', '20', '2026-03-03 10:42:36', '2026-03-03 10:42:36');
INSERT INTO `stock_movements` (`id`, `material_id`, `type`, `quantity`, `unit_price`, `total_price`, `reference_type`, `reference_id`, `notes`, `user_id`, `created_at`, `updated_at`) VALUES ('380', '88', 'out', '3.50', '0.00', '0.00', 'App\\Models\\Order', '154', 'Order #INV-20260303-0032 - DINAS UPTD', '20', '2026-03-03 10:42:36', '2026-03-03 10:42:36');
INSERT INTO `stock_movements` (`id`, `material_id`, `type`, `quantity`, `unit_price`, `total_price`, `reference_type`, `reference_id`, `notes`, `user_id`, `created_at`, `updated_at`) VALUES ('381', '50', 'out', '50.00', '0.00', '0.00', 'App\\Models\\Order', '159', 'Order #INV-20260303-0037 - sun 0303', '3', '2026-03-03 10:43:38', '2026-03-03 10:43:38');
INSERT INTO `stock_movements` (`id`, `material_id`, `type`, `quantity`, `unit_price`, `total_price`, `reference_type`, `reference_id`, `notes`, `user_id`, `created_at`, `updated_at`) VALUES ('382', '47', 'out', '18.00', '0.00', '0.00', 'App\\Models\\Order', '160', 'Order #INV-20260303-0038 - kadiso', '20', '2026-03-03 10:50:39', '2026-03-03 10:50:39');
INSERT INTO `stock_movements` (`id`, `material_id`, `type`, `quantity`, `unit_price`, `total_price`, `reference_type`, `reference_id`, `notes`, `user_id`, `created_at`, `updated_at`) VALUES ('383', '44', 'out', '12.00', '0.00', '0.00', 'App\\Models\\Order', '161', 'Order #INV-20260303-0039 - kinenjoy', '20', '2026-03-03 10:54:03', '2026-03-03 10:54:03');
INSERT INTO `stock_movements` (`id`, `material_id`, `type`, `quantity`, `unit_price`, `total_price`, `reference_type`, `reference_id`, `notes`, `user_id`, `created_at`, `updated_at`) VALUES ('384', '86', 'out', '25.00', '0.00', '0.00', 'App\\Models\\Order', '162', 'Order #INV-20260303-0040 - PT ANUGERAH 1', '3', '2026-03-03 10:55:35', '2026-03-03 10:55:35');
INSERT INTO `stock_movements` (`id`, `material_id`, `type`, `quantity`, `unit_price`, `total_price`, `reference_type`, `reference_id`, `notes`, `user_id`, `created_at`, `updated_at`) VALUES ('385', '47', 'out', '40.00', '0.00', '0.00', 'App\\Models\\Order', '163', 'Order #INV-20260303-0041 - kotak 10ml', '19', '2026-03-03 10:59:14', '2026-03-03 10:59:14');
INSERT INTO `stock_movements` (`id`, `material_id`, `type`, `quantity`, `unit_price`, `total_price`, `reference_type`, `reference_id`, `notes`, `user_id`, `created_at`, `updated_at`) VALUES ('386', '85', 'out', '1.80', '0.00', '0.00', 'App\\Models\\Order', '164', 'Order #INV-20260303-0042 - LOKA 1 DAN 2', '3', '2026-03-03 10:59:34', '2026-03-03 10:59:34');
INSERT INTO `stock_movements` (`id`, `material_id`, `type`, `quantity`, `unit_price`, `total_price`, `reference_type`, `reference_id`, `notes`, `user_id`, `created_at`, `updated_at`) VALUES ('387', '85', 'out', '2.00', '0.00', '0.00', 'App\\Models\\Order', '164', 'Order #INV-20260303-0042 - LOKAWISATA', '3', '2026-03-03 10:59:34', '2026-03-03 10:59:34');
INSERT INTO `stock_movements` (`id`, `material_id`, `type`, `quantity`, `unit_price`, `total_price`, `reference_type`, `reference_id`, `notes`, `user_id`, `created_at`, `updated_at`) VALUES ('389', '48', 'in', '15.00', '0.00', '0.00', 'App\\Models\\Order', '146', 'Stok dikembalikan - Edit Order #INV-20260303-0024', '19', '2026-03-03 11:00:49', '2026-03-03 11:00:49');
INSERT INTO `stock_movements` (`id`, `material_id`, `type`, `quantity`, `unit_price`, `total_price`, `reference_type`, `reference_id`, `notes`, `user_id`, `created_at`, `updated_at`) VALUES ('390', '48', 'out', '4.00', '0.00', '0.00', 'App\\Models\\Order', '146', 'Order #INV-20260303-0024 - himbarsi', '19', '2026-03-03 11:00:49', '2026-03-03 11:00:49');
INSERT INTO `stock_movements` (`id`, `material_id`, `type`, `quantity`, `unit_price`, `total_price`, `reference_type`, `reference_id`, `notes`, `user_id`, `created_at`, `updated_at`) VALUES ('391', '44', 'out', '7.00', '0.00', '0.00', 'App\\Models\\Order', '166', 'Order #INV-20260303-0044 - BELT ANGEL', '20', '2026-03-03 11:01:29', '2026-03-03 11:01:29');
INSERT INTO `stock_movements` (`id`, `material_id`, `type`, `quantity`, `unit_price`, `total_price`, `reference_type`, `reference_id`, `notes`, `user_id`, `created_at`, `updated_at`) VALUES ('392', '47', 'out', '2.00', '0.00', '0.00', 'App\\Models\\Order', '167', 'Order #INV-20260303-0045 - DAVIN ASKA', '20', '2026-03-03 11:04:05', '2026-03-03 11:04:05');
INSERT INTO `stock_movements` (`id`, `material_id`, `type`, `quantity`, `unit_price`, `total_price`, `reference_type`, `reference_id`, `notes`, `user_id`, `created_at`, `updated_at`) VALUES ('393', '57', 'out', '18.00', '0.00', '0.00', 'App\\Models\\Order', '168', 'Order #INV-20260303-0046 - cetakan livina', '19', '2026-03-03 11:05:15', '2026-03-03 11:05:15');
INSERT INTO `stock_movements` (`id`, `material_id`, `type`, `quantity`, `unit_price`, `total_price`, `reference_type`, `reference_id`, `notes`, `user_id`, `created_at`, `updated_at`) VALUES ('395', '50', 'out', '8.00', '0.00', '0.00', 'App\\Models\\Order', '169', 'Order #INV-20260303-0047 - hetix print', '19', '2026-03-03 11:06:56', '2026-03-03 11:06:56');
INSERT INTO `stock_movements` (`id`, `material_id`, `type`, `quantity`, `unit_price`, `total_price`, `reference_type`, `reference_id`, `notes`, `user_id`, `created_at`, `updated_at`) VALUES ('397', '61', 'out', '4.20', '0.00', '0.00', 'App\\Models\\Order', '171', 'Order #INV-20260303-0049 - RAMADHAN KAREEM', '20', '2026-03-03 11:11:08', '2026-03-03 11:11:08');
INSERT INTO `stock_movements` (`id`, `material_id`, `type`, `quantity`, `unit_price`, `total_price`, `reference_type`, `reference_id`, `notes`, `user_id`, `created_at`, `updated_at`) VALUES ('398', '82', 'out', '4.20', '0.00', '0.00', 'App\\Models\\Order', '171', 'Order #INV-20260303-0049 - RAMADHAN KAREEM', '20', '2026-03-03 11:11:08', '2026-03-03 11:11:08');
INSERT INTO `stock_movements` (`id`, `material_id`, `type`, `quantity`, `unit_price`, `total_price`, `reference_type`, `reference_id`, `notes`, `user_id`, `created_at`, `updated_at`) VALUES ('399', '57', 'out', '30.00', '0.00', '0.00', 'App\\Models\\Order', '172', 'Order #INV-20260303-0050 - keyna flo 0303', '19', '2026-03-03 11:15:39', '2026-03-03 11:15:39');
INSERT INTO `stock_movements` (`id`, `material_id`, `type`, `quantity`, `unit_price`, `total_price`, `reference_type`, `reference_id`, `notes`, `user_id`, `created_at`, `updated_at`) VALUES ('400', '61', 'out', '1.65', '0.00', '0.00', 'App\\Models\\Order', '173', 'Order #INV-20260303-0051 - Gallery revisi', '3', '2026-03-03 11:15:52', '2026-03-03 11:15:52');
INSERT INTO `stock_movements` (`id`, `material_id`, `type`, `quantity`, `unit_price`, `total_price`, `reference_type`, `reference_id`, `notes`, `user_id`, `created_at`, `updated_at`) VALUES ('401', '82', 'out', '1.65', '0.00', '0.00', 'App\\Models\\Order', '173', 'Order #INV-20260303-0051 - Gallery revisi', '3', '2026-03-03 11:15:52', '2026-03-03 11:15:52');
INSERT INTO `stock_movements` (`id`, `material_id`, `type`, `quantity`, `unit_price`, `total_price`, `reference_type`, `reference_id`, `notes`, `user_id`, `created_at`, `updated_at`) VALUES ('402', '98', 'out', '1.65', '0.00', '0.00', 'App\\Models\\Order', '173', 'Order #INV-20260303-0051 - Gallery revisi', '3', '2026-03-03 11:15:52', '2026-03-03 11:15:52');
INSERT INTO `stock_movements` (`id`, `material_id`, `type`, `quantity`, `unit_price`, `total_price`, `reference_type`, `reference_id`, `notes`, `user_id`, `created_at`, `updated_at`) VALUES ('403', '86', 'out', '6.00', '0.00', '0.00', 'App\\Models\\Order', '174', 'Order #INV-20260303-0052 - bimbel kasih bangsa', '19', '2026-03-03 11:23:32', '2026-03-03 11:23:32');
INSERT INTO `stock_movements` (`id`, `material_id`, `type`, `quantity`, `unit_price`, `total_price`, `reference_type`, `reference_id`, `notes`, `user_id`, `created_at`, `updated_at`) VALUES ('404', '53', 'out', '1.00', '0.00', '0.00', 'App\\Models\\Order', '175', 'Order #INV-20260303-0053 - CELINE JASMINE', '20', '2026-03-03 11:23:43', '2026-03-03 11:23:43');
INSERT INTO `stock_movements` (`id`, `material_id`, `type`, `quantity`, `unit_price`, `total_price`, `reference_type`, `reference_id`, `notes`, `user_id`, `created_at`, `updated_at`) VALUES ('405', '47', 'in', '40.00', '0.00', '0.00', 'App\\Models\\Order', '163', 'Stok dikembalikan - Edit Order #INV-20260303-0041', '19', '2026-03-03 11:26:32', '2026-03-03 11:26:32');
INSERT INTO `stock_movements` (`id`, `material_id`, `type`, `quantity`, `unit_price`, `total_price`, `reference_type`, `reference_id`, `notes`, `user_id`, `created_at`, `updated_at`) VALUES ('406', '49', 'out', '5.00', '0.00', '0.00', 'App\\Models\\Order', '176', 'Order #INV-20260303-0054 - keyna card', '20', '2026-03-03 11:32:52', '2026-03-03 11:32:52');
INSERT INTO `stock_movements` (`id`, `material_id`, `type`, `quantity`, `unit_price`, `total_price`, `reference_type`, `reference_id`, `notes`, `user_id`, `created_at`, `updated_at`) VALUES ('407', '47', 'out', '2.00', '0.00', '0.00', 'App\\Models\\Order', '177', 'Order #INV-20260303-0055 - deshop', '19', '2026-03-03 11:34:12', '2026-03-03 11:34:12');
INSERT INTO `stock_movements` (`id`, `material_id`, `type`, `quantity`, `unit_price`, `total_price`, `reference_type`, `reference_id`, `notes`, `user_id`, `created_at`, `updated_at`) VALUES ('408', '95', 'out', '12.00', '0.00', '0.00', 'App\\Models\\Order', '178', 'Order #INV-20260303-0056 - ID VIQI 1', '3', '2026-03-03 11:37:26', '2026-03-03 11:37:26');
INSERT INTO `stock_movements` (`id`, `material_id`, `type`, `quantity`, `unit_price`, `total_price`, `reference_type`, `reference_id`, `notes`, `user_id`, `created_at`, `updated_at`) VALUES ('410', '75', 'out', '0.35', '0.00', '0.00', 'App\\Models\\Order', '180', 'Order #INV-20260303-0058 - PROMO SPESIAL', '3', '2026-03-03 11:41:05', '2026-03-03 11:41:05');
INSERT INTO `stock_movements` (`id`, `material_id`, `type`, `quantity`, `unit_price`, `total_price`, `reference_type`, `reference_id`, `notes`, `user_id`, `created_at`, `updated_at`) VALUES ('411', '61', 'out', '0.35', '0.00', '0.00', 'App\\Models\\Order', '180', 'Order #INV-20260303-0058 - PROMO SPESIAL', '3', '2026-03-03 11:41:05', '2026-03-03 11:41:05');
INSERT INTO `stock_movements` (`id`, `material_id`, `type`, `quantity`, `unit_price`, `total_price`, `reference_type`, `reference_id`, `notes`, `user_id`, `created_at`, `updated_at`) VALUES ('412', '75', 'in', '0.35', '0.00', '0.00', 'App\\Models\\Order', '180', 'Stok dikembalikan - Edit Order #INV-20260303-0058', '3', '2026-03-03 11:42:32', '2026-03-03 11:42:32');
INSERT INTO `stock_movements` (`id`, `material_id`, `type`, `quantity`, `unit_price`, `total_price`, `reference_type`, `reference_id`, `notes`, `user_id`, `created_at`, `updated_at`) VALUES ('413', '61', 'in', '0.35', '0.00', '0.00', 'App\\Models\\Order', '180', 'Stok dikembalikan - Edit Order #INV-20260303-0058', '3', '2026-03-03 11:42:32', '2026-03-03 11:42:32');
INSERT INTO `stock_movements` (`id`, `material_id`, `type`, `quantity`, `unit_price`, `total_price`, `reference_type`, `reference_id`, `notes`, `user_id`, `created_at`, `updated_at`) VALUES ('414', '75', 'out', '0.35', '0.00', '0.00', 'App\\Models\\Order', '180', 'Order #INV-20260303-0058 - PROMO SPESIAL', '3', '2026-03-03 11:42:32', '2026-03-03 11:42:32');
INSERT INTO `stock_movements` (`id`, `material_id`, `type`, `quantity`, `unit_price`, `total_price`, `reference_type`, `reference_id`, `notes`, `user_id`, `created_at`, `updated_at`) VALUES ('415', '61', 'out', '0.35', '0.00', '0.00', 'App\\Models\\Order', '180', 'Order #INV-20260303-0058 - PROMO SPESIAL', '3', '2026-03-03 11:42:32', '2026-03-03 11:42:32');
INSERT INTO `stock_movements` (`id`, `material_id`, `type`, `quantity`, `unit_price`, `total_price`, `reference_type`, `reference_id`, `notes`, `user_id`, `created_at`, `updated_at`) VALUES ('417', '59', 'out', '1.00', '0.00', '0.00', 'App\\Models\\Order', '182', 'Order #INV-20260303-0060 - capcin gemoy', '19', '2026-03-03 11:50:11', '2026-03-03 11:50:11');
INSERT INTO `stock_movements` (`id`, `material_id`, `type`, `quantity`, `unit_price`, `total_price`, `reference_type`, `reference_id`, `notes`, `user_id`, `created_at`, `updated_at`) VALUES ('418', '91', 'out', '1.00', '0.00', '0.00', 'App\\Models\\Order', '182', 'Order #INV-20260303-0060 - capcin gemoy', '19', '2026-03-03 11:50:11', '2026-03-03 11:50:11');
INSERT INTO `stock_movements` (`id`, `material_id`, `type`, `quantity`, `unit_price`, `total_price`, `reference_type`, `reference_id`, `notes`, `user_id`, `created_at`, `updated_at`) VALUES ('421', '59', 'out', '4.00', '0.00', '0.00', 'App\\Models\\Order', '185', 'Order #INV-20260303-0063 - wongsolo 1', '3', '2026-03-03 11:56:06', '2026-03-03 11:56:06');
INSERT INTO `stock_movements` (`id`, `material_id`, `type`, `quantity`, `unit_price`, `total_price`, `reference_type`, `reference_id`, `notes`, `user_id`, `created_at`, `updated_at`) VALUES ('422', '91', 'out', '4.00', '0.00', '0.00', 'App\\Models\\Order', '185', 'Order #INV-20260303-0063 - wongsolo 1', '3', '2026-03-03 11:56:06', '2026-03-03 11:56:06');
INSERT INTO `stock_movements` (`id`, `material_id`, `type`, `quantity`, `unit_price`, `total_price`, `reference_type`, `reference_id`, `notes`, `user_id`, `created_at`, `updated_at`) VALUES ('424', '54', 'out', '8.00', '0.00', '0.00', 'App\\Models\\Order', '187', 'Order #INV-20260303-0065 - aqifah 1', '3', '2026-03-03 12:05:04', '2026-03-03 12:05:04');
INSERT INTO `stock_movements` (`id`, `material_id`, `type`, `quantity`, `unit_price`, `total_price`, `reference_type`, `reference_id`, `notes`, `user_id`, `created_at`, `updated_at`) VALUES ('425', '54', 'out', '8.00', '0.00', '0.00', 'App\\Models\\Order', '188', 'Order #INV-20260303-0066 - aqifah 1', '3', '2026-03-03 12:05:05', '2026-03-03 12:05:05');
INSERT INTO `stock_movements` (`id`, `material_id`, `type`, `quantity`, `unit_price`, `total_price`, `reference_type`, `reference_id`, `notes`, `user_id`, `created_at`, `updated_at`) VALUES ('426', '47', 'out', '8.00', '0.00', '0.00', 'App\\Models\\Order', '189', 'Order #INV-20260303-0067 - sensus ekonomi', '19', '2026-03-03 12:07:27', '2026-03-03 12:07:27');
INSERT INTO `stock_movements` (`id`, `material_id`, `type`, `quantity`, `unit_price`, `total_price`, `reference_type`, `reference_id`, `notes`, `user_id`, `created_at`, `updated_at`) VALUES ('427', '92', 'out', '8.00', '0.00', '0.00', 'App\\Models\\Order', '189', 'Order #INV-20260303-0067 - sensus ekonomi', '19', '2026-03-03 12:07:27', '2026-03-03 12:07:27');
INSERT INTO `stock_movements` (`id`, `material_id`, `type`, `quantity`, `unit_price`, `total_price`, `reference_type`, `reference_id`, `notes`, `user_id`, `created_at`, `updated_at`) VALUES ('428', '47', 'out', '2.00', '0.00', '0.00', 'App\\Models\\Order', '190', 'Order #INV-20260303-0068 - idul fitri 0303', '3', '2026-03-03 12:08:49', '2026-03-03 12:08:49');
INSERT INTO `stock_movements` (`id`, `material_id`, `type`, `quantity`, `unit_price`, `total_price`, `reference_type`, `reference_id`, `notes`, `user_id`, `created_at`, `updated_at`) VALUES ('429', '50', 'in', '6.00', '0.00', '0.00', 'App\\Models\\Order', '149', 'Stok dikembalikan - Batal Order #INV-20260303-0027', '8', '2026-03-03 13:03:38', '2026-03-03 13:03:38');
INSERT INTO `stock_movements` (`id`, `material_id`, `type`, `quantity`, `unit_price`, `total_price`, `reference_type`, `reference_id`, `notes`, `user_id`, `created_at`, `updated_at`) VALUES ('430', '100', 'out', '1.00', '0.00', '0.00', 'App\\Models\\Order', '191', 'Order #INV-20260303-0069 - KUPON', '8', '2026-03-03 13:05:50', '2026-03-03 13:05:50');
INSERT INTO `stock_movements` (`id`, `material_id`, `type`, `quantity`, `unit_price`, `total_price`, `reference_type`, `reference_id`, `notes`, `user_id`, `created_at`, `updated_at`) VALUES ('431', '57', 'out', '20.00', '0.00', '0.00', 'App\\Models\\Order', '192', 'Order #INV-20260303-0070 - vercing0329', '20', '2026-03-03 13:11:03', '2026-03-03 13:11:03');
INSERT INTO `stock_movements` (`id`, `material_id`, `type`, `quantity`, `unit_price`, `total_price`, `reference_type`, `reference_id`, `notes`, `user_id`, `created_at`, `updated_at`) VALUES ('432', '82', 'in', '1.65', '0.00', '0.00', 'App\\Models\\Order', '173', 'Stok dikembalikan - Batal Item Order #INV-20260303-0051', '8', '2026-03-03 13:13:51', '2026-03-03 13:13:51');
INSERT INTO `stock_movements` (`id`, `material_id`, `type`, `quantity`, `unit_price`, `total_price`, `reference_type`, `reference_id`, `notes`, `user_id`, `created_at`, `updated_at`) VALUES ('433', '85', 'out', '7.50', '0.00', '0.00', 'App\\Models\\Order', '193', 'Order #INV-20260303-0071 - SMA MAARIF', '3', '2026-03-03 13:20:16', '2026-03-03 13:20:16');
INSERT INTO `stock_movements` (`id`, `material_id`, `type`, `quantity`, `unit_price`, `total_price`, `reference_type`, `reference_id`, `notes`, `user_id`, `created_at`, `updated_at`) VALUES ('435', '48', 'out', '27.00', '0.00', '0.00', 'App\\Models\\Order', '195', 'Order #INV-20260303-0073 - dinda veru', '19', '2026-03-03 13:20:47', '2026-03-03 13:20:47');
INSERT INTO `stock_movements` (`id`, `material_id`, `type`, `quantity`, `unit_price`, `total_price`, `reference_type`, `reference_id`, `notes`, `user_id`, `created_at`, `updated_at`) VALUES ('436', '45', 'out', '4.00', '0.00', '0.00', 'App\\Models\\Order', '196', 'Order #INV-20260303-0074 - vapeco', '20', '2026-03-03 13:23:34', '2026-03-03 13:23:34');
INSERT INTO `stock_movements` (`id`, `material_id`, `type`, `quantity`, `unit_price`, `total_price`, `reference_type`, `reference_id`, `notes`, `user_id`, `created_at`, `updated_at`) VALUES ('437', '45', 'in', '4.00', '0.00', '0.00', 'App\\Models\\Order', '196', 'Stok dikembalikan - Edit Order #INV-20260303-0074', '20', '2026-03-03 13:24:09', '2026-03-03 13:24:09');
INSERT INTO `stock_movements` (`id`, `material_id`, `type`, `quantity`, `unit_price`, `total_price`, `reference_type`, `reference_id`, `notes`, `user_id`, `created_at`, `updated_at`) VALUES ('438', '45', 'out', '15.00', '0.00', '0.00', 'App\\Models\\Order', '197', 'Order #INV-20260303-0075 - amplop thr', '3', '2026-03-03 13:24:52', '2026-03-03 13:24:52');
INSERT INTO `stock_movements` (`id`, `material_id`, `type`, `quantity`, `unit_price`, `total_price`, `reference_type`, `reference_id`, `notes`, `user_id`, `created_at`, `updated_at`) VALUES ('439', '49', 'out', '5.00', '0.00', '0.00', 'App\\Models\\Order', '198', 'Order #INV-20260303-0076 - kh 0303 A', '19', '2026-03-03 13:26:54', '2026-03-03 13:26:54');
INSERT INTO `stock_movements` (`id`, `material_id`, `type`, `quantity`, `unit_price`, `total_price`, `reference_type`, `reference_id`, `notes`, `user_id`, `created_at`, `updated_at`) VALUES ('440', '49', 'out', '8.00', '0.00', '0.00', 'App\\Models\\Order', '198', 'Order #INV-20260303-0076 - kh 0303 B', '19', '2026-03-03 13:26:54', '2026-03-03 13:26:54');
INSERT INTO `stock_movements` (`id`, `material_id`, `type`, `quantity`, `unit_price`, `total_price`, `reference_type`, `reference_id`, `notes`, `user_id`, `created_at`, `updated_at`) VALUES ('441', '57', 'out', '5.00', '0.00', '0.00', 'App\\Models\\Order', '198', 'Order #INV-20260303-0076 - kh 0303 C', '19', '2026-03-03 13:26:54', '2026-03-03 13:26:54');
INSERT INTO `stock_movements` (`id`, `material_id`, `type`, `quantity`, `unit_price`, `total_price`, `reference_type`, `reference_id`, `notes`, `user_id`, `created_at`, `updated_at`) VALUES ('442', '59', 'out', '75.00', '0.00', '0.00', 'App\\Models\\Order', '198', 'Order #INV-20260303-0076 - kh 0303 D = 30, kh 0303 E = 42, kh 0303 F = 3', '19', '2026-03-03 13:26:54', '2026-03-03 13:26:54');
INSERT INTO `stock_movements` (`id`, `material_id`, `type`, `quantity`, `unit_price`, `total_price`, `reference_type`, `reference_id`, `notes`, `user_id`, `created_at`, `updated_at`) VALUES ('443', '57', 'out', '20.00', '0.00', '0.00', 'App\\Models\\Order', '198', 'Order #INV-20260303-0076 - kh 0303 G', '19', '2026-03-03 13:26:54', '2026-03-03 13:26:54');
INSERT INTO `stock_movements` (`id`, `material_id`, `type`, `quantity`, `unit_price`, `total_price`, `reference_type`, `reference_id`, `notes`, `user_id`, `created_at`, `updated_at`) VALUES ('444', '59', 'out', '6.00', '0.00', '0.00', 'App\\Models\\Order', '199', 'Order #INV-20260303-0077 - teman lauk', '3', '2026-03-03 13:27:15', '2026-03-03 13:27:15');
INSERT INTO `stock_movements` (`id`, `material_id`, `type`, `quantity`, `unit_price`, `total_price`, `reference_type`, `reference_id`, `notes`, `user_id`, `created_at`, `updated_at`) VALUES ('445', '59', 'out', '3.00', '0.00', '0.00', 'App\\Models\\Order', '200', 'Order #INV-20260303-0078 - griya mix', '19', '2026-03-03 13:32:58', '2026-03-03 13:32:58');
INSERT INTO `stock_movements` (`id`, `material_id`, `type`, `quantity`, `unit_price`, `total_price`, `reference_type`, `reference_id`, `notes`, `user_id`, `created_at`, `updated_at`) VALUES ('446', '47', 'out', '50.00', '0.00', '0.00', 'App\\Models\\Order', '201', 'Order #INV-20260303-0079 - global media kotak', '23', '2026-03-03 13:36:56', '2026-03-03 13:36:56');
INSERT INTO `stock_movements` (`id`, `material_id`, `type`, `quantity`, `unit_price`, `total_price`, `reference_type`, `reference_id`, `notes`, `user_id`, `created_at`, `updated_at`) VALUES ('447', '92', 'out', '50.00', '0.00', '0.00', 'App\\Models\\Order', '201', 'Order #INV-20260303-0079 - global media kotak', '23', '2026-03-03 13:36:56', '2026-03-03 13:36:56');
INSERT INTO `stock_movements` (`id`, `material_id`, `type`, `quantity`, `unit_price`, `total_price`, `reference_type`, `reference_id`, `notes`, `user_id`, `created_at`, `updated_at`) VALUES ('448', '59', 'out', '2.00', '0.00', '0.00', 'App\\Models\\Order', '202', 'Order #INV-20260303-0080 - she fglowing revisi', '3', '2026-03-03 13:40:08', '2026-03-03 13:40:08');
INSERT INTO `stock_movements` (`id`, `material_id`, `type`, `quantity`, `unit_price`, `total_price`, `reference_type`, `reference_id`, `notes`, `user_id`, `created_at`, `updated_at`) VALUES ('449', '59', 'in', '2.00', '0.00', '0.00', 'App\\Models\\Order', '202', 'Stok dikembalikan - Edit Order #INV-20260303-0080', '3', '2026-03-03 13:40:28', '2026-03-03 13:40:28');
INSERT INTO `stock_movements` (`id`, `material_id`, `type`, `quantity`, `unit_price`, `total_price`, `reference_type`, `reference_id`, `notes`, `user_id`, `created_at`, `updated_at`) VALUES ('450', '59', 'out', '2.00', '0.00', '0.00', 'App\\Models\\Order', '202', 'Order #INV-20260303-0080 - she glowing revisi', '3', '2026-03-03 13:40:28', '2026-03-03 13:40:28');
INSERT INTO `stock_movements` (`id`, `material_id`, `type`, `quantity`, `unit_price`, `total_price`, `reference_type`, `reference_id`, `notes`, `user_id`, `created_at`, `updated_at`) VALUES ('452', '53', 'out', '2.00', '0.00', '0.00', 'App\\Models\\Order', '204', 'Order #INV-20260303-0082 - webinar', '19', '2026-03-03 13:42:46', '2026-03-03 13:42:46');
INSERT INTO `stock_movements` (`id`, `material_id`, `type`, `quantity`, `unit_price`, `total_price`, `reference_type`, `reference_id`, `notes`, `user_id`, `created_at`, `updated_at`) VALUES ('453', '45', 'out', '89.00', '0.00', '0.00', 'App\\Models\\Order', '205', 'Order #INV-20260303-0083 - hari raya 0303', '3', '2026-03-03 13:43:28', '2026-03-03 13:43:28');
INSERT INTO `stock_movements` (`id`, `material_id`, `type`, `quantity`, `unit_price`, `total_price`, `reference_type`, `reference_id`, `notes`, `user_id`, `created_at`, `updated_at`) VALUES ('454', '48', 'out', '10.00', '0.00', '0.00', 'App\\Models\\Order', '206', 'Order #INV-20260303-0084 - PKS KERJA', '20', '2026-03-03 13:45:09', '2026-03-03 13:45:09');
INSERT INTO `stock_movements` (`id`, `material_id`, `type`, `quantity`, `unit_price`, `total_price`, `reference_type`, `reference_id`, `notes`, `user_id`, `created_at`, `updated_at`) VALUES ('455', '61', 'out', '0.50', '0.00', '0.00', 'App\\Models\\Order', '207', 'Order #INV-20260303-0085 - pojok baca', '19', '2026-03-03 13:46:06', '2026-03-03 13:46:06');
INSERT INTO `stock_movements` (`id`, `material_id`, `type`, `quantity`, `unit_price`, `total_price`, `reference_type`, `reference_id`, `notes`, `user_id`, `created_at`, `updated_at`) VALUES ('456', '82', 'out', '0.50', '0.00', '0.00', 'App\\Models\\Order', '207', 'Order #INV-20260303-0085 - pojok baca', '19', '2026-03-03 13:46:06', '2026-03-03 13:46:06');
INSERT INTO `stock_movements` (`id`, `material_id`, `type`, `quantity`, `unit_price`, `total_price`, `reference_type`, `reference_id`, `notes`, `user_id`, `created_at`, `updated_at`) VALUES ('457', '99', 'out', '0.50', '0.00', '0.00', 'App\\Models\\Order', '207', 'Order #INV-20260303-0085 - pojok baca', '19', '2026-03-03 13:46:06', '2026-03-03 13:46:06');
INSERT INTO `stock_movements` (`id`, `material_id`, `type`, `quantity`, `unit_price`, `total_price`, `reference_type`, `reference_id`, `notes`, `user_id`, `created_at`, `updated_at`) VALUES ('458', '86', 'out', '2.00', '0.00', '0.00', 'App\\Models\\Order', '208', 'Order #INV-20260303-0086 - PR FAREL', '20', '2026-03-03 13:49:05', '2026-03-03 13:49:05');
INSERT INTO `stock_movements` (`id`, `material_id`, `type`, `quantity`, `unit_price`, `total_price`, `reference_type`, `reference_id`, `notes`, `user_id`, `created_at`, `updated_at`) VALUES ('459', '58', 'out', '15.00', '0.00', '0.00', 'App\\Models\\Order', '209', 'Order #INV-20260303-0087 - havvla 0303', '19', '2026-03-03 13:54:52', '2026-03-03 13:54:52');
INSERT INTO `stock_movements` (`id`, `material_id`, `type`, `quantity`, `unit_price`, `total_price`, `reference_type`, `reference_id`, `notes`, `user_id`, `created_at`, `updated_at`) VALUES ('460', '57', 'out', '4.00', '0.00', '0.00', 'App\\Models\\Order', '209', 'Order #INV-20260303-0087 - havvla 0303', '19', '2026-03-03 13:54:52', '2026-03-03 13:54:52');
INSERT INTO `stock_movements` (`id`, `material_id`, `type`, `quantity`, `unit_price`, `total_price`, `reference_type`, `reference_id`, `notes`, `user_id`, `created_at`, `updated_at`) VALUES ('461', '47', 'out', '20.00', '0.00', '0.00', 'App\\Models\\Order', '210', 'Order #INV-20260303-0088 - NASTY BAKE', '20', '2026-03-03 14:02:17', '2026-03-03 14:02:17');
INSERT INTO `stock_movements` (`id`, `material_id`, `type`, `quantity`, `unit_price`, `total_price`, `reference_type`, `reference_id`, `notes`, `user_id`, `created_at`, `updated_at`) VALUES ('462', '47', 'in', '2.00', '0.00', '0.00', 'App\\Models\\Order', '177', 'Stok dikembalikan - Edit Order #INV-20260303-0055', '19', '2026-03-03 14:29:38', '2026-03-03 14:29:38');
INSERT INTO `stock_movements` (`id`, `material_id`, `type`, `quantity`, `unit_price`, `total_price`, `reference_type`, `reference_id`, `notes`, `user_id`, `created_at`, `updated_at`) VALUES ('463', '54', 'out', '1.00', '0.00', '0.00', 'App\\Models\\Order', '211', 'Order #INV-20260303-0089 - motif foto', '19', '2026-03-03 14:31:43', '2026-03-03 14:31:43');
INSERT INTO `stock_movements` (`id`, `material_id`, `type`, `quantity`, `unit_price`, `total_price`, `reference_type`, `reference_id`, `notes`, `user_id`, `created_at`, `updated_at`) VALUES ('464', '53', 'in', '37.00', '0.00', '0.00', 'App\\Models\\Order', '132', 'Stok dikembalikan - Edit Order #INV-20260303-0010', '19', '2026-03-03 14:33:20', '2026-03-03 14:33:20');
INSERT INTO `stock_movements` (`id`, `material_id`, `type`, `quantity`, `unit_price`, `total_price`, `reference_type`, `reference_id`, `notes`, `user_id`, `created_at`, `updated_at`) VALUES ('465', '62', 'out', '4.08', '0.00', '0.00', 'App\\Models\\Order', '212', 'Order #INV-20260303-0090 - petunjuk pengisian', '19', '2026-03-03 14:36:00', '2026-03-03 14:36:00');
INSERT INTO `stock_movements` (`id`, `material_id`, `type`, `quantity`, `unit_price`, `total_price`, `reference_type`, `reference_id`, `notes`, `user_id`, `created_at`, `updated_at`) VALUES ('466', '47', 'out', '5.00', '0.00', '0.00', 'App\\Models\\Order', '213', 'Order #INV-20260303-0091 - NGABUTRIF', '20', '2026-03-03 14:40:40', '2026-03-03 14:40:40');
INSERT INTO `stock_movements` (`id`, `material_id`, `type`, `quantity`, `unit_price`, `total_price`, `reference_type`, `reference_id`, `notes`, `user_id`, `created_at`, `updated_at`) VALUES ('467', '85', 'out', '6.00', '0.00', '0.00', 'App\\Models\\Order', '214', 'Order #INV-20260303-0092 - nuzulul quran 01', '19', '2026-03-03 14:54:06', '2026-03-03 14:54:06');
INSERT INTO `stock_movements` (`id`, `material_id`, `type`, `quantity`, `unit_price`, `total_price`, `reference_type`, `reference_id`, `notes`, `user_id`, `created_at`, `updated_at`) VALUES ('468', '85', 'out', '3.20', '0.00', '0.00', 'App\\Models\\Order', '214', 'Order #INV-20260303-0092 - nuzulul quran 02', '19', '2026-03-03 14:54:06', '2026-03-03 14:54:06');
INSERT INTO `stock_movements` (`id`, `material_id`, `type`, `quantity`, `unit_price`, `total_price`, `reference_type`, `reference_id`, `notes`, `user_id`, `created_at`, `updated_at`) VALUES ('469', '50', 'out', '9.00', '0.00', '0.00', 'App\\Models\\Order', '215', 'Order #INV-20260303-0093 - pop chain', '3', '2026-03-03 14:54:12', '2026-03-03 14:54:12');
INSERT INTO `stock_movements` (`id`, `material_id`, `type`, `quantity`, `unit_price`, `total_price`, `reference_type`, `reference_id`, `notes`, `user_id`, `created_at`, `updated_at`) VALUES ('470', '92', 'out', '9.00', '0.00', '0.00', 'App\\Models\\Order', '215', 'Order #INV-20260303-0093 - pop chain', '3', '2026-03-03 14:54:12', '2026-03-03 14:54:12');
INSERT INTO `stock_movements` (`id`, `material_id`, `type`, `quantity`, `unit_price`, `total_price`, `reference_type`, `reference_id`, `notes`, `user_id`, `created_at`, `updated_at`) VALUES ('471', '50', 'out', '2.00', '0.00', '0.00', 'App\\Models\\Order', '216', 'Order #INV-20260303-0094 - adit eid', '20', '2026-03-03 14:56:01', '2026-03-03 14:56:01');
INSERT INTO `stock_movements` (`id`, `material_id`, `type`, `quantity`, `unit_price`, `total_price`, `reference_type`, `reference_id`, `notes`, `user_id`, `created_at`, `updated_at`) VALUES ('472', '92', 'out', '2.00', '0.00', '0.00', 'App\\Models\\Order', '216', 'Order #INV-20260303-0094 - adit eid', '20', '2026-03-03 14:56:01', '2026-03-03 14:56:01');
INSERT INTO `stock_movements` (`id`, `material_id`, `type`, `quantity`, `unit_price`, `total_price`, `reference_type`, `reference_id`, `notes`, `user_id`, `created_at`, `updated_at`) VALUES ('473', '60', 'out', '10.00', '0.00', '0.00', 'App\\Models\\Order', '217', 'Order #INV-20260303-0095 - RAJA RIZAR', '20', '2026-03-03 14:59:07', '2026-03-03 14:59:07');
INSERT INTO `stock_movements` (`id`, `material_id`, `type`, `quantity`, `unit_price`, `total_price`, `reference_type`, `reference_id`, `notes`, `user_id`, `created_at`, `updated_at`) VALUES ('474', '86', 'out', '2.00', '0.00', '0.00', 'App\\Models\\Order', '218', 'Order #INV-20260303-0096 - madani trans', '19', '2026-03-03 15:06:16', '2026-03-03 15:06:16');
INSERT INTO `stock_movements` (`id`, `material_id`, `type`, `quantity`, `unit_price`, `total_price`, `reference_type`, `reference_id`, `notes`, `user_id`, `created_at`, `updated_at`) VALUES ('475', '47', 'out', '3.00', '0.00', '0.00', 'App\\Models\\Order', '219', 'Order #INV-20260303-0097 - EID ERCIA', '20', '2026-03-03 15:06:54', '2026-03-03 15:06:54');
INSERT INTO `stock_movements` (`id`, `material_id`, `type`, `quantity`, `unit_price`, `total_price`, `reference_type`, `reference_id`, `notes`, `user_id`, `created_at`, `updated_at`) VALUES ('476', '65', 'out', '0.25', '0.00', '0.00', 'App\\Models\\Order', '220', 'Order #INV-20260303-0098 - charm', '3', '2026-03-03 15:08:05', '2026-03-03 15:08:05');
INSERT INTO `stock_movements` (`id`, `material_id`, `type`, `quantity`, `unit_price`, `total_price`, `reference_type`, `reference_id`, `notes`, `user_id`, `created_at`, `updated_at`) VALUES ('477', '57', 'out', '3.00', '0.00', '0.00', 'App\\Models\\Order', '221', 'Order #INV-20260303-0099 - FROM YANTI', '20', '2026-03-03 15:08:35', '2026-03-03 15:08:35');
INSERT INTO `stock_movements` (`id`, `material_id`, `type`, `quantity`, `unit_price`, `total_price`, `reference_type`, `reference_id`, `notes`, `user_id`, `created_at`, `updated_at`) VALUES ('478', '51', 'out', '8.00', '0.00', '0.00', 'App\\Models\\Order', '222', 'Order #INV-20260303-0100 - bakso anak', '3', '2026-03-03 15:09:56', '2026-03-03 15:09:56');
INSERT INTO `stock_movements` (`id`, `material_id`, `type`, `quantity`, `unit_price`, `total_price`, `reference_type`, `reference_id`, `notes`, `user_id`, `created_at`, `updated_at`) VALUES ('479', '57', 'out', '5.00', '0.00', '0.00', 'App\\Models\\Order', '223', 'Order #INV-20260303-0101 - semoga 1', '3', '2026-03-03 15:15:14', '2026-03-03 15:15:14');
INSERT INTO `stock_movements` (`id`, `material_id`, `type`, `quantity`, `unit_price`, `total_price`, `reference_type`, `reference_id`, `notes`, `user_id`, `created_at`, `updated_at`) VALUES ('480', '57', 'in', '5.00', '0.00', '0.00', 'App\\Models\\Order', '223', 'Stok dikembalikan - Edit Order #INV-20260303-0101', '3', '2026-03-03 15:16:12', '2026-03-03 15:16:12');
INSERT INTO `stock_movements` (`id`, `material_id`, `type`, `quantity`, `unit_price`, `total_price`, `reference_type`, `reference_id`, `notes`, `user_id`, `created_at`, `updated_at`) VALUES ('481', '57', 'out', '5.00', '0.00', '0.00', 'App\\Models\\Order', '223', 'Order #INV-20260303-0101 - semoga 1', '3', '2026-03-03 15:16:12', '2026-03-03 15:16:12');
INSERT INTO `stock_movements` (`id`, `material_id`, `type`, `quantity`, `unit_price`, `total_price`, `reference_type`, `reference_id`, `notes`, `user_id`, `created_at`, `updated_at`) VALUES ('482', '95', 'out', '1.00', '0.00', '0.00', 'App\\Models\\Order', '224', 'Order #INV-20260303-0102 - MY PERTAMINA', '3', '2026-03-03 15:18:24', '2026-03-03 15:18:24');
INSERT INTO `stock_movements` (`id`, `material_id`, `type`, `quantity`, `unit_price`, `total_price`, `reference_type`, `reference_id`, `notes`, `user_id`, `created_at`, `updated_at`) VALUES ('483', '44', 'out', '4.00', '0.00', '0.00', 'App\\Models\\Order', '225', 'Order #INV-20260303-0103 - belt 0303', '19', '2026-03-03 15:19:50', '2026-03-03 15:19:50');
INSERT INTO `stock_movements` (`id`, `material_id`, `type`, `quantity`, `unit_price`, `total_price`, `reference_type`, `reference_id`, `notes`, `user_id`, `created_at`, `updated_at`) VALUES ('484', '45', 'out', '2.00', '0.00', '0.00', 'App\\Models\\Order', '226', 'Order #INV-20260303-0104 - lamondo', '19', '2026-03-03 15:21:33', '2026-03-03 15:21:33');
INSERT INTO `stock_movements` (`id`, `material_id`, `type`, `quantity`, `unit_price`, `total_price`, `reference_type`, `reference_id`, `notes`, `user_id`, `created_at`, `updated_at`) VALUES ('485', '57', 'out', '26.00', '0.00', '0.00', 'App\\Models\\Order', '227', 'Order #INV-20260303-0105 - super clean 0303', '3', '2026-03-03 15:23:21', '2026-03-03 15:23:21');
INSERT INTO `stock_movements` (`id`, `material_id`, `type`, `quantity`, `unit_price`, `total_price`, `reference_type`, `reference_id`, `notes`, `user_id`, `created_at`, `updated_at`) VALUES ('486', '57', 'out', '6.00', '0.00', '0.00', 'App\\Models\\Order', '228', 'Order #INV-20260303-0106 - ingvena 6', '23', '2026-03-03 15:26:12', '2026-03-03 15:26:12');
INSERT INTO `stock_movements` (`id`, `material_id`, `type`, `quantity`, `unit_price`, `total_price`, `reference_type`, `reference_id`, `notes`, `user_id`, `created_at`, `updated_at`) VALUES ('487', '61', 'in', '0.50', '0.00', '0.00', 'App\\Models\\Order', '207', 'Stok dikembalikan - Edit Order #INV-20260303-0085', '19', '2026-03-03 15:42:17', '2026-03-03 15:42:17');
INSERT INTO `stock_movements` (`id`, `material_id`, `type`, `quantity`, `unit_price`, `total_price`, `reference_type`, `reference_id`, `notes`, `user_id`, `created_at`, `updated_at`) VALUES ('488', '82', 'in', '0.50', '0.00', '0.00', 'App\\Models\\Order', '207', 'Stok dikembalikan - Edit Order #INV-20260303-0085', '19', '2026-03-03 15:42:17', '2026-03-03 15:42:17');
INSERT INTO `stock_movements` (`id`, `material_id`, `type`, `quantity`, `unit_price`, `total_price`, `reference_type`, `reference_id`, `notes`, `user_id`, `created_at`, `updated_at`) VALUES ('489', '99', 'in', '0.50', '0.00', '0.00', 'App\\Models\\Order', '207', 'Stok dikembalikan - Edit Order #INV-20260303-0085', '19', '2026-03-03 15:42:17', '2026-03-03 15:42:17');
INSERT INTO `stock_movements` (`id`, `material_id`, `type`, `quantity`, `unit_price`, `total_price`, `reference_type`, `reference_id`, `notes`, `user_id`, `created_at`, `updated_at`) VALUES ('490', '101', 'out', '1.00', '0.00', '0.00', 'App\\Models\\Order', '207', 'Order #INV-20260303-0085 - pojok baca', '19', '2026-03-03 15:42:17', '2026-03-03 15:42:17');
INSERT INTO `stock_movements` (`id`, `material_id`, `type`, `quantity`, `unit_price`, `total_price`, `reference_type`, `reference_id`, `notes`, `user_id`, `created_at`, `updated_at`) VALUES ('491', '57', 'out', '10.00', '0.00', '0.00', 'App\\Models\\Order', '229', 'Order #INV-20260303-0107 - pisal 1', '3', '2026-03-03 15:46:13', '2026-03-03 15:46:13');
INSERT INTO `stock_movements` (`id`, `material_id`, `type`, `quantity`, `unit_price`, `total_price`, `reference_type`, `reference_id`, `notes`, `user_id`, `created_at`, `updated_at`) VALUES ('492', '57', 'out', '10.00', '0.00', '0.00', 'App\\Models\\Order', '230', 'Order #INV-20260303-0108 - pisal 1', '3', '2026-03-03 15:46:14', '2026-03-03 15:46:14');
INSERT INTO `stock_movements` (`id`, `material_id`, `type`, `quantity`, `unit_price`, `total_price`, `reference_type`, `reference_id`, `notes`, `user_id`, `created_at`, `updated_at`) VALUES ('493', '57', 'out', '5.00', '0.00', '0.00', 'App\\Models\\Order', '231', 'Order #INV-20260303-0109 - jp drink', '20', '2026-03-03 15:46:39', '2026-03-03 15:46:39');
INSERT INTO `stock_movements` (`id`, `material_id`, `type`, `quantity`, `unit_price`, `total_price`, `reference_type`, `reference_id`, `notes`, `user_id`, `created_at`, `updated_at`) VALUES ('494', '57', 'in', '5.00', '0.00', '0.00', 'App\\Models\\Order', '231', 'Stok dikembalikan - Edit Order #INV-20260303-0109', '20', '2026-03-03 15:47:25', '2026-03-03 15:47:25');
INSERT INTO `stock_movements` (`id`, `material_id`, `type`, `quantity`, `unit_price`, `total_price`, `reference_type`, `reference_id`, `notes`, `user_id`, `created_at`, `updated_at`) VALUES ('495', '57', 'out', '5.00', '0.00', '0.00', 'App\\Models\\Order', '231', 'Order #INV-20260303-0109 - jp drink', '20', '2026-03-03 15:47:25', '2026-03-03 15:47:25');
INSERT INTO `stock_movements` (`id`, `material_id`, `type`, `quantity`, `unit_price`, `total_price`, `reference_type`, `reference_id`, `notes`, `user_id`, `created_at`, `updated_at`) VALUES ('496', '59', 'out', '8.00', '0.00', '0.00', 'App\\Models\\Order', '232', 'Order #INV-20260303-0110 - she glowing revisi', '3', '2026-03-03 15:48:35', '2026-03-03 15:48:35');
INSERT INTO `stock_movements` (`id`, `material_id`, `type`, `quantity`, `unit_price`, `total_price`, `reference_type`, `reference_id`, `notes`, `user_id`, `created_at`, `updated_at`) VALUES ('497', '45', 'out', '25.00', '0.00', '0.00', 'App\\Models\\Order', '233', 'Order #INV-20260303-0111 - umroh lampung', '3', '2026-03-03 15:52:23', '2026-03-03 15:52:23');
INSERT INTO `stock_movements` (`id`, `material_id`, `type`, `quantity`, `unit_price`, `total_price`, `reference_type`, `reference_id`, `notes`, `user_id`, `created_at`, `updated_at`) VALUES ('498', '57', 'out', '2.00', '0.00', '0.00', 'App\\Models\\Order', '234', 'Order #INV-20260303-0112 - dapoer ibun', '19', '2026-03-03 15:53:34', '2026-03-03 15:53:34');
INSERT INTO `stock_movements` (`id`, `material_id`, `type`, `quantity`, `unit_price`, `total_price`, `reference_type`, `reference_id`, `notes`, `user_id`, `created_at`, `updated_at`) VALUES ('499', '45', 'out', '12.00', '0.00', '0.00', 'App\\Models\\Order', '235', 'Order #INV-20260303-0113 - negeri cinta', '3', '2026-03-03 15:55:13', '2026-03-03 15:55:13');
INSERT INTO `stock_movements` (`id`, `material_id`, `type`, `quantity`, `unit_price`, `total_price`, `reference_type`, `reference_id`, `notes`, `user_id`, `created_at`, `updated_at`) VALUES ('500', '47', 'out', '10.00', '0.00', '0.00', 'App\\Models\\Order', '236', 'Order #INV-20260303-0114 - sibin 1', '3', '2026-03-03 15:58:50', '2026-03-03 15:58:50');
INSERT INTO `stock_movements` (`id`, `material_id`, `type`, `quantity`, `unit_price`, `total_price`, `reference_type`, `reference_id`, `notes`, `user_id`, `created_at`, `updated_at`) VALUES ('501', '57', 'out', '1.00', '0.00', '0.00', 'App\\Models\\Order', '237', 'Order #INV-20260303-0115 - stiker eid', '19', '2026-03-03 16:04:57', '2026-03-03 16:04:57');
INSERT INTO `stock_movements` (`id`, `material_id`, `type`, `quantity`, `unit_price`, `total_price`, `reference_type`, `reference_id`, `notes`, `user_id`, `created_at`, `updated_at`) VALUES ('502', '57', 'in', '1.00', '0.00', '0.00', 'App\\Models\\Order', '237', 'Stok dikembalikan - Edit Order #INV-20260303-0115', '19', '2026-03-03 16:05:29', '2026-03-03 16:05:29');
INSERT INTO `stock_movements` (`id`, `material_id`, `type`, `quantity`, `unit_price`, `total_price`, `reference_type`, `reference_id`, `notes`, `user_id`, `created_at`, `updated_at`) VALUES ('503', '57', 'out', '2.00', '0.00', '0.00', 'App\\Models\\Order', '238', 'Order #INV-20260303-0116 - mie ayam 21', '19', '2026-03-03 16:07:10', '2026-03-03 16:07:10');
INSERT INTO `stock_movements` (`id`, `material_id`, `type`, `quantity`, `unit_price`, `total_price`, `reference_type`, `reference_id`, `notes`, `user_id`, `created_at`, `updated_at`) VALUES ('504', '47', 'out', '15.00', '0.00', '0.00', 'App\\Models\\Order', '239', 'Order #INV-20260303-0117 - PAPER1=13@1, ATIRE2=2', '20', '2026-03-03 16:08:21', '2026-03-03 16:08:21');
INSERT INTO `stock_movements` (`id`, `material_id`, `type`, `quantity`, `unit_price`, `total_price`, `reference_type`, `reference_id`, `notes`, `user_id`, `created_at`, `updated_at`) VALUES ('505', '57', 'out', '14.00', '0.00', '0.00', 'App\\Models\\Order', '240', 'Order #INV-20260303-0118 - wip bakery', '3', '2026-03-03 16:13:47', '2026-03-03 16:13:47');
INSERT INTO `stock_movements` (`id`, `material_id`, `type`, `quantity`, `unit_price`, `total_price`, `reference_type`, `reference_id`, `notes`, `user_id`, `created_at`, `updated_at`) VALUES ('506', '59', 'out', '30.00', '0.00', '0.00', 'App\\Models\\Order', '241', 'Order #INV-20260303-0119 - MIE BAGAS', '20', '2026-03-03 16:22:02', '2026-03-03 16:22:02');
INSERT INTO `stock_movements` (`id`, `material_id`, `type`, `quantity`, `unit_price`, `total_price`, `reference_type`, `reference_id`, `notes`, `user_id`, `created_at`, `updated_at`) VALUES ('507', '50', 'out', '1.00', '0.00', '0.00', 'App\\Models\\Order', '242', 'Order #INV-20260303-0120 - KLD IMAM', '20', '2026-03-03 16:26:31', '2026-03-03 16:26:31');
INSERT INTO `stock_movements` (`id`, `material_id`, `type`, `quantity`, `unit_price`, `total_price`, `reference_type`, `reference_id`, `notes`, `user_id`, `created_at`, `updated_at`) VALUES ('508', '47', 'out', '5.00', '0.00', '0.00', 'App\\Models\\Order', '243', 'Order #INV-20260303-0121 - ns cetak', '19', '2026-03-03 16:31:26', '2026-03-03 16:31:26');
INSERT INTO `stock_movements` (`id`, `material_id`, `type`, `quantity`, `unit_price`, `total_price`, `reference_type`, `reference_id`, `notes`, `user_id`, `created_at`, `updated_at`) VALUES ('509', '92', 'out', '5.00', '0.00', '0.00', 'App\\Models\\Order', '243', 'Order #INV-20260303-0121 - ns cetak', '19', '2026-03-03 16:31:26', '2026-03-03 16:31:26');
INSERT INTO `stock_movements` (`id`, `material_id`, `type`, `quantity`, `unit_price`, `total_price`, `reference_type`, `reference_id`, `notes`, `user_id`, `created_at`, `updated_at`) VALUES ('510', '59', 'out', '2.00', '0.00', '0.00', 'App\\Models\\Order', '244', 'Order #INV-20260303-0122 - ns cetak', '19', '2026-03-03 16:32:03', '2026-03-03 16:32:03');
INSERT INTO `stock_movements` (`id`, `material_id`, `type`, `quantity`, `unit_price`, `total_price`, `reference_type`, `reference_id`, `notes`, `user_id`, `created_at`, `updated_at`) VALUES ('511', '92', 'out', '2.00', '0.00', '0.00', 'App\\Models\\Order', '244', 'Order #INV-20260303-0122 - ns cetak', '19', '2026-03-03 16:32:03', '2026-03-03 16:32:03');
INSERT INTO `stock_movements` (`id`, `material_id`, `type`, `quantity`, `unit_price`, `total_price`, `reference_type`, `reference_id`, `notes`, `user_id`, `created_at`, `updated_at`) VALUES ('512', '100', 'out', '1.00', '0.00', '0.00', 'App\\Models\\Order', '245', 'Order #INV-20260303-0123 - ongkir', '16', '2026-03-03 16:33:01', '2026-03-03 16:33:01');
INSERT INTO `stock_movements` (`id`, `material_id`, `type`, `quantity`, `unit_price`, `total_price`, `reference_type`, `reference_id`, `notes`, `user_id`, `created_at`, `updated_at`) VALUES ('513', '51', 'out', '12.00', '0.00', '0.00', 'App\\Models\\Order', '246', 'Order #INV-20260303-0124 - isi yasin sibin', '3', '2026-03-03 16:55:08', '2026-03-03 16:55:08');
INSERT INTO `stock_movements` (`id`, `material_id`, `type`, `quantity`, `unit_price`, `total_price`, `reference_type`, `reference_id`, `notes`, `user_id`, `created_at`, `updated_at`) VALUES ('514', '59', 'damaged', '7.00', '0.00', '0.00', NULL, NULL, 'cuttingannya lari', '17', '2026-03-03 17:02:17', '2026-03-03 17:02:17');
INSERT INTO `stock_movements` (`id`, `material_id`, `type`, `quantity`, `unit_price`, `total_price`, `reference_type`, `reference_id`, `notes`, `user_id`, `created_at`, `updated_at`) VALUES ('518', '85', 'out', '2.88', '0.00', '0.00', 'App\\Models\\Order', '247', 'Order #INV-20260304-0001 - sdn ojolali', '19', '2026-03-04 09:26:56', '2026-03-04 09:26:56');
INSERT INTO `stock_movements` (`id`, `material_id`, `type`, `quantity`, `unit_price`, `total_price`, `reference_type`, `reference_id`, `notes`, `user_id`, `created_at`, `updated_at`) VALUES ('519', '51', 'out', '2.00', '0.00', '0.00', 'App\\Models\\Order', '248', 'Order #INV-20260304-0002 - sdn ojolali', '19', '2026-03-04 09:29:46', '2026-03-04 09:29:46');
INSERT INTO `stock_movements` (`id`, `material_id`, `type`, `quantity`, `unit_price`, `total_price`, `reference_type`, `reference_id`, `notes`, `user_id`, `created_at`, `updated_at`) VALUES ('520', '57', 'out', '2.00', '0.00', '0.00', 'App\\Models\\Order', '249', 'Order #INV-20260304-0003 - premium 1', '3', '2026-03-04 09:31:27', '2026-03-04 09:31:27');
INSERT INTO `stock_movements` (`id`, `material_id`, `type`, `quantity`, `unit_price`, `total_price`, `reference_type`, `reference_id`, `notes`, `user_id`, `created_at`, `updated_at`) VALUES ('521', '57', 'out', '4.00', '0.00', '0.00', 'App\\Models\\Order', '250', 'Order #INV-20260304-0004 - SAMBAL ENMAS', '20', '2026-03-04 09:33:41', '2026-03-04 09:33:41');
INSERT INTO `stock_movements` (`id`, `material_id`, `type`, `quantity`, `unit_price`, `total_price`, `reference_type`, `reference_id`, `notes`, `user_id`, `created_at`, `updated_at`) VALUES ('522', '57', 'out', '5.00', '0.00', '0.00', 'App\\Models\\Order', '251', 'Order #INV-20260304-0005 - hari raya 0403', '3', '2026-03-04 09:35:24', '2026-03-04 09:35:24');
INSERT INTO `stock_movements` (`id`, `material_id`, `type`, `quantity`, `unit_price`, `total_price`, `reference_type`, `reference_id`, `notes`, `user_id`, `created_at`, `updated_at`) VALUES ('523', '85', 'out', '1.00', '0.00', '0.00', 'App\\Models\\Order', '252', 'Order #INV-20260304-0006 - UPTD SDN 1', '3', '2026-03-04 09:38:18', '2026-03-04 09:38:18');
INSERT INTO `stock_movements` (`id`, `material_id`, `type`, `quantity`, `unit_price`, `total_price`, `reference_type`, `reference_id`, `notes`, `user_id`, `created_at`, `updated_at`) VALUES ('524', '57', 'out', '11.00', '0.00', '0.00', 'App\\Models\\Order', '253', 'Order #INV-20260304-0007 - sambelan pipito', '3', '2026-03-04 09:40:23', '2026-03-04 09:40:23');
INSERT INTO `stock_movements` (`id`, `material_id`, `type`, `quantity`, `unit_price`, `total_price`, `reference_type`, `reference_id`, `notes`, `user_id`, `created_at`, `updated_at`) VALUES ('525', '85', 'out', '0.84', '0.00', '0.00', 'App\\Models\\Order', '254', 'Order #INV-20260304-0008 - rekan media 01-03', '19', '2026-03-04 09:41:56', '2026-03-04 09:41:56');
INSERT INTO `stock_movements` (`id`, `material_id`, `type`, `quantity`, `unit_price`, `total_price`, `reference_type`, `reference_id`, `notes`, `user_id`, `created_at`, `updated_at`) VALUES ('526', '48', 'out', '18.00', '0.00', '0.00', 'App\\Models\\Order', '255', 'Order #INV-20260304-0009 - arcelio', '20', '2026-03-04 09:42:02', '2026-03-04 09:42:02');
INSERT INTO `stock_movements` (`id`, `material_id`, `type`, `quantity`, `unit_price`, `total_price`, `reference_type`, `reference_id`, `notes`, `user_id`, `created_at`, `updated_at`) VALUES ('527', '57', 'out', '56.00', '0.00', '0.00', 'App\\Models\\Order', '256', 'Order #INV-20260304-0010 - krenyess', '3', '2026-03-04 09:43:08', '2026-03-04 09:43:08');
INSERT INTO `stock_movements` (`id`, `material_id`, `type`, `quantity`, `unit_price`, `total_price`, `reference_type`, `reference_id`, `notes`, `user_id`, `created_at`, `updated_at`) VALUES ('528', '57', 'in', '10.00', '0.00', '0.00', 'App\\Models\\Order', '229', 'Stok dikembalikan - Batal Order #INV-20260303-0107', '8', '2026-03-04 09:46:38', '2026-03-04 09:46:38');
INSERT INTO `stock_movements` (`id`, `material_id`, `type`, `quantity`, `unit_price`, `total_price`, `reference_type`, `reference_id`, `notes`, `user_id`, `created_at`, `updated_at`) VALUES ('529', '45', 'in', '12.00', '0.00', '0.00', 'App\\Models\\Order', '235', 'Stok dikembalikan - Edit Order #INV-20260303-0113', '3', '2026-03-04 09:50:01', '2026-03-04 09:50:01');
INSERT INTO `stock_movements` (`id`, `material_id`, `type`, `quantity`, `unit_price`, `total_price`, `reference_type`, `reference_id`, `notes`, `user_id`, `created_at`, `updated_at`) VALUES ('530', '44', 'out', '12.00', '0.00', '0.00', 'App\\Models\\Order', '235', 'Order #INV-20260303-0113 - negeri cinta', '3', '2026-03-04 09:50:01', '2026-03-04 09:50:01');
INSERT INTO `stock_movements` (`id`, `material_id`, `type`, `quantity`, `unit_price`, `total_price`, `reference_type`, `reference_id`, `notes`, `user_id`, `created_at`, `updated_at`) VALUES ('531', '44', 'out', '6.00', '0.00', '0.00', 'App\\Models\\Order', '257', 'Order #INV-20260304-0011 - negeri cinta', '3', '2026-03-04 09:51:28', '2026-03-04 09:51:28');
INSERT INTO `stock_movements` (`id`, `material_id`, `type`, `quantity`, `unit_price`, `total_price`, `reference_type`, `reference_id`, `notes`, `user_id`, `created_at`, `updated_at`) VALUES ('532', '57', 'out', '1.00', '0.00', '0.00', 'App\\Models\\Order', '258', 'Order #INV-20260304-0012 - geprek lina', '20', '2026-03-04 09:51:57', '2026-03-04 09:51:57');
INSERT INTO `stock_movements` (`id`, `material_id`, `type`, `quantity`, `unit_price`, `total_price`, `reference_type`, `reference_id`, `notes`, `user_id`, `created_at`, `updated_at`) VALUES ('533', '57', 'out', '2.00', '0.00', '0.00', 'App\\Models\\Order', '259', 'Order #INV-20260304-0013 - RUANG JEMUR', '20', '2026-03-04 09:54:04', '2026-03-04 09:54:04');
INSERT INTO `stock_movements` (`id`, `material_id`, `type`, `quantity`, `unit_price`, `total_price`, `reference_type`, `reference_id`, `notes`, `user_id`, `created_at`, `updated_at`) VALUES ('534', '67', 'out', '2.00', '0.00', '0.00', 'App\\Models\\Order', '259', 'Order #INV-20260304-0013 - RAUANG JEMUR', '20', '2026-03-04 09:54:04', '2026-03-04 09:54:04');
INSERT INTO `stock_movements` (`id`, `material_id`, `type`, `quantity`, `unit_price`, `total_price`, `reference_type`, `reference_id`, `notes`, `user_id`, `created_at`, `updated_at`) VALUES ('535', '85', 'out', '2.25', '0.00', '0.00', 'App\\Models\\Order', '260', 'Order #INV-20260304-0014 - HEJ NAIL', '20', '2026-03-04 09:58:08', '2026-03-04 09:58:08');
INSERT INTO `stock_movements` (`id`, `material_id`, `type`, `quantity`, `unit_price`, `total_price`, `reference_type`, `reference_id`, `notes`, `user_id`, `created_at`, `updated_at`) VALUES ('536', '59', 'out', '2.00', '0.00', '0.00', 'App\\Models\\Order', '261', 'Order #INV-20260304-0015 - link 1', '3', '2026-03-04 09:59:03', '2026-03-04 09:59:03');
INSERT INTO `stock_movements` (`id`, `material_id`, `type`, `quantity`, `unit_price`, `total_price`, `reference_type`, `reference_id`, `notes`, `user_id`, `created_at`, `updated_at`) VALUES ('537', '68', 'out', '2.00', '0.00', '0.00', 'App\\Models\\Order', '261', 'Order #INV-20260304-0015 - link 1', '3', '2026-03-04 09:59:03', '2026-03-04 09:59:03');
INSERT INTO `stock_movements` (`id`, `material_id`, `type`, `quantity`, `unit_price`, `total_price`, `reference_type`, `reference_id`, `notes`, `user_id`, `created_at`, `updated_at`) VALUES ('538', '91', 'out', '2.00', '0.00', '0.00', 'App\\Models\\Order', '261', 'Order #INV-20260304-0015 - link 1', '3', '2026-03-04 09:59:03', '2026-03-04 09:59:03');
INSERT INTO `stock_movements` (`id`, `material_id`, `type`, `quantity`, `unit_price`, `total_price`, `reference_type`, `reference_id`, `notes`, `user_id`, `created_at`, `updated_at`) VALUES ('539', '57', 'out', '1.00', '0.00', '0.00', 'App\\Models\\Order', '262', 'Order #INV-20260304-0016 - logo lampung', '19', '2026-03-04 09:59:25', '2026-03-04 09:59:25');
INSERT INTO `stock_movements` (`id`, `material_id`, `type`, `quantity`, `unit_price`, `total_price`, `reference_type`, `reference_id`, `notes`, `user_id`, `created_at`, `updated_at`) VALUES ('540', '67', 'out', '1.00', '0.00', '0.00', 'App\\Models\\Order', '262', 'Order #INV-20260304-0016 - logo lampung', '19', '2026-03-04 09:59:25', '2026-03-04 09:59:25');
INSERT INTO `stock_movements` (`id`, `material_id`, `type`, `quantity`, `unit_price`, `total_price`, `reference_type`, `reference_id`, `notes`, `user_id`, `created_at`, `updated_at`) VALUES ('541', '91', 'out', '1.00', '0.00', '0.00', 'App\\Models\\Order', '262', 'Order #INV-20260304-0016 - logo lampung', '19', '2026-03-04 09:59:25', '2026-03-04 09:59:25');
INSERT INTO `stock_movements` (`id`, `material_id`, `type`, `quantity`, `unit_price`, `total_price`, `reference_type`, `reference_id`, `notes`, `user_id`, `created_at`, `updated_at`) VALUES ('542', '61', 'out', '2.00', '0.00', '0.00', 'App\\Models\\Order', '263', 'Order #INV-20260304-0017 - bank bni 0403', '3', '2026-03-04 10:00:08', '2026-03-04 10:00:08');
INSERT INTO `stock_movements` (`id`, `material_id`, `type`, `quantity`, `unit_price`, `total_price`, `reference_type`, `reference_id`, `notes`, `user_id`, `created_at`, `updated_at`) VALUES ('543', '61', 'in', '2.00', '0.00', '0.00', 'App\\Models\\Order', '263', 'Stok dikembalikan - Edit Order #INV-20260304-0017', '3', '2026-03-04 10:01:08', '2026-03-04 10:01:08');
INSERT INTO `stock_movements` (`id`, `material_id`, `type`, `quantity`, `unit_price`, `total_price`, `reference_type`, `reference_id`, `notes`, `user_id`, `created_at`, `updated_at`) VALUES ('544', '61', 'out', '2.00', '0.00', '0.00', 'App\\Models\\Order', '263', 'Order #INV-20260304-0017 - bank bni 0403', '3', '2026-03-04 10:01:08', '2026-03-04 10:01:08');
INSERT INTO `stock_movements` (`id`, `material_id`, `type`, `quantity`, `unit_price`, `total_price`, `reference_type`, `reference_id`, `notes`, `user_id`, `created_at`, `updated_at`) VALUES ('545', '82', 'out', '2.00', '0.00', '0.00', 'App\\Models\\Order', '263', 'Order #INV-20260304-0017 - bank bni 0403', '3', '2026-03-04 10:01:08', '2026-03-04 10:01:08');
INSERT INTO `stock_movements` (`id`, `material_id`, `type`, `quantity`, `unit_price`, `total_price`, `reference_type`, `reference_id`, `notes`, `user_id`, `created_at`, `updated_at`) VALUES ('546', '85', 'out', '712.80', '0.00', '0.00', 'App\\Models\\Order', '264', 'Order #INV-20260304-0018 - spanduk 270 x 60  12-18 Maret SUMATRA 440 Pcs', '23', '2026-03-04 10:03:40', '2026-03-04 10:03:40');
INSERT INTO `stock_movements` (`id`, `material_id`, `type`, `quantity`, `unit_price`, `total_price`, `reference_type`, `reference_id`, `notes`, `user_id`, `created_at`, `updated_at`) VALUES ('547', '57', 'out', '4.00', '0.00', '0.00', 'App\\Models\\Order', '265', 'Order #INV-20260304-0019 - surprise cake', '3', '2026-03-04 10:06:05', '2026-03-04 10:06:05');
INSERT INTO `stock_movements` (`id`, `material_id`, `type`, `quantity`, `unit_price`, `total_price`, `reference_type`, `reference_id`, `notes`, `user_id`, `created_at`, `updated_at`) VALUES ('548', '48', 'out', '4.00', '0.00', '0.00', 'App\\Models\\Order', '266', 'Order #INV-20260304-0020 - rri karnam', '19', '2026-03-04 10:07:36', '2026-03-04 10:07:36');
INSERT INTO `stock_movements` (`id`, `material_id`, `type`, `quantity`, `unit_price`, `total_price`, `reference_type`, `reference_id`, `notes`, `user_id`, `created_at`, `updated_at`) VALUES ('549', '57', 'out', '26.00', '0.00', '0.00', 'App\\Models\\Order', '267', 'Order #INV-20260304-0021 - barcode iyan', '20', '2026-03-04 10:09:09', '2026-03-04 10:09:09');
INSERT INTO `stock_movements` (`id`, `material_id`, `type`, `quantity`, `unit_price`, `total_price`, `reference_type`, `reference_id`, `notes`, `user_id`, `created_at`, `updated_at`) VALUES ('550', '48', 'out', '8.00', '0.00', '0.00', 'App\\Models\\Order', '268', 'Order #INV-20260304-0022 - kartu akar', '23', '2026-03-04 10:09:53', '2026-03-04 10:09:53');
INSERT INTO `stock_movements` (`id`, `material_id`, `type`, `quantity`, `unit_price`, `total_price`, `reference_type`, `reference_id`, `notes`, `user_id`, `created_at`, `updated_at`) VALUES ('551', '44', 'out', '27.00', '0.00', '0.00', 'App\\Models\\Order', '269', 'Order #INV-20260304-0023 - promo maret', '19', '2026-03-04 10:10:06', '2026-03-04 10:10:06');
INSERT INTO `stock_movements` (`id`, `material_id`, `type`, `quantity`, `unit_price`, `total_price`, `reference_type`, `reference_id`, `notes`, `user_id`, `created_at`, `updated_at`) VALUES ('552', '47', 'out', '51.00', '0.00', '0.00', 'App\\Models\\Order', '270', 'Order #INV-20260304-0024 - psb cetak', '19', '2026-03-04 10:11:12', '2026-03-04 10:11:12');
INSERT INTO `stock_movements` (`id`, `material_id`, `type`, `quantity`, `unit_price`, `total_price`, `reference_type`, `reference_id`, `notes`, `user_id`, `created_at`, `updated_at`) VALUES ('553', '61', 'out', '0.50', '0.00', '0.00', 'App\\Models\\Order', '271', 'Order #INV-20260304-0025 - parkir gratis', '19', '2026-03-04 10:12:44', '2026-03-04 10:12:44');
INSERT INTO `stock_movements` (`id`, `material_id`, `type`, `quantity`, `unit_price`, `total_price`, `reference_type`, `reference_id`, `notes`, `user_id`, `created_at`, `updated_at`) VALUES ('554', '57', 'out', '50.00', '0.00', '0.00', 'App\\Models\\Order', '272', 'Order #INV-20260304-0026 - la kita 0403', '19', '2026-03-04 10:18:35', '2026-03-04 10:18:35');
INSERT INTO `stock_movements` (`id`, `material_id`, `type`, `quantity`, `unit_price`, `total_price`, `reference_type`, `reference_id`, `notes`, `user_id`, `created_at`, `updated_at`) VALUES ('555', '68', 'out', '50.00', '0.00', '0.00', 'App\\Models\\Order', '272', 'Order #INV-20260304-0026 - la kita 0403', '19', '2026-03-04 10:18:35', '2026-03-04 10:18:35');
INSERT INTO `stock_movements` (`id`, `material_id`, `type`, `quantity`, `unit_price`, `total_price`, `reference_type`, `reference_id`, `notes`, `user_id`, `created_at`, `updated_at`) VALUES ('556', '91', 'out', '50.00', '0.00', '0.00', 'App\\Models\\Order', '272', 'Order #INV-20260304-0026 - la kita 0403', '19', '2026-03-04 10:18:35', '2026-03-04 10:18:35');
INSERT INTO `stock_movements` (`id`, `material_id`, `type`, `quantity`, `unit_price`, `total_price`, `reference_type`, `reference_id`, `notes`, `user_id`, `created_at`, `updated_at`) VALUES ('557', '47', 'out', '33.00', '0.00', '0.00', 'App\\Models\\Order', '273', 'Order #INV-20260304-0027 - 33 lbr KS 210 (SHOPEE BAKULPRINTING)', '23', '2026-03-04 10:21:28', '2026-03-04 10:21:28');
INSERT INTO `stock_movements` (`id`, `material_id`, `type`, `quantity`, `unit_price`, `total_price`, `reference_type`, `reference_id`, `notes`, `user_id`, `created_at`, `updated_at`) VALUES ('558', '61', 'out', '1.50', '0.00', '0.00', 'App\\Models\\Order', '274', 'Order #INV-20260304-0028 - lanal bhakti', '19', '2026-03-04 10:26:06', '2026-03-04 10:26:06');
INSERT INTO `stock_movements` (`id`, `material_id`, `type`, `quantity`, `unit_price`, `total_price`, `reference_type`, `reference_id`, `notes`, `user_id`, `created_at`, `updated_at`) VALUES ('559', '82', 'out', '1.50', '0.00', '0.00', 'App\\Models\\Order', '274', 'Order #INV-20260304-0028 - lanal bhakti', '19', '2026-03-04 10:26:06', '2026-03-04 10:26:06');
INSERT INTO `stock_movements` (`id`, `material_id`, `type`, `quantity`, `unit_price`, `total_price`, `reference_type`, `reference_id`, `notes`, `user_id`, `created_at`, `updated_at`) VALUES ('560', '98', 'out', '1.50', '0.00', '0.00', 'App\\Models\\Order', '274', 'Order #INV-20260304-0028 - lanal bhakti', '19', '2026-03-04 10:26:06', '2026-03-04 10:26:06');
INSERT INTO `stock_movements` (`id`, `material_id`, `type`, `quantity`, `unit_price`, `total_price`, `reference_type`, `reference_id`, `notes`, `user_id`, `created_at`, `updated_at`) VALUES ('561', '85', 'out', '4.50', '0.00', '0.00', 'App\\Models\\Order', '275', 'Order #INV-20260304-0029 - zakat 2026', '19', '2026-03-04 10:29:42', '2026-03-04 10:29:42');
INSERT INTO `stock_movements` (`id`, `material_id`, `type`, `quantity`, `unit_price`, `total_price`, `reference_type`, `reference_id`, `notes`, `user_id`, `created_at`, `updated_at`) VALUES ('562', '47', 'out', '10.00', '0.00', '0.00', 'App\\Models\\Order', '276', 'Order #INV-20260304-0030 - lando shop', '23', '2026-03-04 10:33:04', '2026-03-04 10:33:04');
INSERT INTO `stock_movements` (`id`, `material_id`, `type`, `quantity`, `unit_price`, `total_price`, `reference_type`, `reference_id`, `notes`, `user_id`, `created_at`, `updated_at`) VALUES ('563', '59', 'out', '5.00', '0.00', '0.00', 'App\\Models\\Order', '277', 'Order #INV-20260304-0031 - pempek comel', '19', '2026-03-04 10:35:35', '2026-03-04 10:35:35');
INSERT INTO `stock_movements` (`id`, `material_id`, `type`, `quantity`, `unit_price`, `total_price`, `reference_type`, `reference_id`, `notes`, `user_id`, `created_at`, `updated_at`) VALUES ('564', '91', 'out', '5.00', '0.00', '0.00', 'App\\Models\\Order', '277', 'Order #INV-20260304-0031 - pempek comel', '19', '2026-03-04 10:35:35', '2026-03-04 10:35:35');
INSERT INTO `stock_movements` (`id`, `material_id`, `type`, `quantity`, `unit_price`, `total_price`, `reference_type`, `reference_id`, `notes`, `user_id`, `created_at`, `updated_at`) VALUES ('565', '44', 'out', '20.00', '0.00', '0.00', 'App\\Models\\Order', '278', 'Order #INV-20260304-0032 - amplop 0403', '3', '2026-03-04 10:36:23', '2026-03-04 10:36:23');
INSERT INTO `stock_movements` (`id`, `material_id`, `type`, `quantity`, `unit_price`, `total_price`, `reference_type`, `reference_id`, `notes`, `user_id`, `created_at`, `updated_at`) VALUES ('566', '47', 'out', '33.00', '0.00', '0.00', 'App\\Models\\Order', '279', 'Order #INV-20260304-0033 - selamat idul fitri', '19', '2026-03-04 10:36:51', '2026-03-04 10:36:51');
INSERT INTO `stock_movements` (`id`, `material_id`, `type`, `quantity`, `unit_price`, `total_price`, `reference_type`, `reference_id`, `notes`, `user_id`, `created_at`, `updated_at`) VALUES ('567', '47', 'in', '33.00', '0.00', '0.00', 'App\\Models\\Order', '279', 'Stok dikembalikan - Edit Order #INV-20260304-0033', '19', '2026-03-04 10:37:00', '2026-03-04 10:37:00');
INSERT INTO `stock_movements` (`id`, `material_id`, `type`, `quantity`, `unit_price`, `total_price`, `reference_type`, `reference_id`, `notes`, `user_id`, `created_at`, `updated_at`) VALUES ('568', '59', 'out', '4.00', '0.00', '0.00', 'App\\Models\\Order', '280', 'Order #INV-20260304-0034 - peringkat', '3', '2026-03-04 10:37:42', '2026-03-04 10:37:42');
INSERT INTO `stock_movements` (`id`, `material_id`, `type`, `quantity`, `unit_price`, `total_price`, `reference_type`, `reference_id`, `notes`, `user_id`, `created_at`, `updated_at`) VALUES ('569', '68', 'out', '4.00', '0.00', '0.00', 'App\\Models\\Order', '280', 'Order #INV-20260304-0034 - peringkat', '3', '2026-03-04 10:37:42', '2026-03-04 10:37:42');
INSERT INTO `stock_movements` (`id`, `material_id`, `type`, `quantity`, `unit_price`, `total_price`, `reference_type`, `reference_id`, `notes`, `user_id`, `created_at`, `updated_at`) VALUES ('570', '44', 'out', '7.00', '0.00', '0.00', 'App\\Models\\Order', '281', 'Order #INV-20260304-0035 - master ban corsa', '19', '2026-03-04 10:38:52', '2026-03-04 10:38:52');
INSERT INTO `stock_movements` (`id`, `material_id`, `type`, `quantity`, `unit_price`, `total_price`, `reference_type`, `reference_id`, `notes`, `user_id`, `created_at`, `updated_at`) VALUES ('571', '47', 'out', '33.00', '0.00', '0.00', 'App\\Models\\Order', '279', 'Order #INV-20260304-0033 - selamat idul fitri', '19', '2026-03-04 10:40:27', '2026-03-04 10:40:27');
INSERT INTO `stock_movements` (`id`, `material_id`, `type`, `quantity`, `unit_price`, `total_price`, `reference_type`, `reference_id`, `notes`, `user_id`, `created_at`, `updated_at`) VALUES ('572', '48', 'out', '9.00', '0.00', '0.00', 'App\\Models\\Order', '282', 'Order #INV-20260304-0036 - bank syariah wk', '19', '2026-03-04 10:41:40', '2026-03-04 10:41:40');
INSERT INTO `stock_movements` (`id`, `material_id`, `type`, `quantity`, `unit_price`, `total_price`, `reference_type`, `reference_id`, `notes`, `user_id`, `created_at`, `updated_at`) VALUES ('573', '86', 'out', '12.00', '0.00', '0.00', 'App\\Models\\Order', '283', 'Order #INV-20260304-0037 - FRAKSI PDI', '3', '2026-03-04 10:43:28', '2026-03-04 10:43:28');
INSERT INTO `stock_movements` (`id`, `material_id`, `type`, `quantity`, `unit_price`, `total_price`, `reference_type`, `reference_id`, `notes`, `user_id`, `created_at`, `updated_at`) VALUES ('574', '85', 'out', '12.00', '0.00', '0.00', 'App\\Models\\Order', '283', 'Order #INV-20260304-0037 - PEMBINAAN DAN PEMBINAAN KEDUA', '3', '2026-03-04 10:43:28', '2026-03-04 10:43:28');
INSERT INTO `stock_movements` (`id`, `material_id`, `type`, `quantity`, `unit_price`, `total_price`, `reference_type`, `reference_id`, `notes`, `user_id`, `created_at`, `updated_at`) VALUES ('575', '86', 'out', '12.00', '0.00', '0.00', 'App\\Models\\Order', '284', 'Order #INV-20260304-0038 - FRAKSI PDI', '3', '2026-03-04 10:43:28', '2026-03-04 10:43:28');
INSERT INTO `stock_movements` (`id`, `material_id`, `type`, `quantity`, `unit_price`, `total_price`, `reference_type`, `reference_id`, `notes`, `user_id`, `created_at`, `updated_at`) VALUES ('576', '85', 'out', '12.00', '0.00', '0.00', 'App\\Models\\Order', '284', 'Order #INV-20260304-0038 - PEMBINAAN DAN PEMBINAAN KEDUA', '3', '2026-03-04 10:43:28', '2026-03-04 10:43:28');
INSERT INTO `stock_movements` (`id`, `material_id`, `type`, `quantity`, `unit_price`, `total_price`, `reference_type`, `reference_id`, `notes`, `user_id`, `created_at`, `updated_at`) VALUES ('577', '50', 'out', '1.00', '0.00', '0.00', 'App\\Models\\Order', '285', 'Order #INV-20260304-0039 - amri zamani', '19', '2026-03-04 10:45:07', '2026-03-04 10:45:07');
INSERT INTO `stock_movements` (`id`, `material_id`, `type`, `quantity`, `unit_price`, `total_price`, `reference_type`, `reference_id`, `notes`, `user_id`, `created_at`, `updated_at`) VALUES ('578', '67', 'out', '1.00', '0.00', '0.00', 'App\\Models\\Order', '285', 'Order #INV-20260304-0039 - amri zamani', '19', '2026-03-04 10:45:07', '2026-03-04 10:45:07');
INSERT INTO `stock_movements` (`id`, `material_id`, `type`, `quantity`, `unit_price`, `total_price`, `reference_type`, `reference_id`, `notes`, `user_id`, `created_at`, `updated_at`) VALUES ('579', '47', 'out', '66.00', '0.00', '0.00', 'App\\Models\\Order', '286', 'Order #INV-20260304-0040 - piagam magnet (1) - (3)', '3', '2026-03-04 10:49:24', '2026-03-04 10:49:24');
INSERT INTO `stock_movements` (`id`, `material_id`, `type`, `quantity`, `unit_price`, `total_price`, `reference_type`, `reference_id`, `notes`, `user_id`, `created_at`, `updated_at`) VALUES ('580', '85', 'out', '0.80', '0.00', '0.00', 'App\\Models\\Order', '287', 'Order #INV-20260304-0041 - ads audio', '3', '2026-03-04 10:53:15', '2026-03-04 10:53:15');
INSERT INTO `stock_movements` (`id`, `material_id`, `type`, `quantity`, `unit_price`, `total_price`, `reference_type`, `reference_id`, `notes`, `user_id`, `created_at`, `updated_at`) VALUES ('581', '59', 'in', '4.00', '0.00', '0.00', 'App\\Models\\Order', '280', 'Stok dikembalikan - Edit Order #INV-20260304-0034', '3', '2026-03-04 10:55:11', '2026-03-04 10:55:11');
INSERT INTO `stock_movements` (`id`, `material_id`, `type`, `quantity`, `unit_price`, `total_price`, `reference_type`, `reference_id`, `notes`, `user_id`, `created_at`, `updated_at`) VALUES ('582', '68', 'in', '4.00', '0.00', '0.00', 'App\\Models\\Order', '280', 'Stok dikembalikan - Edit Order #INV-20260304-0034', '3', '2026-03-04 10:55:11', '2026-03-04 10:55:11');
INSERT INTO `stock_movements` (`id`, `material_id`, `type`, `quantity`, `unit_price`, `total_price`, `reference_type`, `reference_id`, `notes`, `user_id`, `created_at`, `updated_at`) VALUES ('583', '59', 'out', '2.00', '0.00', '0.00', 'App\\Models\\Order', '280', 'Order #INV-20260304-0034 - SUNAN MURIA', '3', '2026-03-04 10:55:11', '2026-03-04 10:55:11');
INSERT INTO `stock_movements` (`id`, `material_id`, `type`, `quantity`, `unit_price`, `total_price`, `reference_type`, `reference_id`, `notes`, `user_id`, `created_at`, `updated_at`) VALUES ('584', '68', 'out', '2.00', '0.00', '0.00', 'App\\Models\\Order', '280', 'Order #INV-20260304-0034 - SUNAN MURIA', '3', '2026-03-04 10:55:11', '2026-03-04 10:55:11');
INSERT INTO `stock_movements` (`id`, `material_id`, `type`, `quantity`, `unit_price`, `total_price`, `reference_type`, `reference_id`, `notes`, `user_id`, `created_at`, `updated_at`) VALUES ('585', '57', 'out', '20.00', '0.00', '0.00', 'App\\Models\\Order', '288', 'Order #INV-20260304-0042 - kallista 0403', '19', '2026-03-04 11:03:41', '2026-03-04 11:03:41');
INSERT INTO `stock_movements` (`id`, `material_id`, `type`, `quantity`, `unit_price`, `total_price`, `reference_type`, `reference_id`, `notes`, `user_id`, `created_at`, `updated_at`) VALUES ('586', '46', 'out', '53.00', '0.00', '0.00', 'App\\Models\\Order', '289', 'Order #INV-20260304-0043 - listi rizal', '19', '2026-03-04 11:07:48', '2026-03-04 11:07:48');
INSERT INTO `stock_movements` (`id`, `material_id`, `type`, `quantity`, `unit_price`, `total_price`, `reference_type`, `reference_id`, `notes`, `user_id`, `created_at`, `updated_at`) VALUES ('587', '44', 'in', '20.00', '0.00', '0.00', 'App\\Models\\Order', '278', 'Stok dikembalikan - Edit Order #INV-20260304-0032', '3', '2026-03-04 11:08:00', '2026-03-04 11:08:00');
INSERT INTO `stock_movements` (`id`, `material_id`, `type`, `quantity`, `unit_price`, `total_price`, `reference_type`, `reference_id`, `notes`, `user_id`, `created_at`, `updated_at`) VALUES ('588', '45', 'out', '20.00', '0.00', '0.00', 'App\\Models\\Order', '278', 'Order #INV-20260304-0032 - amplop 0403', '3', '2026-03-04 11:08:00', '2026-03-04 11:08:00');
INSERT INTO `stock_movements` (`id`, `material_id`, `type`, `quantity`, `unit_price`, `total_price`, `reference_type`, `reference_id`, `notes`, `user_id`, `created_at`, `updated_at`) VALUES ('589', '57', 'in', '14.00', '0.00', '0.00', 'App\\Models\\Order', '240', 'Stok dikembalikan - Edit Order #INV-20260303-0118', '3', '2026-03-04 11:10:51', '2026-03-04 11:10:51');
INSERT INTO `stock_movements` (`id`, `material_id`, `type`, `quantity`, `unit_price`, `total_price`, `reference_type`, `reference_id`, `notes`, `user_id`, `created_at`, `updated_at`) VALUES ('590', '47', 'out', '20.00', '0.00', '0.00', 'App\\Models\\Order', '290', 'Order #INV-20260304-0044 - akadia', '3', '2026-03-04 11:11:57', '2026-03-04 11:11:57');
INSERT INTO `stock_movements` (`id`, `material_id`, `type`, `quantity`, `unit_price`, `total_price`, `reference_type`, `reference_id`, `notes`, `user_id`, `created_at`, `updated_at`) VALUES ('591', '50', 'out', '17.00', '0.00', '0.00', 'App\\Models\\Order', '291', 'Order #INV-20260304-0045 - ramadhan sale', '19', '2026-03-04 11:12:19', '2026-03-04 11:12:19');
INSERT INTO `stock_movements` (`id`, `material_id`, `type`, `quantity`, `unit_price`, `total_price`, `reference_type`, `reference_id`, `notes`, `user_id`, `created_at`, `updated_at`) VALUES ('592', '85', 'in', '3360.00', '5650.00', '18984000.00', 'App\\Models\\Purchase', '2', 'Pembelian: Pembelian bahan', '8', '2026-03-04 11:12:44', '2026-03-04 11:12:44');
INSERT INTO `stock_movements` (`id`, `material_id`, `type`, `quantity`, `unit_price`, `total_price`, `reference_type`, `reference_id`, `notes`, `user_id`, `created_at`, `updated_at`) VALUES ('593', '88', 'in', '160.00', '11500.00', '1840000.00', 'App\\Models\\Purchase', '3', 'Pembelian: Pembelian bahan', '8', '2026-03-04 11:13:26', '2026-03-04 11:13:26');
INSERT INTO `stock_movements` (`id`, `material_id`, `type`, `quantity`, `unit_price`, `total_price`, `reference_type`, `reference_id`, `notes`, `user_id`, `created_at`, `updated_at`) VALUES ('594', '57', 'out', '3.00', '0.00', '0.00', 'App\\Models\\Order', '292', 'Order #INV-20260304-0046 - IDUL FITRI 0403', '3', '2026-03-04 11:13:27', '2026-03-04 11:13:27');
INSERT INTO `stock_movements` (`id`, `material_id`, `type`, `quantity`, `unit_price`, `total_price`, `reference_type`, `reference_id`, `notes`, `user_id`, `created_at`, `updated_at`) VALUES ('595', '57', 'out', '5.00', '0.00', '0.00', 'App\\Models\\Order', '293', 'Order #INV-20260304-0047 - sarapan pagi', '19', '2026-03-04 11:14:24', '2026-03-04 11:14:24');
INSERT INTO `stock_movements` (`id`, `material_id`, `type`, `quantity`, `unit_price`, `total_price`, `reference_type`, `reference_id`, `notes`, `user_id`, `created_at`, `updated_at`) VALUES ('596', '57', 'out', '1.00', '0.00', '0.00', 'App\\Models\\Order', '294', 'Order #INV-20260304-0048 - titik nol', '20', '2026-03-04 11:14:53', '2026-03-04 11:14:53');
INSERT INTO `stock_movements` (`id`, `material_id`, `type`, `quantity`, `unit_price`, `total_price`, `reference_type`, `reference_id`, `notes`, `user_id`, `created_at`, `updated_at`) VALUES ('597', '47', 'out', '19.00', '0.00', '0.00', 'App\\Models\\Order', '295', 'Order #INV-20260304-0049 - dewi all new', '23', '2026-03-04 11:21:21', '2026-03-04 11:21:21');
INSERT INTO `stock_movements` (`id`, `material_id`, `type`, `quantity`, `unit_price`, `total_price`, `reference_type`, `reference_id`, `notes`, `user_id`, `created_at`, `updated_at`) VALUES ('598', '57', 'out', '23.00', '0.00', '0.00', 'App\\Models\\Order', '295', 'Order #INV-20260304-0049 - dewi all new', '23', '2026-03-04 11:21:21', '2026-03-04 11:21:21');
INSERT INTO `stock_movements` (`id`, `material_id`, `type`, `quantity`, `unit_price`, `total_price`, `reference_type`, `reference_id`, `notes`, `user_id`, `created_at`, `updated_at`) VALUES ('599', '48', 'out', '1.00', '0.00', '0.00', 'App\\Models\\Order', '296', 'Order #INV-20260304-0050 - better fly', '20', '2026-03-04 11:27:29', '2026-03-04 11:27:29');
INSERT INTO `stock_movements` (`id`, `material_id`, `type`, `quantity`, `unit_price`, `total_price`, `reference_type`, `reference_id`, `notes`, `user_id`, `created_at`, `updated_at`) VALUES ('600', '101', 'in', '1.00', '0.00', '0.00', 'App\\Models\\Order', '207', 'Stok dikembalikan - Edit Order #INV-20260303-0085', '19', '2026-03-04 11:31:34', '2026-03-04 11:31:34');
INSERT INTO `stock_movements` (`id`, `material_id`, `type`, `quantity`, `unit_price`, `total_price`, `reference_type`, `reference_id`, `notes`, `user_id`, `created_at`, `updated_at`) VALUES ('601', '84', 'out', '0.28', '0.00', '0.00', 'App\\Models\\Order', '297', 'Order #INV-20260304-0051 - 14.KC Lampung - Laksamana Malayati (1)', '23', '2026-03-04 11:39:15', '2026-03-04 11:39:15');
INSERT INTO `stock_movements` (`id`, `material_id`, `type`, `quantity`, `unit_price`, `total_price`, `reference_type`, `reference_id`, `notes`, `user_id`, `created_at`, `updated_at`) VALUES ('602', '59', 'out', '2.00', '0.00', '0.00', 'App\\Models\\Order', '298', 'Order #INV-20260304-0052 - dapur andung', '20', '2026-03-04 11:42:56', '2026-03-04 11:42:56');
INSERT INTO `stock_movements` (`id`, `material_id`, `type`, `quantity`, `unit_price`, `total_price`, `reference_type`, `reference_id`, `notes`, `user_id`, `created_at`, `updated_at`) VALUES ('603', '91', 'out', '2.00', '0.00', '0.00', 'App\\Models\\Order', '298', 'Order #INV-20260304-0052 - dapur andung', '20', '2026-03-04 11:42:56', '2026-03-04 11:42:56');
INSERT INTO `stock_movements` (`id`, `material_id`, `type`, `quantity`, `unit_price`, `total_price`, `reference_type`, `reference_id`, `notes`, `user_id`, `created_at`, `updated_at`) VALUES ('604', '86', 'in', '25.00', '0.00', '0.00', 'App\\Models\\Order', '162', 'Stok dikembalikan - Edit Order #INV-20260303-0040', '3', '2026-03-04 11:45:22', '2026-03-04 11:45:22');
INSERT INTO `stock_movements` (`id`, `material_id`, `type`, `quantity`, `unit_price`, `total_price`, `reference_type`, `reference_id`, `notes`, `user_id`, `created_at`, `updated_at`) VALUES ('605', '86', 'out', '5.00', '0.00', '0.00', 'App\\Models\\Order', '299', 'Order #INV-20260304-0053 - PT ANUGERAH 1', '3', '2026-03-04 11:46:06', '2026-03-04 11:46:06');
INSERT INTO `stock_movements` (`id`, `material_id`, `type`, `quantity`, `unit_price`, `total_price`, `reference_type`, `reference_id`, `notes`, `user_id`, `created_at`, `updated_at`) VALUES ('606', '55', 'out', '8.00', '0.00', '0.00', 'App\\Models\\Order', '300', 'Order #INV-20260304-0054 - TRU FINANACE', '20', '2026-03-04 11:46:13', '2026-03-04 11:46:13');
INSERT INTO `stock_movements` (`id`, `material_id`, `type`, `quantity`, `unit_price`, `total_price`, `reference_type`, `reference_id`, `notes`, `user_id`, `created_at`, `updated_at`) VALUES ('607', '61', 'out', '3.36', '0.00', '0.00', 'App\\Models\\Order', '301', 'Order #INV-20260304-0055 - tunas honda 01-02', '19', '2026-03-04 11:50:19', '2026-03-04 11:50:19');
INSERT INTO `stock_movements` (`id`, `material_id`, `type`, `quantity`, `unit_price`, `total_price`, `reference_type`, `reference_id`, `notes`, `user_id`, `created_at`, `updated_at`) VALUES ('608', '82', 'out', '3.36', '0.00', '0.00', 'App\\Models\\Order', '301', 'Order #INV-20260304-0055 - tunas honda 01-02', '19', '2026-03-04 11:50:19', '2026-03-04 11:50:19');
INSERT INTO `stock_movements` (`id`, `material_id`, `type`, `quantity`, `unit_price`, `total_price`, `reference_type`, `reference_id`, `notes`, `user_id`, `created_at`, `updated_at`) VALUES ('609', '61', 'out', '1.80', '0.00', '0.00', 'App\\Models\\Order', '301', 'Order #INV-20260304-0055 - tunas honda 03', '19', '2026-03-04 11:50:19', '2026-03-04 11:50:19');
INSERT INTO `stock_movements` (`id`, `material_id`, `type`, `quantity`, `unit_price`, `total_price`, `reference_type`, `reference_id`, `notes`, `user_id`, `created_at`, `updated_at`) VALUES ('610', '82', 'out', '1.80', '0.00', '0.00', 'App\\Models\\Order', '301', 'Order #INV-20260304-0055 - tunas honda 03', '19', '2026-03-04 11:50:19', '2026-03-04 11:50:19');
INSERT INTO `stock_movements` (`id`, `material_id`, `type`, `quantity`, `unit_price`, `total_price`, `reference_type`, `reference_id`, `notes`, `user_id`, `created_at`, `updated_at`) VALUES ('611', '61', 'out', '1.41', '0.00', '0.00', 'App\\Models\\Order', '301', 'Order #INV-20260304-0055 - tunas honda 04', '19', '2026-03-04 11:50:19', '2026-03-04 11:50:19');
INSERT INTO `stock_movements` (`id`, `material_id`, `type`, `quantity`, `unit_price`, `total_price`, `reference_type`, `reference_id`, `notes`, `user_id`, `created_at`, `updated_at`) VALUES ('612', '82', 'out', '1.41', '0.00', '0.00', 'App\\Models\\Order', '301', 'Order #INV-20260304-0055 - tunas honda 04', '19', '2026-03-04 11:50:19', '2026-03-04 11:50:19');
INSERT INTO `stock_movements` (`id`, `material_id`, `type`, `quantity`, `unit_price`, `total_price`, `reference_type`, `reference_id`, `notes`, `user_id`, `created_at`, `updated_at`) VALUES ('613', '61', 'out', '2.00', '0.00', '0.00', 'App\\Models\\Order', '302', 'Order #INV-20260304-0056 - trusty 0403', '3', '2026-03-04 11:51:47', '2026-03-04 11:51:47');
INSERT INTO `stock_movements` (`id`, `material_id`, `type`, `quantity`, `unit_price`, `total_price`, `reference_type`, `reference_id`, `notes`, `user_id`, `created_at`, `updated_at`) VALUES ('614', '81', 'out', '2.00', '0.00', '0.00', 'App\\Models\\Order', '302', 'Order #INV-20260304-0056 - trusty 0403', '3', '2026-03-04 11:51:47', '2026-03-04 11:51:47');
INSERT INTO `stock_movements` (`id`, `material_id`, `type`, `quantity`, `unit_price`, `total_price`, `reference_type`, `reference_id`, `notes`, `user_id`, `created_at`, `updated_at`) VALUES ('615', '99', 'out', '2.00', '0.00', '0.00', 'App\\Models\\Order', '302', 'Order #INV-20260304-0056 - trusty 0403', '3', '2026-03-04 11:51:47', '2026-03-04 11:51:47');
