-- Database Backup
-- Generated: 2026-03-17 01:21:12
-- Database: u1596772_printis

START TRANSACTION;

-- --------------------------------------------------------
-- Table structure for table `cash_modals`
-- --------------------------------------------------------

CREATE TABLE `cash_modals` (
  `id` bigint(20) unsigned NOT NULL AUTO_INCREMENT,
  `amount` decimal(15,2) NOT NULL,
  `modal_date` date NOT NULL,
  `type` enum('initial','topup') NOT NULL DEFAULT 'topup',
  `account` enum('petty','cash','bank') NOT NULL DEFAULT 'petty',
  `notes` text DEFAULT NULL,
  `user_id` bigint(20) unsigned NOT NULL,
  `created_at` timestamp NULL DEFAULT NULL,
  `updated_at` timestamp NULL DEFAULT NULL,
  PRIMARY KEY (`id`),
  KEY `cash_modals_user_id_foreign` (`user_id`),
  CONSTRAINT `cash_modals_user_id_foreign` FOREIGN KEY (`user_id`) REFERENCES `users` (`id`) ON DELETE CASCADE
) ENGINE=InnoDB AUTO_INCREMENT=14 DEFAULT CHARSET=utf8mb4 COLLATE=utf8mb4_unicode_ci;

-- Dumping data for table `cash_modals`

INSERT INTO `cash_modals` (`id`, `amount`, `modal_date`, `type`, `account`, `notes`, `user_id`, `created_at`, `updated_at`) VALUES ('1', '2740170.00', '2026-03-02', 'initial', 'petty', NULL, '8', '2026-03-02 10:06:31', '2026-03-02 10:06:31');
INSERT INTO `cash_modals` (`id`, `amount`, `modal_date`, `type`, `account`, `notes`, `user_id`, `created_at`, `updated_at`) VALUES ('6', '1000000.00', '2026-03-15', 'initial', 'petty', NULL, '2', '2026-03-15 12:51:09', '2026-03-15 12:51:09');
INSERT INTO `cash_modals` (`id`, `amount`, `modal_date`, `type`, `account`, `notes`, `user_id`, `created_at`, `updated_at`) VALUES ('7', '100000.00', '2026-03-15', 'topup', 'petty', NULL, '2', '2026-03-15 13:04:56', '2026-03-15 13:04:56');
INSERT INTO `cash_modals` (`id`, `amount`, `modal_date`, `type`, `account`, `notes`, `user_id`, `created_at`, `updated_at`) VALUES ('8', '250.00', '2026-03-15', 'initial', 'petty', NULL, '2', '2026-03-15 13:13:12', '2026-03-15 13:13:12');
INSERT INTO `cash_modals` (`id`, `amount`, `modal_date`, `type`, `account`, `notes`, `user_id`, `created_at`, `updated_at`) VALUES ('9', '100000.00', '2026-03-15', 'initial', 'petty', NULL, '2', '2026-03-15 13:18:42', '2026-03-15 13:18:42');
INSERT INTO `cash_modals` (`id`, `amount`, `modal_date`, `type`, `account`, `notes`, `user_id`, `created_at`, `updated_at`) VALUES ('10', '3000000.00', '2026-03-15', 'topup', 'petty', NULL, '2', '2026-03-15 14:02:08', '2026-03-15 14:02:08');
INSERT INTO `cash_modals` (`id`, `amount`, `modal_date`, `type`, `account`, `notes`, `user_id`, `created_at`, `updated_at`) VALUES ('11', '1000000.00', '2026-03-16', 'initial', 'petty', NULL, '16', '2026-03-16 05:33:46', '2026-03-16 05:33:46');
INSERT INTO `cash_modals` (`id`, `amount`, `modal_date`, `type`, `account`, `notes`, `user_id`, `created_at`, `updated_at`) VALUES ('12', '10000000.00', '2026-03-16', 'topup', 'petty', NULL, '16', '2026-03-16 05:34:28', '2026-03-16 05:34:28');
INSERT INTO `cash_modals` (`id`, `amount`, `modal_date`, `type`, `account`, `notes`, `user_id`, `created_at`, `updated_at`) VALUES ('13', '70000.00', '2026-03-16', 'topup', 'petty', NULL, '16', '2026-03-16 09:34:32', '2026-03-16 09:34:32');

-- --------------------------------------------------------
-- Table structure for table `cash_mutations`
-- --------------------------------------------------------

CREATE TABLE `cash_mutations` (
  `id` bigint(20) unsigned NOT NULL AUTO_INCREMENT,
  `amount` decimal(15,2) NOT NULL,
  `mutation_date` date NOT NULL,
  `from_account` enum('petty','cash','bank') NOT NULL,
  `to_account` enum('petty','cash','bank') NOT NULL,
  `notes` text DEFAULT NULL,
  `user_id` bigint(20) unsigned NOT NULL,
  `created_at` timestamp NULL DEFAULT NULL,
  `updated_at` timestamp NULL DEFAULT NULL,
  PRIMARY KEY (`id`),
  KEY `cash_mutations_user_id_foreign` (`user_id`),
  CONSTRAINT `cash_mutations_user_id_foreign` FOREIGN KEY (`user_id`) REFERENCES `users` (`id`) ON DELETE CASCADE
) ENGINE=InnoDB AUTO_INCREMENT=6 DEFAULT CHARSET=utf8mb4 COLLATE=utf8mb4_unicode_ci;

-- Dumping data for table `cash_mutations`

INSERT INTO `cash_mutations` (`id`, `amount`, `mutation_date`, `from_account`, `to_account`, `notes`, `user_id`, `created_at`, `updated_at`) VALUES ('1', '1375170.00', '2026-03-05', 'petty', 'cash', NULL, '16', '2026-03-05 12:29:00', '2026-03-05 12:29:00');
INSERT INTO `cash_mutations` (`id`, `amount`, `mutation_date`, `from_account`, `to_account`, `notes`, `user_id`, `created_at`, `updated_at`) VALUES ('2', '441000.00', '2026-03-06', 'cash', 'petty', NULL, '16', '2026-03-06 13:31:21', '2026-03-06 13:31:21');
INSERT INTO `cash_mutations` (`id`, `amount`, `mutation_date`, `from_account`, `to_account`, `notes`, `user_id`, `created_at`, `updated_at`) VALUES ('3', '84500.00', '2026-03-06', 'cash', 'petty', NULL, '1', '2026-03-06 16:01:27', '2026-03-06 16:01:27');
INSERT INTO `cash_mutations` (`id`, `amount`, `mutation_date`, `from_account`, `to_account`, `notes`, `user_id`, `created_at`, `updated_at`) VALUES ('4', '10000000.00', '2026-03-07', 'cash', 'bank', '[AUTO-DEPOSIT] | [DEPOSIT_ID:1] | Setoran CASH ke BANK | Catatan: setor pak awang', '16', '2026-03-09 14:03:13', '2026-03-09 14:03:13');
INSERT INTO `cash_mutations` (`id`, `amount`, `mutation_date`, `from_account`, `to_account`, `notes`, `user_id`, `created_at`, `updated_at`) VALUES ('5', '1000000.00', '2026-03-16', 'cash', 'bank', 'depo ini', '16', '2026-03-16 09:44:02', '2026-03-16 09:44:02');

-- --------------------------------------------------------
-- Table structure for table `customers`
-- --------------------------------------------------------

CREATE TABLE `customers` (
  `id` bigint(20) unsigned NOT NULL AUTO_INCREMENT,
  `name` varchar(255) NOT NULL,
  `member_type` enum('umum','studio') NOT NULL DEFAULT 'umum',
  `phone` varchar(255) DEFAULT NULL,
  `email` varchar(255) DEFAULT NULL,
  `address` text DEFAULT NULL,
  `created_at` timestamp NULL DEFAULT NULL,
  `updated_at` timestamp NULL DEFAULT NULL,
  PRIMARY KEY (`id`)
) ENGINE=InnoDB AUTO_INCREMENT=517 DEFAULT CHARSET=utf8mb4 COLLATE=utf8mb4_unicode_ci;

-- Dumping data for table `customers`

INSERT INTO `customers` (`id`, `name`, `member_type`, `phone`, `email`, `address`, `created_at`, `updated_at`) VALUES ('1', 'tester', 'studio', '08990799960', NULL, NULL, '2026-02-14 09:01:16', '2026-02-14 09:01:16');
INSERT INTO `customers` (`id`, `name`, `member_type`, `phone`, `email`, `address`, `created_at`, `updated_at`) VALUES ('2', 'mas Bambang', 'umum', '0899079996-0', NULL, NULL, '2026-02-28 08:30:34', '2026-02-28 08:30:34');
INSERT INTO `customers` (`id`, `name`, `member_type`, `phone`, `email`, `address`, `created_at`, `updated_at`) VALUES ('3', 'Livina', 'studio', '085768038613', NULL, NULL, '2026-03-02 10:05:03', '2026-03-02 10:05:03');
INSERT INTO `customers` (`id`, `name`, `member_type`, `phone`, `email`, `address`, `created_at`, `updated_at`) VALUES ('4', 'RIZFAL', 'umum', '+62 857-6807-2505', NULL, NULL, '2026-03-02 10:06:12', '2026-03-02 10:06:12');
INSERT INTO `customers` (`id`, `name`, `member_type`, `phone`, `email`, `address`, `created_at`, `updated_at`) VALUES ('5', 'NERO', 'umum', '082372153196', NULL, NULL, '2026-03-02 10:16:01', '2026-03-02 10:16:01');
INSERT INTO `customers` (`id`, `name`, `member_type`, `phone`, `email`, `address`, `created_at`, `updated_at`) VALUES ('6', 'PAK WIN', 'studio', '081273680404', NULL, NULL, '2026-03-02 10:19:02', '2026-03-02 10:19:02');
INSERT INTO `customers` (`id`, `name`, `member_type`, `phone`, `email`, `address`, `created_at`, `updated_at`) VALUES ('7', 'Soleh Assalam', 'umum', '081351415060', NULL, NULL, '2026-03-02 10:29:52', '2026-03-02 10:29:52');
INSERT INTO `customers` (`id`, `name`, `member_type`, `phone`, `email`, `address`, `created_at`, `updated_at`) VALUES ('8', 'HERY RW', 'umum', '082282332185', NULL, NULL, '2026-03-02 10:33:05', '2026-03-02 10:33:05');
INSERT INTO `customers` (`id`, `name`, `member_type`, `phone`, `email`, `address`, `created_at`, `updated_at`) VALUES ('9', 'ARTHA MEDIA', 'studio', '082280075655', NULL, NULL, '2026-03-02 10:33:34', '2026-03-02 10:33:34');
INSERT INTO `customers` (`id`, `name`, `member_type`, `phone`, `email`, `address`, `created_at`, `updated_at`) VALUES ('10', 'Asrofi', 'studio', '082181926820', NULL, NULL, '2026-03-02 10:33:39', '2026-03-02 10:33:39');
INSERT INTO `customers` (`id`, `name`, `member_type`, `phone`, `email`, `address`, `created_at`, `updated_at`) VALUES ('11', 'Ali Mur', 'studio', '082269180913', NULL, NULL, '2026-03-02 10:49:33', '2026-03-02 10:49:33');
INSERT INTO `customers` (`id`, `name`, `member_type`, `phone`, `email`, `address`, `created_at`, `updated_at`) VALUES ('12', 'RICKI', 'umum', '+62 822-7952-1164', NULL, NULL, '2026-03-02 10:54:42', '2026-03-02 10:54:42');
INSERT INTO `customers` (`id`, `name`, `member_type`, `phone`, `email`, `address`, `created_at`, `updated_at`) VALUES ('13', 'ALI MUDI ARIF', 'umum', '085711114443', NULL, NULL, '2026-03-02 11:00:29', '2026-03-02 11:00:29');
INSERT INTO `customers` (`id`, `name`, `member_type`, `phone`, `email`, `address`, `created_at`, `updated_at`) VALUES ('14', 'UBAY', 'umum', '081271414966', NULL, NULL, '2026-03-02 11:08:23', '2026-03-02 11:08:23');
INSERT INTO `customers` (`id`, `name`, `member_type`, `phone`, `email`, `address`, `created_at`, `updated_at`) VALUES ('15', 'Amazon', 'studio', '085764093747', NULL, NULL, '2026-03-02 11:13:08', '2026-03-02 11:13:08');
INSERT INTO `customers` (`id`, `name`, `member_type`, `phone`, `email`, `address`, `created_at`, `updated_at`) VALUES ('16', 'DEGRIS / GUYUB', 'umum', '082282644675', NULL, NULL, '2026-03-02 11:13:46', '2026-03-02 11:13:46');
INSERT INTO `customers` (`id`, `name`, `member_type`, `phone`, `email`, `address`, `created_at`, `updated_at`) VALUES ('17', 'Wisesa Art', 'studio', '08117996060', NULL, NULL, '2026-03-02 11:18:02', '2026-03-02 11:18:02');
INSERT INTO `customers` (`id`, `name`, `member_type`, `phone`, `email`, `address`, `created_at`, `updated_at`) VALUES ('18', 'WIWAL  WAHYU', 'umum', '62 857-8827-0149', NULL, NULL, '2026-03-02 11:22:04', '2026-03-02 11:22:04');
INSERT INTO `customers` (`id`, `name`, `member_type`, `phone`, `email`, `address`, `created_at`, `updated_at`) VALUES ('19', 'Fajar ERKA', 'studio', '087881734166', NULL, NULL, '2026-03-02 11:25:06', '2026-03-02 11:25:06');
INSERT INTO `customers` (`id`, `name`, `member_type`, `phone`, `email`, `address`, `created_at`, `updated_at`) VALUES ('20', 'RIAS PRINTING', 'studio', '082281106682', NULL, NULL, '2026-03-02 11:30:12', '2026-03-02 11:30:12');
INSERT INTO `customers` (`id`, `name`, `member_type`, `phone`, `email`, `address`, `created_at`, `updated_at`) VALUES ('21', 'Bintang One', 'studio', '089693339490', NULL, NULL, '2026-03-02 11:31:13', '2026-03-02 11:31:13');
INSERT INTO `customers` (`id`, `name`, `member_type`, `phone`, `email`, `address`, `created_at`, `updated_at`) VALUES ('22', 'Ernest', 'studio', '082174754249', NULL, NULL, '2026-03-02 11:34:27', '2026-03-02 11:34:27');
INSERT INTO `customers` (`id`, `name`, `member_type`, `phone`, `email`, `address`, `created_at`, `updated_at`) VALUES ('23', 'FAMILY ONLINE', 'studio', '085267442018', NULL, NULL, '2026-03-02 11:37:05', '2026-03-02 11:37:05');
INSERT INTO `customers` (`id`, `name`, `member_type`, `phone`, `email`, `address`, `created_at`, `updated_at`) VALUES ('24', 'HIJAU ART', 'umum', '082374810600', NULL, NULL, '2026-03-02 11:38:44', '2026-03-02 11:38:44');
INSERT INTO `customers` (`id`, `name`, `member_type`, `phone`, `email`, `address`, `created_at`, `updated_at`) VALUES ('25', 'VISUAL LAMPUNG', 'studio', '085126649200', NULL, NULL, '2026-03-02 11:38:51', '2026-03-02 11:38:51');
INSERT INTO `customers` (`id`, `name`, `member_type`, `phone`, `email`, `address`, `created_at`, `updated_at`) VALUES ('26', 'FIESTA', 'umum', '08118827952', NULL, NULL, '2026-03-02 11:42:23', '2026-03-02 11:42:23');
INSERT INTO `customers` (`id`, `name`, `member_type`, `phone`, `email`, `address`, `created_at`, `updated_at`) VALUES ('27', 'HERU TATAAN(RAZHA )', 'umum', '089649432135', NULL, NULL, '2026-03-02 11:43:44', '2026-03-02 11:43:44');
INSERT INTO `customers` (`id`, `name`, `member_type`, `phone`, `email`, `address`, `created_at`, `updated_at`) VALUES ('28', 'Reklame Katon', 'studio', '081369542960', NULL, NULL, '2026-03-02 11:43:47', '2026-03-02 11:43:47');
INSERT INTO `customers` (`id`, `name`, `member_type`, `phone`, `email`, `address`, `created_at`, `updated_at`) VALUES ('29', 'RULI', 'studio', '081272914422', NULL, NULL, '2026-03-02 11:44:22', '2026-03-02 11:44:22');
INSERT INTO `customers` (`id`, `name`, `member_type`, `phone`, `email`, `address`, `created_at`, `updated_at`) VALUES ('30', 'DAYAT ( DIMSUM PAPI KU )', 'umum', '08984372420', NULL, NULL, '2026-03-02 11:45:08', '2026-03-02 11:45:08');
INSERT INTO `customers` (`id`, `name`, `member_type`, `phone`, `email`, `address`, `created_at`, `updated_at`) VALUES ('31', 'PANCA KALIANDA', 'umum', '085379144966', NULL, NULL, '2026-03-02 11:48:31', '2026-03-02 11:48:31');
INSERT INTO `customers` (`id`, `name`, `member_type`, `phone`, `email`, `address`, `created_at`, `updated_at`) VALUES ('32', 'WANGA', 'studio', '081279233924', NULL, NULL, '2026-03-02 11:50:22', '2026-03-02 11:50:22');
INSERT INTO `customers` (`id`, `name`, `member_type`, `phone`, `email`, `address`, `created_at`, `updated_at`) VALUES ('33', 'Adi jogja', 'studio', '081377576651', NULL, NULL, '2026-03-02 11:51:53', '2026-03-02 11:51:53');
INSERT INTO `customers` (`id`, `name`, `member_type`, `phone`, `email`, `address`, `created_at`, `updated_at`) VALUES ('34', 'Liuberty', 'studio', '082281221806', NULL, NULL, '2026-03-02 11:55:05', '2026-03-02 11:55:05');
INSERT INTO `customers` (`id`, `name`, `member_type`, `phone`, `email`, `address`, `created_at`, `updated_at`) VALUES ('35', 'Mas Soleh', 'umum', '083846921469', NULL, NULL, '2026-03-02 11:56:16', '2026-03-02 11:56:16');
INSERT INTO `customers` (`id`, `name`, `member_type`, `phone`, `email`, `address`, `created_at`, `updated_at`) VALUES ('36', 'Jefran', 'studio', '081228456808', NULL, NULL, '2026-03-02 11:59:54', '2026-03-02 11:59:54');
INSERT INTO `customers` (`id`, `name`, `member_type`, `phone`, `email`, `address`, `created_at`, `updated_at`) VALUES ('37', 'Septa N3', 'studio', '087799642394', NULL, NULL, '2026-03-02 12:00:55', '2026-03-02 12:00:55');
INSERT INTO `customers` (`id`, `name`, `member_type`, `phone`, `email`, `address`, `created_at`, `updated_at`) VALUES ('38', 'BAGUS RAMADI', 'umum', '085161320851', NULL, NULL, '2026-03-02 12:01:27', '2026-03-02 12:01:27');
INSERT INTO `customers` (`id`, `name`, `member_type`, `phone`, `email`, `address`, `created_at`, `updated_at`) VALUES ('39', 'Faiz Cetak Cetik', 'studio', '08974134859', NULL, NULL, '2026-03-02 12:02:35', '2026-03-02 12:02:35');
INSERT INTO `customers` (`id`, `name`, `member_type`, `phone`, `email`, `address`, `created_at`, `updated_at`) VALUES ('40', 'Mulyadi', 'studio', '081369513500', NULL, NULL, '2026-03-02 12:02:55', '2026-03-02 12:02:55');
INSERT INTO `customers` (`id`, `name`, `member_type`, `phone`, `email`, `address`, `created_at`, `updated_at`) VALUES ('41', 'Firana Jaya', 'studio', '081379808035', NULL, NULL, '2026-03-02 12:03:58', '2026-03-02 12:03:58');
INSERT INTO `customers` (`id`, `name`, `member_type`, `phone`, `email`, `address`, `created_at`, `updated_at`) VALUES ('42', 'Tungku Ikol', 'umum', '081379803660', NULL, NULL, '2026-03-02 12:07:52', '2026-03-02 12:07:52');
INSERT INTO `customers` (`id`, `name`, `member_type`, `phone`, `email`, `address`, `created_at`, `updated_at`) VALUES ('43', 'Something CO', 'umum', '088274207004', NULL, NULL, '2026-03-02 12:08:10', '2026-03-02 12:08:10');
INSERT INTO `customers` (`id`, `name`, `member_type`, `phone`, `email`, `address`, `created_at`, `updated_at`) VALUES ('44', 'Fikri', 'umum', '087818892684', NULL, NULL, '2026-03-02 12:10:02', '2026-03-02 12:10:02');
INSERT INTO `customers` (`id`, `name`, `member_type`, `phone`, `email`, `address`, `created_at`, `updated_at`) VALUES ('45', 'WANNAGIVE', 'umum', '0882002393632', NULL, NULL, '2026-03-02 12:15:13', '2026-03-02 12:15:13');
INSERT INTO `customers` (`id`, `name`, `member_type`, `phone`, `email`, `address`, `created_at`, `updated_at`) VALUES ('46', 'FITRAH', 'umum', '08978993777', NULL, NULL, '2026-03-02 12:59:33', '2026-03-02 12:59:33');
INSERT INTO `customers` (`id`, `name`, `member_type`, `phone`, `email`, `address`, `created_at`, `updated_at`) VALUES ('47', 'Rudi Linda', 'studio', '081274582482', NULL, NULL, '2026-03-02 13:01:46', '2026-03-02 13:01:46');
INSERT INTO `customers` (`id`, `name`, `member_type`, `phone`, `email`, `address`, `created_at`, `updated_at`) VALUES ('48', 'PAK RANA', 'umum', '0895640319652', NULL, NULL, '2026-03-02 13:03:29', '2026-03-02 13:03:29');
INSERT INTO `customers` (`id`, `name`, `member_type`, `phone`, `email`, `address`, `created_at`, `updated_at`) VALUES ('49', 'Imam Qomarudin', 'studio', '082373411012', NULL, NULL, '2026-03-02 13:04:22', '2026-03-02 13:04:22');
INSERT INTO `customers` (`id`, `name`, `member_type`, `phone`, `email`, `address`, `created_at`, `updated_at`) VALUES ('50', 'Ivana', 'umum', '089601024724', NULL, NULL, '2026-03-02 13:05:26', '2026-03-02 13:05:26');
INSERT INTO `customers` (`id`, `name`, `member_type`, `phone`, `email`, `address`, `created_at`, `updated_at`) VALUES ('51', 'Fadil ERKA', 'studio', '082374883069', NULL, NULL, '2026-03-02 13:06:05', '2026-03-02 13:06:05');
INSERT INTO `customers` (`id`, `name`, `member_type`, `phone`, `email`, `address`, `created_at`, `updated_at`) VALUES ('52', 'DPRIMACOM', 'studio', '085892781956', NULL, NULL, '2026-03-02 13:06:33', '2026-03-02 13:06:33');
INSERT INTO `customers` (`id`, `name`, `member_type`, `phone`, `email`, `address`, `created_at`, `updated_at`) VALUES ('53', 'Septa', 'studio', '082183506659', NULL, NULL, '2026-03-02 13:11:54', '2026-03-02 13:11:54');
INSERT INTO `customers` (`id`, `name`, `member_type`, `phone`, `email`, `address`, `created_at`, `updated_at`) VALUES ('54', 'Riga Wafi', 'studio', '085155251223', NULL, NULL, '2026-03-02 13:12:31', '2026-03-02 13:12:31');
INSERT INTO `customers` (`id`, `name`, `member_type`, `phone`, `email`, `address`, `created_at`, `updated_at`) VALUES ('55', 'SISKA RESTU', 'umum', '089523213472', NULL, NULL, '2026-03-02 13:16:31', '2026-03-02 13:16:31');
INSERT INTO `customers` (`id`, `name`, `member_type`, `phone`, `email`, `address`, `created_at`, `updated_at`) VALUES ('56', 'SI MANIS', 'umum', '085121317056', NULL, NULL, '2026-03-02 13:19:29', '2026-03-02 13:19:29');
INSERT INTO `customers` (`id`, `name`, `member_type`, `phone`, `email`, `address`, `created_at`, `updated_at`) VALUES ('57', 'Agung Rk', 'studio', '085731559701', NULL, NULL, '2026-03-02 13:19:42', '2026-03-02 13:19:42');
INSERT INTO `customers` (`id`, `name`, `member_type`, `phone`, `email`, `address`, `created_at`, `updated_at`) VALUES ('59', 'Firman', 'umum', '089524287106', NULL, NULL, '2026-03-02 13:29:15', '2026-03-02 13:29:15');
INSERT INTO `customers` (`id`, `name`, `member_type`, `phone`, `email`, `address`, `created_at`, `updated_at`) VALUES ('60', 'BELLA MUSTIKA', 'studio', '62 821-8222-4422', NULL, NULL, '2026-03-02 13:37:35', '2026-03-02 13:37:35');
INSERT INTO `customers` (`id`, `name`, `member_type`, `phone`, `email`, `address`, `created_at`, `updated_at`) VALUES ('61', 'AZKA', 'umum', '08980998910', NULL, NULL, '2026-03-02 13:42:45', '2026-03-02 13:42:45');
INSERT INTO `customers` (`id`, `name`, `member_type`, `phone`, `email`, `address`, `created_at`, `updated_at`) VALUES ('62', 'Chia', 'umum', '085771943102', NULL, NULL, '2026-03-02 13:43:57', '2026-03-02 13:43:57');
INSERT INTO `customers` (`id`, `name`, `member_type`, `phone`, `email`, `address`, `created_at`, `updated_at`) VALUES ('63', 'Roni', 'umum', '089692479247', NULL, NULL, '2026-03-02 13:44:08', '2026-03-02 13:44:08');
INSERT INTO `customers` (`id`, `name`, `member_type`, `phone`, `email`, `address`, `created_at`, `updated_at`) VALUES ('64', 'Abu Maryam', 'umum', '0895620635171', NULL, NULL, '2026-03-02 13:44:21', '2026-03-02 13:44:21');
INSERT INTO `customers` (`id`, `name`, `member_type`, `phone`, `email`, `address`, `created_at`, `updated_at`) VALUES ('65', 'Mitra Mas', 'studio', '085100528288', NULL, NULL, '2026-03-02 13:51:33', '2026-03-02 13:51:33');
INSERT INTO `customers` (`id`, `name`, `member_type`, `phone`, `email`, `address`, `created_at`, `updated_at`) VALUES ('66', 'RB GRAFIKA', 'studio', '082184483004', NULL, NULL, '2026-03-02 14:04:09', '2026-03-02 14:04:09');
INSERT INTO `customers` (`id`, `name`, `member_type`, `phone`, `email`, `address`, `created_at`, `updated_at`) VALUES ('67', 'Yogi Grafika', 'studio', '082182136011', NULL, NULL, '2026-03-02 14:04:30', '2026-03-02 14:04:30');
INSERT INTO `customers` (`id`, `name`, `member_type`, `phone`, `email`, `address`, `created_at`, `updated_at`) VALUES ('68', 'BOCUP', 'umum', '088267076005', NULL, NULL, '2026-03-02 14:09:58', '2026-03-02 14:09:58');
INSERT INTO `customers` (`id`, `name`, `member_type`, `phone`, `email`, `address`, `created_at`, `updated_at`) VALUES ('69', 'PUJI', 'umum', 'puji 0895804690101', NULL, NULL, '2026-03-02 14:15:33', '2026-03-02 14:15:33');
INSERT INTO `customers` (`id`, `name`, `member_type`, `phone`, `email`, `address`, `created_at`, `updated_at`) VALUES ('70', 'Rohimin Al Ansor', 'umum', '082125890318', NULL, NULL, '2026-03-02 14:19:37', '2026-03-02 14:19:37');
INSERT INTO `customers` (`id`, `name`, `member_type`, `phone`, `email`, `address`, `created_at`, `updated_at`) VALUES ('71', 'Gemilang Petir', 'studio', '088286474838', NULL, NULL, '2026-03-02 14:19:52', '2026-03-02 14:19:52');
INSERT INTO `customers` (`id`, `name`, `member_type`, `phone`, `email`, `address`, `created_at`, `updated_at`) VALUES ('72', 'Dodi Wahyudi', 'umum', '082279033013', NULL, NULL, '2026-03-02 14:33:29', '2026-03-02 14:33:29');
INSERT INTO `customers` (`id`, `name`, `member_type`, `phone`, `email`, `address`, `created_at`, `updated_at`) VALUES ('73', 'Lentera', 'studio', '081279552579', NULL, NULL, '2026-03-02 14:41:01', '2026-03-02 14:41:01');
INSERT INTO `customers` (`id`, `name`, `member_type`, `phone`, `email`, `address`, `created_at`, `updated_at`) VALUES ('74', 'AFRIZAL CUST', 'umum', '082280880662', NULL, NULL, '2026-03-02 14:43:56', '2026-03-02 14:43:56');
INSERT INTO `customers` (`id`, `name`, `member_type`, `phone`, `email`, `address`, `created_at`, `updated_at`) VALUES ('75', 'PINOCHIO', 'umum', '08976184880', NULL, NULL, '2026-03-02 15:01:44', '2026-03-02 15:01:44');
INSERT INTO `customers` (`id`, `name`, `member_type`, `phone`, `email`, `address`, `created_at`, `updated_at`) VALUES ('76', 'Ita Pelangi', 'umum', '081957071787', NULL, NULL, '2026-03-02 15:48:32', '2026-03-02 15:48:32');
INSERT INTO `customers` (`id`, `name`, `member_type`, `phone`, `email`, `address`, `created_at`, `updated_at`) VALUES ('77', 'TIMEZONE CHANDRA', 'umum', '087883790679', NULL, NULL, '2026-03-02 15:51:18', '2026-03-02 16:26:12');
INSERT INTO `customers` (`id`, `name`, `member_type`, `phone`, `email`, `address`, `created_at`, `updated_at`) VALUES ('78', 'TUNAS JAYA', 'studio', '082181955510', NULL, NULL, '2026-03-02 15:51:31', '2026-03-02 15:51:31');
INSERT INTO `customers` (`id`, `name`, `member_type`, `phone`, `email`, `address`, `created_at`, `updated_at`) VALUES ('79', 'Hanim', 'studio', '085273583358', NULL, NULL, '2026-03-02 16:01:27', '2026-03-02 16:01:27');
INSERT INTO `customers` (`id`, `name`, `member_type`, `phone`, `email`, `address`, `created_at`, `updated_at`) VALUES ('80', 'TIMEZONE MBK', 'umum', '08117288850', NULL, NULL, '2026-03-02 16:07:36', '2026-03-02 16:07:36');
INSERT INTO `customers` (`id`, `name`, `member_type`, `phone`, `email`, `address`, `created_at`, `updated_at`) VALUES ('81', 'Rudi Natar', 'studio', '0895324252802', NULL, NULL, '2026-03-02 16:30:34', '2026-03-02 16:30:34');
INSERT INTO `customers` (`id`, `name`, `member_type`, `phone`, `email`, `address`, `created_at`, `updated_at`) VALUES ('82', 'INDOMARET', 'umum', '081379830275', NULL, NULL, '2026-03-02 16:32:53', '2026-03-02 16:32:53');
INSERT INTO `customers` (`id`, `name`, `member_type`, `phone`, `email`, `address`, `created_at`, `updated_at`) VALUES ('83', 'KHARISMA PRINTING', 'umum', '+62 812-7365-0655', NULL, NULL, '2026-03-02 16:36:58', '2026-03-02 16:36:58');
INSERT INTO `customers` (`id`, `name`, `member_type`, `phone`, `email`, `address`, `created_at`, `updated_at`) VALUES ('84', 'Dara Nurlaila', 'umum', '085783323823', NULL, NULL, '2026-03-02 16:43:13', '2026-03-02 16:43:13');
INSERT INTO `customers` (`id`, `name`, `member_type`, `phone`, `email`, `address`, `created_at`, `updated_at`) VALUES ('85', 'CANDRA CAP 8', 'studio', '+62 813-6660-0089', NULL, NULL, '2026-03-02 16:49:43', '2026-03-02 16:49:43');
INSERT INTO `customers` (`id`, `name`, `member_type`, `phone`, `email`, `address`, `created_at`, `updated_at`) VALUES ('86', 'Adi Fransiskus', 'umum', '082280444014', NULL, NULL, '2026-03-02 16:59:44', '2026-03-02 16:59:44');
INSERT INTO `customers` (`id`, `name`, `member_type`, `phone`, `email`, `address`, `created_at`, `updated_at`) VALUES ('87', 'CATUR / DINAR', 'umum', '62 813-7915-0123', NULL, NULL, '2026-03-02 17:05:58', '2026-03-02 17:05:58');
INSERT INTO `customers` (`id`, `name`, `member_type`, `phone`, `email`, `address`, `created_at`, `updated_at`) VALUES ('88', 'Haikal Fikri', 'umum', '085789718814', NULL, NULL, '2026-03-03 09:22:32', '2026-03-03 09:22:32');
INSERT INTO `customers` (`id`, `name`, `member_type`, `phone`, `email`, `address`, `created_at`, `updated_at`) VALUES ('89', 'Nopan', 'studio', '085379057575', NULL, NULL, '2026-03-03 09:32:15', '2026-03-03 09:32:15');
INSERT INTO `customers` (`id`, `name`, `member_type`, `phone`, `email`, `address`, `created_at`, `updated_at`) VALUES ('90', 'Omton Studio', 'studio', '085273098389', NULL, NULL, '2026-03-03 09:32:33', '2026-03-03 09:32:33');
INSERT INTO `customers` (`id`, `name`, `member_type`, `phone`, `email`, `address`, `created_at`, `updated_at`) VALUES ('91', 'ANGEL', 'umum', '081369190425', NULL, NULL, '2026-03-03 09:37:23', '2026-03-03 09:37:23');
INSERT INTO `customers` (`id`, `name`, `member_type`, `phone`, `email`, `address`, `created_at`, `updated_at`) VALUES ('92', 'Umar DVD', 'umum', '085865187022', NULL, NULL, '2026-03-03 09:39:45', '2026-03-03 09:39:45');
INSERT INTO `customers` (`id`, `name`, `member_type`, `phone`, `email`, `address`, `created_at`, `updated_at`) VALUES ('93', 'BEBEK BELUR', 'umum', '089509039553', NULL, NULL, '2026-03-03 09:43:31', '2026-03-03 09:43:31');
INSERT INTO `customers` (`id`, `name`, `member_type`, `phone`, `email`, `address`, `created_at`, `updated_at`) VALUES ('94', 'Sahabat Baradatu', 'studio', '085381230050', NULL, NULL, '2026-03-03 09:43:59', '2026-03-03 09:43:59');
INSERT INTO `customers` (`id`, `name`, `member_type`, `phone`, `email`, `address`, `created_at`, `updated_at`) VALUES ('95', 'FAJAR BROWNIES', 'umum', '08877083915', NULL, NULL, '2026-03-03 09:45:52', '2026-03-03 09:45:52');
INSERT INTO `customers` (`id`, `name`, `member_type`, `phone`, `email`, `address`, `created_at`, `updated_at`) VALUES ('96', 'TENDA BIRU', 'umum', '081293017272', NULL, NULL, '2026-03-03 09:52:19', '2026-03-03 09:52:19');
INSERT INTO `customers` (`id`, `name`, `member_type`, `phone`, `email`, `address`, `created_at`, `updated_at`) VALUES ('97', 'AYUB', 'umum', '+62 821-8643-6657', NULL, NULL, '2026-03-03 10:00:48', '2026-03-03 10:00:48');
INSERT INTO `customers` (`id`, `name`, `member_type`, `phone`, `email`, `address`, `created_at`, `updated_at`) VALUES ('98', 'ADAM', 'umum', '082280073255', NULL, NULL, '2026-03-03 10:06:43', '2026-03-03 10:06:43');
INSERT INTO `customers` (`id`, `name`, `member_type`, `phone`, `email`, `address`, `created_at`, `updated_at`) VALUES ('99', 'Semeru', 'studio', '082112429517', NULL, NULL, '2026-03-03 10:08:02', '2026-03-03 10:08:02');
INSERT INTO `customers` (`id`, `name`, `member_type`, `phone`, `email`, `address`, `created_at`, `updated_at`) VALUES ('100', 'Ercia Grafis', 'studio', '081295595888', NULL, NULL, '2026-03-03 10:11:13', '2026-03-03 10:11:13');
INSERT INTO `customers` (`id`, `name`, `member_type`, `phone`, `email`, `address`, `created_at`, `updated_at`) VALUES ('101', 'DANANG WIBOWO', 'umum', '081273237133', NULL, NULL, '2026-03-03 10:14:17', '2026-03-03 10:14:17');
INSERT INTO `customers` (`id`, `name`, `member_type`, `phone`, `email`, `address`, `created_at`, `updated_at`) VALUES ('102', 'Panji', 'umum', '081326434342', NULL, NULL, '2026-03-03 10:17:17', '2026-03-03 10:17:17');
INSERT INTO `customers` (`id`, `name`, `member_type`, `phone`, `email`, `address`, `created_at`, `updated_at`) VALUES ('103', 'Azka Cust', 'umum', '0895801225797', NULL, NULL, '2026-03-03 10:43:02', '2026-03-03 10:43:02');
INSERT INTO `customers` (`id`, `name`, `member_type`, `phone`, `email`, `address`, `created_at`, `updated_at`) VALUES ('104', 'HADIYATMA', 'umum', '082279764354', NULL, NULL, '2026-03-03 10:50:05', '2026-03-03 10:50:05');
INSERT INTO `customers` (`id`, `name`, `member_type`, `phone`, `email`, `address`, `created_at`, `updated_at`) VALUES ('106', 'Ichiro Kharisma', 'studio', '085377732628', NULL, NULL, '2026-03-03 10:56:59', '2026-03-03 10:56:59');
INSERT INTO `customers` (`id`, `name`, `member_type`, `phone`, `email`, `address`, `created_at`, `updated_at`) VALUES ('107', 'Ela Raja Promosi', 'studio', '085769434834', NULL, NULL, '2026-03-03 10:57:28', '2026-03-03 10:57:28');
INSERT INTO `customers` (`id`, `name`, `member_type`, `phone`, `email`, `address`, `created_at`, `updated_at`) VALUES ('108', 'ANDI CHANDRA', 'umum', '081274790525', NULL, NULL, '2026-03-03 10:58:54', '2026-03-03 10:58:54');
INSERT INTO `customers` (`id`, `name`, `member_type`, `phone`, `email`, `address`, `created_at`, `updated_at`) VALUES ('109', 'Andini', 'studio', '0895613488890', NULL, NULL, '2026-03-03 10:59:47', '2026-03-03 10:59:47');
INSERT INTO `customers` (`id`, `name`, `member_type`, `phone`, `email`, `address`, `created_at`, `updated_at`) VALUES ('110', 'Ibu Siti', 'umum', '082199999079', NULL, NULL, '2026-03-03 11:12:15', '2026-03-03 11:12:15');
INSERT INTO `customers` (`id`, `name`, `member_type`, `phone`, `email`, `address`, `created_at`, `updated_at`) VALUES ('111', 'Andi Jaya', 'studio', '082177440678', NULL, NULL, '2026-03-03 11:14:40', '2026-03-03 11:16:29');
INSERT INTO `customers` (`id`, `name`, `member_type`, `phone`, `email`, `address`, `created_at`, `updated_at`) VALUES ('112', 'ANGELLINE', 'umum', '082371918748', NULL, NULL, '2026-03-03 11:23:10', '2026-03-03 11:23:10');
INSERT INTO `customers` (`id`, `name`, `member_type`, `phone`, `email`, `address`, `created_at`, `updated_at`) VALUES ('113', 'ARIESTA BARADATU', 'studio', '082280666061', NULL, 'BARADATU - WAY KANAN', '2026-03-03 11:26:27', '2026-03-03 11:26:45');
INSERT INTO `customers` (`id`, `name`, `member_type`, `phone`, `email`, `address`, `created_at`, `updated_at`) VALUES ('114', 'VIQI', 'umum', '08983687484', NULL, NULL, '2026-03-03 11:35:15', '2026-03-03 11:35:15');
INSERT INTO `customers` (`id`, `name`, `member_type`, `phone`, `email`, `address`, `created_at`, `updated_at`) VALUES ('115', 'RENIE RUMAH ULTAH', 'umum', '085367613300', NULL, NULL, '2026-03-03 11:37:57', '2026-03-03 11:37:57');
INSERT INTO `customers` (`id`, `name`, `member_type`, `phone`, `email`, `address`, `created_at`, `updated_at`) VALUES ('116', 'Asean Creative', 'umum', '089655554746', NULL, NULL, '2026-03-03 11:39:56', '2026-03-03 11:39:56');
INSERT INTO `customers` (`id`, `name`, `member_type`, `phone`, `email`, `address`, `created_at`, `updated_at`) VALUES ('117', 'Dafi', 'umum', '081373348432', NULL, NULL, '2026-03-03 11:42:05', '2026-03-03 11:42:05');
INSERT INTO `customers` (`id`, `name`, `member_type`, `phone`, `email`, `address`, `created_at`, `updated_at`) VALUES ('118', 'Eka KPrint', 'studio', '08127962795', NULL, NULL, '2026-03-03 11:44:10', '2026-03-03 11:44:10');
INSERT INTO `customers` (`id`, `name`, `member_type`, `phone`, `email`, `address`, `created_at`, `updated_at`) VALUES ('119', 'INDRA', 'umum', '085355252145', NULL, NULL, '2026-03-03 11:46:11', '2026-03-03 11:46:11');
INSERT INTO `customers` (`id`, `name`, `member_type`, `phone`, `email`, `address`, `created_at`, `updated_at`) VALUES ('120', 'DANIL', 'umum', '+62 822-6967-8697', NULL, NULL, '2026-03-03 11:51:52', '2026-03-03 11:51:52');
INSERT INTO `customers` (`id`, `name`, `member_type`, `phone`, `email`, `address`, `created_at`, `updated_at`) VALUES ('121', 'Mas Angga', 'studio', '08978981180', NULL, NULL, '2026-03-03 11:55:21', '2026-03-03 11:55:21');
INSERT INTO `customers` (`id`, `name`, `member_type`, `phone`, `email`, `address`, `created_at`, `updated_at`) VALUES ('122', 'Puri Kreasi', 'studio', '081998672919', NULL, NULL, '2026-03-03 12:04:42', '2026-03-03 12:04:42');
INSERT INTO `customers` (`id`, `name`, `member_type`, `phone`, `email`, `address`, `created_at`, `updated_at`) VALUES ('123', 'PRINTNESIA', 'umum', '081278856399', NULL, NULL, '2026-03-03 13:10:32', '2026-03-03 13:10:32');
INSERT INTO `customers` (`id`, `name`, `member_type`, `phone`, `email`, `address`, `created_at`, `updated_at`) VALUES ('124', 'Rafi Lamtim', 'studio', '081273477553', NULL, NULL, '2026-03-03 13:18:29', '2026-03-03 13:18:29');
INSERT INTO `customers` (`id`, `name`, `member_type`, `phone`, `email`, `address`, `created_at`, `updated_at`) VALUES ('125', 'GLOBAL MEDIA', 'umum', '08995743555', NULL, NULL, '2026-03-03 13:26:08', '2026-03-03 13:26:08');
INSERT INTO `customers` (`id`, `name`, `member_type`, `phone`, `email`, `address`, `created_at`, `updated_at`) VALUES ('126', 'Salsa', 'umum', '089616110936', NULL, NULL, '2026-03-03 13:38:58', '2026-03-03 13:38:58');
INSERT INTO `customers` (`id`, `name`, `member_type`, `phone`, `email`, `address`, `created_at`, `updated_at`) VALUES ('127', 'Rista', 'studio', '08127213363', NULL, NULL, '2026-03-03 13:39:17', '2026-03-03 13:39:17');
INSERT INTO `customers` (`id`, `name`, `member_type`, `phone`, `email`, `address`, `created_at`, `updated_at`) VALUES ('128', 'Nuri Frame', 'studio', '089656234122', NULL, NULL, '2026-03-03 13:39:44', '2026-03-03 13:39:44');
INSERT INTO `customers` (`id`, `name`, `member_type`, `phone`, `email`, `address`, `created_at`, `updated_at`) VALUES ('129', 'FLO', 'umum', '082184061615', NULL, NULL, '2026-03-03 13:42:04', '2026-03-03 13:42:04');
INSERT INTO `customers` (`id`, `name`, `member_type`, `phone`, `email`, `address`, `created_at`, `updated_at`) VALUES ('130', 'Rezky Ramadhana', 'umum', '083183149210', NULL, NULL, '2026-03-03 13:42:11', '2026-03-03 13:42:11');
INSERT INTO `customers` (`id`, `name`, `member_type`, `phone`, `email`, `address`, `created_at`, `updated_at`) VALUES ('131', 'MZK PRINTING', 'studio', '+62 896-7144-6062', NULL, NULL, '2026-03-03 13:48:15', '2026-03-03 14:33:20');
INSERT INTO `customers` (`id`, `name`, `member_type`, `phone`, `email`, `address`, `created_at`, `updated_at`) VALUES ('132', 'WILDA', 'umum', '082184161051', NULL, NULL, '2026-03-03 14:01:37', '2026-03-03 14:01:37');
INSERT INTO `customers` (`id`, `name`, `member_type`, `phone`, `email`, `address`, `created_at`, `updated_at`) VALUES ('133', 'OC Kharisma Printing', 'studio', '082376350191', NULL, NULL, '2026-03-03 14:28:05', '2026-03-03 14:28:05');
INSERT INTO `customers` (`id`, `name`, `member_type`, `phone`, `email`, `address`, `created_at`, `updated_at`) VALUES ('134', 'RIZAR', 'umum', '0813-7398-3186', NULL, NULL, '2026-03-03 14:42:11', '2026-03-03 14:42:11');
INSERT INTO `customers` (`id`, `name`, `member_type`, `phone`, `email`, `address`, `created_at`, `updated_at`) VALUES ('136', 'Virli', 'umum', '0895380086767', NULL, NULL, '2026-03-03 14:53:24', '2026-03-03 14:53:24');
INSERT INTO `customers` (`id`, `name`, `member_type`, `phone`, `email`, `address`, `created_at`, `updated_at`) VALUES ('137', 'ADITYA', 'umum', '+62 858-0918-9853', NULL, NULL, '2026-03-03 14:54:55', '2026-03-03 14:54:55');
INSERT INTO `customers` (`id`, `name`, `member_type`, `phone`, `email`, `address`, `created_at`, `updated_at`) VALUES ('138', 'Pak Yus', 'studio', '085269033369', NULL, NULL, '2026-03-03 15:05:22', '2026-03-03 15:05:22');
INSERT INTO `customers` (`id`, `name`, `member_type`, `phone`, `email`, `address`, `created_at`, `updated_at`) VALUES ('139', 'Puan Creative', 'umum', '082183645011', NULL, NULL, '2026-03-03 15:07:19', '2026-03-03 15:07:19');
INSERT INTO `customers` (`id`, `name`, `member_type`, `phone`, `email`, `address`, `created_at`, `updated_at`) VALUES ('140', 'Abror', 'studio', '081273589495', NULL, NULL, '2026-03-03 15:13:59', '2026-03-03 15:13:59');
INSERT INTO `customers` (`id`, `name`, `member_type`, `phone`, `email`, `address`, `created_at`, `updated_at`) VALUES ('141', 'INGVENA', 'umum', '082175273798', NULL, NULL, '2026-03-03 15:22:43', '2026-03-03 15:22:43');
INSERT INTO `customers` (`id`, `name`, `member_type`, `phone`, `email`, `address`, `created_at`, `updated_at`) VALUES ('142', 'Ibu Mus', 'umum', '081369784910', NULL, NULL, '2026-03-03 15:51:58', '2026-03-03 15:51:58');
INSERT INTO `customers` (`id`, `name`, `member_type`, `phone`, `email`, `address`, `created_at`, `updated_at`) VALUES ('143', 'Imam Natar', 'studio', '089525438700', NULL, NULL, '2026-03-03 15:58:22', '2026-03-03 15:58:22');
INSERT INTO `customers` (`id`, `name`, `member_type`, `phone`, `email`, `address`, `created_at`, `updated_at`) VALUES ('144', 'Aji ERKA', 'studio', '0895428424249', NULL, NULL, '2026-03-03 16:04:08', '2026-03-03 16:04:08');
INSERT INTO `customers` (`id`, `name`, `member_type`, `phone`, `email`, `address`, `created_at`, `updated_at`) VALUES ('145', 'Tommy Cen', 'studio', '087899789777', NULL, NULL, '2026-03-03 16:04:28', '2026-03-03 16:04:28');
INSERT INTO `customers` (`id`, `name`, `member_type`, `phone`, `email`, `address`, `created_at`, `updated_at`) VALUES ('146', 'BOXBRIDEID', 'umum', '+62 882-8667-7576', NULL, NULL, '2026-03-03 16:07:34', '2026-03-03 16:07:34');
INSERT INTO `customers` (`id`, `name`, `member_type`, `phone`, `email`, `address`, `created_at`, `updated_at`) VALUES ('147', 'Isfah Jaya', 'studio', '082181956640', NULL, NULL, '2026-03-03 16:13:06', '2026-03-03 16:13:06');
INSERT INTO `customers` (`id`, `name`, `member_type`, `phone`, `email`, `address`, `created_at`, `updated_at`) VALUES ('148', 'Farel', 'umum', '0895609926754', NULL, NULL, '2026-03-03 16:13:47', '2026-03-03 16:13:47');
INSERT INTO `customers` (`id`, `name`, `member_type`, `phone`, `email`, `address`, `created_at`, `updated_at`) VALUES ('149', 'YUDI', 'umum', '0812-7323-4669', NULL, NULL, '2026-03-03 16:21:22', '2026-03-03 16:21:22');
INSERT INTO `customers` (`id`, `name`, `member_type`, `phone`, `email`, `address`, `created_at`, `updated_at`) VALUES ('150', 'IDEL', 'umum', '+62 852-6968-1156', NULL, NULL, '2026-03-03 16:26:06', '2026-03-03 16:26:06');
INSERT INTO `customers` (`id`, `name`, `member_type`, `phone`, `email`, `address`, `created_at`, `updated_at`) VALUES ('151', 'Tirta Chioda', 'studio', '083160147041', NULL, NULL, '2026-03-04 09:29:22', '2026-03-04 09:29:22');
INSERT INTO `customers` (`id`, `name`, `member_type`, `phone`, `email`, `address`, `created_at`, `updated_at`) VALUES ('152', 'Kholil', 'studio', '082257840083', NULL, NULL, '2026-03-04 09:37:04', '2026-03-04 09:37:04');
INSERT INTO `customers` (`id`, `name`, `member_type`, `phone`, `email`, `address`, `created_at`, `updated_at`) VALUES ('153', 'ALE AVELA', 'umum', '081388077557', NULL, NULL, '2026-03-04 09:40:28', '2026-03-04 09:40:28');
INSERT INTO `customers` (`id`, `name`, `member_type`, `phone`, `email`, `address`, `created_at`, `updated_at`) VALUES ('154', 'Fery IM', 'studio', '081273541301', NULL, NULL, '2026-03-04 09:40:38', '2026-03-04 09:40:38');
INSERT INTO `customers` (`id`, `name`, `member_type`, `phone`, `email`, `address`, `created_at`, `updated_at`) VALUES ('155', 'ONE PRINTING', 'umum', '085840630197', NULL, NULL, '2026-03-04 09:49:54', '2026-03-04 09:49:54');
INSERT INTO `customers` (`id`, `name`, `member_type`, `phone`, `email`, `address`, `created_at`, `updated_at`) VALUES ('156', 'FEBIOSA', 'umum', '0812-8989-7855', NULL, NULL, '2026-03-04 09:53:17', '2026-03-04 09:53:17');
INSERT INTO `customers` (`id`, `name`, `member_type`, `phone`, `email`, `address`, `created_at`, `updated_at`) VALUES ('157', 'DEWI N', 'umum', '088286550495', NULL, NULL, '2026-03-04 09:54:23', '2026-03-04 09:54:23');
INSERT INTO `customers` (`id`, `name`, `member_type`, `phone`, `email`, `address`, `created_at`, `updated_at`) VALUES ('158', 'Arfan', 'studio', '081281055929', NULL, NULL, '2026-03-04 09:58:13', '2026-03-04 09:58:13');
INSERT INTO `customers` (`id`, `name`, `member_type`, `phone`, `email`, `address`, `created_at`, `updated_at`) VALUES ('159', 'Perc Naila', 'studio', '083170408158', NULL, NULL, '2026-03-04 09:58:29', '2026-03-04 09:58:29');
INSERT INTO `customers` (`id`, `name`, `member_type`, `phone`, `email`, `address`, `created_at`, `updated_at`) VALUES ('160', 'Wulan', 'umum', '08981555557', NULL, NULL, '2026-03-04 10:05:35', '2026-03-04 10:05:35');
INSERT INTO `customers` (`id`, `name`, `member_type`, `phone`, `email`, `address`, `created_at`, `updated_at`) VALUES ('161', 'Budi Suwarno', 'umum', '085220094588', NULL, NULL, '2026-03-04 10:06:08', '2026-03-04 10:06:08');
INSERT INTO `customers` (`id`, `name`, `member_type`, `phone`, `email`, `address`, `created_at`, `updated_at`) VALUES ('162', 'IYAN CUST', 'umum', '081271050099', NULL, NULL, '2026-03-04 10:07:33', '2026-03-04 10:07:33');
INSERT INTO `customers` (`id`, `name`, `member_type`, `phone`, `email`, `address`, `created_at`, `updated_at`) VALUES ('163', 'Warna Baru', 'studio', '082282655172', NULL, NULL, '2026-03-04 10:09:31', '2026-03-04 10:09:31');
INSERT INTO `customers` (`id`, `name`, `member_type`, `phone`, `email`, `address`, `created_at`, `updated_at`) VALUES ('164', 'BAKUL PRINTING', 'umum', '081319830275', NULL, NULL, '2026-03-04 10:20:25', '2026-03-04 10:20:25');
INSERT INTO `customers` (`id`, `name`, `member_type`, `phone`, `email`, `address`, `created_at`, `updated_at`) VALUES ('165', 'FC Goro', 'studio', '082184912614', NULL, NULL, '2026-03-04 10:28:19', '2026-03-04 10:28:19');
INSERT INTO `customers` (`id`, `name`, `member_type`, `phone`, `email`, `address`, `created_at`, `updated_at`) VALUES ('166', 'LANDO SHOPPEE', 'umum', '081379830275', NULL, NULL, '2026-03-04 10:31:46', '2026-03-04 10:31:46');
INSERT INTO `customers` (`id`, `name`, `member_type`, `phone`, `email`, `address`, `created_at`, `updated_at`) VALUES ('167', 'Faisal Cust', 'umum', '082143537069', NULL, NULL, '2026-03-04 10:33:41', '2026-03-04 10:33:41');
INSERT INTO `customers` (`id`, `name`, `member_type`, `phone`, `email`, `address`, `created_at`, `updated_at`) VALUES ('168', 'Darwin', 'umum', '082183653500', NULL, NULL, '2026-03-04 10:42:23', '2026-03-04 10:42:23');
INSERT INTO `customers` (`id`, `name`, `member_type`, `phone`, `email`, `address`, `created_at`, `updated_at`) VALUES ('169', 'Magnet Printing', 'studio', '082113393517', NULL, NULL, '2026-03-04 10:48:27', '2026-03-04 10:48:27');
INSERT INTO `customers` (`id`, `name`, `member_type`, `phone`, `email`, `address`, `created_at`, `updated_at`) VALUES ('170', 'Visen Variasi', 'studio', '081353339537', NULL, NULL, '2026-03-04 10:52:42', '2026-03-04 10:52:42');
INSERT INTO `customers` (`id`, `name`, `member_type`, `phone`, `email`, `address`, `created_at`, `updated_at`) VALUES ('171', 'Desy', 'umum', '082175092057', NULL, NULL, '2026-03-04 11:02:33', '2026-03-04 11:02:33');
INSERT INTO `customers` (`id`, `name`, `member_type`, `phone`, `email`, `address`, `created_at`, `updated_at`) VALUES ('172', 'Indra Jaya', 'studio', '085314002018', NULL, NULL, '2026-03-04 11:04:16', '2026-03-04 11:04:16');
INSERT INTO `customers` (`id`, `name`, `member_type`, `phone`, `email`, `address`, `created_at`, `updated_at`) VALUES ('173', 'Hafidz', 'umum', '082273337422', NULL, NULL, '2026-03-04 11:11:34', '2026-03-04 11:11:34');
INSERT INTO `customers` (`id`, `name`, `member_type`, `phone`, `email`, `address`, `created_at`, `updated_at`) VALUES ('174', 'Mafia Stiker', 'studio', '08989748765', NULL, NULL, '2026-03-04 11:13:04', '2026-03-04 11:13:04');
INSERT INTO `customers` (`id`, `name`, `member_type`, `phone`, `email`, `address`, `created_at`, `updated_at`) VALUES ('175', 'JIMBO', 'umum', '081367410878', NULL, NULL, '2026-03-04 11:26:44', '2026-03-04 11:26:44');
INSERT INTO `customers` (`id`, `name`, `member_type`, `phone`, `email`, `address`, `created_at`, `updated_at`) VALUES ('176', 'WAWAN RK', 'umum', '085758360228', NULL, NULL, '2026-03-04 11:37:04', '2026-03-04 11:37:04');
INSERT INTO `customers` (`id`, `name`, `member_type`, `phone`, `email`, `address`, `created_at`, `updated_at`) VALUES ('177', 'IBU ROS', 'umum', '085852496548', NULL, NULL, '2026-03-04 11:42:07', '2026-03-04 11:42:07');
INSERT INTO `customers` (`id`, `name`, `member_type`, `phone`, `email`, `address`, `created_at`, `updated_at`) VALUES ('178', 'Almira', 'studio', '08127228300', NULL, NULL, '2026-03-04 11:44:40', '2026-03-04 11:44:40');
INSERT INTO `customers` (`id`, `name`, `member_type`, `phone`, `email`, `address`, `created_at`, `updated_at`) VALUES ('179', 'TOEMANS', 'studio', '0811796162', NULL, NULL, '2026-03-04 11:45:25', '2026-03-04 11:45:25');
INSERT INTO `customers` (`id`, `name`, `member_type`, `phone`, `email`, `address`, `created_at`, `updated_at`) VALUES ('180', 'Rendi Renaldi', 'umum', '085609785154', NULL, NULL, '2026-03-04 11:50:48', '2026-03-04 11:50:48');
INSERT INTO `customers` (`id`, `name`, `member_type`, `phone`, `email`, `address`, `created_at`, `updated_at`) VALUES ('181', 'Tara', 'umum', '082282765933', NULL, NULL, '2026-03-04 11:53:15', '2026-03-04 11:53:15');
INSERT INTO `customers` (`id`, `name`, `member_type`, `phone`, `email`, `address`, `created_at`, `updated_at`) VALUES ('182', 'Sofyan / Indah Hari', 'studio', '082281078427', NULL, NULL, '2026-03-04 11:54:21', '2026-03-04 11:54:21');
INSERT INTO `customers` (`id`, `name`, `member_type`, `phone`, `email`, `address`, `created_at`, `updated_at`) VALUES ('183', 'Perc Sani', 'studio', '082183813636', NULL, NULL, '2026-03-04 12:07:20', '2026-03-04 12:07:20');
INSERT INTO `customers` (`id`, `name`, `member_type`, `phone`, `email`, `address`, `created_at`, `updated_at`) VALUES ('184', 'Poster Ins', 'studio', '087878177557', NULL, NULL, '2026-03-04 12:13:44', '2026-03-04 12:13:44');
INSERT INTO `customers` (`id`, `name`, `member_type`, `phone`, `email`, `address`, `created_at`, `updated_at`) VALUES ('185', 'NEZA', 'umum', '+62 812-7171-1407', NULL, NULL, '2026-03-04 12:56:53', '2026-03-04 12:56:53');
INSERT INTO `customers` (`id`, `name`, `member_type`, `phone`, `email`, `address`, `created_at`, `updated_at`) VALUES ('186', 'CHIODA', 'umum', '08127900916', NULL, NULL, '2026-03-04 12:59:42', '2026-03-04 12:59:42');
INSERT INTO `customers` (`id`, `name`, `member_type`, `phone`, `email`, `address`, `created_at`, `updated_at`) VALUES ('187', 'Abah Desain', 'studio', '085379956767', NULL, NULL, '2026-03-04 13:19:04', '2026-03-04 13:19:04');
INSERT INTO `customers` (`id`, `name`, `member_type`, `phone`, `email`, `address`, `created_at`, `updated_at`) VALUES ('188', 'Bagas', 'umum', '0816414069', NULL, NULL, '2026-03-04 13:30:23', '2026-03-04 13:30:23');
INSERT INTO `customers` (`id`, `name`, `member_type`, `phone`, `email`, `address`, `created_at`, `updated_at`) VALUES ('189', 'Firgi', 'umum', '0895380086767', NULL, NULL, '2026-03-04 13:31:15', '2026-03-04 13:31:15');
INSERT INTO `customers` (`id`, `name`, `member_type`, `phone`, `email`, `address`, `created_at`, `updated_at`) VALUES ('190', 'DIPI WA', 'umum', '082377437794', NULL, NULL, '2026-03-04 13:37:36', '2026-03-04 13:37:36');
INSERT INTO `customers` (`id`, `name`, `member_type`, `phone`, `email`, `address`, `created_at`, `updated_at`) VALUES ('191', 'Fotocopy Restu', 'studio', '0895639965090', NULL, NULL, '2026-03-04 13:37:50', '2026-03-04 13:37:50');
INSERT INTO `customers` (`id`, `name`, `member_type`, `phone`, `email`, `address`, `created_at`, `updated_at`) VALUES ('192', 'JERY', 'umum', '082328054292', NULL, NULL, '2026-03-04 13:38:36', '2026-03-04 13:38:36');
INSERT INTO `customers` (`id`, `name`, `member_type`, `phone`, `email`, `address`, `created_at`, `updated_at`) VALUES ('193', 'Tari ERKA', 'umum', '083184835064', NULL, NULL, '2026-03-04 13:42:55', '2026-03-04 13:42:55');
INSERT INTO `customers` (`id`, `name`, `member_type`, `phone`, `email`, `address`, `created_at`, `updated_at`) VALUES ('194', 'CHYNTYA AGUSTIN', 'umum', '089663446586', NULL, NULL, '2026-03-04 14:06:38', '2026-03-04 14:06:38');
INSERT INTO `customers` (`id`, `name`, `member_type`, `phone`, `email`, `address`, `created_at`, `updated_at`) VALUES ('195', 'Krisna', 'umum', '089634146106', NULL, NULL, '2026-03-04 14:17:48', '2026-03-04 14:17:48');
INSERT INTO `customers` (`id`, `name`, `member_type`, `phone`, `email`, `address`, `created_at`, `updated_at`) VALUES ('196', 'PT Sowan', 'studio', '082185521938', NULL, NULL, '2026-03-04 14:37:49', '2026-03-04 14:37:49');
INSERT INTO `customers` (`id`, `name`, `member_type`, `phone`, `email`, `address`, `created_at`, `updated_at`) VALUES ('197', 'Solehudin', 'umum', '089632137281', NULL, NULL, '2026-03-04 14:42:56', '2026-03-04 14:42:56');
INSERT INTO `customers` (`id`, `name`, `member_type`, `phone`, `email`, `address`, `created_at`, `updated_at`) VALUES ('198', 'Perc Barata', 'studio', '082183845183', NULL, NULL, '2026-03-04 14:51:48', '2026-03-04 14:51:48');
INSERT INTO `customers` (`id`, `name`, `member_type`, `phone`, `email`, `address`, `created_at`, `updated_at`) VALUES ('199', 'Econ', 'umum', '089654524470', NULL, NULL, '2026-03-04 15:15:35', '2026-03-04 15:15:35');
INSERT INTO `customers` (`id`, `name`, `member_type`, `phone`, `email`, `address`, `created_at`, `updated_at`) VALUES ('200', 'Andri', 'umum', '082282774446', NULL, NULL, '2026-03-04 15:41:16', '2026-03-04 15:41:16');
INSERT INTO `customers` (`id`, `name`, `member_type`, `phone`, `email`, `address`, `created_at`, `updated_at`) VALUES ('201', 'Xposse', 'studio', '082181928848', NULL, NULL, '2026-03-04 15:54:01', '2026-03-04 15:54:01');
INSERT INTO `customers` (`id`, `name`, `member_type`, `phone`, `email`, `address`, `created_at`, `updated_at`) VALUES ('202', 'Idris', 'umum', '088286947449', NULL, NULL, '2026-03-04 15:54:37', '2026-03-04 15:54:37');
INSERT INTO `customers` (`id`, `name`, `member_type`, `phone`, `email`, `address`, `created_at`, `updated_at`) VALUES ('203', 'CHACA SHOPPEE', 'umum', '081379830275', NULL, NULL, '2026-03-04 16:05:03', '2026-03-04 16:05:03');
INSERT INTO `customers` (`id`, `name`, `member_type`, `phone`, `email`, `address`, `created_at`, `updated_at`) VALUES ('204', 'TAMA', 'umum', '085267705641', NULL, NULL, '2026-03-04 16:07:46', '2026-03-04 16:07:46');
INSERT INTO `customers` (`id`, `name`, `member_type`, `phone`, `email`, `address`, `created_at`, `updated_at`) VALUES ('205', 'indy', 'umum', '089506940711', NULL, NULL, '2026-03-04 16:26:52', '2026-03-04 16:26:52');
INSERT INTO `customers` (`id`, `name`, `member_type`, `phone`, `email`, `address`, `created_at`, `updated_at`) VALUES ('206', 'Guardian', 'umum', '085783977211', NULL, NULL, '2026-03-04 16:54:08', '2026-03-04 16:54:08');
INSERT INTO `customers` (`id`, `name`, `member_type`, `phone`, `email`, `address`, `created_at`, `updated_at`) VALUES ('207', 'Galih Wishaka', 'studio', '08892992919', NULL, NULL, '2026-03-05 09:16:49', '2026-03-05 09:16:49');
INSERT INTO `customers` (`id`, `name`, `member_type`, `phone`, `email`, `address`, `created_at`, `updated_at`) VALUES ('208', 'Kopi Legox No\'ong', 'studio', '082377997677', NULL, NULL, '2026-03-05 09:17:23', '2026-03-05 09:17:23');
INSERT INTO `customers` (`id`, `name`, `member_type`, `phone`, `email`, `address`, `created_at`, `updated_at`) VALUES ('209', 'Ipung', 'studio', '089615469542', NULL, NULL, '2026-03-05 09:17:36', '2026-03-05 09:17:36');
INSERT INTO `customers` (`id`, `name`, `member_type`, `phone`, `email`, `address`, `created_at`, `updated_at`) VALUES ('210', 'Bang Soni', 'umum', '083160924292', NULL, NULL, '2026-03-05 09:17:41', '2026-03-05 09:17:41');
INSERT INTO `customers` (`id`, `name`, `member_type`, `phone`, `email`, `address`, `created_at`, `updated_at`) VALUES ('211', 'Juan Meteran', 'studio', '081366707836', NULL, NULL, '2026-03-05 09:17:59', '2026-03-05 09:17:59');
INSERT INTO `customers` (`id`, `name`, `member_type`, `phone`, `email`, `address`, `created_at`, `updated_at`) VALUES ('212', 'CHARTIKA', 'umum', '082176101072', NULL, NULL, '2026-03-05 09:25:01', '2026-03-05 09:25:01');
INSERT INTO `customers` (`id`, `name`, `member_type`, `phone`, `email`, `address`, `created_at`, `updated_at`) VALUES ('213', 'Darsono', 'studio', '085377417751', NULL, NULL, '2026-03-05 09:25:03', '2026-03-05 09:25:03');
INSERT INTO `customers` (`id`, `name`, `member_type`, `phone`, `email`, `address`, `created_at`, `updated_at`) VALUES ('214', 'Perc Sentra / Khalila', 'studio', '082378657762', NULL, NULL, '2026-03-05 09:28:13', '2026-03-05 09:28:13');
INSERT INTO `customers` (`id`, `name`, `member_type`, `phone`, `email`, `address`, `created_at`, `updated_at`) VALUES ('215', 'Damake Snack', 'studio', '083168341789', NULL, NULL, '2026-03-05 09:37:01', '2026-03-05 09:37:01');
INSERT INTO `customers` (`id`, `name`, `member_type`, `phone`, `email`, `address`, `created_at`, `updated_at`) VALUES ('216', 'ANANG CUST', 'umum', '62 852-6960-0696', NULL, NULL, '2026-03-05 09:37:25', '2026-03-05 09:37:25');
INSERT INTO `customers` (`id`, `name`, `member_type`, `phone`, `email`, `address`, `created_at`, `updated_at`) VALUES ('217', 'Rio RG', 'studio', '082373941667', NULL, NULL, '2026-03-05 09:46:15', '2026-03-05 09:46:15');
INSERT INTO `customers` (`id`, `name`, `member_type`, `phone`, `email`, `address`, `created_at`, `updated_at`) VALUES ('218', 'Jastra', 'studio', '081369691100', NULL, NULL, '2026-03-05 09:54:34', '2026-03-05 09:54:34');
INSERT INTO `customers` (`id`, `name`, `member_type`, `phone`, `email`, `address`, `created_at`, `updated_at`) VALUES ('219', 'TARGET GRAFIKA', 'umum', '+62 812-7227-982', NULL, NULL, '2026-03-05 10:02:51', '2026-03-05 10:02:51');
INSERT INTO `customers` (`id`, `name`, `member_type`, `phone`, `email`, `address`, `created_at`, `updated_at`) VALUES ('220', 'Hendri', 'umum', '08999891961', NULL, NULL, '2026-03-05 10:03:02', '2026-03-05 10:03:02');
INSERT INTO `customers` (`id`, `name`, `member_type`, `phone`, `email`, `address`, `created_at`, `updated_at`) VALUES ('221', 'SINTA WA', 'umum', '081379830275', NULL, NULL, '2026-03-05 10:26:27', '2026-03-05 10:26:27');
INSERT INTO `customers` (`id`, `name`, `member_type`, `phone`, `email`, `address`, `created_at`, `updated_at`) VALUES ('222', 'PVJ PARFUME', 'umum', '+62 896-3133-0081', NULL, NULL, '2026-03-05 10:49:58', '2026-03-05 10:49:58');
INSERT INTO `customers` (`id`, `name`, `member_type`, `phone`, `email`, `address`, `created_at`, `updated_at`) VALUES ('223', 'Ricky Susanto', 'umum', '089656532992', NULL, NULL, '2026-03-05 10:53:06', '2026-03-05 10:53:06');
INSERT INTO `customers` (`id`, `name`, `member_type`, `phone`, `email`, `address`, `created_at`, `updated_at`) VALUES ('224', 'ADLI RK', 'umum', '081379830275', NULL, NULL, '2026-03-05 10:58:24', '2026-03-05 10:58:24');
INSERT INTO `customers` (`id`, `name`, `member_type`, `phone`, `email`, `address`, `created_at`, `updated_at`) VALUES ('225', 'Perc Rymadani', 'studio', '085368371705', NULL, NULL, '2026-03-05 11:03:13', '2026-03-05 11:03:13');
INSERT INTO `customers` (`id`, `name`, `member_type`, `phone`, `email`, `address`, `created_at`, `updated_at`) VALUES ('226', 'SEFTA KONSUMEN', 'umum', '+62 812-4757-2769', NULL, NULL, '2026-03-05 11:11:16', '2026-03-05 11:11:16');
INSERT INTO `customers` (`id`, `name`, `member_type`, `phone`, `email`, `address`, `created_at`, `updated_at`) VALUES ('227', 'Hamarish / Turisiah', 'studio', '085378047572', NULL, NULL, '2026-03-05 11:12:15', '2026-03-05 11:12:15');
INSERT INTO `customers` (`id`, `name`, `member_type`, `phone`, `email`, `address`, `created_at`, `updated_at`) VALUES ('228', 'Alya', 'umum', '085267546246', NULL, NULL, '2026-03-05 11:14:05', '2026-03-05 11:14:05');
INSERT INTO `customers` (`id`, `name`, `member_type`, `phone`, `email`, `address`, `created_at`, `updated_at`) VALUES ('229', 'Elang Photo', 'studio', '081379373400', NULL, NULL, '2026-03-05 11:22:07', '2026-03-05 11:22:07');
INSERT INTO `customers` (`id`, `name`, `member_type`, `phone`, `email`, `address`, `created_at`, `updated_at`) VALUES ('230', 'Pak Acha', 'umum', '0887437292953', NULL, NULL, '2026-03-05 11:57:02', '2026-03-05 11:57:02');
INSERT INTO `customers` (`id`, `name`, `member_type`, `phone`, `email`, `address`, `created_at`, `updated_at`) VALUES ('231', 'OLIVIA', 'umum', '082179511086', NULL, NULL, '2026-03-05 13:08:52', '2026-03-05 13:08:52');
INSERT INTO `customers` (`id`, `name`, `member_type`, `phone`, `email`, `address`, `created_at`, `updated_at`) VALUES ('232', 'Pak Epan', 'umum', '085355241623', NULL, NULL, '2026-03-05 13:15:56', '2026-03-05 13:15:56');
INSERT INTO `customers` (`id`, `name`, `member_type`, `phone`, `email`, `address`, `created_at`, `updated_at`) VALUES ('233', 'Holy Print / Hendi', 'studio', '083890310567', NULL, NULL, '2026-03-05 13:18:10', '2026-03-05 13:18:10');
INSERT INTO `customers` (`id`, `name`, `member_type`, `phone`, `email`, `address`, `created_at`, `updated_at`) VALUES ('234', 'Syahada Kue', 'umum', '0811796669', NULL, NULL, '2026-03-05 13:20:24', '2026-03-05 13:20:24');
INSERT INTO `customers` (`id`, `name`, `member_type`, `phone`, `email`, `address`, `created_at`, `updated_at`) VALUES ('235', 'Suji', 'umum', '085380096906', NULL, NULL, '2026-03-05 13:30:11', '2026-03-05 13:30:11');
INSERT INTO `customers` (`id`, `name`, `member_type`, `phone`, `email`, `address`, `created_at`, `updated_at`) VALUES ('237', 'Agung Gelora', 'umum', '08117219192', NULL, NULL, '2026-03-05 13:36:41', '2026-03-05 13:36:41');
INSERT INTO `customers` (`id`, `name`, `member_type`, `phone`, `email`, `address`, `created_at`, `updated_at`) VALUES ('238', 'Herdi', 'umum', '082186753438', NULL, NULL, '2026-03-05 14:01:09', '2026-03-05 14:01:09');
INSERT INTO `customers` (`id`, `name`, `member_type`, `phone`, `email`, `address`, `created_at`, `updated_at`) VALUES ('239', 'Sedop', 'umum', '082179387284', NULL, NULL, '2026-03-05 14:16:42', '2026-03-05 14:16:42');
INSERT INTO `customers` (`id`, `name`, `member_type`, `phone`, `email`, `address`, `created_at`, `updated_at`) VALUES ('240', 'Najwa Mitra Media', 'studio', '083802483674', NULL, NULL, '2026-03-05 14:22:05', '2026-03-05 14:22:05');
INSERT INTO `customers` (`id`, `name`, `member_type`, `phone`, `email`, `address`, `created_at`, `updated_at`) VALUES ('241', 'Wilis Wongso', 'studio', '0811727714', NULL, NULL, '2026-03-05 14:28:09', '2026-03-05 14:28:09');
INSERT INTO `customers` (`id`, `name`, `member_type`, `phone`, `email`, `address`, `created_at`, `updated_at`) VALUES ('242', 'L Zawi', 'studio', '081273476448', NULL, NULL, '2026-03-05 14:58:43', '2026-03-05 14:58:43');
INSERT INTO `customers` (`id`, `name`, `member_type`, `phone`, `email`, `address`, `created_at`, `updated_at`) VALUES ('243', 'Lusy', 'umum', '089624613106', NULL, NULL, '2026-03-05 15:01:30', '2026-03-05 15:01:30');
INSERT INTO `customers` (`id`, `name`, `member_type`, `phone`, `email`, `address`, `created_at`, `updated_at`) VALUES ('244', 'Almers', 'umum', '089631969342', NULL, NULL, '2026-03-05 15:44:37', '2026-03-05 15:44:37');
INSERT INTO `customers` (`id`, `name`, `member_type`, `phone`, `email`, `address`, `created_at`, `updated_at`) VALUES ('245', 'ADE HARDETO', 'umum', '+62 852-6939-5939', NULL, NULL, '2026-03-05 15:44:51', '2026-03-05 15:44:51');
INSERT INTO `customers` (`id`, `name`, `member_type`, `phone`, `email`, `address`, `created_at`, `updated_at`) VALUES ('246', 'COOKIEKUKI', 'umum', '+62 813-6891-1398', NULL, NULL, '2026-03-05 15:48:20', '2026-03-05 15:48:20');
INSERT INTO `customers` (`id`, `name`, `member_type`, `phone`, `email`, `address`, `created_at`, `updated_at`) VALUES ('247', 'Oca', 'studio', '082220002977', NULL, NULL, '2026-03-05 16:09:54', '2026-03-05 16:09:54');
INSERT INTO `customers` (`id`, `name`, `member_type`, `phone`, `email`, `address`, `created_at`, `updated_at`) VALUES ('248', 'Shebie', 'studio', '082282432519', NULL, NULL, '2026-03-05 16:12:41', '2026-03-05 16:12:41');
INSERT INTO `customers` (`id`, `name`, `member_type`, `phone`, `email`, `address`, `created_at`, `updated_at`) VALUES ('249', 'Ringgit', 'studio', '081373830208', NULL, NULL, '2026-03-05 16:39:01', '2026-03-05 16:39:01');
INSERT INTO `customers` (`id`, `name`, `member_type`, `phone`, `email`, `address`, `created_at`, `updated_at`) VALUES ('250', 'DWI AGUSTIANA', 'umum', '0896-1597-5830', NULL, NULL, '2026-03-06 09:17:28', '2026-03-06 09:17:28');
INSERT INTO `customers` (`id`, `name`, `member_type`, `phone`, `email`, `address`, `created_at`, `updated_at`) VALUES ('251', 'Jaya Warna', 'studio', '081398647247', NULL, NULL, '2026-03-06 09:20:12', '2026-03-06 09:20:12');
INSERT INTO `customers` (`id`, `name`, `member_type`, `phone`, `email`, `address`, `created_at`, `updated_at`) VALUES ('252', 'ANES', 'umum', '+62 812-7975-5554', NULL, NULL, '2026-03-06 09:21:06', '2026-03-06 09:21:06');
INSERT INTO `customers` (`id`, `name`, `member_type`, `phone`, `email`, `address`, `created_at`, `updated_at`) VALUES ('253', 'Seno Media', 'studio', '083182373864', NULL, NULL, '2026-03-06 09:22:39', '2026-03-06 09:22:39');
INSERT INTO `customers` (`id`, `name`, `member_type`, `phone`, `email`, `address`, `created_at`, `updated_at`) VALUES ('254', 'Kandra', 'studio', '085381156955', NULL, NULL, '2026-03-06 09:23:10', '2026-03-06 09:23:10');
INSERT INTO `customers` (`id`, `name`, `member_type`, `phone`, `email`, `address`, `created_at`, `updated_at`) VALUES ('255', 'Rahmat Mahfudin', 'studio', '082306056184', NULL, NULL, '2026-03-06 09:23:30', '2026-03-06 09:23:30');
INSERT INTO `customers` (`id`, `name`, `member_type`, `phone`, `email`, `address`, `created_at`, `updated_at`) VALUES ('256', 'Hermawan', 'umum', '082280365649', NULL, NULL, '2026-03-06 09:25:18', '2026-03-06 09:25:18');
INSERT INTO `customers` (`id`, `name`, `member_type`, `phone`, `email`, `address`, `created_at`, `updated_at`) VALUES ('257', 'Son', 'umum', '082180499591', NULL, NULL, '2026-03-06 09:28:26', '2026-03-06 09:28:26');
INSERT INTO `customers` (`id`, `name`, `member_type`, `phone`, `email`, `address`, `created_at`, `updated_at`) VALUES ('258', 'Sita', 'umum', '088286229622', NULL, NULL, '2026-03-06 09:30:57', '2026-03-06 09:30:57');
INSERT INTO `customers` (`id`, `name`, `member_type`, `phone`, `email`, `address`, `created_at`, `updated_at`) VALUES ('259', 'Toko Polim', 'studio', '085279992212', NULL, NULL, '2026-03-06 09:36:02', '2026-03-06 09:36:02');
INSERT INTO `customers` (`id`, `name`, `member_type`, `phone`, `email`, `address`, `created_at`, `updated_at`) VALUES ('260', 'Dedi Solihin', 'studio', '085768438850', NULL, NULL, '2026-03-06 09:40:48', '2026-03-06 09:40:48');
INSERT INTO `customers` (`id`, `name`, `member_type`, `phone`, `email`, `address`, `created_at`, `updated_at`) VALUES ('261', 'DR. SALAD BUAH', 'umum', '08982555812', NULL, NULL, '2026-03-06 09:42:38', '2026-03-06 09:42:38');
INSERT INTO `customers` (`id`, `name`, `member_type`, `phone`, `email`, `address`, `created_at`, `updated_at`) VALUES ('262', 'M Rasyid', 'studio', '08999800111', NULL, NULL, '2026-03-06 09:45:52', '2026-03-06 09:45:52');
INSERT INTO `customers` (`id`, `name`, `member_type`, `phone`, `email`, `address`, `created_at`, `updated_at`) VALUES ('263', 'ASEP', 'umum', '08996409914', NULL, NULL, '2026-03-06 09:46:29', '2026-03-06 09:46:29');
INSERT INTO `customers` (`id`, `name`, `member_type`, `phone`, `email`, `address`, `created_at`, `updated_at`) VALUES ('264', 'CSO Fariz', 'studio', '081274764545', NULL, NULL, '2026-03-06 09:48:23', '2026-03-06 09:48:23');
INSERT INTO `customers` (`id`, `name`, `member_type`, `phone`, `email`, `address`, `created_at`, `updated_at`) VALUES ('266', 'Azi Ardiansyah', 'umum', '0895705008084', NULL, NULL, '2026-03-06 09:59:01', '2026-03-06 09:59:01');
INSERT INTO `customers` (`id`, `name`, `member_type`, `phone`, `email`, `address`, `created_at`, `updated_at`) VALUES ('267', 'Taruna Pos', 'studio', '08127268603', NULL, NULL, '2026-03-06 10:00:09', '2026-03-06 10:00:09');
INSERT INTO `customers` (`id`, `name`, `member_type`, `phone`, `email`, `address`, `created_at`, `updated_at`) VALUES ('268', 'Herti Azkiya', 'umum', '089632171689', NULL, NULL, '2026-03-06 10:04:13', '2026-03-06 10:04:13');
INSERT INTO `customers` (`id`, `name`, `member_type`, `phone`, `email`, `address`, `created_at`, `updated_at`) VALUES ('269', 'Tria Oktavia', 'studio', '089514138331', NULL, NULL, '2026-03-06 10:05:53', '2026-03-14 14:11:38');
INSERT INTO `customers` (`id`, `name`, `member_type`, `phone`, `email`, `address`, `created_at`, `updated_at`) VALUES ('270', 'Herwan', 'umum', '0811726172', NULL, NULL, '2026-03-06 10:21:58', '2026-03-06 10:24:44');
INSERT INTO `customers` (`id`, `name`, `member_type`, `phone`, `email`, `address`, `created_at`, `updated_at`) VALUES ('271', 'BE PRODUCTION', 'umum', '+62 813-2345-6807', NULL, NULL, '2026-03-06 10:25:02', '2026-03-06 10:25:02');
INSERT INTO `customers` (`id`, `name`, `member_type`, `phone`, `email`, `address`, `created_at`, `updated_at`) VALUES ('272', 'Anas Brewok', 'studio', '085838617409', NULL, NULL, '2026-03-06 10:25:55', '2026-03-06 10:25:55');
INSERT INTO `customers` (`id`, `name`, `member_type`, `phone`, `email`, `address`, `created_at`, `updated_at`) VALUES ('273', 'ICHA ILAN', 'umum', '+62 813-7990-7574', NULL, NULL, '2026-03-06 10:29:36', '2026-03-06 10:29:36');
INSERT INTO `customers` (`id`, `name`, `member_type`, `phone`, `email`, `address`, `created_at`, `updated_at`) VALUES ('274', 'ERKAGRAPHIA', 'umum', '082337331391', NULL, NULL, '2026-03-06 11:00:10', '2026-03-06 11:00:10');
INSERT INTO `customers` (`id`, `name`, `member_type`, `phone`, `email`, `address`, `created_at`, `updated_at`) VALUES ('275', 'Arka Printing', 'studio', '083818526240', NULL, NULL, '2026-03-06 11:10:13', '2026-03-06 11:10:13');
INSERT INTO `customers` (`id`, `name`, `member_type`, `phone`, `email`, `address`, `created_at`, `updated_at`) VALUES ('276', 'ARNOLD', 'umum', '082165890698', NULL, NULL, '2026-03-06 11:22:58', '2026-03-06 11:22:58');
INSERT INTO `customers` (`id`, `name`, `member_type`, `phone`, `email`, `address`, `created_at`, `updated_at`) VALUES ('277', 'Abadi Printing', 'studio', '08117251977', NULL, NULL, '2026-03-06 11:25:34', '2026-03-06 11:25:34');
INSERT INTO `customers` (`id`, `name`, `member_type`, `phone`, `email`, `address`, `created_at`, `updated_at`) VALUES ('278', 'Arif Sablon', 'studio', '085768974910', NULL, NULL, '2026-03-06 11:31:31', '2026-03-06 11:31:31');
INSERT INTO `customers` (`id`, `name`, `member_type`, `phone`, `email`, `address`, `created_at`, `updated_at`) VALUES ('279', 'Muhammad Erlangga', 'umum', '+62 857-8993-9338', NULL, NULL, '2026-03-06 11:31:43', '2026-03-06 11:31:43');
INSERT INTO `customers` (`id`, `name`, `member_type`, `phone`, `email`, `address`, `created_at`, `updated_at`) VALUES ('280', 'Permata Solo', 'studio', '08117221186', NULL, NULL, '2026-03-06 11:36:40', '2026-03-06 11:36:40');
INSERT INTO `customers` (`id`, `name`, `member_type`, `phone`, `email`, `address`, `created_at`, `updated_at`) VALUES ('281', 'ALESHA', 'umum', '085357560730', NULL, NULL, '2026-03-06 11:44:01', '2026-03-06 11:44:01');
INSERT INTO `customers` (`id`, `name`, `member_type`, `phone`, `email`, `address`, `created_at`, `updated_at`) VALUES ('282', 'Caka', 'umum', '085279009229', NULL, NULL, '2026-03-06 11:49:19', '2026-03-06 11:49:19');
INSERT INTO `customers` (`id`, `name`, `member_type`, `phone`, `email`, `address`, `created_at`, `updated_at`) VALUES ('283', 'Sherli ERKA', 'studio', '0895602336404', NULL, NULL, '2026-03-06 13:17:40', '2026-03-06 13:17:40');
INSERT INTO `customers` (`id`, `name`, `member_type`, `phone`, `email`, `address`, `created_at`, `updated_at`) VALUES ('284', 'Markitak', 'studio', '089624614424', NULL, NULL, '2026-03-06 13:24:46', '2026-03-06 13:24:46');
INSERT INTO `customers` (`id`, `name`, `member_type`, `phone`, `email`, `address`, `created_at`, `updated_at`) VALUES ('285', 'Saaf Print', 'studio', '082179387284', NULL, NULL, '2026-03-06 13:35:00', '2026-03-06 13:35:00');
INSERT INTO `customers` (`id`, `name`, `member_type`, `phone`, `email`, `address`, `created_at`, `updated_at`) VALUES ('286', 'Dapur Ara', 'umum', '081373920178', NULL, NULL, '2026-03-06 13:46:09', '2026-03-06 13:46:09');
INSERT INTO `customers` (`id`, `name`, `member_type`, `phone`, `email`, `address`, `created_at`, `updated_at`) VALUES ('287', 'CLD', 'umum', '+62 812-7307-975', NULL, NULL, '2026-03-06 13:48:33', '2026-03-06 13:48:33');
INSERT INTO `customers` (`id`, `name`, `member_type`, `phone`, `email`, `address`, `created_at`, `updated_at`) VALUES ('288', 'Daqu', 'studio', '08996225009', NULL, NULL, '2026-03-06 14:01:04', '2026-03-06 14:01:04');
INSERT INTO `customers` (`id`, `name`, `member_type`, `phone`, `email`, `address`, `created_at`, `updated_at`) VALUES ('290', 'Pak Alay', 'umum', '082378583298', NULL, NULL, '2026-03-06 14:13:34', '2026-03-06 14:13:34');
INSERT INTO `customers` (`id`, `name`, `member_type`, `phone`, `email`, `address`, `created_at`, `updated_at`) VALUES ('291', 'Sinta', 'studio', '081279431431', NULL, NULL, '2026-03-06 14:20:44', '2026-03-06 14:20:44');
INSERT INTO `customers` (`id`, `name`, `member_type`, `phone`, `email`, `address`, `created_at`, `updated_at`) VALUES ('292', 'Trio Tsel', 'umum', '0821-8004-4624', NULL, NULL, '2026-03-06 14:21:03', '2026-03-06 14:21:03');
INSERT INTO `customers` (`id`, `name`, `member_type`, `phone`, `email`, `address`, `created_at`, `updated_at`) VALUES ('294', 'Bagas dwingga saputra', 'umum', '85783333088', NULL, NULL, '2026-03-06 14:45:40', '2026-03-06 14:45:40');
INSERT INTO `customers` (`id`, `name`, `member_type`, `phone`, `email`, `address`, `created_at`, `updated_at`) VALUES ('295', 'Kiyay Florist', 'umum', '082372203013', NULL, NULL, '2026-03-06 14:55:47', '2026-03-06 14:55:47');
INSERT INTO `customers` (`id`, `name`, `member_type`, `phone`, `email`, `address`, `created_at`, `updated_at`) VALUES ('296', 'Thomi CS', 'studio', '085789580065', NULL, NULL, '2026-03-06 15:13:53', '2026-03-06 15:13:53');
INSERT INTO `customers` (`id`, `name`, `member_type`, `phone`, `email`, `address`, `created_at`, `updated_at`) VALUES ('297', 'Rofiq', 'studio', '085783712195', NULL, NULL, '2026-03-06 15:32:47', '2026-03-06 15:32:47');
INSERT INTO `customers` (`id`, `name`, `member_type`, `phone`, `email`, `address`, `created_at`, `updated_at`) VALUES ('298', 'Susi Wash', 'studio', '082182839954', NULL, NULL, '2026-03-06 15:33:09', '2026-03-06 15:33:09');
INSERT INTO `customers` (`id`, `name`, `member_type`, `phone`, `email`, `address`, `created_at`, `updated_at`) VALUES ('299', 'YOGS', 'umum', '0895342041511', NULL, NULL, '2026-03-06 15:41:15', '2026-03-06 15:41:15');
INSERT INTO `customers` (`id`, `name`, `member_type`, `phone`, `email`, `address`, `created_at`, `updated_at`) VALUES ('300', 'Modiste', 'studio', '085357253901', NULL, NULL, '2026-03-06 16:23:33', '2026-03-06 16:23:33');
INSERT INTO `customers` (`id`, `name`, `member_type`, `phone`, `email`, `address`, `created_at`, `updated_at`) VALUES ('301', 'SIGIT ARIYANTO', 'umum', '+62 899-6448-881', NULL, NULL, '2026-03-06 16:26:03', '2026-03-06 16:26:03');
INSERT INTO `customers` (`id`, `name`, `member_type`, `phone`, `email`, `address`, `created_at`, `updated_at`) VALUES ('302', 'TANIA', 'umum', '081278086335', NULL, NULL, '2026-03-07 09:13:52', '2026-03-07 09:13:52');
INSERT INTO `customers` (`id`, `name`, `member_type`, `phone`, `email`, `address`, `created_at`, `updated_at`) VALUES ('303', 'Rurin Digital', 'studio', '081312727122', NULL, NULL, '2026-03-07 09:17:47', '2026-03-07 09:17:47');
INSERT INTO `customers` (`id`, `name`, `member_type`, `phone`, `email`, `address`, `created_at`, `updated_at`) VALUES ('304', 'Al Qolam', 'studio', '085269428842', NULL, NULL, '2026-03-07 09:32:25', '2026-03-07 09:32:25');
INSERT INTO `customers` (`id`, `name`, `member_type`, `phone`, `email`, `address`, `created_at`, `updated_at`) VALUES ('305', 'AGUNG SURYO', 'umum', '082177532567', NULL, NULL, '2026-03-07 09:34:01', '2026-03-07 09:34:01');
INSERT INTO `customers` (`id`, `name`, `member_type`, `phone`, `email`, `address`, `created_at`, `updated_at`) VALUES ('306', 'ONE DAY', 'umum', '08993374077', NULL, NULL, '2026-03-07 09:51:12', '2026-03-07 09:51:12');
INSERT INTO `customers` (`id`, `name`, `member_type`, `phone`, `email`, `address`, `created_at`, `updated_at`) VALUES ('307', 'ZEA', 'umum', '+62 858-3821-1164', NULL, NULL, '2026-03-07 09:58:28', '2026-03-07 09:58:28');
INSERT INTO `customers` (`id`, `name`, `member_type`, `phone`, `email`, `address`, `created_at`, `updated_at`) VALUES ('308', 'GRACIELE', 'umum', '0895808462323', NULL, NULL, '2026-03-07 10:06:01', '2026-03-07 10:06:01');
INSERT INTO `customers` (`id`, `name`, `member_type`, `phone`, `email`, `address`, `created_at`, `updated_at`) VALUES ('309', 'FATEHA', 'umum', '+62 897-6077-175', NULL, NULL, '2026-03-07 10:14:42', '2026-03-07 10:14:42');
INSERT INTO `customers` (`id`, `name`, `member_type`, `phone`, `email`, `address`, `created_at`, `updated_at`) VALUES ('310', 'Septian', 'umum', '082176275922', NULL, NULL, '2026-03-07 10:22:15', '2026-03-07 10:22:15');
INSERT INTO `customers` (`id`, `name`, `member_type`, `phone`, `email`, `address`, `created_at`, `updated_at`) VALUES ('311', 'Iyan Primajaya', 'studio', '08117232301', NULL, NULL, '2026-03-07 10:32:54', '2026-03-07 10:32:54');
INSERT INTO `customers` (`id`, `name`, `member_type`, `phone`, `email`, `address`, `created_at`, `updated_at`) VALUES ('312', 'Nopal', 'umum', '085768910926', NULL, NULL, '2026-03-07 10:40:20', '2026-03-07 10:40:20');
INSERT INTO `customers` (`id`, `name`, `member_type`, `phone`, `email`, `address`, `created_at`, `updated_at`) VALUES ('313', 'Aurora Printing', 'umum', '085768970253', NULL, NULL, '2026-03-07 10:51:38', '2026-03-07 10:51:38');
INSERT INTO `customers` (`id`, `name`, `member_type`, `phone`, `email`, `address`, `created_at`, `updated_at`) VALUES ('314', 'Master Cell', 'studio', '082376100252', NULL, NULL, '2026-03-07 11:00:24', '2026-03-07 11:00:24');
INSERT INTO `customers` (`id`, `name`, `member_type`, `phone`, `email`, `address`, `created_at`, `updated_at`) VALUES ('315', 'MITRA SEJAHTERA', 'studio', '+62 857-6971-4044', NULL, NULL, '2026-03-07 11:10:20', '2026-03-07 11:10:20');
INSERT INTO `customers` (`id`, `name`, `member_type`, `phone`, `email`, `address`, `created_at`, `updated_at`) VALUES ('316', 'DKD 81', 'umum', '085768265600', NULL, NULL, '2026-03-07 11:13:35', '2026-03-07 11:13:35');
INSERT INTO `customers` (`id`, `name`, `member_type`, `phone`, `email`, `address`, `created_at`, `updated_at`) VALUES ('317', 'Topan', 'umum', '085215555570', NULL, NULL, '2026-03-07 11:34:49', '2026-03-07 11:34:49');
INSERT INTO `customers` (`id`, `name`, `member_type`, `phone`, `email`, `address`, `created_at`, `updated_at`) VALUES ('318', 'Yopan Baru', 'umum', '087842296014', NULL, NULL, '2026-03-07 12:02:50', '2026-03-07 12:02:50');
INSERT INTO `customers` (`id`, `name`, `member_type`, `phone`, `email`, `address`, `created_at`, `updated_at`) VALUES ('319', 'S PRINT INK', 'umum', '+62 831-6087-0677', NULL, NULL, '2026-03-07 12:13:14', '2026-03-07 12:13:14');
INSERT INTO `customers` (`id`, `name`, `member_type`, `phone`, `email`, `address`, `created_at`, `updated_at`) VALUES ('320', 'Abe Cutting', 'umum', '081374621594', NULL, NULL, '2026-03-07 12:58:09', '2026-03-07 12:58:09');
INSERT INTO `customers` (`id`, `name`, `member_type`, `phone`, `email`, `address`, `created_at`, `updated_at`) VALUES ('321', 'Wahyu Hoir', 'umum', '+62 812-7184-3050', NULL, NULL, '2026-03-07 13:14:55', '2026-03-07 13:14:55');
INSERT INTO `customers` (`id`, `name`, `member_type`, `phone`, `email`, `address`, `created_at`, `updated_at`) VALUES ('322', 'Monokrom', 'umum', '+62 896-3636-5506', NULL, NULL, '2026-03-07 13:17:33', '2026-03-07 13:17:33');
INSERT INTO `customers` (`id`, `name`, `member_type`, `phone`, `email`, `address`, `created_at`, `updated_at`) VALUES ('323', 'Feni Seroja', 'studio', '082378780438', NULL, NULL, '2026-03-07 14:21:04', '2026-03-07 14:21:04');
INSERT INTO `customers` (`id`, `name`, `member_type`, `phone`, `email`, `address`, `created_at`, `updated_at`) VALUES ('324', 'Banyu SMK 4', 'studio', '08975000904', NULL, NULL, '2026-03-07 14:40:02', '2026-03-07 14:40:02');
INSERT INTO `customers` (`id`, `name`, `member_type`, `phone`, `email`, `address`, `created_at`, `updated_at`) VALUES ('325', 'RUMAH IDE', 'studio', 'rumah ide', NULL, NULL, '2026-03-07 15:06:03', '2026-03-07 15:06:03');
INSERT INTO `customers` (`id`, `name`, `member_type`, `phone`, `email`, `address`, `created_at`, `updated_at`) VALUES ('326', 'Taufik', 'umum', '088286525147', NULL, NULL, '2026-03-07 15:10:14', '2026-03-07 15:10:14');
INSERT INTO `customers` (`id`, `name`, `member_type`, `phone`, `email`, `address`, `created_at`, `updated_at`) VALUES ('327', 'LASKA', 'umum', '+62 821-8439-6696', NULL, NULL, '2026-03-07 15:17:31', '2026-03-07 15:17:31');
INSERT INTO `customers` (`id`, `name`, `member_type`, `phone`, `email`, `address`, `created_at`, `updated_at`) VALUES ('328', 'Mandiri Printing', 'studio', '0895326633772', NULL, NULL, '2026-03-07 15:33:43', '2026-03-07 15:33:43');
INSERT INTO `customers` (`id`, `name`, `member_type`, `phone`, `email`, `address`, `created_at`, `updated_at`) VALUES ('329', 'EMI WA', 'umum', '081278723716', NULL, NULL, '2026-03-07 15:42:15', '2026-03-07 15:42:15');
INSERT INTO `customers` (`id`, `name`, `member_type`, `phone`, `email`, `address`, `created_at`, `updated_at`) VALUES ('330', 'IWAN', 'umum', '082312194146', NULL, NULL, '2026-03-07 16:38:57', '2026-03-07 16:38:57');
INSERT INTO `customers` (`id`, `name`, `member_type`, `phone`, `email`, `address`, `created_at`, `updated_at`) VALUES ('331', 'Novi Abih', 'studio', '082363501260', NULL, NULL, '2026-03-09 09:15:06', '2026-03-09 09:15:06');
INSERT INTO `customers` (`id`, `name`, `member_type`, `phone`, `email`, `address`, `created_at`, `updated_at`) VALUES ('332', 'QOSAM', 'umum', '+62 895-0181-1560', NULL, NULL, '2026-03-09 09:24:46', '2026-03-09 09:24:46');
INSERT INTO `customers` (`id`, `name`, `member_type`, `phone`, `email`, `address`, `created_at`, `updated_at`) VALUES ('333', 'Piramid', 'studio', '081381555864', NULL, NULL, '2026-03-09 09:26:32', '2026-03-09 09:26:32');
INSERT INTO `customers` (`id`, `name`, `member_type`, `phone`, `email`, `address`, `created_at`, `updated_at`) VALUES ('334', 'Revi', 'studio', '083823395292', NULL, NULL, '2026-03-09 09:31:13', '2026-03-09 09:31:13');
INSERT INTO `customers` (`id`, `name`, `member_type`, `phone`, `email`, `address`, `created_at`, `updated_at`) VALUES ('335', 'Egi', 'studio', '085279560663', NULL, NULL, '2026-03-09 09:34:25', '2026-03-09 09:34:25');
INSERT INTO `customers` (`id`, `name`, `member_type`, `phone`, `email`, `address`, `created_at`, `updated_at`) VALUES ('336', 'Hermansyah', 'umum', '085789768640', NULL, NULL, '2026-03-09 09:43:22', '2026-03-09 09:43:22');
INSERT INTO `customers` (`id`, `name`, `member_type`, `phone`, `email`, `address`, `created_at`, `updated_at`) VALUES ('337', 'TARMIZI', 'umum', '+62 895-2387-5040', NULL, NULL, '2026-03-09 09:50:24', '2026-03-09 09:50:24');
INSERT INTO `customers` (`id`, `name`, `member_type`, `phone`, `email`, `address`, `created_at`, `updated_at`) VALUES ('338', 'Rahma', 'studio', '0811728721', NULL, NULL, '2026-03-09 09:50:48', '2026-03-09 09:50:48');
INSERT INTO `customers` (`id`, `name`, `member_type`, `phone`, `email`, `address`, `created_at`, `updated_at`) VALUES ('339', 'Edi Brekele', 'studio', '081366605712', NULL, NULL, '2026-03-09 09:53:13', '2026-03-09 09:53:13');
INSERT INTO `customers` (`id`, `name`, `member_type`, `phone`, `email`, `address`, `created_at`, `updated_at`) VALUES ('340', 'Nanda Fathur', 'umum', '+62 895-3441-57435', NULL, NULL, '2026-03-09 09:58:12', '2026-03-09 09:58:12');
INSERT INTO `customers` (`id`, `name`, `member_type`, `phone`, `email`, `address`, `created_at`, `updated_at`) VALUES ('341', 'Els Coffee', 'studio', '082278118612', NULL, NULL, '2026-03-09 10:02:51', '2026-03-09 10:02:51');
INSERT INTO `customers` (`id`, `name`, `member_type`, `phone`, `email`, `address`, `created_at`, `updated_at`) VALUES ('342', 'Yuga', 'studio', '08983423863', NULL, NULL, '2026-03-09 10:15:10', '2026-03-09 10:15:10');
INSERT INTO `customers` (`id`, `name`, `member_type`, `phone`, `email`, `address`, `created_at`, `updated_at`) VALUES ('343', 'JADE', 'umum', '+62 822-7908-0708', NULL, NULL, '2026-03-09 10:27:59', '2026-03-09 10:27:59');
INSERT INTO `customers` (`id`, `name`, `member_type`, `phone`, `email`, `address`, `created_at`, `updated_at`) VALUES ('344', 'Jcloud', 'studio', '081252002210', NULL, NULL, '2026-03-09 10:43:32', '2026-03-09 10:43:32');
INSERT INTO `customers` (`id`, `name`, `member_type`, `phone`, `email`, `address`, `created_at`, `updated_at`) VALUES ('345', 'Mega', 'umum', '088269818234', NULL, NULL, '2026-03-09 10:58:49', '2026-03-09 10:58:49');
INSERT INTO `customers` (`id`, `name`, `member_type`, `phone`, `email`, `address`, `created_at`, `updated_at`) VALUES ('346', 'Bagas CM', 'studio', '089630976756', NULL, NULL, '2026-03-09 11:02:19', '2026-03-09 11:02:19');
INSERT INTO `customers` (`id`, `name`, `member_type`, `phone`, `email`, `address`, `created_at`, `updated_at`) VALUES ('347', 'Yeni Japala', 'studio', '081379309136', NULL, NULL, '2026-03-09 11:04:56', '2026-03-09 11:04:56');
INSERT INTO `customers` (`id`, `name`, `member_type`, `phone`, `email`, `address`, `created_at`, `updated_at`) VALUES ('348', 'Tazkiya', 'umum', '08127939491', NULL, NULL, '2026-03-09 11:22:28', '2026-03-09 11:22:28');
INSERT INTO `customers` (`id`, `name`, `member_type`, `phone`, `email`, `address`, `created_at`, `updated_at`) VALUES ('349', 'Dimsum Susilo', 'umum', '+62 813-6643-0003', NULL, NULL, '2026-03-09 11:26:40', '2026-03-09 11:26:40');
INSERT INTO `customers` (`id`, `name`, `member_type`, `phone`, `email`, `address`, `created_at`, `updated_at`) VALUES ('350', 'Torch', 'umum', '081573142939', NULL, NULL, '2026-03-09 11:27:28', '2026-03-09 11:27:28');
INSERT INTO `customers` (`id`, `name`, `member_type`, `phone`, `email`, `address`, `created_at`, `updated_at`) VALUES ('351', 'Sejalan Coffee', 'studio', '081272550610', NULL, NULL, '2026-03-09 11:54:57', '2026-03-09 11:54:57');
INSERT INTO `customers` (`id`, `name`, `member_type`, `phone`, `email`, `address`, `created_at`, `updated_at`) VALUES ('352', 'Jo Ramayana', 'umum', '082176523332', NULL, NULL, '2026-03-09 13:05:53', '2026-03-09 13:05:53');
INSERT INTO `customers` (`id`, `name`, `member_type`, `phone`, `email`, `address`, `created_at`, `updated_at`) VALUES ('353', 'Bustam', 'studio', '085279638721', NULL, NULL, '2026-03-09 13:09:14', '2026-03-09 13:09:14');
INSERT INTO `customers` (`id`, `name`, `member_type`, `phone`, `email`, `address`, `created_at`, `updated_at`) VALUES ('354', 'CENTRA LED', 'studio', '+62 857-6891-9401', NULL, NULL, '2026-03-09 13:09:32', '2026-03-09 13:09:32');
INSERT INTO `customers` (`id`, `name`, `member_type`, `phone`, `email`, `address`, `created_at`, `updated_at`) VALUES ('355', 'Dendi Banner', 'umum', '08978471224', NULL, NULL, '2026-03-09 13:18:35', '2026-03-09 13:18:35');
INSERT INTO `customers` (`id`, `name`, `member_type`, `phone`, `email`, `address`, `created_at`, `updated_at`) VALUES ('356', 'MURNI KREATIF', 'umum', '081274201786', NULL, NULL, '2026-03-09 13:27:09', '2026-03-09 13:27:09');
INSERT INTO `customers` (`id`, `name`, `member_type`, `phone`, `email`, `address`, `created_at`, `updated_at`) VALUES ('357', 'Rama', 'umum', '0887437521417', NULL, NULL, '2026-03-09 13:27:38', '2026-03-09 13:27:38');
INSERT INTO `customers` (`id`, `name`, `member_type`, `phone`, `email`, `address`, `created_at`, `updated_at`) VALUES ('358', 'Agus', 'umum', '089649999093', NULL, NULL, '2026-03-09 13:41:52', '2026-03-09 13:41:52');
INSERT INTO `customers` (`id`, `name`, `member_type`, `phone`, `email`, `address`, `created_at`, `updated_at`) VALUES ('359', 'Desain Baba', 'studio', '089634681188', NULL, NULL, '2026-03-09 13:43:12', '2026-03-09 13:43:12');
INSERT INTO `customers` (`id`, `name`, `member_type`, `phone`, `email`, `address`, `created_at`, `updated_at`) VALUES ('360', 'FAISAL MASSING', 'umum', '+62 895-3439-94157', NULL, NULL, '2026-03-09 13:46:13', '2026-03-09 13:46:13');
INSERT INTO `customers` (`id`, `name`, `member_type`, `phone`, `email`, `address`, `created_at`, `updated_at`) VALUES ('361', 'MADE', 'umum', '082179934615', NULL, NULL, '2026-03-09 13:59:07', '2026-03-09 13:59:07');
INSERT INTO `customers` (`id`, `name`, `member_type`, `phone`, `email`, `address`, `created_at`, `updated_at`) VALUES ('362', 'NOVOTEL', 'umum', '+62 822-8129-2669', NULL, NULL, '2026-03-09 14:02:45', '2026-03-09 14:02:45');
INSERT INTO `customers` (`id`, `name`, `member_type`, `phone`, `email`, `address`, `created_at`, `updated_at`) VALUES ('363', 'Afandi', 'studio', '08115225533', NULL, NULL, '2026-03-09 14:07:34', '2026-03-09 14:07:34');
INSERT INTO `customers` (`id`, `name`, `member_type`, `phone`, `email`, `address`, `created_at`, `updated_at`) VALUES ('364', 'AGUS DJ', 'umum', '085896120865', NULL, NULL, '2026-03-09 14:12:57', '2026-03-10 11:08:16');
INSERT INTO `customers` (`id`, `name`, `member_type`, `phone`, `email`, `address`, `created_at`, `updated_at`) VALUES ('365', 'Octowine', 'umum', '089646638360', NULL, NULL, '2026-03-09 14:23:04', '2026-03-09 14:23:04');
INSERT INTO `customers` (`id`, `name`, `member_type`, `phone`, `email`, `address`, `created_at`, `updated_at`) VALUES ('366', 'WINDA KAYLA', 'umum', '0811799119', NULL, NULL, '2026-03-09 14:41:39', '2026-03-09 14:41:39');
INSERT INTO `customers` (`id`, `name`, `member_type`, `phone`, `email`, `address`, `created_at`, `updated_at`) VALUES ('367', 'Nastya', 'umum', '082184161051', NULL, NULL, '2026-03-09 14:42:35', '2026-03-09 14:42:35');
INSERT INTO `customers` (`id`, `name`, `member_type`, `phone`, `email`, `address`, `created_at`, `updated_at`) VALUES ('368', 'Wira', 'studio', '0895705006391', NULL, NULL, '2026-03-09 14:50:03', '2026-03-09 14:50:03');
INSERT INTO `customers` (`id`, `name`, `member_type`, `phone`, `email`, `address`, `created_at`, `updated_at`) VALUES ('369', 'Hadis', 'umum', '081276421306', NULL, NULL, '2026-03-09 14:53:09', '2026-03-09 14:53:09');
INSERT INTO `customers` (`id`, `name`, `member_type`, `phone`, `email`, `address`, `created_at`, `updated_at`) VALUES ('370', 'Yuliana', 'umum', '082110400183', NULL, NULL, '2026-03-09 14:57:42', '2026-03-09 14:57:42');
INSERT INTO `customers` (`id`, `name`, `member_type`, `phone`, `email`, `address`, `created_at`, `updated_at`) VALUES ('371', 'AQO PRINTING', 'studio', '+62 823-7522-4885', NULL, NULL, '2026-03-09 14:57:52', '2026-03-09 14:57:52');
INSERT INTO `customers` (`id`, `name`, `member_type`, `phone`, `email`, `address`, `created_at`, `updated_at`) VALUES ('372', 'ICAN WA', 'umum', '081373156245', NULL, NULL, '2026-03-09 15:18:11', '2026-03-09 15:18:11');
INSERT INTO `customers` (`id`, `name`, `member_type`, `phone`, `email`, `address`, `created_at`, `updated_at`) VALUES ('373', 'Istiqomah', 'studio', '08127983893', NULL, NULL, '2026-03-09 15:26:30', '2026-03-09 15:26:30');
INSERT INTO `customers` (`id`, `name`, `member_type`, `phone`, `email`, `address`, `created_at`, `updated_at`) VALUES ('374', 'ALAM', 'umum', '085383882489', NULL, NULL, '2026-03-09 15:47:50', '2026-03-09 15:47:50');
INSERT INTO `customers` (`id`, `name`, `member_type`, `phone`, `email`, `address`, `created_at`, `updated_at`) VALUES ('375', 'Retina', 'studio', '08117904747', NULL, NULL, '2026-03-09 15:53:32', '2026-03-09 15:53:32');
INSERT INTO `customers` (`id`, `name`, `member_type`, `phone`, `email`, `address`, `created_at`, `updated_at`) VALUES ('376', 'Rifki', 'umum', '089663793800', NULL, NULL, '2026-03-09 16:57:03', '2026-03-09 16:57:03');
INSERT INTO `customers` (`id`, `name`, `member_type`, `phone`, `email`, `address`, `created_at`, `updated_at`) VALUES ('377', 'Ayu Cust', 'umum', '089632601022', NULL, NULL, '2026-03-09 17:00:51', '2026-03-09 17:00:51');
INSERT INTO `customers` (`id`, `name`, `member_type`, `phone`, `email`, `address`, `created_at`, `updated_at`) VALUES ('378', 'Darwis Lampung Timur', 'umum', '082179772014', NULL, NULL, '2026-03-10 09:17:01', '2026-03-10 09:17:01');
INSERT INTO `customers` (`id`, `name`, `member_type`, `phone`, `email`, `address`, `created_at`, `updated_at`) VALUES ('379', 'Imam Handoyo', 'studio', '089508123405', NULL, NULL, '2026-03-10 09:22:58', '2026-03-10 09:22:58');
INSERT INTO `customers` (`id`, `name`, `member_type`, `phone`, `email`, `address`, `created_at`, `updated_at`) VALUES ('380', 'YASIN TANBIN', 'umum', '+62 813-7769-2662', NULL, NULL, '2026-03-10 09:29:25', '2026-03-10 09:29:25');
INSERT INTO `customers` (`id`, `name`, `member_type`, `phone`, `email`, `address`, `created_at`, `updated_at`) VALUES ('381', 'NANANG NUGROHO', 'umum', '085758955776', NULL, NULL, '2026-03-10 09:35:59', '2026-03-10 09:35:59');
INSERT INTO `customers` (`id`, `name`, `member_type`, `phone`, `email`, `address`, `created_at`, `updated_at`) VALUES ('382', 'Alwin', 'studio', '089694844285', NULL, NULL, '2026-03-10 09:40:53', '2026-03-10 09:40:53');
INSERT INTO `customers` (`id`, `name`, `member_type`, `phone`, `email`, `address`, `created_at`, `updated_at`) VALUES ('383', 'Wm Creative', 'studio', '081368777714', NULL, NULL, '2026-03-10 09:41:11', '2026-03-10 09:41:11');
INSERT INTO `customers` (`id`, `name`, `member_type`, `phone`, `email`, `address`, `created_at`, `updated_at`) VALUES ('384', 'Nurasih Fitriani', 'studio', '082110508080', NULL, NULL, '2026-03-10 09:41:30', '2026-03-10 09:41:30');
INSERT INTO `customers` (`id`, `name`, `member_type`, `phone`, `email`, `address`, `created_at`, `updated_at`) VALUES ('385', 'Hady Banner', 'studio', '081377069090', NULL, NULL, '2026-03-10 09:41:50', '2026-03-10 09:41:50');
INSERT INTO `customers` (`id`, `name`, `member_type`, `phone`, `email`, `address`, `created_at`, `updated_at`) VALUES ('386', 'Gallery Art', 'studio', '085717186078', NULL, NULL, '2026-03-10 09:42:18', '2026-03-10 09:42:18');
INSERT INTO `customers` (`id`, `name`, `member_type`, `phone`, `email`, `address`, `created_at`, `updated_at`) VALUES ('387', 'Putra Sovenir Lampung', 'umum', '082269296600', NULL, NULL, '2026-03-10 09:47:10', '2026-03-10 09:47:10');
INSERT INTO `customers` (`id`, `name`, `member_type`, `phone`, `email`, `address`, `created_at`, `updated_at`) VALUES ('388', 'ARSY SHOPPEE', 'umum', '082337331391', NULL, NULL, '2026-03-10 09:47:33', '2026-03-10 09:47:33');
INSERT INTO `customers` (`id`, `name`, `member_type`, `phone`, `email`, `address`, `created_at`, `updated_at`) VALUES ('389', 'Angga Keseuma', 'umum', '081273438385', NULL, NULL, '2026-03-10 09:49:29', '2026-03-10 09:49:29');
INSERT INTO `customers` (`id`, `name`, `member_type`, `phone`, `email`, `address`, `created_at`, `updated_at`) VALUES ('390', 'SETO AYAM', 'umum', '082281094007', NULL, NULL, '2026-03-10 09:58:16', '2026-03-10 09:58:16');
INSERT INTO `customers` (`id`, `name`, `member_type`, `phone`, `email`, `address`, `created_at`, `updated_at`) VALUES ('391', 'Sella', 'umum', '0895331071974', NULL, NULL, '2026-03-10 10:03:21', '2026-03-10 10:03:21');
INSERT INTO `customers` (`id`, `name`, `member_type`, `phone`, `email`, `address`, `created_at`, `updated_at`) VALUES ('392', 'F12', 'umum', '081367116772', NULL, NULL, '2026-03-10 10:13:22', '2026-03-10 10:13:22');
INSERT INTO `customers` (`id`, `name`, `member_type`, `phone`, `email`, `address`, `created_at`, `updated_at`) VALUES ('393', 'Toni Hanura', 'studio', '+62 821-7937-6283', NULL, NULL, '2026-03-10 10:51:40', '2026-03-10 10:51:40');
INSERT INTO `customers` (`id`, `name`, `member_type`, `phone`, `email`, `address`, `created_at`, `updated_at`) VALUES ('394', 'Puja', 'umum', '085371001753', NULL, NULL, '2026-03-10 10:54:18', '2026-03-10 10:54:18');
INSERT INTO `customers` (`id`, `name`, `member_type`, `phone`, `email`, `address`, `created_at`, `updated_at`) VALUES ('395', 'Perc Abata', 'umum', '082377100067', NULL, NULL, '2026-03-10 11:24:49', '2026-03-10 11:24:49');
INSERT INTO `customers` (`id`, `name`, `member_type`, `phone`, `email`, `address`, `created_at`, `updated_at`) VALUES ('396', 'Al Amin', 'umum', '085273757842', NULL, NULL, '2026-03-10 11:52:26', '2026-03-10 11:52:26');
INSERT INTO `customers` (`id`, `name`, `member_type`, `phone`, `email`, `address`, `created_at`, `updated_at`) VALUES ('397', 'PRATAMA HADI', 'umum', '+62 813-6920-0502', NULL, NULL, '2026-03-10 11:54:05', '2026-03-10 11:54:05');
INSERT INTO `customers` (`id`, `name`, `member_type`, `phone`, `email`, `address`, `created_at`, `updated_at`) VALUES ('398', 'Rafi', 'umum', '08', NULL, NULL, '2026-03-10 13:11:57', '2026-03-10 13:11:57');
INSERT INTO `customers` (`id`, `name`, `member_type`, `phone`, `email`, `address`, `created_at`, `updated_at`) VALUES ('399', 'SDN 1 PALAPA', 'umum', '087820785764', NULL, NULL, '2026-03-10 13:13:53', '2026-03-10 13:23:50');
INSERT INTO `customers` (`id`, `name`, `member_type`, `phone`, `email`, `address`, `created_at`, `updated_at`) VALUES ('400', 'HERY METRO', 'umum', '+62 822-8047-7744', NULL, NULL, '2026-03-10 13:43:57', '2026-03-10 13:43:57');
INSERT INTO `customers` (`id`, `name`, `member_type`, `phone`, `email`, `address`, `created_at`, `updated_at`) VALUES ('401', 'POLAROID LAMPUNG', 'studio', '+62 896-5795-7068', NULL, NULL, '2026-03-10 13:56:55', '2026-03-10 13:56:55');
INSERT INTO `customers` (`id`, `name`, `member_type`, `phone`, `email`, `address`, `created_at`, `updated_at`) VALUES ('402', 'Alvi Muhammad', 'umum', '089515426011', NULL, NULL, '2026-03-10 14:00:47', '2026-03-10 14:00:47');
INSERT INTO `customers` (`id`, `name`, `member_type`, `phone`, `email`, `address`, `created_at`, `updated_at`) VALUES ('403', 'Bambang Suroso', 'umum', '081366490500', NULL, NULL, '2026-03-10 14:06:30', '2026-03-10 14:06:30');
INSERT INTO `customers` (`id`, `name`, `member_type`, `phone`, `email`, `address`, `created_at`, `updated_at`) VALUES ('404', 'Andri Purba', 'umum', '08117992422', NULL, NULL, '2026-03-10 14:08:21', '2026-03-10 14:08:21');
INSERT INTO `customers` (`id`, `name`, `member_type`, `phone`, `email`, `address`, `created_at`, `updated_at`) VALUES ('405', 'Desain Babe', 'umum', '082178577140', NULL, NULL, '2026-03-10 14:14:41', '2026-03-10 14:15:55');
INSERT INTO `customers` (`id`, `name`, `member_type`, `phone`, `email`, `address`, `created_at`, `updated_at`) VALUES ('406', 'Feldi Bakti', 'umum', '+62 895-6207-14411', NULL, NULL, '2026-03-10 14:28:41', '2026-03-10 14:28:41');
INSERT INTO `customers` (`id`, `name`, `member_type`, `phone`, `email`, `address`, `created_at`, `updated_at`) VALUES ('407', 'Smp Islam Azzahra', 'studio', '0895333434188', NULL, NULL, '2026-03-10 14:34:35', '2026-03-10 14:34:35');
INSERT INTO `customers` (`id`, `name`, `member_type`, `phone`, `email`, `address`, `created_at`, `updated_at`) VALUES ('408', 'Bowo Grafis', 'studio', '+62 857-2299-0856', NULL, NULL, '2026-03-10 15:04:38', '2026-03-10 15:04:38');
INSERT INTO `customers` (`id`, `name`, `member_type`, `phone`, `email`, `address`, `created_at`, `updated_at`) VALUES ('409', 'Aria', 'umum', '085767158908', NULL, NULL, '2026-03-10 15:48:42', '2026-03-10 15:48:42');
INSERT INTO `customers` (`id`, `name`, `member_type`, `phone`, `email`, `address`, `created_at`, `updated_at`) VALUES ('410', 'Rizky', 'umum', '088286290896', NULL, NULL, '2026-03-10 16:33:30', '2026-03-10 16:33:30');
INSERT INTO `customers` (`id`, `name`, `member_type`, `phone`, `email`, `address`, `created_at`, `updated_at`) VALUES ('411', 'Narada', 'umum', '+62 823-7738-5378', NULL, NULL, '2026-03-11 09:22:58', '2026-03-11 09:22:58');
INSERT INTO `customers` (`id`, `name`, `member_type`, `phone`, `email`, `address`, `created_at`, `updated_at`) VALUES ('412', 'Hanif Printing', 'studio', '085216143877', NULL, NULL, '2026-03-11 09:24:26', '2026-03-11 09:24:26');
INSERT INTO `customers` (`id`, `name`, `member_type`, `phone`, `email`, `address`, `created_at`, `updated_at`) VALUES ('413', 'PUTRI WA', 'umum', '085206609809', NULL, NULL, '2026-03-11 09:32:36', '2026-03-11 09:32:36');
INSERT INTO `customers` (`id`, `name`, `member_type`, `phone`, `email`, `address`, `created_at`, `updated_at`) VALUES ('414', 'Galih / Akbar Gelael', 'studio', '082289222895', NULL, NULL, '2026-03-11 09:32:42', '2026-03-11 09:32:42');
INSERT INTO `customers` (`id`, `name`, `member_type`, `phone`, `email`, `address`, `created_at`, `updated_at`) VALUES ('415', 'Serupadia', 'studio', '+62 896-0741-6329', NULL, NULL, '2026-03-11 09:34:24', '2026-03-11 09:34:24');
INSERT INTO `customers` (`id`, `name`, `member_type`, `phone`, `email`, `address`, `created_at`, `updated_at`) VALUES ('416', 'Else Ervina', 'studio', '08984274334', NULL, NULL, '2026-03-11 09:36:04', '2026-03-11 09:36:04');
INSERT INTO `customers` (`id`, `name`, `member_type`, `phone`, `email`, `address`, `created_at`, `updated_at`) VALUES ('417', 'TIRA AMABEL', 'umum', '085267451222', NULL, NULL, '2026-03-11 09:52:39', '2026-03-11 09:52:39');
INSERT INTO `customers` (`id`, `name`, `member_type`, `phone`, `email`, `address`, `created_at`, `updated_at`) VALUES ('418', 'Gie Pomade', 'studio', '089666171295', NULL, NULL, '2026-03-11 09:58:35', '2026-03-11 09:58:35');
INSERT INTO `customers` (`id`, `name`, `member_type`, `phone`, `email`, `address`, `created_at`, `updated_at`) VALUES ('419', 'Kurnia Desain', 'studio', '081252002210', NULL, NULL, '2026-03-11 10:17:25', '2026-03-11 10:17:25');
INSERT INTO `customers` (`id`, `name`, `member_type`, `phone`, `email`, `address`, `created_at`, `updated_at`) VALUES ('420', 'Irham', 'umum', '082280656629', NULL, NULL, '2026-03-11 10:25:18', '2026-03-11 10:25:18');
INSERT INTO `customers` (`id`, `name`, `member_type`, `phone`, `email`, `address`, `created_at`, `updated_at`) VALUES ('421', 'NELA', 'studio', '+62 813-6960-9788', NULL, NULL, '2026-03-11 10:33:58', '2026-03-11 10:33:58');
INSERT INTO `customers` (`id`, `name`, `member_type`, `phone`, `email`, `address`, `created_at`, `updated_at`) VALUES ('422', 'Adot', 'studio', '08', NULL, NULL, '2026-03-11 10:54:43', '2026-03-11 10:54:43');
INSERT INTO `customers` (`id`, `name`, `member_type`, `phone`, `email`, `address`, `created_at`, `updated_at`) VALUES ('423', 'Arya SMKN Padang Cermin', 'umum', '085658307434', NULL, NULL, '2026-03-11 13:11:03', '2026-03-11 13:11:03');
INSERT INTO `customers` (`id`, `name`, `member_type`, `phone`, `email`, `address`, `created_at`, `updated_at`) VALUES ('424', 'Agung Prabowo', 'umum', '081278240853', NULL, NULL, '2026-03-11 13:26:55', '2026-03-11 13:26:55');
INSERT INTO `customers` (`id`, `name`, `member_type`, `phone`, `email`, `address`, `created_at`, `updated_at`) VALUES ('425', 'Fajriati Meutia', 'umum', '082210716210', NULL, NULL, '2026-03-11 13:45:54', '2026-03-11 13:45:54');
INSERT INTO `customers` (`id`, `name`, `member_type`, `phone`, `email`, `address`, `created_at`, `updated_at`) VALUES ('426', 'Nahawang Printing', 'umum', '081373948686', NULL, NULL, '2026-03-11 14:12:16', '2026-03-11 14:12:16');
INSERT INTO `customers` (`id`, `name`, `member_type`, `phone`, `email`, `address`, `created_at`, `updated_at`) VALUES ('427', 'Rizal Dwiana', 'studio', '081377692662', NULL, NULL, '2026-03-11 14:15:18', '2026-03-11 14:15:18');
INSERT INTO `customers` (`id`, `name`, `member_type`, `phone`, `email`, `address`, `created_at`, `updated_at`) VALUES ('428', 'Saiko Printing', 'studio', '082181174986', NULL, NULL, '2026-03-11 14:42:31', '2026-03-11 14:42:31');
INSERT INTO `customers` (`id`, `name`, `member_type`, `phone`, `email`, `address`, `created_at`, `updated_at`) VALUES ('429', 'Tholi Am Desain', 'umum', '087829302789', NULL, NULL, '2026-03-11 14:47:09', '2026-03-11 14:47:09');
INSERT INTO `customers` (`id`, `name`, `member_type`, `phone`, `email`, `address`, `created_at`, `updated_at`) VALUES ('430', 'ayu djoeragan', 'umum', '+62 812-7210-232', NULL, NULL, '2026-03-11 14:48:21', '2026-03-11 14:48:21');
INSERT INTO `customers` (`id`, `name`, `member_type`, `phone`, `email`, `address`, `created_at`, `updated_at`) VALUES ('431', 'Rafi Maulana', 'umum', '0895607013131', NULL, NULL, '2026-03-11 14:56:13', '2026-03-11 14:56:13');
INSERT INTO `customers` (`id`, `name`, `member_type`, `phone`, `email`, `address`, `created_at`, `updated_at`) VALUES ('432', 'Elisa', 'umum', '085269056363', NULL, NULL, '2026-03-11 15:04:49', '2026-03-11 15:04:49');
INSERT INTO `customers` (`id`, `name`, `member_type`, `phone`, `email`, `address`, `created_at`, `updated_at`) VALUES ('433', 'Vika', 'studio', '089664971700', NULL, NULL, '2026-03-11 15:16:16', '2026-03-11 15:16:16');
INSERT INTO `customers` (`id`, `name`, `member_type`, `phone`, `email`, `address`, `created_at`, `updated_at`) VALUES ('434', 'Rafif', 'umum', '082158396065', NULL, NULL, '2026-03-11 15:18:25', '2026-03-11 15:18:25');
INSERT INTO `customers` (`id`, `name`, `member_type`, `phone`, `email`, `address`, `created_at`, `updated_at`) VALUES ('435', 'Rizkia', 'umum', '082230716713', NULL, NULL, '2026-03-11 15:50:08', '2026-03-11 15:50:08');
INSERT INTO `customers` (`id`, `name`, `member_type`, `phone`, `email`, `address`, `created_at`, `updated_at`) VALUES ('436', 'Deny', 'umum', '082282749689', NULL, NULL, '2026-03-11 16:03:24', '2026-03-11 16:03:24');
INSERT INTO `customers` (`id`, `name`, `member_type`, `phone`, `email`, `address`, `created_at`, `updated_at`) VALUES ('438', 'Joko', 'studio', '085609142102', NULL, NULL, '2026-03-12 09:28:16', '2026-03-12 09:28:16');
INSERT INTO `customers` (`id`, `name`, `member_type`, `phone`, `email`, `address`, `created_at`, `updated_at`) VALUES ('439', 'Tri Ayu', 'studio', '085273114646', NULL, NULL, '2026-03-12 09:28:40', '2026-03-12 09:28:40');
INSERT INTO `customers` (`id`, `name`, `member_type`, `phone`, `email`, `address`, `created_at`, `updated_at`) VALUES ('440', 'Rosi Wahyana', 'umum', '082175465554', NULL, NULL, '2026-03-12 09:30:47', '2026-03-12 09:30:47');
INSERT INTO `customers` (`id`, `name`, `member_type`, `phone`, `email`, `address`, `created_at`, `updated_at`) VALUES ('441', 'DENI', 'umum', '+62 813-6658-4471', NULL, NULL, '2026-03-12 09:33:42', '2026-03-12 09:33:42');
INSERT INTO `customers` (`id`, `name`, `member_type`, `phone`, `email`, `address`, `created_at`, `updated_at`) VALUES ('442', 'VERREN WA', 'umum', '082179739956', NULL, NULL, '2026-03-12 09:46:40', '2026-03-12 09:46:40');
INSERT INTO `customers` (`id`, `name`, `member_type`, `phone`, `email`, `address`, `created_at`, `updated_at`) VALUES ('443', 'Nando', 'studio', '0895322162365', NULL, NULL, '2026-03-12 09:48:57', '2026-03-12 09:48:57');
INSERT INTO `customers` (`id`, `name`, `member_type`, `phone`, `email`, `address`, `created_at`, `updated_at`) VALUES ('444', 'Sho Konsumen', 'umum', '089628862555', NULL, NULL, '2026-03-12 09:50:54', '2026-03-12 09:50:54');
INSERT INTO `customers` (`id`, `name`, `member_type`, `phone`, `email`, `address`, `created_at`, `updated_at`) VALUES ('445', 'Edward S', 'umum', '082172867126', NULL, NULL, '2026-03-12 09:52:01', '2026-03-12 09:52:01');
INSERT INTO `customers` (`id`, `name`, `member_type`, `phone`, `email`, `address`, `created_at`, `updated_at`) VALUES ('446', 'ChaRakNua', 'umum', '082279404512', NULL, NULL, '2026-03-12 10:03:41', '2026-03-12 10:03:41');
INSERT INTO `customers` (`id`, `name`, `member_type`, `phone`, `email`, `address`, `created_at`, `updated_at`) VALUES ('447', 'Wayan', 'studio', '085269473162', NULL, NULL, '2026-03-12 10:12:41', '2026-03-12 10:12:41');
INSERT INTO `customers` (`id`, `name`, `member_type`, `phone`, `email`, `address`, `created_at`, `updated_at`) VALUES ('448', 'Buana', 'umum', '085379579887', NULL, NULL, '2026-03-12 10:17:09', '2026-03-12 10:17:09');
INSERT INTO `customers` (`id`, `name`, `member_type`, `phone`, `email`, `address`, `created_at`, `updated_at`) VALUES ('449', 'Artur / Tengku', 'studio', '081312393269', NULL, NULL, '2026-03-12 10:17:17', '2026-03-12 10:17:17');
INSERT INTO `customers` (`id`, `name`, `member_type`, `phone`, `email`, `address`, `created_at`, `updated_at`) VALUES ('450', 'Joevanisa', 'umum', '+62 895-6160-93614', NULL, NULL, '2026-03-12 10:18:14', '2026-03-12 10:18:14');
INSERT INTO `customers` (`id`, `name`, `member_type`, `phone`, `email`, `address`, `created_at`, `updated_at`) VALUES ('451', 'Sendiwa Printing / Zulfadli', 'studio', '081379039370', NULL, NULL, '2026-03-12 10:28:06', '2026-03-12 10:28:06');
INSERT INTO `customers` (`id`, `name`, `member_type`, `phone`, `email`, `address`, `created_at`, `updated_at`) VALUES ('452', 'Candra Aditya', 'umum', '+62 812-7869-0729', NULL, NULL, '2026-03-12 10:42:22', '2026-03-12 10:42:22');
INSERT INTO `customers` (`id`, `name`, `member_type`, `phone`, `email`, `address`, `created_at`, `updated_at`) VALUES ('453', 'Aldi Cust', 'studio', '0895324411657', NULL, NULL, '2026-03-12 11:12:53', '2026-03-12 11:12:53');
INSERT INTO `customers` (`id`, `name`, `member_type`, `phone`, `email`, `address`, `created_at`, `updated_at`) VALUES ('454', 'Yanto Anugrah', 'umum', '+62 812-7483-8898', NULL, NULL, '2026-03-12 11:13:13', '2026-03-12 11:13:13');
INSERT INTO `customers` (`id`, `name`, `member_type`, `phone`, `email`, `address`, `created_at`, `updated_at`) VALUES ('455', 'Cetak Cetik', 'umum', '081279464746', NULL, NULL, '2026-03-12 12:00:58', '2026-03-12 12:00:58');
INSERT INTO `customers` (`id`, `name`, `member_type`, `phone`, `email`, `address`, `created_at`, `updated_at`) VALUES ('456', 'Tafsirin', 'umum', '+62 882-8625-1399', NULL, NULL, '2026-03-12 13:10:56', '2026-03-12 13:10:56');
INSERT INTO `customers` (`id`, `name`, `member_type`, `phone`, `email`, `address`, `created_at`, `updated_at`) VALUES ('457', 'Mustofa 1', 'studio', '085366131234', NULL, NULL, '2026-03-12 13:12:14', '2026-03-12 13:12:14');
INSERT INTO `customers` (`id`, `name`, `member_type`, `phone`, `email`, `address`, `created_at`, `updated_at`) VALUES ('458', 'Aditya Persija', 'umum', '089629182927', NULL, NULL, '2026-03-12 13:21:44', '2026-03-12 13:22:01');
INSERT INTO `customers` (`id`, `name`, `member_type`, `phone`, `email`, `address`, `created_at`, `updated_at`) VALUES ('459', 'Adafi Cust', 'umum', '085758085976', NULL, NULL, '2026-03-12 13:28:01', '2026-03-12 13:28:01');
INSERT INTO `customers` (`id`, `name`, `member_type`, `phone`, `email`, `address`, `created_at`, `updated_at`) VALUES ('460', 'LMD', 'studio', '082176584942', NULL, NULL, '2026-03-12 13:53:27', '2026-03-12 13:53:27');
INSERT INTO `customers` (`id`, `name`, `member_type`, `phone`, `email`, `address`, `created_at`, `updated_at`) VALUES ('461', 'TAMPIA', 'umum', '+62 821-7658-4942', NULL, NULL, '2026-03-12 14:16:37', '2026-03-12 14:16:37');
INSERT INTO `customers` (`id`, `name`, `member_type`, `phone`, `email`, `address`, `created_at`, `updated_at`) VALUES ('462', 'Rizky DS', 'studio', '083179353753', NULL, NULL, '2026-03-12 14:41:05', '2026-03-12 14:41:05');
INSERT INTO `customers` (`id`, `name`, `member_type`, `phone`, `email`, `address`, `created_at`, `updated_at`) VALUES ('463', 'Selfa', 'umum', '+62 852-7343-3500', NULL, NULL, '2026-03-12 14:47:28', '2026-03-12 14:47:28');
INSERT INTO `customers` (`id`, `name`, `member_type`, `phone`, `email`, `address`, `created_at`, `updated_at`) VALUES ('465', 'King Photo', 'studio', '08', NULL, NULL, '2026-03-12 15:15:48', '2026-03-12 15:15:48');
INSERT INTO `customers` (`id`, `name`, `member_type`, `phone`, `email`, `address`, `created_at`, `updated_at`) VALUES ('466', 'Wulan BRI', 'studio', '082382784544', NULL, NULL, '2026-03-12 15:49:07', '2026-03-12 15:49:07');
INSERT INTO `customers` (`id`, `name`, `member_type`, `phone`, `email`, `address`, `created_at`, `updated_at`) VALUES ('467', 'Mega Grapika', 'studio', '081379633338', NULL, NULL, '2026-03-12 16:08:02', '2026-03-12 16:08:02');
INSERT INTO `customers` (`id`, `name`, `member_type`, `phone`, `email`, `address`, `created_at`, `updated_at`) VALUES ('468', 'MUTIA ALIMA', 'umum', '081379830275', NULL, NULL, '2026-03-12 16:24:27', '2026-03-12 16:24:27');
INSERT INTO `customers` (`id`, `name`, `member_type`, `phone`, `email`, `address`, `created_at`, `updated_at`) VALUES ('469', 'Juan Kotabumi', 'umum', '089517144207', NULL, NULL, '2026-03-12 16:41:50', '2026-03-12 16:41:50');
INSERT INTO `customers` (`id`, `name`, `member_type`, `phone`, `email`, `address`, `created_at`, `updated_at`) VALUES ('470', 'Pak Ketut', 'umum', '082278660747', NULL, NULL, '2026-03-12 16:53:56', '2026-03-12 16:56:43');
INSERT INTO `customers` (`id`, `name`, `member_type`, `phone`, `email`, `address`, `created_at`, `updated_at`) VALUES ('471', 'Pak Gatot', 'umum', '08', NULL, NULL, '2026-03-13 09:36:28', '2026-03-13 09:36:28');
INSERT INTO `customers` (`id`, `name`, `member_type`, `phone`, `email`, `address`, `created_at`, `updated_at`) VALUES ('472', 'Nadia PNM', 'umum', '+62 858-9665-6169', NULL, NULL, '2026-03-13 09:55:54', '2026-03-13 09:55:54');
INSERT INTO `customers` (`id`, `name`, `member_type`, `phone`, `email`, `address`, `created_at`, `updated_at`) VALUES ('473', 'Ridho', 'studio', '089503686082', NULL, NULL, '2026-03-13 10:18:05', '2026-03-13 10:18:05');
INSERT INTO `customers` (`id`, `name`, `member_type`, `phone`, `email`, `address`, `created_at`, `updated_at`) VALUES ('474', 'Fatimah', 'umum', '081379000205', NULL, NULL, '2026-03-13 10:22:21', '2026-03-13 10:22:21');
INSERT INTO `customers` (`id`, `name`, `member_type`, `phone`, `email`, `address`, `created_at`, `updated_at`) VALUES ('475', 'Pak Gogo', 'umum', '082175988108', NULL, NULL, '2026-03-13 10:30:56', '2026-03-13 10:30:56');
INSERT INTO `customers` (`id`, `name`, `member_type`, `phone`, `email`, `address`, `created_at`, `updated_at`) VALUES ('476', 'Andi Rajabasa', 'umum', '082373956789', NULL, NULL, '2026-03-13 10:44:14', '2026-03-13 10:44:14');
INSERT INTO `customers` (`id`, `name`, `member_type`, `phone`, `email`, `address`, `created_at`, `updated_at`) VALUES ('477', 'Ratih Cust', 'umum', '0895620435434', NULL, NULL, '2026-03-13 10:48:31', '2026-03-13 10:48:31');
INSERT INTO `customers` (`id`, `name`, `member_type`, `phone`, `email`, `address`, `created_at`, `updated_at`) VALUES ('478', 'Fath Printing', 'umum', '08978210300', NULL, NULL, '2026-03-13 10:53:23', '2026-03-13 10:53:23');
INSERT INTO `customers` (`id`, `name`, `member_type`, `phone`, `email`, `address`, `created_at`, `updated_at`) VALUES ('480', 'Perc Rojo', 'umum', '082378460633', NULL, NULL, '2026-03-13 11:18:02', '2026-03-13 11:18:02');
INSERT INTO `customers` (`id`, `name`, `member_type`, `phone`, `email`, `address`, `created_at`, `updated_at`) VALUES ('481', 'Aris Wildan', 'umum', '+62 821-8182-6705', NULL, NULL, '2026-03-13 11:21:31', '2026-03-13 11:21:31');
INSERT INTO `customers` (`id`, `name`, `member_type`, `phone`, `email`, `address`, `created_at`, `updated_at`) VALUES ('482', 'Perc Ipank', 'studio', '081278611239', NULL, NULL, '2026-03-13 11:45:44', '2026-03-13 11:45:44');
INSERT INTO `customers` (`id`, `name`, `member_type`, `phone`, `email`, `address`, `created_at`, `updated_at`) VALUES ('483', 'Ultras Garuda', 'umum', '089631531209', NULL, NULL, '2026-03-13 12:57:45', '2026-03-13 12:57:45');
INSERT INTO `customers` (`id`, `name`, `member_type`, `phone`, `email`, `address`, `created_at`, `updated_at`) VALUES ('484', 'Ari Tukul', 'studio', '081273090816', NULL, NULL, '2026-03-13 13:59:33', '2026-03-13 13:59:33');
INSERT INTO `customers` (`id`, `name`, `member_type`, `phone`, `email`, `address`, `created_at`, `updated_at`) VALUES ('485', 'Kamigrafi', 'umum', '+62 851-8555-7310', NULL, NULL, '2026-03-13 14:07:43', '2026-03-13 14:07:43');
INSERT INTO `customers` (`id`, `name`, `member_type`, `phone`, `email`, `address`, `created_at`, `updated_at`) VALUES ('486', 'Sukma', 'umum', '081379899872', NULL, NULL, '2026-03-13 14:35:38', '2026-03-13 14:35:38');
INSERT INTO `customers` (`id`, `name`, `member_type`, `phone`, `email`, `address`, `created_at`, `updated_at`) VALUES ('487', 'ILHAM', 'umum', '+62 821-4177-2870', NULL, NULL, '2026-03-13 14:52:19', '2026-03-13 14:52:19');
INSERT INTO `customers` (`id`, `name`, `member_type`, `phone`, `email`, `address`, `created_at`, `updated_at`) VALUES ('488', 'Timezone LC', 'studio', '087899942526', NULL, NULL, '2026-03-13 15:04:53', '2026-03-13 15:04:53');
INSERT INTO `customers` (`id`, `name`, `member_type`, `phone`, `email`, `address`, `created_at`, `updated_at`) VALUES ('489', 'Ibu Lia', 'umum', '082281033550', NULL, NULL, '2026-03-13 15:59:18', '2026-03-13 15:59:18');
INSERT INTO `customers` (`id`, `name`, `member_type`, `phone`, `email`, `address`, `created_at`, `updated_at`) VALUES ('490', 'Khania', 'studio', '085213713200', NULL, NULL, '2026-03-13 16:09:54', '2026-03-13 16:09:54');
INSERT INTO `customers` (`id`, `name`, `member_type`, `phone`, `email`, `address`, `created_at`, `updated_at`) VALUES ('491', 'Anisa', 'umum', '082386984627', NULL, NULL, '2026-03-13 17:03:01', '2026-03-13 17:03:01');
INSERT INTO `customers` (`id`, `name`, `member_type`, `phone`, `email`, `address`, `created_at`, `updated_at`) VALUES ('492', 'Andi 7Days', 'umum', '082282574566', NULL, NULL, '2026-03-14 09:21:37', '2026-03-14 09:21:37');
INSERT INTO `customers` (`id`, `name`, `member_type`, `phone`, `email`, `address`, `created_at`, `updated_at`) VALUES ('494', 'Wenny', 'studio', '087878883736', NULL, NULL, '2026-03-14 09:29:54', '2026-03-14 09:29:54');
INSERT INTO `customers` (`id`, `name`, `member_type`, `phone`, `email`, `address`, `created_at`, `updated_at`) VALUES ('495', 'Monica', 'umum', '088295994629', NULL, NULL, '2026-03-14 09:39:36', '2026-03-14 09:39:36');
INSERT INTO `customers` (`id`, `name`, `member_type`, `phone`, `email`, `address`, `created_at`, `updated_at`) VALUES ('496', 'Rahmad Ibnu', 'umum', '+62 852-7393-3654', NULL, NULL, '2026-03-14 09:40:01', '2026-03-14 09:40:01');
INSERT INTO `customers` (`id`, `name`, `member_type`, `phone`, `email`, `address`, `created_at`, `updated_at`) VALUES ('497', 'Faris', 'umum', '081272591275', NULL, NULL, '2026-03-14 09:47:45', '2026-03-14 09:47:45');
INSERT INTO `customers` (`id`, `name`, `member_type`, `phone`, `email`, `address`, `created_at`, `updated_at`) VALUES ('498', 'Dian Ngah', 'umum', '+62 852-6919-9027', NULL, NULL, '2026-03-14 09:59:06', '2026-03-14 09:59:06');
INSERT INTO `customers` (`id`, `name`, `member_type`, `phone`, `email`, `address`, `created_at`, `updated_at`) VALUES ('499', 'RENTI RK', 'umum', '0895621989259', NULL, NULL, '2026-03-14 10:13:35', '2026-03-14 10:13:35');
INSERT INTO `customers` (`id`, `name`, `member_type`, `phone`, `email`, `address`, `created_at`, `updated_at`) VALUES ('500', 'Ibu Dwi', 'studio', '081271903452', NULL, NULL, '2026-03-14 10:20:49', '2026-03-14 10:20:49');
INSERT INTO `customers` (`id`, `name`, `member_type`, `phone`, `email`, `address`, `created_at`, `updated_at`) VALUES ('501', 'Raffa Digital', 'umum', '087898920893', NULL, NULL, '2026-03-14 10:21:20', '2026-03-14 10:21:20');
INSERT INTO `customers` (`id`, `name`, `member_type`, `phone`, `email`, `address`, `created_at`, `updated_at`) VALUES ('502', 'AHMAD EFENDI', 'umum', '085311172747', NULL, NULL, '2026-03-14 10:34:36', '2026-03-14 10:34:36');
INSERT INTO `customers` (`id`, `name`, `member_type`, `phone`, `email`, `address`, `created_at`, `updated_at`) VALUES ('503', 'Saiful Bahri/Niman', 'umum', '082175999184', NULL, NULL, '2026-03-14 11:05:10', '2026-03-14 11:05:10');
INSERT INTO `customers` (`id`, `name`, `member_type`, `phone`, `email`, `address`, `created_at`, `updated_at`) VALUES ('504', 'Rizky Iks', 'studio', '+62 813-7324-6467', NULL, NULL, '2026-03-14 11:11:22', '2026-03-14 11:11:22');
INSERT INTO `customers` (`id`, `name`, `member_type`, `phone`, `email`, `address`, `created_at`, `updated_at`) VALUES ('505', 'OHSOME', 'umum', '083160357349', NULL, NULL, '2026-03-14 11:12:43', '2026-03-14 11:12:43');
INSERT INTO `customers` (`id`, `name`, `member_type`, `phone`, `email`, `address`, `created_at`, `updated_at`) VALUES ('506', 'JEANA WA', 'umum', '082182847041', NULL, NULL, '2026-03-14 11:31:52', '2026-03-14 11:31:52');
INSERT INTO `customers` (`id`, `name`, `member_type`, `phone`, `email`, `address`, `created_at`, `updated_at`) VALUES ('507', 'Hengki', 'umum', '0817616634', NULL, NULL, '2026-03-14 11:47:47', '2026-03-14 11:47:47');
INSERT INTO `customers` (`id`, `name`, `member_type`, `phone`, `email`, `address`, `created_at`, `updated_at`) VALUES ('508', 'TRI MIRANTO', 'umum', '082123334398', NULL, NULL, '2026-03-14 12:07:42', '2026-03-14 12:07:42');
INSERT INTO `customers` (`id`, `name`, `member_type`, `phone`, `email`, `address`, `created_at`, `updated_at`) VALUES ('509', 'KADOKU', 'umum', '082286565926', NULL, NULL, '2026-03-14 12:14:45', '2026-03-14 12:14:45');
INSERT INTO `customers` (`id`, `name`, `member_type`, `phone`, `email`, `address`, `created_at`, `updated_at`) VALUES ('510', 'MIYA SHOPEE', 'umum', '089523397646', NULL, NULL, '2026-03-14 12:47:03', '2026-03-14 12:47:03');
INSERT INTO `customers` (`id`, `name`, `member_type`, `phone`, `email`, `address`, `created_at`, `updated_at`) VALUES ('511', 'RAGA ETAWA', 'umum', '085377188456', NULL, NULL, '2026-03-14 12:51:12', '2026-03-14 12:51:12');
INSERT INTO `customers` (`id`, `name`, `member_type`, `phone`, `email`, `address`, `created_at`, `updated_at`) VALUES ('512', 'Alisha', 'umum', '+62 821-7997-4992', NULL, NULL, '2026-03-14 13:33:55', '2026-03-14 13:33:55');
INSERT INTO `customers` (`id`, `name`, `member_type`, `phone`, `email`, `address`, `created_at`, `updated_at`) VALUES ('513', 'Sigit Ariyono', 'studio', '+62 899-6448-881', NULL, NULL, '2026-03-14 16:03:35', '2026-03-14 16:03:35');
INSERT INTO `customers` (`id`, `name`, `member_type`, `phone`, `email`, `address`, `created_at`, `updated_at`) VALUES ('514', 'AGUS SUKANDAR', 'umum', '082179553837', NULL, NULL, '2026-03-14 16:47:20', '2026-03-14 16:47:20');
INSERT INTO `customers` (`id`, `name`, `member_type`, `phone`, `email`, `address`, `created_at`, `updated_at`) VALUES ('515', 'Fandi', 'umum', '081270018719', NULL, NULL, '2026-03-16 08:43:48', '2026-03-16 08:43:48');
INSERT INTO `customers` (`id`, `name`, `member_type`, `phone`, `email`, `address`, `created_at`, `updated_at`) VALUES ('516', 'aaa', 'studio', '3131', NULL, NULL, '2026-03-16 09:33:29', '2026-03-16 09:33:29');

-- --------------------------------------------------------
-- Table structure for table `deposits`
-- --------------------------------------------------------

CREATE TABLE `deposits` (
  `id` bigint(20) unsigned NOT NULL AUTO_INCREMENT,
  `amount` decimal(15,2) NOT NULL,
  `deposit_date` date NOT NULL,
  `bank_name` varchar(255) DEFAULT NULL,
  `payment_account_id` bigint(20) unsigned DEFAULT NULL,
  `reference_number` varchar(255) DEFAULT NULL,
  `notes` text DEFAULT NULL,
  `created_by` bigint(20) unsigned DEFAULT NULL,
  `created_at` timestamp NULL DEFAULT NULL,
  `updated_at` timestamp NULL DEFAULT NULL,
  PRIMARY KEY (`id`),
  KEY `deposits_created_by_foreign` (`created_by`),
  KEY `deposits_payment_account_id_foreign` (`payment_account_id`),
  CONSTRAINT `deposits_created_by_foreign` FOREIGN KEY (`created_by`) REFERENCES `users` (`id`) ON DELETE SET NULL,
  CONSTRAINT `deposits_payment_account_id_foreign` FOREIGN KEY (`payment_account_id`) REFERENCES `payment_accounts` (`id`) ON DELETE SET NULL
) ENGINE=InnoDB AUTO_INCREMENT=2 DEFAULT CHARSET=utf8mb4 COLLATE=utf8mb4_unicode_ci;

-- Dumping data for table `deposits`

INSERT INTO `deposits` (`id`, `amount`, `deposit_date`, `bank_name`, `payment_account_id`, `reference_number`, `notes`, `created_by`, `created_at`, `updated_at`) VALUES ('1', '10000000.00', '2026-03-07', NULL, NULL, NULL, 'setor pak awang', '16', '2026-03-09 14:03:13', '2026-03-09 14:03:13');

-- --------------------------------------------------------
-- Table structure for table `employees`
-- --------------------------------------------------------

CREATE TABLE `employees` (
  `id` bigint(20) unsigned NOT NULL AUTO_INCREMENT,
  `employee_id` varchar(255) NOT NULL,
  `name` varchar(255) NOT NULL,
  `gender` enum('L','P') NOT NULL DEFAULT 'L',
  `phone` varchar(255) DEFAULT NULL,
  `email` varchar(255) DEFAULT NULL,
  `address` text DEFAULT NULL,
  `position` varchar(255) NOT NULL,
  `join_date` date NOT NULL,
  `base_salary` decimal(12,2) NOT NULL DEFAULT 0.00,
  `status` enum('active','inactive') NOT NULL DEFAULT 'active',
  `created_at` timestamp NULL DEFAULT NULL,
  `updated_at` timestamp NULL DEFAULT NULL,
  PRIMARY KEY (`id`),
  UNIQUE KEY `employees_employee_id_unique` (`employee_id`)
) ENGINE=InnoDB AUTO_INCREMENT=17 DEFAULT CHARSET=utf8mb4 COLLATE=utf8mb4_unicode_ci;

-- Dumping data for table `employees`

INSERT INTO `employees` (`id`, `employee_id`, `name`, `gender`, `phone`, `email`, `address`, `position`, `join_date`, `base_salary`, `status`, `created_at`, `updated_at`) VALUES ('2', 'RK000001', 'BAMBANG SUROSO', 'L', '081366490500', 'surosolily0105@gmail.com', 'Jl. Mangkubumi Gg.Kencana No. 09, Gunung Agung . Langkapura - bandar Lampung', 'SUPERVISOR', '2019-01-01', '2700000.00', 'active', '2026-03-05 11:14:05', '2026-03-11 09:44:42');
INSERT INTO `employees` (`id`, `employee_id`, `name`, `gender`, `phone`, `email`, `address`, `position`, `join_date`, `base_salary`, `status`, `created_at`, `updated_at`) VALUES ('3', 'RK000003', 'FAJAR HERMAWAN', 'L', NULL, NULL, NULL, 'OPERATOR', '2023-03-21', '1800000.00', 'active', '2026-03-05 11:16:14', '2026-03-09 09:21:55');
INSERT INTO `employees` (`id`, `employee_id`, `name`, `gender`, `phone`, `email`, `address`, `position`, `join_date`, `base_salary`, `status`, `created_at`, `updated_at`) VALUES ('4', 'RK000004', 'ARI KURNIAWAN', 'L', NULL, NULL, NULL, 'OPERATOR', '2022-02-22', '1800000.00', 'active', '2026-03-05 11:17:42', '2026-03-09 09:33:17');
INSERT INTO `employees` (`id`, `employee_id`, `name`, `gender`, `phone`, `email`, `address`, `position`, `join_date`, `base_salary`, `status`, `created_at`, `updated_at`) VALUES ('5', 'RK000012', 'SHERLI ANDINI', 'P', NULL, NULL, 'JL. PLAU SINGKEP, PERUM PURI RUPI INDAH D2 NO 2. RT/RW:13/2', 'ADMIN', '2023-03-06', '2000000.00', 'active', '2026-03-05 11:21:04', '2026-03-09 09:41:25');
INSERT INTO `employees` (`id`, `employee_id`, `name`, `gender`, `phone`, `email`, `address`, `position`, `join_date`, `base_salary`, `status`, `created_at`, `updated_at`) VALUES ('6', 'RK000007', 'FADIL JUANSYAH', 'L', NULL, NULL, 'PERUMAHAN PERTAMA ASRI BLOCK C3 NO. 12 JATI AGUNG', 'TEAM DESAIN', '2020-08-01', '1800000.00', 'active', '2026-03-05 11:22:45', '2026-03-09 09:31:12');
INSERT INTO `employees` (`id`, `employee_id`, `name`, `gender`, `phone`, `email`, `address`, `position`, `join_date`, `base_salary`, `status`, `created_at`, `updated_at`) VALUES ('7', 'RK000005', 'AGUNG NUGROHO', 'L', '085731559701', NULL, 'JL. IKAN SEPAT GG. ABDUL HAMID NO. 39. PESAWARAN. TELUK BETUNG SELATAN', 'TEAM DESAIN', '2019-08-01', '1800000.00', 'active', '2026-03-05 11:25:33', '2026-03-09 09:28:55');
INSERT INTO `employees` (`id`, `employee_id`, `name`, `gender`, `phone`, `email`, `address`, `position`, `join_date`, `base_salary`, `status`, `created_at`, `updated_at`) VALUES ('8', 'RK000009', 'M ANGKASA MULUK', 'L', '089624614424', NULL, 'JL.MATA AIR KM.12, PINANG JAYA - KEMILING Bandar lampung', 'OPERATOR', '2022-02-07', '1800000.00', 'active', '2026-03-09 09:34:18', '2026-03-09 09:40:52');
INSERT INTO `employees` (`id`, `employee_id`, `name`, `gender`, `phone`, `email`, `address`, `position`, `join_date`, `base_salary`, `status`, `created_at`, `updated_at`) VALUES ('9', 'RK000013', 'RIO ARDIANSYAH', 'L', NULL, NULL, 'JL PURNAWIRAWAN RAYA NO 36 GUNUNG TERANG', 'WEB DEPELOPER', '2023-02-12', '1650000.00', 'active', '2026-03-09 09:51:30', '2026-03-09 09:51:30');
INSERT INTO `employees` (`id`, `employee_id`, `name`, `gender`, `phone`, `email`, `address`, `position`, `join_date`, `base_salary`, `status`, `created_at`, `updated_at`) VALUES ('10', 'RK000006', 'RADIUS PRAWIRO', 'L', NULL, NULL, 'DESA DURIAN KEC. PENINJAU', 'OPERATOR', '2019-06-01', '1800000.00', 'active', '2026-03-09 09:53:13', '2026-03-09 09:53:13');
INSERT INTO `employees` (`id`, `employee_id`, `name`, `gender`, `phone`, `email`, `address`, `position`, `join_date`, `base_salary`, `status`, `created_at`, `updated_at`) VALUES ('11', 'RK000014', 'HENDRA IRAWAN', 'L', NULL, NULL, 'JL.MATA AIR KM.12, PINANG JAYA - KEMILING', 'TEAM DESAIN', '2023-04-02', '1800000.00', 'active', '2026-03-09 09:59:14', '2026-03-09 09:59:14');
INSERT INTO `employees` (`id`, `employee_id`, `name`, `gender`, `phone`, `email`, `address`, `position`, `join_date`, `base_salary`, `status`, `created_at`, `updated_at`) VALUES ('12', 'RK000018', 'ARSY MAULANA IBRAHIM', 'L', NULL, NULL, 'GUNUNG TERANG', 'OPERATOR', '2024-05-01', '1800000.00', 'active', '2026-03-09 10:00:56', '2026-03-09 10:00:56');
INSERT INTO `employees` (`id`, `employee_id`, `name`, `gender`, `phone`, `email`, `address`, `position`, `join_date`, `base_salary`, `status`, `created_at`, `updated_at`) VALUES ('13', 'RK000019', 'AJI DWI PRASETYO', 'L', NULL, NULL, NULL, 'OPERATOR', '2024-05-01', '1800000.00', 'active', '2026-03-09 10:01:48', '2026-03-09 10:01:48');
INSERT INTO `employees` (`id`, `employee_id`, `name`, `gender`, `phone`, `email`, `address`, `position`, `join_date`, `base_salary`, `status`, `created_at`, `updated_at`) VALUES ('14', 'RK000020', 'MUHAMMAD NUR ADLI', 'L', NULL, NULL, 'BANDAR LAMPUNG', 'TEAM DESAIN', '2024-01-02', '1800000.00', 'active', '2026-03-09 10:04:10', '2026-03-09 10:04:10');
INSERT INTO `employees` (`id`, `employee_id`, `name`, `gender`, `phone`, `email`, `address`, `position`, `join_date`, `base_salary`, `status`, `created_at`, `updated_at`) VALUES ('15', 'RK000022', 'MUHAMMAD AZRUL', 'L', NULL, NULL, 'BANDAR LAMPUNG', 'FINISHING', '2024-08-19', '1800000.00', 'active', '2026-03-09 10:05:55', '2026-03-09 10:05:55');
INSERT INTO `employees` (`id`, `employee_id`, `name`, `gender`, `phone`, `email`, `address`, `position`, `join_date`, `base_salary`, `status`, `created_at`, `updated_at`) VALUES ('16', 'RK000023', 'RENTI MELANIA', 'P', NULL, NULL, NULL, 'COSTUMER SERVICE', '2025-01-09', '1650000.00', 'active', '2026-03-09 10:07:50', '2026-03-09 10:07:50');

-- --------------------------------------------------------
-- Table structure for table `expense_categories`
-- --------------------------------------------------------

CREATE TABLE `expense_categories` (
  `id` bigint(20) unsigned NOT NULL AUTO_INCREMENT,
  `name` varchar(255) NOT NULL,
  `description` text DEFAULT NULL,
  `is_active` tinyint(1) NOT NULL DEFAULT 1,
  `created_at` timestamp NULL DEFAULT NULL,
  `updated_at` timestamp NULL DEFAULT NULL,
  PRIMARY KEY (`id`)
) ENGINE=InnoDB AUTO_INCREMENT=19 DEFAULT CHARSET=utf8mb4 COLLATE=utf8mb4_unicode_ci;

-- Dumping data for table `expense_categories`

INSERT INTO `expense_categories` (`id`, `name`, `description`, `is_active`, `created_at`, `updated_at`) VALUES ('1', 'Listrik', 'Tagihan listrik bulanan', '1', '2026-02-09 13:27:05', '2026-02-09 13:27:05');
INSERT INTO `expense_categories` (`id`, `name`, `description`, `is_active`, `created_at`, `updated_at`) VALUES ('2', 'Token Listrik', 'Isi ulang token listrik', '1', '2026-02-09 13:27:05', '2026-02-09 13:27:05');
INSERT INTO `expense_categories` (`id`, `name`, `description`, `is_active`, `created_at`, `updated_at`) VALUES ('4', 'Internet', 'Tagihan internet/wifi', '1', '2026-02-09 13:27:05', '2026-02-09 13:27:05');
INSERT INTO `expense_categories` (`id`, `name`, `description`, `is_active`, `created_at`, `updated_at`) VALUES ('5', 'Kasbon Karyawan', 'Pinjaman karyawan', '1', '2026-02-09 13:27:05', '2026-02-09 13:27:05');
INSERT INTO `expense_categories` (`id`, `name`, `description`, `is_active`, `created_at`, `updated_at`) VALUES ('7', 'Bensin/Transport', 'Biaya transportasi dan bensin', '1', '2026-02-09 13:27:05', '2026-02-09 13:27:05');
INSERT INTO `expense_categories` (`id`, `name`, `description`, `is_active`, `created_at`, `updated_at`) VALUES ('8', 'Peralatan Kantor', 'ATK dan peralatan kecil', '1', '2026-02-09 13:27:05', '2026-02-09 13:27:05');
INSERT INTO `expense_categories` (`id`, `name`, `description`, `is_active`, `created_at`, `updated_at`) VALUES ('9', 'Maintenance Mesin', 'Perawatan mesin cetak', '1', '2026-02-09 13:27:05', '2026-02-09 13:27:05');
INSERT INTO `expense_categories` (`id`, `name`, `description`, `is_active`, `created_at`, `updated_at`) VALUES ('10', 'Sewa Tempat', 'Biaya sewa bulanan', '1', '2026-02-09 13:27:05', '2026-02-09 13:27:05');
INSERT INTO `expense_categories` (`id`, `name`, `description`, `is_active`, `created_at`, `updated_at`) VALUES ('11', 'Paket/Pengiriman', 'Ongkir dan COD', '1', '2026-02-09 13:27:05', '2026-02-09 13:27:05');
INSERT INTO `expense_categories` (`id`, `name`, `description`, `is_active`, `created_at`, `updated_at`) VALUES ('12', 'Ambil Modal', 'Penarikan modal pemilik', '1', '2026-02-09 13:27:05', '2026-02-09 13:27:05');
INSERT INTO `expense_categories` (`id`, `name`, `description`, `is_active`, `created_at`, `updated_at`) VALUES ('13', 'Lain-lain', 'Pengeluaran lainnya', '1', '2026-02-09 13:27:05', '2026-02-09 13:27:05');
INSERT INTO `expense_categories` (`id`, `name`, `description`, `is_active`, `created_at`, `updated_at`) VALUES ('14', 'Bayar Expedisi', 'Bayar Kuirir Pengiriman', '1', '2026-03-02 15:54:56', '2026-03-03 13:32:29');
INSERT INTO `expense_categories` (`id`, `name`, `description`, `is_active`, `created_at`, `updated_at`) VALUES ('15', 'Beli Air Mineral Galon', 'Kebutuhan toko', '1', '2026-03-02 16:02:30', '2026-03-03 13:32:52');
INSERT INTO `expense_categories` (`id`, `name`, `description`, `is_active`, `created_at`, `updated_at`) VALUES ('16', 'POTONG KERTAS', NULL, '1', '2026-03-06 11:16:49', '2026-03-06 11:16:49');
INSERT INTO `expense_categories` (`id`, `name`, `description`, `is_active`, `created_at`, `updated_at`) VALUES ('17', 'PENGEMBALIAN DANA KONSUMEN', NULL, '1', '2026-03-06 11:17:10', '2026-03-06 11:17:10');
INSERT INTO `expense_categories` (`id`, `name`, `description`, `is_active`, `created_at`, `updated_at`) VALUES ('18', 'UANG MAKAN LEMBUR', NULL, '1', '2026-03-10 16:38:03', '2026-03-10 16:38:03');

-- --------------------------------------------------------
-- Table structure for table `expenses`
-- --------------------------------------------------------

CREATE TABLE `expenses` (
  `id` bigint(20) unsigned NOT NULL AUTO_INCREMENT,
  `expense_category_id` bigint(20) unsigned NOT NULL,
  `amount` decimal(15,2) NOT NULL,
  `expense_date` date NOT NULL,
  `description` text DEFAULT NULL,
  `created_by` bigint(20) unsigned DEFAULT NULL,
  `created_at` timestamp NULL DEFAULT NULL,
  `updated_at` timestamp NULL DEFAULT NULL,
  PRIMARY KEY (`id`),
  KEY `expenses_expense_category_id_foreign` (`expense_category_id`),
  KEY `expenses_created_by_foreign` (`created_by`),
  CONSTRAINT `expenses_created_by_foreign` FOREIGN KEY (`created_by`) REFERENCES `users` (`id`) ON DELETE SET NULL,
  CONSTRAINT `expenses_expense_category_id_foreign` FOREIGN KEY (`expense_category_id`) REFERENCES `expense_categories` (`id`) ON DELETE CASCADE
) ENGINE=InnoDB AUTO_INCREMENT=76 DEFAULT CHARSET=utf8mb4 COLLATE=utf8mb4_unicode_ci;

-- Dumping data for table `expenses`

INSERT INTO `expenses` (`id`, `expense_category_id`, `amount`, `expense_date`, `description`, `created_by`, `created_at`, `updated_at`) VALUES ('2', '7', '14000.00', '2026-03-02', 'ONGKIR JURAGAN MAKANAN', '8', '2026-03-03 11:52:20', '2026-03-03 11:52:37');
INSERT INTO `expenses` (`id`, `expense_category_id`, `amount`, `expense_date`, `description`, `created_by`, `created_at`, `updated_at`) VALUES ('3', '7', '12000.00', '2026-03-02', 'BELI BENSIN MESIN', '8', '2026-03-03 11:53:10', '2026-03-03 11:53:10');
INSERT INTO `expenses` (`id`, `expense_category_id`, `amount`, `expense_date`, `description`, `created_by`, `created_at`, `updated_at`) VALUES ('4', '8', '120000.00', '2026-03-02', 'BELI KABEL MONITOR', '8', '2026-03-03 11:53:47', '2026-03-03 11:53:47');
INSERT INTO `expenses` (`id`, `expense_category_id`, `amount`, `expense_date`, `description`, `created_by`, `created_at`, `updated_at`) VALUES ('5', '13', '15000.00', '2026-03-02', 'POTONG KETAS MAGNET', '8', '2026-03-03 11:54:29', '2026-03-03 11:54:41');
INSERT INTO `expenses` (`id`, `expense_category_id`, `amount`, `expense_date`, `description`, `created_by`, `created_at`, `updated_at`) VALUES ('6', '7', '10000.00', '2026-03-02', 'ONGKIR SOMETHING', '8', '2026-03-03 11:55:17', '2026-03-03 11:55:17');
INSERT INTO `expenses` (`id`, `expense_category_id`, `amount`, `expense_date`, `description`, `created_by`, `created_at`, `updated_at`) VALUES ('7', '5', '30000.00', '2026-03-02', 'KASBON RADIUS', '16', '2026-03-03 15:50:06', '2026-03-03 15:50:06');
INSERT INTO `expenses` (`id`, `expense_category_id`, `amount`, `expense_date`, `description`, `created_by`, `created_at`, `updated_at`) VALUES ('8', '8', '497500.00', '2026-03-02', 'BELI PLASTIK', '16', '2026-03-03 15:50:46', '2026-03-03 15:50:46');
INSERT INTO `expenses` (`id`, `expense_category_id`, `amount`, `expense_date`, `description`, `created_by`, `created_at`, `updated_at`) VALUES ('9', '11', '50000.00', '2026-03-02', 'DAMRI ALI MUR', '16', '2026-03-03 15:51:21', '2026-03-03 15:51:21');
INSERT INTO `expenses` (`id`, `expense_category_id`, `amount`, `expense_date`, `description`, `created_by`, `created_at`, `updated_at`) VALUES ('10', '7', '20000.00', '2026-03-02', 'BENSIN RADIUS KIRIM PAKET', '16', '2026-03-03 15:51:46', '2026-03-03 15:51:46');
INSERT INTO `expenses` (`id`, `expense_category_id`, `amount`, `expense_date`, `description`, `created_by`, `created_at`, `updated_at`) VALUES ('11', '13', '30000.00', '2026-03-02', 'POTONG BAGUS RAMADI', '16', '2026-03-03 15:52:29', '2026-03-03 15:52:29');
INSERT INTO `expenses` (`id`, `expense_category_id`, `amount`, `expense_date`, `description`, `created_by`, `created_at`, `updated_at`) VALUES ('12', '14', '55000.00', '2026-03-02', 'ONGKIR BARAKA', '16', '2026-03-03 15:53:03', '2026-03-03 15:53:03');
INSERT INTO `expenses` (`id`, `expense_category_id`, `amount`, `expense_date`, `description`, `created_by`, `created_at`, `updated_at`) VALUES ('13', '13', '94000.00', '2026-03-03', 'BELI ID CARD 2 PACK', '16', '2026-03-03 15:53:38', '2026-03-03 15:53:38');
INSERT INTO `expenses` (`id`, `expense_category_id`, `amount`, `expense_date`, `description`, `created_by`, `created_at`, `updated_at`) VALUES ('14', '11', '10000.00', '2026-03-03', 'ONGKIR TENDA BIRU', '16', '2026-03-03 15:57:45', '2026-03-03 15:57:45');
INSERT INTO `expenses` (`id`, `expense_category_id`, `amount`, `expense_date`, `description`, `created_by`, `created_at`, `updated_at`) VALUES ('15', '13', '200000.00', '2026-03-03', 'UANG KEBERSIHAN', '16', '2026-03-03 16:03:06', '2026-03-03 16:03:06');
INSERT INTO `expenses` (`id`, `expense_category_id`, `amount`, `expense_date`, `description`, `created_by`, `created_at`, `updated_at`) VALUES ('16', '13', '20000.00', '2026-03-03', 'POTONG HERU TATAAN', '16', '2026-03-03 16:06:44', '2026-03-03 16:06:56');
INSERT INTO `expenses` (`id`, `expense_category_id`, `amount`, `expense_date`, `description`, `created_by`, `created_at`, `updated_at`) VALUES ('17', '13', '15000.00', '2026-03-03', 'POTONG TIMEZONE', '16', '2026-03-03 16:07:15', '2026-03-03 16:07:15');
INSERT INTO `expenses` (`id`, `expense_category_id`, `amount`, `expense_date`, `description`, `created_by`, `created_at`, `updated_at`) VALUES ('18', '13', '100000.00', '2026-03-03', 'KEAMANAN', '16', '2026-03-03 16:07:32', '2026-03-03 16:07:32');
INSERT INTO `expenses` (`id`, `expense_category_id`, `amount`, `expense_date`, `description`, `created_by`, `created_at`, `updated_at`) VALUES ('19', '13', '50000.00', '2026-03-04', 'bongkar bahan benner', '5', '2026-03-04 16:52:38', '2026-03-04 16:52:38');
INSERT INTO `expenses` (`id`, `expense_category_id`, `amount`, `expense_date`, `description`, `created_by`, `created_at`, `updated_at`) VALUES ('20', '13', '2500.00', '2026-03-04', 'kembalikan uang bocup kelebihan transfer', '5', '2026-03-04 16:53:24', '2026-03-04 16:56:52');
INSERT INTO `expenses` (`id`, `expense_category_id`, `amount`, `expense_date`, `description`, `created_by`, `created_at`, `updated_at`) VALUES ('21', '7', '20000.00', '2026-03-04', 'bensin radius', '5', '2026-03-04 16:54:06', '2026-03-04 16:54:06');
INSERT INTO `expenses` (`id`, `expense_category_id`, `amount`, `expense_date`, `description`, `created_by`, `created_at`, `updated_at`) VALUES ('22', '16', '15000.00', '2026-03-05', 'POTONG KERTAS DAFI', '16', '2026-03-06 11:47:44', '2026-03-06 14:41:21');
INSERT INTO `expenses` (`id`, `expense_category_id`, `amount`, `expense_date`, `description`, `created_by`, `created_at`, `updated_at`) VALUES ('24', '14', '10000.00', '2026-03-05', 'ONGKIR SISKA', '16', '2026-03-06 11:48:25', '2026-03-06 14:41:03');
INSERT INTO `expenses` (`id`, `expense_category_id`, `amount`, `expense_date`, `description`, `created_by`, `created_at`, `updated_at`) VALUES ('25', '8', '380000.00', '2026-03-05', 'BELI KERTAS SPK', '16', '2026-03-06 11:48:58', '2026-03-06 14:40:37');
INSERT INTO `expenses` (`id`, `expense_category_id`, `amount`, `expense_date`, `description`, `created_by`, `created_at`, `updated_at`) VALUES ('26', '17', '36000.00', '2026-03-05', 'LEBIH BAYAR JUAN METERAN', '16', '2026-03-06 11:49:32', '2026-03-06 14:40:51');
INSERT INTO `expenses` (`id`, `expense_category_id`, `amount`, `expense_date`, `description`, `created_by`, `created_at`, `updated_at`) VALUES ('27', '5', '44500.00', '2026-03-06', 'KASBON WAWAN', '16', '2026-03-06 14:41:56', '2026-03-06 14:41:56');
INSERT INTO `expenses` (`id`, `expense_category_id`, `amount`, `expense_date`, `description`, `created_by`, `created_at`, `updated_at`) VALUES ('28', '16', '15000.00', '2026-03-06', 'POTONG KERTAS HERU TATAAN', '16', '2026-03-06 14:42:19', '2026-03-06 14:42:19');
INSERT INTO `expenses` (`id`, `expense_category_id`, `amount`, `expense_date`, `description`, `created_by`, `created_at`, `updated_at`) VALUES ('29', '16', '15000.00', '2026-03-06', 'POTONG KERTAS TIMEZONE MBK', '16', '2026-03-06 14:42:50', '2026-03-06 14:42:50');
INSERT INTO `expenses` (`id`, `expense_category_id`, `amount`, `expense_date`, `description`, `created_by`, `created_at`, `updated_at`) VALUES ('30', '14', '10000.00', '2026-03-06', 'ONGKIR SOMETHING CO', '16', '2026-03-06 14:43:12', '2026-03-06 14:43:12');
INSERT INTO `expenses` (`id`, `expense_category_id`, `amount`, `expense_date`, `description`, `created_by`, `created_at`, `updated_at`) VALUES ('31', '16', '40000.00', '2026-03-06', 'POTONG KERTAS ADLI', '16', '2026-03-07 11:23:22', '2026-03-07 11:23:22');
INSERT INTO `expenses` (`id`, `expense_category_id`, `amount`, `expense_date`, `description`, `created_by`, `created_at`, `updated_at`) VALUES ('32', '16', '10000.00', '2026-03-07', 'POTONG KERTAS ALESHA', '16', '2026-03-07 15:34:57', '2026-03-07 15:34:57');
INSERT INTO `expenses` (`id`, `expense_category_id`, `amount`, `expense_date`, `description`, `created_by`, `created_at`, `updated_at`) VALUES ('33', '5', '27000.00', '2026-03-07', 'KASBON RADIUS', '16', '2026-03-07 15:35:17', '2026-03-07 15:35:17');
INSERT INTO `expenses` (`id`, `expense_category_id`, `amount`, `expense_date`, `description`, `created_by`, `created_at`, `updated_at`) VALUES ('34', '7', '10000.00', '2026-03-07', 'ONGKIR ARKA', '16', '2026-03-07 15:35:33', '2026-03-07 15:35:33');
INSERT INTO `expenses` (`id`, `expense_category_id`, `amount`, `expense_date`, `description`, `created_by`, `created_at`, `updated_at`) VALUES ('35', '5', '15000.00', '2026-03-07', 'KASBON HENDRA', '16', '2026-03-07 15:35:43', '2026-03-07 15:35:54');
INSERT INTO `expenses` (`id`, `expense_category_id`, `amount`, `expense_date`, `description`, `created_by`, `created_at`, `updated_at`) VALUES ('36', '5', '20000.00', '2026-03-07', 'KASBON ADLI', '16', '2026-03-07 15:36:10', '2026-03-07 15:36:10');
INSERT INTO `expenses` (`id`, `expense_category_id`, `amount`, `expense_date`, `description`, `created_by`, `created_at`, `updated_at`) VALUES ('37', '7', '20000.00', '2026-03-07', 'BENSIN RADIUS ANTAR PAKET', '16', '2026-03-07 15:36:38', '2026-03-07 15:36:38');
INSERT INTO `expenses` (`id`, `expense_category_id`, `amount`, `expense_date`, `description`, `created_by`, `created_at`, `updated_at`) VALUES ('38', '7', '20000.00', '2026-03-07', 'ONGKIR INDOMARCO', '16', '2026-03-09 13:21:07', '2026-03-09 13:21:07');
INSERT INTO `expenses` (`id`, `expense_category_id`, `amount`, `expense_date`, `description`, `created_by`, `created_at`, `updated_at`) VALUES ('39', '13', '453000.00', '2026-03-07', 'UANG GAJI FREELACE 3 HARI + LEMBUR 9 JAM', '16', '2026-03-09 13:21:51', '2026-03-09 13:21:51');
INSERT INTO `expenses` (`id`, `expense_category_id`, `amount`, `expense_date`, `description`, `created_by`, `created_at`, `updated_at`) VALUES ('40', '5', '35000.00', '2026-03-07', 'KASBON ABDUL ( POT KERTAS)', '16', '2026-03-09 13:22:23', '2026-03-09 13:22:23');
INSERT INTO `expenses` (`id`, `expense_category_id`, `amount`, `expense_date`, `description`, `created_by`, `created_at`, `updated_at`) VALUES ('41', '7', '10000.00', '2026-03-09', 'ONGKIR TRIA OKTAVIA', '16', '2026-03-09 13:22:58', '2026-03-09 13:22:58');
INSERT INTO `expenses` (`id`, `expense_category_id`, `amount`, `expense_date`, `description`, `created_by`, `created_at`, `updated_at`) VALUES ('42', '5', '100000.00', '2026-03-09', 'KASBON RADIUS', '16', '2026-03-10 15:59:35', '2026-03-10 15:59:35');
INSERT INTO `expenses` (`id`, `expense_category_id`, `amount`, `expense_date`, `description`, `created_by`, `created_at`, `updated_at`) VALUES ('43', '16', '15000.00', '2026-03-09', 'POTONG DESAIN BABE', '16', '2026-03-10 16:25:14', '2026-03-10 16:25:14');
INSERT INTO `expenses` (`id`, `expense_category_id`, `amount`, `expense_date`, `description`, `created_by`, `created_at`, `updated_at`) VALUES ('44', '5', '500000.00', '2026-03-09', 'KASBON KAK FAJAR', '16', '2026-03-10 16:26:05', '2026-03-10 16:26:05');
INSERT INTO `expenses` (`id`, `expense_category_id`, `amount`, `expense_date`, `description`, `created_by`, `created_at`, `updated_at`) VALUES ('45', '7', '20000.00', '2026-03-10', 'ONGKIR INDOMARCO', '16', '2026-03-10 16:26:42', '2026-03-10 16:26:42');
INSERT INTO `expenses` (`id`, `expense_category_id`, `amount`, `expense_date`, `description`, `created_by`, `created_at`, `updated_at`) VALUES ('46', '7', '50000.00', '2026-03-10', 'DAMRI ALI MUR', '16', '2026-03-10 16:28:14', '2026-03-10 16:28:14');
INSERT INTO `expenses` (`id`, `expense_category_id`, `amount`, `expense_date`, `description`, `created_by`, `created_at`, `updated_at`) VALUES ('47', '7', '8000.00', '2026-03-10', 'ONGKIR ZEA', '16', '2026-03-10 16:28:33', '2026-03-10 16:28:33');
INSERT INTO `expenses` (`id`, `expense_category_id`, `amount`, `expense_date`, `description`, `created_by`, `created_at`, `updated_at`) VALUES ('48', '7', '20000.00', '2026-03-10', 'BENSI ABDUL ANTAR PAKET', '16', '2026-03-10 16:28:55', '2026-03-10 16:28:55');
INSERT INTO `expenses` (`id`, `expense_category_id`, `amount`, `expense_date`, `description`, `created_by`, `created_at`, `updated_at`) VALUES ('49', '7', '10000.00', '2026-03-10', 'ONGKIR PRATAMA HADI', '16', '2026-03-10 16:37:32', '2026-03-10 16:37:32');
INSERT INTO `expenses` (`id`, `expense_category_id`, `amount`, `expense_date`, `description`, `created_by`, `created_at`, `updated_at`) VALUES ('50', '18', '60000.00', '2026-03-10', 'UANG MAKAN LEMBUR ADLI WAWAN MINGGU  DAN WAWAN HARI INI', '16', '2026-03-10 16:38:37', '2026-03-10 16:38:37');
INSERT INTO `expenses` (`id`, `expense_category_id`, `amount`, `expense_date`, `description`, `created_by`, `created_at`, `updated_at`) VALUES ('51', '13', '94000.00', '2026-03-11', 'BELI BAHAN ID CARD', '16', '2026-03-11 16:28:15', '2026-03-11 16:28:15');
INSERT INTO `expenses` (`id`, `expense_category_id`, `amount`, `expense_date`, `description`, `created_by`, `created_at`, `updated_at`) VALUES ('52', '8', '131000.00', '2026-03-11', 'BELI MATA CUTTING', '16', '2026-03-11 16:28:52', '2026-03-11 16:28:52');
INSERT INTO `expenses` (`id`, `expense_category_id`, `amount`, `expense_date`, `description`, `created_by`, `created_at`, `updated_at`) VALUES ('53', '5', '30000.00', '2026-03-11', 'POTONG CETAKAN BAMBANG SUROSO', '16', '2026-03-11 16:29:10', '2026-03-11 16:29:24');
INSERT INTO `expenses` (`id`, `expense_category_id`, `amount`, `expense_date`, `description`, `created_by`, `created_at`, `updated_at`) VALUES ('54', '16', '15000.00', '2026-03-11', 'POTONG HAFIDZ', '16', '2026-03-11 16:31:25', '2026-03-11 16:31:25');
INSERT INTO `expenses` (`id`, `expense_category_id`, `amount`, `expense_date`, `description`, `created_by`, `created_at`, `updated_at`) VALUES ('55', '7', '20000.00', '2026-03-11', 'BENSIN ABDUL', '16', '2026-03-11 16:32:02', '2026-03-11 16:32:02');
INSERT INTO `expenses` (`id`, `expense_category_id`, `amount`, `expense_date`, `description`, `created_by`, `created_at`, `updated_at`) VALUES ('56', '16', '30000.00', '2026-03-11', 'POTONG FELDI BEKTI', '16', '2026-03-11 16:32:25', '2026-03-11 16:32:25');
INSERT INTO `expenses` (`id`, `expense_category_id`, `amount`, `expense_date`, `description`, `created_by`, `created_at`, `updated_at`) VALUES ('57', '8', '59000.00', '2026-03-11', 'BELI KARET DAN PLASTIK KECIL', '16', '2026-03-11 16:32:46', '2026-03-11 16:32:46');
INSERT INTO `expenses` (`id`, `expense_category_id`, `amount`, `expense_date`, `description`, `created_by`, `created_at`, `updated_at`) VALUES ('58', '14', '7000.00', '2026-03-11', 'ONGKIR POLAROID', '16', '2026-03-11 16:33:16', '2026-03-11 16:33:16');
INSERT INTO `expenses` (`id`, `expense_category_id`, `amount`, `expense_date`, `description`, `created_by`, `created_at`, `updated_at`) VALUES ('59', '7', '20000.00', '2026-03-11', 'ONGKIR INDOMARCO', '16', '2026-03-11 16:33:36', '2026-03-11 16:33:36');
INSERT INTO `expenses` (`id`, `expense_category_id`, `amount`, `expense_date`, `description`, `created_by`, `created_at`, `updated_at`) VALUES ('60', '16', '15000.00', '2026-03-11', 'POTONG THOLIB', '16', '2026-03-11 16:33:50', '2026-03-11 16:33:50');
INSERT INTO `expenses` (`id`, `expense_category_id`, `amount`, `expense_date`, `description`, `created_by`, `created_at`, `updated_at`) VALUES ('61', '16', '25000.00', '2026-03-11', 'POTONG KERTAS RAFIF', '16', '2026-03-11 16:47:13', '2026-03-11 16:47:13');
INSERT INTO `expenses` (`id`, `expense_category_id`, `amount`, `expense_date`, `description`, `created_by`, `created_at`, `updated_at`) VALUES ('62', '5', '30000.00', '2026-03-12', 'KASBON ADLI', '16', '2026-03-13 09:31:03', '2026-03-13 09:31:03');
INSERT INTO `expenses` (`id`, `expense_category_id`, `amount`, `expense_date`, `description`, `created_by`, `created_at`, `updated_at`) VALUES ('63', '13', '45000.00', '2026-03-12', 'BAYAR BENDERA PAK AWANG', '16', '2026-03-13 09:31:22', '2026-03-13 09:31:22');
INSERT INTO `expenses` (`id`, `expense_category_id`, `amount`, `expense_date`, `description`, `created_by`, `created_at`, `updated_at`) VALUES ('64', '7', '20000.00', '2026-03-12', 'BENSIN ABDUL ANTAR PAKET', '16', '2026-03-13 09:31:40', '2026-03-13 09:31:40');
INSERT INTO `expenses` (`id`, `expense_category_id`, `amount`, `expense_date`, `description`, `created_by`, `created_at`, `updated_at`) VALUES ('65', '16', '60000.00', '2026-03-12', 'POTONG KERTAS HADIYATMA DAN CETAK CETIK  MASING2 30 RB', '16', '2026-03-13 09:32:33', '2026-03-13 09:32:33');
INSERT INTO `expenses` (`id`, `expense_category_id`, `amount`, `expense_date`, `description`, `created_by`, `created_at`, `updated_at`) VALUES ('66', '7', '25000.00', '2026-03-12', 'BAYAR ONGKIR CETAKAN TINGGAL ISTIQOMAH', '16', '2026-03-13 09:33:01', '2026-03-13 09:33:01');
INSERT INTO `expenses` (`id`, `expense_category_id`, `amount`, `expense_date`, `description`, `created_by`, `created_at`, `updated_at`) VALUES ('67', '17', '47000.00', '2026-03-13', 'KEMBALIKAN UANG AGUNG PRABOWO', '16', '2026-03-14 11:19:30', '2026-03-14 11:19:30');
INSERT INTO `expenses` (`id`, `expense_category_id`, `amount`, `expense_date`, `description`, `created_by`, `created_at`, `updated_at`) VALUES ('68', '7', '10500.00', '2026-03-13', 'ONGKIR TRIA OKTAVIA', '16', '2026-03-14 11:19:59', '2026-03-14 11:19:59');
INSERT INTO `expenses` (`id`, `expense_category_id`, `amount`, `expense_date`, `description`, `created_by`, `created_at`, `updated_at`) VALUES ('69', '13', '1000000.00', '2026-03-13', 'JASA KONTEN', '16', '2026-03-14 11:20:24', '2026-03-14 11:20:24');
INSERT INTO `expenses` (`id`, `expense_category_id`, `amount`, `expense_date`, `description`, `created_by`, `created_at`, `updated_at`) VALUES ('70', '7', '40000.00', '2026-03-13', 'ONGKIR INDOMARCO 2 KALI  12 DAN 13 MARET', '16', '2026-03-14 11:21:00', '2026-03-14 11:21:00');
INSERT INTO `expenses` (`id`, `expense_category_id`, `amount`, `expense_date`, `description`, `created_by`, `created_at`, `updated_at`) VALUES ('71', '18', '40000.00', '2026-03-13', 'LEMBUR ARSY DAN IYAN', '16', '2026-03-14 11:21:28', '2026-03-14 11:21:28');
INSERT INTO `expenses` (`id`, `expense_category_id`, `amount`, `expense_date`, `description`, `created_by`, `created_at`, `updated_at`) VALUES ('72', '5', '300000.00', '2026-03-13', 'KASBON WAWAN', '16', '2026-03-14 11:21:50', '2026-03-14 11:21:50');
INSERT INTO `expenses` (`id`, `expense_category_id`, `amount`, `expense_date`, `description`, `created_by`, `created_at`, `updated_at`) VALUES ('73', '16', '15000.00', '2026-03-13', 'POTONG KERTAS CETAKAN INDOMARCO', '16', '2026-03-14 11:22:22', '2026-03-14 11:22:22');
INSERT INTO `expenses` (`id`, `expense_category_id`, `amount`, `expense_date`, `description`, `created_by`, `created_at`, `updated_at`) VALUES ('74', '18', '100000.00', '2026-03-15', NULL, '2', '2026-03-15 14:02:19', '2026-03-15 14:02:19');
INSERT INTO `expenses` (`id`, `expense_category_id`, `amount`, `expense_date`, `description`, `created_by`, `created_at`, `updated_at`) VALUES ('75', '8', '1100000.00', '2026-03-15', NULL, '2', '2026-03-15 22:25:17', '2026-03-16 00:06:27');

-- --------------------------------------------------------
-- Table structure for table `failed_jobs`
-- --------------------------------------------------------

CREATE TABLE `failed_jobs` (
  `id` bigint(20) unsigned NOT NULL AUTO_INCREMENT,
  `uuid` varchar(255) NOT NULL,
  `connection` text NOT NULL,
  `queue` text NOT NULL,
  `payload` longtext NOT NULL,
  `exception` longtext NOT NULL,
  `failed_at` timestamp NOT NULL DEFAULT current_timestamp(),
  PRIMARY KEY (`id`),
  UNIQUE KEY `failed_jobs_uuid_unique` (`uuid`)
) ENGINE=InnoDB DEFAULT CHARSET=utf8mb4 COLLATE=utf8mb4_unicode_ci;

-- --------------------------------------------------------
-- Table structure for table `job_batches`
-- --------------------------------------------------------

CREATE TABLE `job_batches` (
  `id` varchar(255) NOT NULL,
  `name` varchar(255) NOT NULL,
  `total_jobs` int(11) NOT NULL,
  `pending_jobs` int(11) NOT NULL,
  `failed_jobs` int(11) NOT NULL,
  `failed_job_ids` longtext NOT NULL,
  `options` mediumtext DEFAULT NULL,
  `cancelled_at` int(11) DEFAULT NULL,
  `created_at` int(11) NOT NULL,
  `finished_at` int(11) DEFAULT NULL,
  PRIMARY KEY (`id`)
) ENGINE=InnoDB DEFAULT CHARSET=utf8mb4 COLLATE=utf8mb4_unicode_ci;

-- --------------------------------------------------------
-- Table structure for table `jobs`
-- --------------------------------------------------------

CREATE TABLE `jobs` (
  `id` bigint(20) unsigned NOT NULL AUTO_INCREMENT,
  `queue` varchar(255) NOT NULL,
  `payload` longtext NOT NULL,
  `attempts` tinyint(3) unsigned NOT NULL,
  `reserved_at` int(10) unsigned DEFAULT NULL,
  `available_at` int(10) unsigned NOT NULL,
  `created_at` int(10) unsigned NOT NULL,
  PRIMARY KEY (`id`),
  KEY `jobs_queue_index` (`queue`)
) ENGINE=InnoDB DEFAULT CHARSET=utf8mb4 COLLATE=utf8mb4_unicode_ci;

-- --------------------------------------------------------
-- Table structure for table `machine_material`
-- --------------------------------------------------------

CREATE TABLE `machine_material` (
  `id` bigint(20) unsigned NOT NULL AUTO_INCREMENT,
  `machine_id` bigint(20) unsigned NOT NULL,
  `material_id` bigint(20) unsigned NOT NULL,
  PRIMARY KEY (`id`),
  UNIQUE KEY `machine_material_machine_id_material_id_unique` (`machine_id`,`material_id`),
  KEY `machine_material_material_id_foreign` (`material_id`),
  CONSTRAINT `machine_material_machine_id_foreign` FOREIGN KEY (`machine_id`) REFERENCES `machines` (`id`) ON DELETE CASCADE,
  CONSTRAINT `machine_material_material_id_foreign` FOREIGN KEY (`material_id`) REFERENCES `materials` (`id`) ON DELETE CASCADE
) ENGINE=InnoDB AUTO_INCREMENT=21 DEFAULT CHARSET=utf8mb4 COLLATE=utf8mb4_unicode_ci;

-- Dumping data for table `machine_material`

INSERT INTO `machine_material` (`id`, `machine_id`, `material_id`) VALUES ('7', '1', '44');
INSERT INTO `machine_material` (`id`, `machine_id`, `material_id`) VALUES ('8', '1', '45');
INSERT INTO `machine_material` (`id`, `machine_id`, `material_id`) VALUES ('9', '1', '46');
INSERT INTO `machine_material` (`id`, `machine_id`, `material_id`) VALUES ('3', '1', '47');
INSERT INTO `machine_material` (`id`, `machine_id`, `material_id`) VALUES ('4', '1', '48');
INSERT INTO `machine_material` (`id`, `machine_id`, `material_id`) VALUES ('5', '1', '49');
INSERT INTO `machine_material` (`id`, `machine_id`, `material_id`) VALUES ('6', '1', '50');
INSERT INTO `machine_material` (`id`, `machine_id`, `material_id`) VALUES ('11', '1', '51');
INSERT INTO `machine_material` (`id`, `machine_id`, `material_id`) VALUES ('17', '1', '53');
INSERT INTO `machine_material` (`id`, `machine_id`, `material_id`) VALUES ('19', '1', '54');
INSERT INTO `machine_material` (`id`, `machine_id`, `material_id`) VALUES ('10', '1', '55');
INSERT INTO `machine_material` (`id`, `machine_id`, `material_id`) VALUES ('16', '1', '56');
INSERT INTO `machine_material` (`id`, `machine_id`, `material_id`) VALUES ('12', '1', '57');
INSERT INTO `machine_material` (`id`, `machine_id`, `material_id`) VALUES ('13', '1', '58');
INSERT INTO `machine_material` (`id`, `machine_id`, `material_id`) VALUES ('14', '1', '59');
INSERT INTO `machine_material` (`id`, `machine_id`, `material_id`) VALUES ('15', '1', '60');
INSERT INTO `machine_material` (`id`, `machine_id`, `material_id`) VALUES ('18', '1', '90');

-- --------------------------------------------------------
-- Table structure for table `machine_material_category`
-- --------------------------------------------------------

CREATE TABLE `machine_material_category` (
  `id` bigint(20) unsigned NOT NULL AUTO_INCREMENT,
  `machine_id` bigint(20) unsigned NOT NULL,
  `material_category_id` bigint(20) unsigned NOT NULL,
  PRIMARY KEY (`id`),
  UNIQUE KEY `machine_category_unique` (`machine_id`,`material_category_id`),
  KEY `machine_material_category_material_category_id_foreign` (`material_category_id`),
  CONSTRAINT `machine_material_category_machine_id_foreign` FOREIGN KEY (`machine_id`) REFERENCES `machines` (`id`) ON DELETE CASCADE,
  CONSTRAINT `machine_material_category_material_category_id_foreign` FOREIGN KEY (`material_category_id`) REFERENCES `material_categories` (`id`) ON DELETE CASCADE
) ENGINE=InnoDB AUTO_INCREMENT=2 DEFAULT CHARSET=utf8mb4 COLLATE=utf8mb4_unicode_ci;

-- Dumping data for table `machine_material_category`

INSERT INTO `machine_material_category` (`id`, `machine_id`, `material_category_id`) VALUES ('1', '1', '4');

-- --------------------------------------------------------
-- Table structure for table `machines`
-- --------------------------------------------------------

CREATE TABLE `machines` (
  `id` bigint(20) unsigned NOT NULL AUTO_INCREMENT,
  `name` varchar(255) NOT NULL,
  `description` varchar(255) DEFAULT NULL,
  `is_active` tinyint(1) NOT NULL DEFAULT 1,
  `cost_per_click` decimal(12,2) NOT NULL DEFAULT 0.00,
  `created_at` timestamp NULL DEFAULT NULL,
  `updated_at` timestamp NULL DEFAULT NULL,
  PRIMARY KEY (`id`)
) ENGINE=InnoDB AUTO_INCREMENT=2 DEFAULT CHARSET=utf8mb4 COLLATE=utf8mb4_unicode_ci;

-- Dumping data for table `machines`

INSERT INTO `machines` (`id`, `name`, `description`, `is_active`, `cost_per_click`, `created_at`, `updated_at`) VALUES ('1', 'Versant 3100 press', NULL, '1', '800.00', '2026-02-15 09:04:05', '2026-03-02 10:36:45');

-- --------------------------------------------------------
-- Table structure for table `material_categories`
-- --------------------------------------------------------

CREATE TABLE `material_categories` (
  `id` bigint(20) unsigned NOT NULL AUTO_INCREMENT,
  `name` varchar(255) NOT NULL,
  `description` varchar(255) DEFAULT NULL,
  `is_active` tinyint(1) NOT NULL DEFAULT 1,
  `created_at` timestamp NULL DEFAULT NULL,
  `updated_at` timestamp NULL DEFAULT NULL,
  PRIMARY KEY (`id`)
) ENGINE=InnoDB AUTO_INCREMENT=9 DEFAULT CHARSET=utf8mb4 COLLATE=utf8mb4_unicode_ci;

-- Dumping data for table `material_categories`

INSERT INTO `material_categories` (`id`, `name`, `description`, `is_active`, `created_at`, `updated_at`) VALUES ('1', 'Outdoor', 'Bahan banner dan spanduk', '1', '2026-02-09 13:27:05', '2026-02-12 21:19:34');
INSERT INTO `material_categories` (`id`, `name`, `description`, `is_active`, `created_at`, `updated_at`) VALUES ('2', 'Indoor', 'Berbagai jenis sticker meteran', '1', '2026-02-09 13:27:05', '2026-02-12 21:20:37');
INSERT INTO `material_categories` (`id`, `name`, `description`, `is_active`, `created_at`, `updated_at`) VALUES ('4', 'Versant', 'Art paper, HVS, karton', '1', '2026-02-09 13:27:05', '2026-02-12 21:19:57');
INSERT INTO `material_categories` (`id`, `name`, `description`, `is_active`, `created_at`, `updated_at`) VALUES ('7', 'Lainnya', 'Material lainnya', '1', '2026-02-09 13:27:05', '2026-02-09 13:27:05');
INSERT INTO `material_categories` (`id`, `name`, `description`, `is_active`, `created_at`, `updated_at`) VALUES ('8', 'Jasa', 'Semua jasa, jasa cutting besar/kecil , jasa finishing idcard dll.', '1', '2026-02-12 21:12:38', '2026-02-12 21:23:51');

-- --------------------------------------------------------
-- Table structure for table `material_prices`
-- --------------------------------------------------------

CREATE TABLE `material_prices` (
  `id` bigint(20) unsigned NOT NULL AUTO_INCREMENT,
  `material_id` bigint(20) unsigned NOT NULL,
  `member_type` enum('umum','studio') NOT NULL DEFAULT 'umum',
  `sisi` tinyint(4) NOT NULL DEFAULT 1 COMMENT 'Jumlah sisi cetak: 1 atau 2',
  `min_qty` int(11) NOT NULL DEFAULT 1 COMMENT 'Qty minimal (inclusive)',
  `max_qty` int(11) DEFAULT NULL COMMENT 'Qty maksimal (inclusive), null = unlimited',
  `price` decimal(15,2) NOT NULL DEFAULT 0.00,
  `created_at` timestamp NULL DEFAULT NULL,
  `updated_at` timestamp NULL DEFAULT NULL,
  PRIMARY KEY (`id`),
  KEY `material_prices_material_id_sisi_min_qty_index` (`material_id`,`sisi`,`min_qty`),
  CONSTRAINT `material_prices_material_id_foreign` FOREIGN KEY (`material_id`) REFERENCES `materials` (`id`) ON DELETE CASCADE
) ENGINE=InnoDB AUTO_INCREMENT=1015 DEFAULT CHARSET=utf8mb4 COLLATE=utf8mb4_unicode_ci;

-- Dumping data for table `material_prices`

INSERT INTO `material_prices` (`id`, `material_id`, `member_type`, `sisi`, `min_qty`, `max_qty`, `price`, `created_at`, `updated_at`) VALUES ('527', '79', 'umum', '1', '1', NULL, '160000.00', '2026-02-19 11:07:11', '2026-02-19 11:07:11');
INSERT INTO `material_prices` (`id`, `material_id`, `member_type`, `sisi`, `min_qty`, `max_qty`, `price`, `created_at`, `updated_at`) VALUES ('528', '79', 'studio', '1', '1', NULL, '160000.00', '2026-02-19 11:07:11', '2026-02-19 11:07:11');
INSERT INTO `material_prices` (`id`, `material_id`, `member_type`, `sisi`, `min_qty`, `max_qty`, `price`, `created_at`, `updated_at`) VALUES ('615', '47', 'umum', '1', '1', '25', '2600.00', '2026-03-01 09:24:30', '2026-03-01 09:24:30');
INSERT INTO `material_prices` (`id`, `material_id`, `member_type`, `sisi`, `min_qty`, `max_qty`, `price`, `created_at`, `updated_at`) VALUES ('616', '47', 'studio', '1', '1', '25', '2600.00', '2026-03-01 09:24:30', '2026-03-01 09:24:30');
INSERT INTO `material_prices` (`id`, `material_id`, `member_type`, `sisi`, `min_qty`, `max_qty`, `price`, `created_at`, `updated_at`) VALUES ('617', '47', 'umum', '1', '25', NULL, '2400.00', '2026-03-01 09:24:30', '2026-03-01 09:24:30');
INSERT INTO `material_prices` (`id`, `material_id`, `member_type`, `sisi`, `min_qty`, `max_qty`, `price`, `created_at`, `updated_at`) VALUES ('618', '47', 'studio', '1', '25', NULL, '2400.00', '2026-03-01 09:24:30', '2026-03-01 09:24:30');
INSERT INTO `material_prices` (`id`, `material_id`, `member_type`, `sisi`, `min_qty`, `max_qty`, `price`, `created_at`, `updated_at`) VALUES ('619', '47', 'umum', '2', '1', '25', '3800.00', '2026-03-01 09:24:30', '2026-03-01 09:24:30');
INSERT INTO `material_prices` (`id`, `material_id`, `member_type`, `sisi`, `min_qty`, `max_qty`, `price`, `created_at`, `updated_at`) VALUES ('620', '47', 'studio', '2', '1', '25', '3800.00', '2026-03-01 09:24:30', '2026-03-01 09:24:30');
INSERT INTO `material_prices` (`id`, `material_id`, `member_type`, `sisi`, `min_qty`, `max_qty`, `price`, `created_at`, `updated_at`) VALUES ('621', '47', 'umum', '2', '25', NULL, '3600.00', '2026-03-01 09:24:30', '2026-03-01 09:24:30');
INSERT INTO `material_prices` (`id`, `material_id`, `member_type`, `sisi`, `min_qty`, `max_qty`, `price`, `created_at`, `updated_at`) VALUES ('622', '47', 'studio', '2', '25', NULL, '3600.00', '2026-03-01 09:24:30', '2026-03-01 09:24:30');
INSERT INTO `material_prices` (`id`, `material_id`, `member_type`, `sisi`, `min_qty`, `max_qty`, `price`, `created_at`, `updated_at`) VALUES ('623', '48', 'umum', '1', '1', '25', '2700.00', '2026-03-01 09:24:43', '2026-03-01 09:24:43');
INSERT INTO `material_prices` (`id`, `material_id`, `member_type`, `sisi`, `min_qty`, `max_qty`, `price`, `created_at`, `updated_at`) VALUES ('624', '48', 'studio', '1', '1', '25', '2700.00', '2026-03-01 09:24:43', '2026-03-01 09:24:43');
INSERT INTO `material_prices` (`id`, `material_id`, `member_type`, `sisi`, `min_qty`, `max_qty`, `price`, `created_at`, `updated_at`) VALUES ('625', '48', 'umum', '1', '25', NULL, '2500.00', '2026-03-01 09:24:43', '2026-03-01 09:24:43');
INSERT INTO `material_prices` (`id`, `material_id`, `member_type`, `sisi`, `min_qty`, `max_qty`, `price`, `created_at`, `updated_at`) VALUES ('626', '48', 'studio', '1', '25', NULL, '2500.00', '2026-03-01 09:24:43', '2026-03-01 09:24:43');
INSERT INTO `material_prices` (`id`, `material_id`, `member_type`, `sisi`, `min_qty`, `max_qty`, `price`, `created_at`, `updated_at`) VALUES ('627', '48', 'umum', '2', '1', '25', '3900.00', '2026-03-01 09:24:43', '2026-03-01 09:24:43');
INSERT INTO `material_prices` (`id`, `material_id`, `member_type`, `sisi`, `min_qty`, `max_qty`, `price`, `created_at`, `updated_at`) VALUES ('628', '48', 'studio', '2', '1', '25', '3900.00', '2026-03-01 09:24:43', '2026-03-01 09:24:43');
INSERT INTO `material_prices` (`id`, `material_id`, `member_type`, `sisi`, `min_qty`, `max_qty`, `price`, `created_at`, `updated_at`) VALUES ('629', '48', 'umum', '2', '25', NULL, '3700.00', '2026-03-01 09:24:43', '2026-03-01 09:24:43');
INSERT INTO `material_prices` (`id`, `material_id`, `member_type`, `sisi`, `min_qty`, `max_qty`, `price`, `created_at`, `updated_at`) VALUES ('630', '48', 'studio', '2', '25', NULL, '3700.00', '2026-03-01 09:24:43', '2026-03-01 09:24:43');
INSERT INTO `material_prices` (`id`, `material_id`, `member_type`, `sisi`, `min_qty`, `max_qty`, `price`, `created_at`, `updated_at`) VALUES ('631', '49', 'umum', '1', '1', '25', '2900.00', '2026-03-01 09:24:54', '2026-03-01 09:24:54');
INSERT INTO `material_prices` (`id`, `material_id`, `member_type`, `sisi`, `min_qty`, `max_qty`, `price`, `created_at`, `updated_at`) VALUES ('632', '49', 'studio', '1', '1', '25', '2900.00', '2026-03-01 09:24:54', '2026-03-01 09:24:54');
INSERT INTO `material_prices` (`id`, `material_id`, `member_type`, `sisi`, `min_qty`, `max_qty`, `price`, `created_at`, `updated_at`) VALUES ('633', '49', 'umum', '1', '25', NULL, '2700.00', '2026-03-01 09:24:54', '2026-03-01 09:24:54');
INSERT INTO `material_prices` (`id`, `material_id`, `member_type`, `sisi`, `min_qty`, `max_qty`, `price`, `created_at`, `updated_at`) VALUES ('634', '49', 'studio', '1', '25', NULL, '2700.00', '2026-03-01 09:24:54', '2026-03-01 09:24:54');
INSERT INTO `material_prices` (`id`, `material_id`, `member_type`, `sisi`, `min_qty`, `max_qty`, `price`, `created_at`, `updated_at`) VALUES ('635', '49', 'umum', '2', '1', '25', '4100.00', '2026-03-01 09:24:54', '2026-03-01 09:24:54');
INSERT INTO `material_prices` (`id`, `material_id`, `member_type`, `sisi`, `min_qty`, `max_qty`, `price`, `created_at`, `updated_at`) VALUES ('636', '49', 'studio', '2', '1', '25', '4100.00', '2026-03-01 09:24:54', '2026-03-01 09:24:54');
INSERT INTO `material_prices` (`id`, `material_id`, `member_type`, `sisi`, `min_qty`, `max_qty`, `price`, `created_at`, `updated_at`) VALUES ('637', '49', 'umum', '2', '25', NULL, '3900.00', '2026-03-01 09:24:54', '2026-03-01 09:24:54');
INSERT INTO `material_prices` (`id`, `material_id`, `member_type`, `sisi`, `min_qty`, `max_qty`, `price`, `created_at`, `updated_at`) VALUES ('638', '49', 'studio', '2', '25', NULL, '3900.00', '2026-03-01 09:24:54', '2026-03-01 09:24:54');
INSERT INTO `material_prices` (`id`, `material_id`, `member_type`, `sisi`, `min_qty`, `max_qty`, `price`, `created_at`, `updated_at`) VALUES ('639', '50', 'umum', '1', '1', '25', '3300.00', '2026-03-01 09:25:09', '2026-03-01 09:25:09');
INSERT INTO `material_prices` (`id`, `material_id`, `member_type`, `sisi`, `min_qty`, `max_qty`, `price`, `created_at`, `updated_at`) VALUES ('640', '50', 'studio', '1', '1', '25', '3300.00', '2026-03-01 09:25:09', '2026-03-01 09:25:09');
INSERT INTO `material_prices` (`id`, `material_id`, `member_type`, `sisi`, `min_qty`, `max_qty`, `price`, `created_at`, `updated_at`) VALUES ('641', '50', 'umum', '1', '25', NULL, '3100.00', '2026-03-01 09:25:09', '2026-03-01 09:25:09');
INSERT INTO `material_prices` (`id`, `material_id`, `member_type`, `sisi`, `min_qty`, `max_qty`, `price`, `created_at`, `updated_at`) VALUES ('642', '50', 'studio', '1', '25', NULL, '3100.00', '2026-03-01 09:25:09', '2026-03-01 09:25:09');
INSERT INTO `material_prices` (`id`, `material_id`, `member_type`, `sisi`, `min_qty`, `max_qty`, `price`, `created_at`, `updated_at`) VALUES ('643', '50', 'umum', '2', '1', '25', '4100.00', '2026-03-01 09:25:09', '2026-03-01 09:25:09');
INSERT INTO `material_prices` (`id`, `material_id`, `member_type`, `sisi`, `min_qty`, `max_qty`, `price`, `created_at`, `updated_at`) VALUES ('644', '50', 'studio', '2', '1', '25', '4100.00', '2026-03-01 09:25:09', '2026-03-01 09:25:09');
INSERT INTO `material_prices` (`id`, `material_id`, `member_type`, `sisi`, `min_qty`, `max_qty`, `price`, `created_at`, `updated_at`) VALUES ('645', '50', 'umum', '2', '25', NULL, '3900.00', '2026-03-01 09:25:09', '2026-03-01 09:25:09');
INSERT INTO `material_prices` (`id`, `material_id`, `member_type`, `sisi`, `min_qty`, `max_qty`, `price`, `created_at`, `updated_at`) VALUES ('646', '50', 'studio', '2', '25', NULL, '3900.00', '2026-03-01 09:25:09', '2026-03-01 09:25:09');
INSERT INTO `material_prices` (`id`, `material_id`, `member_type`, `sisi`, `min_qty`, `max_qty`, `price`, `created_at`, `updated_at`) VALUES ('677', '55', 'umum', '1', '1', '25', '3000.00', '2026-03-01 09:26:22', '2026-03-01 09:26:22');
INSERT INTO `material_prices` (`id`, `material_id`, `member_type`, `sisi`, `min_qty`, `max_qty`, `price`, `created_at`, `updated_at`) VALUES ('678', '55', 'studio', '1', '1', '25', '3000.00', '2026-03-01 09:26:22', '2026-03-01 09:26:22');
INSERT INTO `material_prices` (`id`, `material_id`, `member_type`, `sisi`, `min_qty`, `max_qty`, `price`, `created_at`, `updated_at`) VALUES ('679', '55', 'umum', '1', '25', NULL, '2800.00', '2026-03-01 09:26:22', '2026-03-01 09:26:22');
INSERT INTO `material_prices` (`id`, `material_id`, `member_type`, `sisi`, `min_qty`, `max_qty`, `price`, `created_at`, `updated_at`) VALUES ('680', '55', 'studio', '1', '25', NULL, '2800.00', '2026-03-01 09:26:22', '2026-03-01 09:26:22');
INSERT INTO `material_prices` (`id`, `material_id`, `member_type`, `sisi`, `min_qty`, `max_qty`, `price`, `created_at`, `updated_at`) VALUES ('681', '55', 'umum', '2', '1', '25', '4200.00', '2026-03-01 09:26:22', '2026-03-01 09:26:22');
INSERT INTO `material_prices` (`id`, `material_id`, `member_type`, `sisi`, `min_qty`, `max_qty`, `price`, `created_at`, `updated_at`) VALUES ('682', '55', 'studio', '2', '1', '25', '4200.00', '2026-03-01 09:26:22', '2026-03-01 09:26:22');
INSERT INTO `material_prices` (`id`, `material_id`, `member_type`, `sisi`, `min_qty`, `max_qty`, `price`, `created_at`, `updated_at`) VALUES ('683', '55', 'umum', '2', '25', NULL, '4000.00', '2026-03-01 09:26:22', '2026-03-01 09:26:22');
INSERT INTO `material_prices` (`id`, `material_id`, `member_type`, `sisi`, `min_qty`, `max_qty`, `price`, `created_at`, `updated_at`) VALUES ('684', '55', 'studio', '2', '25', NULL, '4000.00', '2026-03-01 09:26:22', '2026-03-01 09:26:22');
INSERT INTO `material_prices` (`id`, `material_id`, `member_type`, `sisi`, `min_qty`, `max_qty`, `price`, `created_at`, `updated_at`) VALUES ('685', '89', 'umum', '1', '1', NULL, '70000.00', '2026-03-01 09:26:39', '2026-03-01 09:26:39');
INSERT INTO `material_prices` (`id`, `material_id`, `member_type`, `sisi`, `min_qty`, `max_qty`, `price`, `created_at`, `updated_at`) VALUES ('686', '89', 'studio', '1', '1', NULL, '70000.00', '2026-03-01 09:26:39', '2026-03-01 09:26:39');
INSERT INTO `material_prices` (`id`, `material_id`, `member_type`, `sisi`, `min_qty`, `max_qty`, `price`, `created_at`, `updated_at`) VALUES ('687', '77', 'umum', '1', '1', NULL, '145000.00', '2026-03-01 09:26:50', '2026-03-01 09:26:50');
INSERT INTO `material_prices` (`id`, `material_id`, `member_type`, `sisi`, `min_qty`, `max_qty`, `price`, `created_at`, `updated_at`) VALUES ('688', '77', 'studio', '1', '1', NULL, '145000.00', '2026-03-01 09:26:50', '2026-03-01 09:26:50');
INSERT INTO `material_prices` (`id`, `material_id`, `member_type`, `sisi`, `min_qty`, `max_qty`, `price`, `created_at`, `updated_at`) VALUES ('689', '76', 'umum', '1', '1', NULL, '25000.00', '2026-03-01 09:27:07', '2026-03-01 09:27:07');
INSERT INTO `material_prices` (`id`, `material_id`, `member_type`, `sisi`, `min_qty`, `max_qty`, `price`, `created_at`, `updated_at`) VALUES ('690', '76', 'studio', '1', '1', NULL, '25000.00', '2026-03-01 09:27:07', '2026-03-01 09:27:07');
INSERT INTO `material_prices` (`id`, `material_id`, `member_type`, `sisi`, `min_qty`, `max_qty`, `price`, `created_at`, `updated_at`) VALUES ('691', '54', 'umum', '1', '1', '25', '3000.00', '2026-03-01 09:27:23', '2026-03-01 09:27:23');
INSERT INTO `material_prices` (`id`, `material_id`, `member_type`, `sisi`, `min_qty`, `max_qty`, `price`, `created_at`, `updated_at`) VALUES ('692', '54', 'studio', '1', '1', '25', '3000.00', '2026-03-01 09:27:23', '2026-03-01 09:27:23');
INSERT INTO `material_prices` (`id`, `material_id`, `member_type`, `sisi`, `min_qty`, `max_qty`, `price`, `created_at`, `updated_at`) VALUES ('693', '54', 'umum', '1', '25', NULL, '2800.00', '2026-03-01 09:27:23', '2026-03-01 09:27:23');
INSERT INTO `material_prices` (`id`, `material_id`, `member_type`, `sisi`, `min_qty`, `max_qty`, `price`, `created_at`, `updated_at`) VALUES ('694', '54', 'studio', '1', '25', NULL, '2800.00', '2026-03-01 09:27:23', '2026-03-01 09:27:23');
INSERT INTO `material_prices` (`id`, `material_id`, `member_type`, `sisi`, `min_qty`, `max_qty`, `price`, `created_at`, `updated_at`) VALUES ('695', '54', 'umum', '2', '1', '25', '4000.00', '2026-03-01 09:27:23', '2026-03-01 09:27:23');
INSERT INTO `material_prices` (`id`, `material_id`, `member_type`, `sisi`, `min_qty`, `max_qty`, `price`, `created_at`, `updated_at`) VALUES ('696', '54', 'studio', '2', '1', '25', '4000.00', '2026-03-01 09:27:23', '2026-03-01 09:27:23');
INSERT INTO `material_prices` (`id`, `material_id`, `member_type`, `sisi`, `min_qty`, `max_qty`, `price`, `created_at`, `updated_at`) VALUES ('697', '54', 'umum', '2', '25', NULL, '3800.00', '2026-03-01 09:27:23', '2026-03-01 09:27:23');
INSERT INTO `material_prices` (`id`, `material_id`, `member_type`, `sisi`, `min_qty`, `max_qty`, `price`, `created_at`, `updated_at`) VALUES ('698', '54', 'studio', '2', '25', NULL, '3800.00', '2026-03-01 09:27:23', '2026-03-01 09:27:23');
INSERT INTO `material_prices` (`id`, `material_id`, `member_type`, `sisi`, `min_qty`, `max_qty`, `price`, `created_at`, `updated_at`) VALUES ('715', '78', 'umum', '1', '1', NULL, '130000.00', '2026-03-01 09:29:36', '2026-03-01 09:29:36');
INSERT INTO `material_prices` (`id`, `material_id`, `member_type`, `sisi`, `min_qty`, `max_qty`, `price`, `created_at`, `updated_at`) VALUES ('716', '78', 'studio', '1', '1', NULL, '130000.00', '2026-03-01 09:29:36', '2026-03-01 09:29:36');
INSERT INTO `material_prices` (`id`, `material_id`, `member_type`, `sisi`, `min_qty`, `max_qty`, `price`, `created_at`, `updated_at`) VALUES ('717', '102', 'umum', '1', '1', NULL, '800000.00', '2026-03-01 09:29:48', '2026-03-01 09:29:48');
INSERT INTO `material_prices` (`id`, `material_id`, `member_type`, `sisi`, `min_qty`, `max_qty`, `price`, `created_at`, `updated_at`) VALUES ('718', '102', 'studio', '1', '1', NULL, '800000.00', '2026-03-01 09:29:48', '2026-03-01 09:29:48');
INSERT INTO `material_prices` (`id`, `material_id`, `member_type`, `sisi`, `min_qty`, `max_qty`, `price`, `created_at`, `updated_at`) VALUES ('719', '85', 'umum', '1', '1', NULL, '15000.00', '2026-03-01 09:30:07', '2026-03-01 09:30:07');
INSERT INTO `material_prices` (`id`, `material_id`, `member_type`, `sisi`, `min_qty`, `max_qty`, `price`, `created_at`, `updated_at`) VALUES ('720', '85', 'studio', '1', '1', NULL, '15000.00', '2026-03-01 09:30:07', '2026-03-01 09:30:07');
INSERT INTO `material_prices` (`id`, `material_id`, `member_type`, `sisi`, `min_qty`, `max_qty`, `price`, `created_at`, `updated_at`) VALUES ('723', '86', 'umum', '1', '1', NULL, '25000.00', '2026-03-01 09:31:00', '2026-03-01 09:31:00');
INSERT INTO `material_prices` (`id`, `material_id`, `member_type`, `sisi`, `min_qty`, `max_qty`, `price`, `created_at`, `updated_at`) VALUES ('724', '86', 'studio', '1', '1', NULL, '25000.00', '2026-03-01 09:31:00', '2026-03-01 09:31:00');
INSERT INTO `material_prices` (`id`, `material_id`, `member_type`, `sisi`, `min_qty`, `max_qty`, `price`, `created_at`, `updated_at`) VALUES ('725', '88', 'umum', '1', '1', NULL, '45000.00', '2026-03-01 09:31:20', '2026-03-01 09:31:20');
INSERT INTO `material_prices` (`id`, `material_id`, `member_type`, `sisi`, `min_qty`, `max_qty`, `price`, `created_at`, `updated_at`) VALUES ('726', '88', 'studio', '1', '1', NULL, '45000.00', '2026-03-01 09:31:20', '2026-03-01 09:31:20');
INSERT INTO `material_prices` (`id`, `material_id`, `member_type`, `sisi`, `min_qty`, `max_qty`, `price`, `created_at`, `updated_at`) VALUES ('727', '87', 'umum', '1', '1', NULL, '30000.00', '2026-03-01 09:31:39', '2026-03-01 09:31:39');
INSERT INTO `material_prices` (`id`, `material_id`, `member_type`, `sisi`, `min_qty`, `max_qty`, `price`, `created_at`, `updated_at`) VALUES ('728', '87', 'studio', '1', '1', NULL, '30000.00', '2026-03-01 09:31:39', '2026-03-01 09:31:39');
INSERT INTO `material_prices` (`id`, `material_id`, `member_type`, `sisi`, `min_qty`, `max_qty`, `price`, `created_at`, `updated_at`) VALUES ('729', '51', 'umum', '1', '1', '25', '1800.00', '2026-03-01 09:31:59', '2026-03-01 09:31:59');
INSERT INTO `material_prices` (`id`, `material_id`, `member_type`, `sisi`, `min_qty`, `max_qty`, `price`, `created_at`, `updated_at`) VALUES ('730', '51', 'studio', '1', '1', '25', '1800.00', '2026-03-01 09:31:59', '2026-03-01 09:31:59');
INSERT INTO `material_prices` (`id`, `material_id`, `member_type`, `sisi`, `min_qty`, `max_qty`, `price`, `created_at`, `updated_at`) VALUES ('731', '51', 'umum', '1', '25', NULL, '1600.00', '2026-03-01 09:31:59', '2026-03-01 09:31:59');
INSERT INTO `material_prices` (`id`, `material_id`, `member_type`, `sisi`, `min_qty`, `max_qty`, `price`, `created_at`, `updated_at`) VALUES ('732', '51', 'studio', '1', '25', NULL, '1600.00', '2026-03-01 09:31:59', '2026-03-01 09:31:59');
INSERT INTO `material_prices` (`id`, `material_id`, `member_type`, `sisi`, `min_qty`, `max_qty`, `price`, `created_at`, `updated_at`) VALUES ('733', '51', 'umum', '2', '1', '25', '3000.00', '2026-03-01 09:31:59', '2026-03-01 09:31:59');
INSERT INTO `material_prices` (`id`, `material_id`, `member_type`, `sisi`, `min_qty`, `max_qty`, `price`, `created_at`, `updated_at`) VALUES ('734', '51', 'studio', '2', '1', '25', '3000.00', '2026-03-01 09:31:59', '2026-03-01 09:31:59');
INSERT INTO `material_prices` (`id`, `material_id`, `member_type`, `sisi`, `min_qty`, `max_qty`, `price`, `created_at`, `updated_at`) VALUES ('735', '51', 'umum', '2', '25', NULL, '2800.00', '2026-03-01 09:31:59', '2026-03-01 09:31:59');
INSERT INTO `material_prices` (`id`, `material_id`, `member_type`, `sisi`, `min_qty`, `max_qty`, `price`, `created_at`, `updated_at`) VALUES ('736', '51', 'studio', '2', '25', NULL, '2800.00', '2026-03-01 09:31:59', '2026-03-01 09:31:59');
INSERT INTO `material_prices` (`id`, `material_id`, `member_type`, `sisi`, `min_qty`, `max_qty`, `price`, `created_at`, `updated_at`) VALUES ('737', '75', 'umum', '1', '1', NULL, '100000.00', '2026-03-01 09:32:20', '2026-03-01 09:32:20');
INSERT INTO `material_prices` (`id`, `material_id`, `member_type`, `sisi`, `min_qty`, `max_qty`, `price`, `created_at`, `updated_at`) VALUES ('738', '75', 'studio', '1', '1', NULL, '100000.00', '2026-03-01 09:32:20', '2026-03-01 09:32:20');
INSERT INTO `material_prices` (`id`, `material_id`, `member_type`, `sisi`, `min_qty`, `max_qty`, `price`, `created_at`, `updated_at`) VALUES ('739', '90', 'umum', '1', '1', '25', '1800.00', '2026-03-01 09:32:52', '2026-03-01 09:32:52');
INSERT INTO `material_prices` (`id`, `material_id`, `member_type`, `sisi`, `min_qty`, `max_qty`, `price`, `created_at`, `updated_at`) VALUES ('740', '90', 'studio', '1', '1', '25', '1800.00', '2026-03-01 09:32:52', '2026-03-01 09:32:52');
INSERT INTO `material_prices` (`id`, `material_id`, `member_type`, `sisi`, `min_qty`, `max_qty`, `price`, `created_at`, `updated_at`) VALUES ('741', '90', 'umum', '1', '25', NULL, '1600.00', '2026-03-01 09:32:52', '2026-03-01 09:32:52');
INSERT INTO `material_prices` (`id`, `material_id`, `member_type`, `sisi`, `min_qty`, `max_qty`, `price`, `created_at`, `updated_at`) VALUES ('742', '90', 'studio', '1', '25', NULL, '1600.00', '2026-03-01 09:32:52', '2026-03-01 09:32:52');
INSERT INTO `material_prices` (`id`, `material_id`, `member_type`, `sisi`, `min_qty`, `max_qty`, `price`, `created_at`, `updated_at`) VALUES ('743', '90', 'umum', '2', '1', '25', '3000.00', '2026-03-01 09:32:52', '2026-03-01 09:32:52');
INSERT INTO `material_prices` (`id`, `material_id`, `member_type`, `sisi`, `min_qty`, `max_qty`, `price`, `created_at`, `updated_at`) VALUES ('744', '90', 'studio', '2', '1', '25', '3000.00', '2026-03-01 09:32:52', '2026-03-01 09:32:52');
INSERT INTO `material_prices` (`id`, `material_id`, `member_type`, `sisi`, `min_qty`, `max_qty`, `price`, `created_at`, `updated_at`) VALUES ('745', '90', 'umum', '2', '25', NULL, '2800.00', '2026-03-01 09:32:52', '2026-03-01 09:32:52');
INSERT INTO `material_prices` (`id`, `material_id`, `member_type`, `sisi`, `min_qty`, `max_qty`, `price`, `created_at`, `updated_at`) VALUES ('746', '90', 'studio', '2', '25', NULL, '2800.00', '2026-03-01 09:32:52', '2026-03-01 09:32:52');
INSERT INTO `material_prices` (`id`, `material_id`, `member_type`, `sisi`, `min_qty`, `max_qty`, `price`, `created_at`, `updated_at`) VALUES ('747', '97', 'umum', '1', '1', NULL, '15000.00', '2026-03-01 09:33:29', '2026-03-01 09:33:29');
INSERT INTO `material_prices` (`id`, `material_id`, `member_type`, `sisi`, `min_qty`, `max_qty`, `price`, `created_at`, `updated_at`) VALUES ('748', '97', 'studio', '1', '1', NULL, '15000.00', '2026-03-01 09:33:29', '2026-03-01 09:33:29');
INSERT INTO `material_prices` (`id`, `material_id`, `member_type`, `sisi`, `min_qty`, `max_qty`, `price`, `created_at`, `updated_at`) VALUES ('749', '69', 'umum', '1', '1', '25', '2500.00', '2026-03-01 09:33:56', '2026-03-01 09:33:56');
INSERT INTO `material_prices` (`id`, `material_id`, `member_type`, `sisi`, `min_qty`, `max_qty`, `price`, `created_at`, `updated_at`) VALUES ('750', '69', 'studio', '1', '1', '25', '2500.00', '2026-03-01 09:33:56', '2026-03-01 09:33:56');
INSERT INTO `material_prices` (`id`, `material_id`, `member_type`, `sisi`, `min_qty`, `max_qty`, `price`, `created_at`, `updated_at`) VALUES ('751', '69', 'umum', '1', '25', NULL, '2300.00', '2026-03-01 09:33:56', '2026-03-01 09:33:56');
INSERT INTO `material_prices` (`id`, `material_id`, `member_type`, `sisi`, `min_qty`, `max_qty`, `price`, `created_at`, `updated_at`) VALUES ('752', '69', 'studio', '1', '25', NULL, '2300.00', '2026-03-01 09:33:56', '2026-03-01 09:33:56');
INSERT INTO `material_prices` (`id`, `material_id`, `member_type`, `sisi`, `min_qty`, `max_qty`, `price`, `created_at`, `updated_at`) VALUES ('753', '95', 'umum', '1', '1', NULL, '15000.00', '2026-03-01 09:34:20', '2026-03-01 09:34:20');
INSERT INTO `material_prices` (`id`, `material_id`, `member_type`, `sisi`, `min_qty`, `max_qty`, `price`, `created_at`, `updated_at`) VALUES ('754', '95', 'studio', '1', '1', NULL, '15000.00', '2026-03-01 09:34:20', '2026-03-01 09:34:20');
INSERT INTO `material_prices` (`id`, `material_id`, `member_type`, `sisi`, `min_qty`, `max_qty`, `price`, `created_at`, `updated_at`) VALUES ('771', '52', 'umum', '1', '1', '25', '2800.00', '2026-03-01 09:40:41', '2026-03-01 09:40:41');
INSERT INTO `material_prices` (`id`, `material_id`, `member_type`, `sisi`, `min_qty`, `max_qty`, `price`, `created_at`, `updated_at`) VALUES ('772', '52', 'studio', '1', '1', '25', '2800.00', '2026-03-01 09:40:41', '2026-03-01 09:40:41');
INSERT INTO `material_prices` (`id`, `material_id`, `member_type`, `sisi`, `min_qty`, `max_qty`, `price`, `created_at`, `updated_at`) VALUES ('773', '52', 'umum', '1', '25', NULL, '2600.00', '2026-03-01 09:40:41', '2026-03-01 09:40:41');
INSERT INTO `material_prices` (`id`, `material_id`, `member_type`, `sisi`, `min_qty`, `max_qty`, `price`, `created_at`, `updated_at`) VALUES ('774', '52', 'studio', '1', '25', NULL, '2600.00', '2026-03-01 09:40:41', '2026-03-01 09:40:41');
INSERT INTO `material_prices` (`id`, `material_id`, `member_type`, `sisi`, `min_qty`, `max_qty`, `price`, `created_at`, `updated_at`) VALUES ('775', '52', 'umum', '2', '1', '25', '4000.00', '2026-03-01 09:40:41', '2026-03-01 09:40:41');
INSERT INTO `material_prices` (`id`, `material_id`, `member_type`, `sisi`, `min_qty`, `max_qty`, `price`, `created_at`, `updated_at`) VALUES ('776', '52', 'studio', '2', '1', '25', '4000.00', '2026-03-01 09:40:41', '2026-03-01 09:40:41');
INSERT INTO `material_prices` (`id`, `material_id`, `member_type`, `sisi`, `min_qty`, `max_qty`, `price`, `created_at`, `updated_at`) VALUES ('777', '52', 'umum', '2', '25', NULL, '3800.00', '2026-03-01 09:40:41', '2026-03-01 09:40:41');
INSERT INTO `material_prices` (`id`, `material_id`, `member_type`, `sisi`, `min_qty`, `max_qty`, `price`, `created_at`, `updated_at`) VALUES ('778', '52', 'studio', '2', '25', NULL, '3800.00', '2026-03-01 09:40:41', '2026-03-01 09:40:41');
INSERT INTO `material_prices` (`id`, `material_id`, `member_type`, `sisi`, `min_qty`, `max_qty`, `price`, `created_at`, `updated_at`) VALUES ('809', '53', 'umum', '1', '1', '25', '3200.00', '2026-03-01 09:43:45', '2026-03-01 09:43:45');
INSERT INTO `material_prices` (`id`, `material_id`, `member_type`, `sisi`, `min_qty`, `max_qty`, `price`, `created_at`, `updated_at`) VALUES ('810', '53', 'studio', '1', '1', '25', '3200.00', '2026-03-01 09:43:45', '2026-03-01 09:43:45');
INSERT INTO `material_prices` (`id`, `material_id`, `member_type`, `sisi`, `min_qty`, `max_qty`, `price`, `created_at`, `updated_at`) VALUES ('811', '53', 'umum', '1', '25', NULL, '3000.00', '2026-03-01 09:43:45', '2026-03-01 09:43:45');
INSERT INTO `material_prices` (`id`, `material_id`, `member_type`, `sisi`, `min_qty`, `max_qty`, `price`, `created_at`, `updated_at`) VALUES ('812', '53', 'studio', '1', '25', NULL, '3000.00', '2026-03-01 09:43:45', '2026-03-01 09:43:45');
INSERT INTO `material_prices` (`id`, `material_id`, `member_type`, `sisi`, `min_qty`, `max_qty`, `price`, `created_at`, `updated_at`) VALUES ('813', '53', 'umum', '2', '1', '25', '4200.00', '2026-03-01 09:43:45', '2026-03-01 09:43:45');
INSERT INTO `material_prices` (`id`, `material_id`, `member_type`, `sisi`, `min_qty`, `max_qty`, `price`, `created_at`, `updated_at`) VALUES ('814', '53', 'studio', '2', '1', '25', '4200.00', '2026-03-01 09:43:45', '2026-03-01 09:43:45');
INSERT INTO `material_prices` (`id`, `material_id`, `member_type`, `sisi`, `min_qty`, `max_qty`, `price`, `created_at`, `updated_at`) VALUES ('815', '53', 'umum', '2', '25', NULL, '4000.00', '2026-03-01 09:43:45', '2026-03-01 09:43:45');
INSERT INTO `material_prices` (`id`, `material_id`, `member_type`, `sisi`, `min_qty`, `max_qty`, `price`, `created_at`, `updated_at`) VALUES ('816', '53', 'studio', '2', '25', NULL, '4000.00', '2026-03-01 09:43:45', '2026-03-01 09:43:45');
INSERT INTO `material_prices` (`id`, `material_id`, `member_type`, `sisi`, `min_qty`, `max_qty`, `price`, `created_at`, `updated_at`) VALUES ('817', '63', 'umum', '1', '1', NULL, '115000.00', '2026-03-01 09:44:11', '2026-03-01 09:44:11');
INSERT INTO `material_prices` (`id`, `material_id`, `member_type`, `sisi`, `min_qty`, `max_qty`, `price`, `created_at`, `updated_at`) VALUES ('818', '63', 'studio', '1', '1', NULL, '115000.00', '2026-03-01 09:44:11', '2026-03-01 09:44:11');
INSERT INTO `material_prices` (`id`, `material_id`, `member_type`, `sisi`, `min_qty`, `max_qty`, `price`, `created_at`, `updated_at`) VALUES ('827', '59', 'umum', '1', '1', '25', '8100.00', '2026-03-01 10:07:25', '2026-03-01 10:07:25');
INSERT INTO `material_prices` (`id`, `material_id`, `member_type`, `sisi`, `min_qty`, `max_qty`, `price`, `created_at`, `updated_at`) VALUES ('828', '59', 'studio', '1', '1', '25', '8100.00', '2026-03-01 10:07:25', '2026-03-01 10:07:25');
INSERT INTO `material_prices` (`id`, `material_id`, `member_type`, `sisi`, `min_qty`, `max_qty`, `price`, `created_at`, `updated_at`) VALUES ('829', '59', 'umum', '1', '25', NULL, '7900.00', '2026-03-01 10:07:25', '2026-03-01 10:07:25');
INSERT INTO `material_prices` (`id`, `material_id`, `member_type`, `sisi`, `min_qty`, `max_qty`, `price`, `created_at`, `updated_at`) VALUES ('830', '59', 'studio', '1', '25', NULL, '7900.00', '2026-03-01 10:07:25', '2026-03-01 10:07:25');
INSERT INTO `material_prices` (`id`, `material_id`, `member_type`, `sisi`, `min_qty`, `max_qty`, `price`, `created_at`, `updated_at`) VALUES ('841', '58', 'umum', '1', '1', '25', '3300.00', '2026-03-01 10:09:28', '2026-03-01 10:09:28');
INSERT INTO `material_prices` (`id`, `material_id`, `member_type`, `sisi`, `min_qty`, `max_qty`, `price`, `created_at`, `updated_at`) VALUES ('842', '58', 'studio', '1', '1', '25', '3300.00', '2026-03-01 10:09:28', '2026-03-01 10:09:28');
INSERT INTO `material_prices` (`id`, `material_id`, `member_type`, `sisi`, `min_qty`, `max_qty`, `price`, `created_at`, `updated_at`) VALUES ('843', '58', 'umum', '1', '25', NULL, '3100.00', '2026-03-01 10:09:28', '2026-03-01 10:09:28');
INSERT INTO `material_prices` (`id`, `material_id`, `member_type`, `sisi`, `min_qty`, `max_qty`, `price`, `created_at`, `updated_at`) VALUES ('844', '58', 'studio', '1', '25', NULL, '3100.00', '2026-03-01 10:09:28', '2026-03-01 10:09:28');
INSERT INTO `material_prices` (`id`, `material_id`, `member_type`, `sisi`, `min_qty`, `max_qty`, `price`, `created_at`, `updated_at`) VALUES ('849', '56', 'umum', '1', '1', '25', '7000.00', '2026-03-01 10:10:34', '2026-03-01 10:10:34');
INSERT INTO `material_prices` (`id`, `material_id`, `member_type`, `sisi`, `min_qty`, `max_qty`, `price`, `created_at`, `updated_at`) VALUES ('850', '56', 'studio', '1', '1', '25', '7000.00', '2026-03-01 10:10:34', '2026-03-01 10:10:34');
INSERT INTO `material_prices` (`id`, `material_id`, `member_type`, `sisi`, `min_qty`, `max_qty`, `price`, `created_at`, `updated_at`) VALUES ('861', '57', 'umum', '1', '1', '25', '3300.00', '2026-03-01 10:18:31', '2026-03-01 10:18:31');
INSERT INTO `material_prices` (`id`, `material_id`, `member_type`, `sisi`, `min_qty`, `max_qty`, `price`, `created_at`, `updated_at`) VALUES ('862', '57', 'studio', '1', '1', '25', '3300.00', '2026-03-01 10:18:31', '2026-03-01 10:18:31');
INSERT INTO `material_prices` (`id`, `material_id`, `member_type`, `sisi`, `min_qty`, `max_qty`, `price`, `created_at`, `updated_at`) VALUES ('863', '57', 'umum', '1', '25', NULL, '3100.00', '2026-03-01 10:18:31', '2026-03-01 10:18:31');
INSERT INTO `material_prices` (`id`, `material_id`, `member_type`, `sisi`, `min_qty`, `max_qty`, `price`, `created_at`, `updated_at`) VALUES ('864', '57', 'studio', '1', '25', NULL, '3100.00', '2026-03-01 10:18:31', '2026-03-01 10:18:31');
INSERT INTO `material_prices` (`id`, `material_id`, `member_type`, `sisi`, `min_qty`, `max_qty`, `price`, `created_at`, `updated_at`) VALUES ('869', '92', 'umum', '1', '1', '25', '2500.00', '2026-03-02 15:16:13', '2026-03-02 15:16:13');
INSERT INTO `material_prices` (`id`, `material_id`, `member_type`, `sisi`, `min_qty`, `max_qty`, `price`, `created_at`, `updated_at`) VALUES ('870', '92', 'studio', '1', '1', '25', '2500.00', '2026-03-02 15:16:13', '2026-03-02 15:16:13');
INSERT INTO `material_prices` (`id`, `material_id`, `member_type`, `sisi`, `min_qty`, `max_qty`, `price`, `created_at`, `updated_at`) VALUES ('873', '91', 'umum', '1', '1', '25', '2500.00', '2026-03-02 15:16:34', '2026-03-02 15:16:34');
INSERT INTO `material_prices` (`id`, `material_id`, `member_type`, `sisi`, `min_qty`, `max_qty`, `price`, `created_at`, `updated_at`) VALUES ('874', '91', 'studio', '1', '1', '25', '2500.00', '2026-03-02 15:16:34', '2026-03-02 15:16:34');
INSERT INTO `material_prices` (`id`, `material_id`, `member_type`, `sisi`, `min_qty`, `max_qty`, `price`, `created_at`, `updated_at`) VALUES ('877', '60', 'umum', '1', '1', '25', '8100.00', '2026-03-03 11:33:48', '2026-03-03 11:33:48');
INSERT INTO `material_prices` (`id`, `material_id`, `member_type`, `sisi`, `min_qty`, `max_qty`, `price`, `created_at`, `updated_at`) VALUES ('878', '60', 'studio', '1', '1', '25', '8100.00', '2026-03-03 11:33:48', '2026-03-03 11:33:48');
INSERT INTO `material_prices` (`id`, `material_id`, `member_type`, `sisi`, `min_qty`, `max_qty`, `price`, `created_at`, `updated_at`) VALUES ('879', '60', 'umum', '1', '25', NULL, '7900.00', '2026-03-03 11:33:48', '2026-03-03 11:33:48');
INSERT INTO `material_prices` (`id`, `material_id`, `member_type`, `sisi`, `min_qty`, `max_qty`, `price`, `created_at`, `updated_at`) VALUES ('880', '60', 'studio', '1', '25', NULL, '7900.00', '2026-03-03 11:33:48', '2026-03-03 11:33:48');
INSERT INTO `material_prices` (`id`, `material_id`, `member_type`, `sisi`, `min_qty`, `max_qty`, `price`, `created_at`, `updated_at`) VALUES ('881', '67', 'umum', '1', '1', '25', '1500.00', '2026-03-04 10:41:11', '2026-03-04 10:41:11');
INSERT INTO `material_prices` (`id`, `material_id`, `member_type`, `sisi`, `min_qty`, `max_qty`, `price`, `created_at`, `updated_at`) VALUES ('882', '67', 'studio', '1', '1', '25', '1500.00', '2026-03-04 10:41:11', '2026-03-04 10:41:11');
INSERT INTO `material_prices` (`id`, `material_id`, `member_type`, `sisi`, `min_qty`, `max_qty`, `price`, `created_at`, `updated_at`) VALUES ('883', '67', 'umum', '2', '1', '25', '3000.00', '2026-03-04 10:41:11', '2026-03-04 10:41:11');
INSERT INTO `material_prices` (`id`, `material_id`, `member_type`, `sisi`, `min_qty`, `max_qty`, `price`, `created_at`, `updated_at`) VALUES ('884', '67', 'studio', '2', '1', '25', '3000.00', '2026-03-04 10:41:11', '2026-03-04 10:41:11');
INSERT INTO `material_prices` (`id`, `material_id`, `member_type`, `sisi`, `min_qty`, `max_qty`, `price`, `created_at`, `updated_at`) VALUES ('885', '68', 'umum', '1', '1', '25', '1500.00', '2026-03-04 10:41:45', '2026-03-04 10:41:45');
INSERT INTO `material_prices` (`id`, `material_id`, `member_type`, `sisi`, `min_qty`, `max_qty`, `price`, `created_at`, `updated_at`) VALUES ('886', '68', 'studio', '1', '1', '25', '1500.00', '2026-03-04 10:41:45', '2026-03-04 10:41:45');
INSERT INTO `material_prices` (`id`, `material_id`, `member_type`, `sisi`, `min_qty`, `max_qty`, `price`, `created_at`, `updated_at`) VALUES ('887', '68', 'umum', '2', '1', '25', '3000.00', '2026-03-04 10:41:45', '2026-03-04 10:41:45');
INSERT INTO `material_prices` (`id`, `material_id`, `member_type`, `sisi`, `min_qty`, `max_qty`, `price`, `created_at`, `updated_at`) VALUES ('888', '68', 'studio', '2', '1', '25', '3000.00', '2026-03-04 10:41:45', '2026-03-04 10:41:45');
INSERT INTO `material_prices` (`id`, `material_id`, `member_type`, `sisi`, `min_qty`, `max_qty`, `price`, `created_at`, `updated_at`) VALUES ('889', '94', 'umum', '1', '1', NULL, '2000.00', '2026-03-04 10:42:11', '2026-03-04 10:42:11');
INSERT INTO `material_prices` (`id`, `material_id`, `member_type`, `sisi`, `min_qty`, `max_qty`, `price`, `created_at`, `updated_at`) VALUES ('890', '94', 'studio', '1', '1', NULL, '2000.00', '2026-03-04 10:42:11', '2026-03-04 10:42:11');
INSERT INTO `material_prices` (`id`, `material_id`, `member_type`, `sisi`, `min_qty`, `max_qty`, `price`, `created_at`, `updated_at`) VALUES ('891', '62', 'umum', '1', '1', NULL, '115000.00', '2026-03-05 11:59:41', '2026-03-05 11:59:41');
INSERT INTO `material_prices` (`id`, `material_id`, `member_type`, `sisi`, `min_qty`, `max_qty`, `price`, `created_at`, `updated_at`) VALUES ('892', '62', 'studio', '1', '1', NULL, '115000.00', '2026-03-05 11:59:41', '2026-03-05 11:59:41');
INSERT INTO `material_prices` (`id`, `material_id`, `member_type`, `sisi`, `min_qty`, `max_qty`, `price`, `created_at`, `updated_at`) VALUES ('895', '80', 'umum', '1', '1', NULL, '50000.00', '2026-03-05 12:09:40', '2026-03-05 12:09:40');
INSERT INTO `material_prices` (`id`, `material_id`, `member_type`, `sisi`, `min_qty`, `max_qty`, `price`, `created_at`, `updated_at`) VALUES ('896', '80', 'studio', '1', '1', NULL, '50000.00', '2026-03-05 12:09:40', '2026-03-05 12:09:40');
INSERT INTO `material_prices` (`id`, `material_id`, `member_type`, `sisi`, `min_qty`, `max_qty`, `price`, `created_at`, `updated_at`) VALUES ('899', '82', 'umum', '1', '1', NULL, '15000.00', '2026-03-05 12:12:45', '2026-03-05 12:12:45');
INSERT INTO `material_prices` (`id`, `material_id`, `member_type`, `sisi`, `min_qty`, `max_qty`, `price`, `created_at`, `updated_at`) VALUES ('900', '82', 'studio', '1', '1', NULL, '15000.00', '2026-03-05 12:12:45', '2026-03-05 12:12:45');
INSERT INTO `material_prices` (`id`, `material_id`, `member_type`, `sisi`, `min_qty`, `max_qty`, `price`, `created_at`, `updated_at`) VALUES ('901', '81', 'umum', '1', '1', NULL, '15000.00', '2026-03-05 12:12:50', '2026-03-05 12:12:50');
INSERT INTO `material_prices` (`id`, `material_id`, `member_type`, `sisi`, `min_qty`, `max_qty`, `price`, `created_at`, `updated_at`) VALUES ('902', '81', 'studio', '1', '1', NULL, '15000.00', '2026-03-05 12:12:50', '2026-03-05 12:12:50');
INSERT INTO `material_prices` (`id`, `material_id`, `member_type`, `sisi`, `min_qty`, `max_qty`, `price`, `created_at`, `updated_at`) VALUES ('903', '65', 'umum', '1', '1', NULL, '130000.00', '2026-03-05 12:13:03', '2026-03-05 12:13:03');
INSERT INTO `material_prices` (`id`, `material_id`, `member_type`, `sisi`, `min_qty`, `max_qty`, `price`, `created_at`, `updated_at`) VALUES ('904', '65', 'studio', '1', '1', NULL, '130000.00', '2026-03-05 12:13:03', '2026-03-05 12:13:03');
INSERT INTO `material_prices` (`id`, `material_id`, `member_type`, `sisi`, `min_qty`, `max_qty`, `price`, `created_at`, `updated_at`) VALUES ('911', '74', 'umum', '1', '1', NULL, '125000.00', '2026-03-05 12:14:21', '2026-03-05 12:14:21');
INSERT INTO `material_prices` (`id`, `material_id`, `member_type`, `sisi`, `min_qty`, `max_qty`, `price`, `created_at`, `updated_at`) VALUES ('912', '74', 'studio', '1', '1', NULL, '125000.00', '2026-03-05 12:14:21', '2026-03-05 12:14:21');
INSERT INTO `material_prices` (`id`, `material_id`, `member_type`, `sisi`, `min_qty`, `max_qty`, `price`, `created_at`, `updated_at`) VALUES ('913', '70', 'umum', '1', '1', NULL, '35000.00', '2026-03-05 12:14:27', '2026-03-05 12:14:27');
INSERT INTO `material_prices` (`id`, `material_id`, `member_type`, `sisi`, `min_qty`, `max_qty`, `price`, `created_at`, `updated_at`) VALUES ('914', '70', 'studio', '1', '1', NULL, '35000.00', '2026-03-05 12:14:27', '2026-03-05 12:14:27');
INSERT INTO `material_prices` (`id`, `material_id`, `member_type`, `sisi`, `min_qty`, `max_qty`, `price`, `created_at`, `updated_at`) VALUES ('915', '71', 'umum', '1', '1', NULL, '45000.00', '2026-03-05 12:14:33', '2026-03-05 12:14:33');
INSERT INTO `material_prices` (`id`, `material_id`, `member_type`, `sisi`, `min_qty`, `max_qty`, `price`, `created_at`, `updated_at`) VALUES ('916', '71', 'studio', '1', '1', NULL, '45000.00', '2026-03-05 12:14:33', '2026-03-05 12:14:33');
INSERT INTO `material_prices` (`id`, `material_id`, `member_type`, `sisi`, `min_qty`, `max_qty`, `price`, `created_at`, `updated_at`) VALUES ('917', '64', 'umum', '1', '1', NULL, '150000.00', '2026-03-05 12:14:53', '2026-03-05 12:14:53');
INSERT INTO `material_prices` (`id`, `material_id`, `member_type`, `sisi`, `min_qty`, `max_qty`, `price`, `created_at`, `updated_at`) VALUES ('918', '64', 'studio', '1', '1', NULL, '150000.00', '2026-03-05 12:14:53', '2026-03-05 12:14:53');
INSERT INTO `material_prices` (`id`, `material_id`, `member_type`, `sisi`, `min_qty`, `max_qty`, `price`, `created_at`, `updated_at`) VALUES ('919', '66', 'umum', '1', '1', NULL, '95000.00', '2026-03-05 12:15:00', '2026-03-05 12:15:00');
INSERT INTO `material_prices` (`id`, `material_id`, `member_type`, `sisi`, `min_qty`, `max_qty`, `price`, `created_at`, `updated_at`) VALUES ('920', '66', 'studio', '1', '1', NULL, '95000.00', '2026-03-05 12:15:00', '2026-03-05 12:15:00');
INSERT INTO `material_prices` (`id`, `material_id`, `member_type`, `sisi`, `min_qty`, `max_qty`, `price`, `created_at`, `updated_at`) VALUES ('923', '93', 'umum', '1', '1', NULL, '700.00', '2026-03-05 12:17:21', '2026-03-05 12:17:21');
INSERT INTO `material_prices` (`id`, `material_id`, `member_type`, `sisi`, `min_qty`, `max_qty`, `price`, `created_at`, `updated_at`) VALUES ('924', '93', 'studio', '1', '1', NULL, '700.00', '2026-03-05 12:17:21', '2026-03-05 12:17:21');
INSERT INTO `material_prices` (`id`, `material_id`, `member_type`, `sisi`, `min_qty`, `max_qty`, `price`, `created_at`, `updated_at`) VALUES ('925', '99', 'umum', '1', '1', NULL, '10000.00', '2026-03-05 13:09:56', '2026-03-05 13:09:56');
INSERT INTO `material_prices` (`id`, `material_id`, `member_type`, `sisi`, `min_qty`, `max_qty`, `price`, `created_at`, `updated_at`) VALUES ('926', '99', 'studio', '1', '1', NULL, '10000.00', '2026-03-05 13:09:56', '2026-03-05 13:09:56');
INSERT INTO `material_prices` (`id`, `material_id`, `member_type`, `sisi`, `min_qty`, `max_qty`, `price`, `created_at`, `updated_at`) VALUES ('927', '98', 'umum', '1', '1', NULL, '10000.00', '2026-03-05 13:10:26', '2026-03-05 13:10:26');
INSERT INTO `material_prices` (`id`, `material_id`, `member_type`, `sisi`, `min_qty`, `max_qty`, `price`, `created_at`, `updated_at`) VALUES ('928', '98', 'studio', '1', '1', NULL, '100000.00', '2026-03-05 13:10:26', '2026-03-05 13:10:26');
INSERT INTO `material_prices` (`id`, `material_id`, `member_type`, `sisi`, `min_qty`, `max_qty`, `price`, `created_at`, `updated_at`) VALUES ('929', '100', 'umum', '1', '1', NULL, '15000.00', '2026-03-05 16:34:38', '2026-03-05 16:34:38');
INSERT INTO `material_prices` (`id`, `material_id`, `member_type`, `sisi`, `min_qty`, `max_qty`, `price`, `created_at`, `updated_at`) VALUES ('930', '100', 'studio', '1', '1', NULL, '15000.00', '2026-03-05 16:34:38', '2026-03-05 16:34:38');
INSERT INTO `material_prices` (`id`, `material_id`, `member_type`, `sisi`, `min_qty`, `max_qty`, `price`, `created_at`, `updated_at`) VALUES ('937', '44', 'umum', '1', '1', '25', '2200.00', '2026-03-07 11:35:44', '2026-03-07 11:35:44');
INSERT INTO `material_prices` (`id`, `material_id`, `member_type`, `sisi`, `min_qty`, `max_qty`, `price`, `created_at`, `updated_at`) VALUES ('938', '44', 'studio', '1', '1', '25', '2200.00', '2026-03-07 11:35:44', '2026-03-07 11:35:44');
INSERT INTO `material_prices` (`id`, `material_id`, `member_type`, `sisi`, `min_qty`, `max_qty`, `price`, `created_at`, `updated_at`) VALUES ('939', '44', 'umum', '1', '25', NULL, '2000.00', '2026-03-07 11:35:44', '2026-03-07 11:35:44');
INSERT INTO `material_prices` (`id`, `material_id`, `member_type`, `sisi`, `min_qty`, `max_qty`, `price`, `created_at`, `updated_at`) VALUES ('940', '44', 'studio', '1', '25', NULL, '2000.00', '2026-03-07 11:35:44', '2026-03-07 11:35:44');
INSERT INTO `material_prices` (`id`, `material_id`, `member_type`, `sisi`, `min_qty`, `max_qty`, `price`, `created_at`, `updated_at`) VALUES ('941', '44', 'umum', '2', '1', '25', '3400.00', '2026-03-07 11:35:44', '2026-03-07 11:35:44');
INSERT INTO `material_prices` (`id`, `material_id`, `member_type`, `sisi`, `min_qty`, `max_qty`, `price`, `created_at`, `updated_at`) VALUES ('942', '44', 'studio', '2', '1', '25', '3400.00', '2026-03-07 11:35:44', '2026-03-07 11:35:44');
INSERT INTO `material_prices` (`id`, `material_id`, `member_type`, `sisi`, `min_qty`, `max_qty`, `price`, `created_at`, `updated_at`) VALUES ('943', '44', 'umum', '2', '25', NULL, '3200.00', '2026-03-07 11:35:44', '2026-03-07 11:35:44');
INSERT INTO `material_prices` (`id`, `material_id`, `member_type`, `sisi`, `min_qty`, `max_qty`, `price`, `created_at`, `updated_at`) VALUES ('944', '44', 'studio', '2', '25', NULL, '3200.00', '2026-03-07 11:35:44', '2026-03-07 11:35:44');
INSERT INTO `material_prices` (`id`, `material_id`, `member_type`, `sisi`, `min_qty`, `max_qty`, `price`, `created_at`, `updated_at`) VALUES ('945', '45', 'umum', '1', '1', '25', '2300.00', '2026-03-07 11:36:12', '2026-03-07 11:36:12');
INSERT INTO `material_prices` (`id`, `material_id`, `member_type`, `sisi`, `min_qty`, `max_qty`, `price`, `created_at`, `updated_at`) VALUES ('946', '45', 'studio', '1', '1', '25', '2300.00', '2026-03-07 11:36:12', '2026-03-07 11:36:12');
INSERT INTO `material_prices` (`id`, `material_id`, `member_type`, `sisi`, `min_qty`, `max_qty`, `price`, `created_at`, `updated_at`) VALUES ('947', '45', 'umum', '1', '25', NULL, '2100.00', '2026-03-07 11:36:12', '2026-03-07 11:36:12');
INSERT INTO `material_prices` (`id`, `material_id`, `member_type`, `sisi`, `min_qty`, `max_qty`, `price`, `created_at`, `updated_at`) VALUES ('948', '45', 'studio', '1', '25', NULL, '2100.00', '2026-03-07 11:36:12', '2026-03-07 11:36:12');
INSERT INTO `material_prices` (`id`, `material_id`, `member_type`, `sisi`, `min_qty`, `max_qty`, `price`, `created_at`, `updated_at`) VALUES ('949', '45', 'umum', '2', '1', '25', '3500.00', '2026-03-07 11:36:12', '2026-03-07 11:36:12');
INSERT INTO `material_prices` (`id`, `material_id`, `member_type`, `sisi`, `min_qty`, `max_qty`, `price`, `created_at`, `updated_at`) VALUES ('950', '45', 'studio', '2', '1', '25', '3500.00', '2026-03-07 11:36:12', '2026-03-07 11:36:12');
INSERT INTO `material_prices` (`id`, `material_id`, `member_type`, `sisi`, `min_qty`, `max_qty`, `price`, `created_at`, `updated_at`) VALUES ('951', '45', 'umum', '2', '25', NULL, '3300.00', '2026-03-07 11:36:12', '2026-03-07 11:36:12');
INSERT INTO `material_prices` (`id`, `material_id`, `member_type`, `sisi`, `min_qty`, `max_qty`, `price`, `created_at`, `updated_at`) VALUES ('952', '45', 'studio', '2', '25', NULL, '3300.00', '2026-03-07 11:36:12', '2026-03-07 11:36:12');
INSERT INTO `material_prices` (`id`, `material_id`, `member_type`, `sisi`, `min_qty`, `max_qty`, `price`, `created_at`, `updated_at`) VALUES ('955', '101', 'umum', '1', '1', NULL, '95000.00', '2026-03-07 11:40:43', '2026-03-07 11:40:43');
INSERT INTO `material_prices` (`id`, `material_id`, `member_type`, `sisi`, `min_qty`, `max_qty`, `price`, `created_at`, `updated_at`) VALUES ('956', '101', 'studio', '1', '1', NULL, '95000.00', '2026-03-07 11:40:43', '2026-03-07 11:40:43');
INSERT INTO `material_prices` (`id`, `material_id`, `member_type`, `sisi`, `min_qty`, `max_qty`, `price`, `created_at`, `updated_at`) VALUES ('959', '61', 'umum', '1', '1', NULL, '70000.00', '2026-03-09 15:05:51', '2026-03-09 15:05:51');
INSERT INTO `material_prices` (`id`, `material_id`, `member_type`, `sisi`, `min_qty`, `max_qty`, `price`, `created_at`, `updated_at`) VALUES ('960', '61', 'studio', '1', '1', NULL, '70000.00', '2026-03-09 15:05:51', '2026-03-09 15:05:51');
INSERT INTO `material_prices` (`id`, `material_id`, `member_type`, `sisi`, `min_qty`, `max_qty`, `price`, `created_at`, `updated_at`) VALUES ('961', '84', 'umum', '1', '1', NULL, '30000.00', '2026-03-09 15:20:52', '2026-03-09 15:20:52');
INSERT INTO `material_prices` (`id`, `material_id`, `member_type`, `sisi`, `min_qty`, `max_qty`, `price`, `created_at`, `updated_at`) VALUES ('962', '84', 'studio', '1', '1', NULL, '30000.00', '2026-03-09 15:20:52', '2026-03-09 15:20:52');
INSERT INTO `material_prices` (`id`, `material_id`, `member_type`, `sisi`, `min_qty`, `max_qty`, `price`, `created_at`, `updated_at`) VALUES ('963', '83', 'umum', '1', '1', NULL, '30000.00', '2026-03-09 15:21:12', '2026-03-09 15:21:12');
INSERT INTO `material_prices` (`id`, `material_id`, `member_type`, `sisi`, `min_qty`, `max_qty`, `price`, `created_at`, `updated_at`) VALUES ('964', '83', 'studio', '1', '1', NULL, '30000.00', '2026-03-09 15:21:12', '2026-03-09 15:21:12');
INSERT INTO `material_prices` (`id`, `material_id`, `member_type`, `sisi`, `min_qty`, `max_qty`, `price`, `created_at`, `updated_at`) VALUES ('973', '96', 'umum', '1', '1', NULL, '2500.00', '2026-03-13 09:27:23', '2026-03-13 09:27:23');
INSERT INTO `material_prices` (`id`, `material_id`, `member_type`, `sisi`, `min_qty`, `max_qty`, `price`, `created_at`, `updated_at`) VALUES ('974', '96', 'studio', '1', '1', NULL, '2500.00', '2026-03-13 09:27:23', '2026-03-13 09:27:23');
INSERT INTO `material_prices` (`id`, `material_id`, `member_type`, `sisi`, `min_qty`, `max_qty`, `price`, `created_at`, `updated_at`) VALUES ('983', '46', 'umum', '1', '1', '25', '2500.00', '2026-03-13 14:12:32', '2026-03-13 14:12:32');
INSERT INTO `material_prices` (`id`, `material_id`, `member_type`, `sisi`, `min_qty`, `max_qty`, `price`, `created_at`, `updated_at`) VALUES ('984', '46', 'studio', '1', '1', '25', '25000.00', '2026-03-13 14:12:32', '2026-03-13 14:12:32');
INSERT INTO `material_prices` (`id`, `material_id`, `member_type`, `sisi`, `min_qty`, `max_qty`, `price`, `created_at`, `updated_at`) VALUES ('985', '46', 'umum', '1', '25', NULL, '2300.00', '2026-03-13 14:12:32', '2026-03-13 14:12:32');
INSERT INTO `material_prices` (`id`, `material_id`, `member_type`, `sisi`, `min_qty`, `max_qty`, `price`, `created_at`, `updated_at`) VALUES ('986', '46', 'studio', '1', '25', NULL, '2300.00', '2026-03-13 14:12:32', '2026-03-13 14:12:32');
INSERT INTO `material_prices` (`id`, `material_id`, `member_type`, `sisi`, `min_qty`, `max_qty`, `price`, `created_at`, `updated_at`) VALUES ('987', '46', 'umum', '2', '1', '25', '3700.00', '2026-03-13 14:12:32', '2026-03-13 14:12:32');
INSERT INTO `material_prices` (`id`, `material_id`, `member_type`, `sisi`, `min_qty`, `max_qty`, `price`, `created_at`, `updated_at`) VALUES ('988', '46', 'studio', '2', '1', '25', '3700.00', '2026-03-13 14:12:32', '2026-03-13 14:12:32');
INSERT INTO `material_prices` (`id`, `material_id`, `member_type`, `sisi`, `min_qty`, `max_qty`, `price`, `created_at`, `updated_at`) VALUES ('989', '46', 'umum', '2', '25', NULL, '3500.00', '2026-03-13 14:12:32', '2026-03-13 14:12:32');
INSERT INTO `material_prices` (`id`, `material_id`, `member_type`, `sisi`, `min_qty`, `max_qty`, `price`, `created_at`, `updated_at`) VALUES ('990', '46', 'studio', '2', '25', NULL, '3500.00', '2026-03-13 14:12:32', '2026-03-13 14:12:32');
INSERT INTO `material_prices` (`id`, `material_id`, `member_type`, `sisi`, `min_qty`, `max_qty`, `price`, `created_at`, `updated_at`) VALUES ('991', '105', 'umum', '1', '1', NULL, '5000.00', '2026-03-13 16:45:48', '2026-03-13 16:45:48');
INSERT INTO `material_prices` (`id`, `material_id`, `member_type`, `sisi`, `min_qty`, `max_qty`, `price`, `created_at`, `updated_at`) VALUES ('992', '105', 'studio', '1', '1', NULL, '5000.00', '2026-03-13 16:45:48', '2026-03-13 16:45:48');
INSERT INTO `material_prices` (`id`, `material_id`, `member_type`, `sisi`, `min_qty`, `max_qty`, `price`, `created_at`, `updated_at`) VALUES ('997', '107', 'umum', '1', '1', NULL, '250000.00', '2026-03-14 10:51:28', '2026-03-14 10:51:28');
INSERT INTO `material_prices` (`id`, `material_id`, `member_type`, `sisi`, `min_qty`, `max_qty`, `price`, `created_at`, `updated_at`) VALUES ('998', '107', 'studio', '1', '1', NULL, '250000.00', '2026-03-14 10:51:28', '2026-03-14 10:51:28');
INSERT INTO `material_prices` (`id`, `material_id`, `member_type`, `sisi`, `min_qty`, `max_qty`, `price`, `created_at`, `updated_at`) VALUES ('1001', '106', 'umum', '1', '1', NULL, '250000.00', '2026-03-14 10:55:45', '2026-03-14 10:55:45');
INSERT INTO `material_prices` (`id`, `material_id`, `member_type`, `sisi`, `min_qty`, `max_qty`, `price`, `created_at`, `updated_at`) VALUES ('1002', '106', 'studio', '1', '1', NULL, '250000.00', '2026-03-14 10:55:45', '2026-03-14 10:55:45');
INSERT INTO `material_prices` (`id`, `material_id`, `member_type`, `sisi`, `min_qty`, `max_qty`, `price`, `created_at`, `updated_at`) VALUES ('1003', '112', 'umum', '1', '1', NULL, '200000.00', '2026-03-14 10:58:38', '2026-03-14 10:58:38');
INSERT INTO `material_prices` (`id`, `material_id`, `member_type`, `sisi`, `min_qty`, `max_qty`, `price`, `created_at`, `updated_at`) VALUES ('1004', '112', 'studio', '1', '1', NULL, '200000.00', '2026-03-14 10:58:38', '2026-03-14 10:58:38');
INSERT INTO `material_prices` (`id`, `material_id`, `member_type`, `sisi`, `min_qty`, `max_qty`, `price`, `created_at`, `updated_at`) VALUES ('1005', '72', 'umum', '1', '1', NULL, '150000.00', '2026-03-14 11:02:18', '2026-03-14 11:02:18');
INSERT INTO `material_prices` (`id`, `material_id`, `member_type`, `sisi`, `min_qty`, `max_qty`, `price`, `created_at`, `updated_at`) VALUES ('1006', '72', 'studio', '1', '1', NULL, '150000.00', '2026-03-14 11:02:18', '2026-03-14 11:02:18');
INSERT INTO `material_prices` (`id`, `material_id`, `member_type`, `sisi`, `min_qty`, `max_qty`, `price`, `created_at`, `updated_at`) VALUES ('1007', '73', 'umum', '1', '1', NULL, '150000.00', '2026-03-14 11:02:41', '2026-03-14 11:02:41');
INSERT INTO `material_prices` (`id`, `material_id`, `member_type`, `sisi`, `min_qty`, `max_qty`, `price`, `created_at`, `updated_at`) VALUES ('1008', '73', 'studio', '1', '1', NULL, '150000.00', '2026-03-14 11:02:41', '2026-03-14 11:02:41');
INSERT INTO `material_prices` (`id`, `material_id`, `member_type`, `sisi`, `min_qty`, `max_qty`, `price`, `created_at`, `updated_at`) VALUES ('1009', '109', 'umum', '1', '1', NULL, '350000.00', '2026-03-14 11:03:04', '2026-03-14 11:03:04');
INSERT INTO `material_prices` (`id`, `material_id`, `member_type`, `sisi`, `min_qty`, `max_qty`, `price`, `created_at`, `updated_at`) VALUES ('1010', '109', 'studio', '1', '1', NULL, '350000.00', '2026-03-14 11:03:04', '2026-03-14 11:03:04');
INSERT INTO `material_prices` (`id`, `material_id`, `member_type`, `sisi`, `min_qty`, `max_qty`, `price`, `created_at`, `updated_at`) VALUES ('1011', '108', 'umum', '1', '1', NULL, '350000.00', '2026-03-14 11:03:28', '2026-03-14 11:03:28');
INSERT INTO `material_prices` (`id`, `material_id`, `member_type`, `sisi`, `min_qty`, `max_qty`, `price`, `created_at`, `updated_at`) VALUES ('1012', '108', 'studio', '1', '1', NULL, '350000.00', '2026-03-14 11:03:28', '2026-03-14 11:03:28');
INSERT INTO `material_prices` (`id`, `material_id`, `member_type`, `sisi`, `min_qty`, `max_qty`, `price`, `created_at`, `updated_at`) VALUES ('1013', '111', 'umum', '1', '1', NULL, '220000.00', '2026-03-14 11:03:47', '2026-03-14 11:03:47');
INSERT INTO `material_prices` (`id`, `material_id`, `member_type`, `sisi`, `min_qty`, `max_qty`, `price`, `created_at`, `updated_at`) VALUES ('1014', '111', 'studio', '1', '1', NULL, '220000.00', '2026-03-14 11:03:47', '2026-03-14 11:03:47');

-- --------------------------------------------------------
-- Table structure for table `materials`
-- --------------------------------------------------------

CREATE TABLE `materials` (
  `id` bigint(20) unsigned NOT NULL AUTO_INCREMENT,
  `name` varchar(255) NOT NULL,
  `category_id` bigint(20) unsigned DEFAULT NULL,
  `base_price` decimal(15,2) NOT NULL DEFAULT 0.00,
  `unit` varchar(255) NOT NULL DEFAULT 'pcs',
  `stock` decimal(15,2) NOT NULL DEFAULT 0.00,
  `min_stock` decimal(15,2) NOT NULL DEFAULT 0.00,
  `is_active` tinyint(1) NOT NULL DEFAULT 1,
  `track_clicks` tinyint(1) NOT NULL DEFAULT 0,
  `is_custom` tinyint(1) NOT NULL DEFAULT 0,
  `source_material_id` bigint(20) unsigned DEFAULT NULL,
  `conversion_qty` decimal(15,4) NOT NULL DEFAULT 1.0000,
  `measurement_mode` varchar(20) NOT NULL DEFAULT 'manual',
  `roll_width_cm` decimal(15,4) DEFAULT NULL,
  `allow_rotation` tinyint(1) NOT NULL DEFAULT 1,
  `created_at` timestamp NULL DEFAULT NULL,
  `updated_at` timestamp NULL DEFAULT NULL,
  PRIMARY KEY (`id`),
  KEY `materials_category_id_foreign` (`category_id`),
  KEY `materials_source_material_id_foreign` (`source_material_id`),
  CONSTRAINT `materials_category_id_foreign` FOREIGN KEY (`category_id`) REFERENCES `material_categories` (`id`) ON DELETE SET NULL,
  CONSTRAINT `materials_source_material_id_foreign` FOREIGN KEY (`source_material_id`) REFERENCES `materials` (`id`) ON DELETE SET NULL
) ENGINE=InnoDB AUTO_INCREMENT=113 DEFAULT CHARSET=utf8mb4 COLLATE=utf8mb4_unicode_ci;

-- Dumping data for table `materials`

INSERT INTO `materials` (`id`, `name`, `category_id`, `base_price`, `unit`, `stock`, `min_stock`, `is_active`, `track_clicks`, `is_custom`, `source_material_id`, `conversion_qty`, `measurement_mode`, `roll_width_cm`, `allow_rotation`, `created_at`, `updated_at`) VALUES ('44', 'ART PAPPER 120 GSM', '4', '2200.00', 'lembar', '3456.00', '100.00', '1', '1', '0', NULL, '1.0000', 'manual', NULL, '1', '2026-02-17 21:27:33', '2026-03-14 16:08:53');
INSERT INTO `materials` (`id`, `name`, `category_id`, `base_price`, `unit`, `stock`, `min_stock`, `is_active`, `track_clicks`, `is_custom`, `source_material_id`, `conversion_qty`, `measurement_mode`, `roll_width_cm`, `allow_rotation`, `created_at`, `updated_at`) VALUES ('45', 'ART PAPPER 150 GSM', '4', '2300.00', 'lembar', '515.00', '0.00', '1', '1', '0', NULL, '1.0000', 'manual', NULL, '1', '2026-02-18 02:49:31', '2026-03-14 16:38:48');
INSERT INTO `materials` (`id`, `name`, `category_id`, `base_price`, `unit`, `stock`, `min_stock`, `is_active`, `track_clicks`, `is_custom`, `source_material_id`, `conversion_qty`, `measurement_mode`, `roll_width_cm`, `allow_rotation`, `created_at`, `updated_at`) VALUES ('46', 'ART PAPPER 190 GSM', '4', '2500.00', 'lembar', '87.00', '100.00', '1', '1', '0', NULL, '1.0000', 'manual', NULL, '1', '2026-02-18 11:51:07', '2026-03-14 15:29:38');
INSERT INTO `materials` (`id`, `name`, `category_id`, `base_price`, `unit`, `stock`, `min_stock`, `is_active`, `track_clicks`, `is_custom`, `source_material_id`, `conversion_qty`, `measurement_mode`, `roll_width_cm`, `allow_rotation`, `created_at`, `updated_at`) VALUES ('47', 'ART KARTON  210 GSM', '4', '2600.00', 'lembar', '13160.00', '100.00', '1', '1', '0', NULL, '1.0000', 'manual', NULL, '1', '2026-02-18 11:55:20', '2026-03-14 16:06:12');
INSERT INTO `materials` (`id`, `name`, `category_id`, `base_price`, `unit`, `stock`, `min_stock`, `is_active`, `track_clicks`, `is_custom`, `source_material_id`, `conversion_qty`, `measurement_mode`, `roll_width_cm`, `allow_rotation`, `created_at`, `updated_at`) VALUES ('48', 'ART KARTON 230 GSM', '4', '2700.00', 'lembar', '267.00', '100.00', '1', '1', '0', NULL, '1.0000', 'manual', NULL, '1', '2026-02-18 11:57:29', '2026-03-14 11:44:40');
INSERT INTO `materials` (`id`, `name`, `category_id`, `base_price`, `unit`, `stock`, `min_stock`, `is_active`, `track_clicks`, `is_custom`, `source_material_id`, `conversion_qty`, `measurement_mode`, `roll_width_cm`, `allow_rotation`, `created_at`, `updated_at`) VALUES ('49', 'ART KARTON 260 GSM', '4', '2900.00', 'lembar', '393.00', '100.00', '1', '1', '0', NULL, '1.0000', 'manual', NULL, '1', '2026-02-18 11:57:53', '2026-03-13 15:59:16');
INSERT INTO `materials` (`id`, `name`, `category_id`, `base_price`, `unit`, `stock`, `min_stock`, `is_active`, `track_clicks`, `is_custom`, `source_material_id`, `conversion_qty`, `measurement_mode`, `roll_width_cm`, `allow_rotation`, `created_at`, `updated_at`) VALUES ('50', 'ART KARTON 310 GSM', '4', '3300.00', 'lembar', '939.00', '100.00', '1', '1', '0', NULL, '1.0000', 'manual', NULL, '1', '2026-02-18 12:02:31', '2026-03-14 14:39:07');
INSERT INTO `materials` (`id`, `name`, `category_id`, `base_price`, `unit`, `stock`, `min_stock`, `is_active`, `track_clicks`, `is_custom`, `source_material_id`, `conversion_qty`, `measurement_mode`, `roll_width_cm`, `allow_rotation`, `created_at`, `updated_at`) VALUES ('51', 'HVS 80 GSM', '4', '1800.00', 'lembar', '-6.00', '100.00', '1', '1', '0', NULL, '1.0000', 'manual', NULL, '1', '2026-02-18 12:04:07', '2026-03-14 10:57:52');
INSERT INTO `materials` (`id`, `name`, `category_id`, `base_price`, `unit`, `stock`, `min_stock`, `is_active`, `track_clicks`, `is_custom`, `source_material_id`, `conversion_qty`, `measurement_mode`, `roll_width_cm`, `allow_rotation`, `created_at`, `updated_at`) VALUES ('52', 'KERTAS BC PUTIH', '4', '2800.00', 'lembar', '201.00', '100.00', '1', '1', '0', NULL, '1.0000', 'manual', NULL, '1', '2026-02-18 12:05:47', '2026-03-10 15:53:08');
INSERT INTO `materials` (`id`, `name`, `category_id`, `base_price`, `unit`, `stock`, `min_stock`, `is_active`, `track_clicks`, `is_custom`, `source_material_id`, `conversion_qty`, `measurement_mode`, `roll_width_cm`, `allow_rotation`, `created_at`, `updated_at`) VALUES ('53', 'LINEN', '4', '3200.00', 'lembar', '192.00', '100.00', '1', '1', '0', NULL, '1.0000', 'manual', NULL, '1', '2026-02-18 12:07:53', '2026-03-12 11:52:38');
INSERT INTO `materials` (`id`, `name`, `category_id`, `base_price`, `unit`, `stock`, `min_stock`, `is_active`, `track_clicks`, `is_custom`, `source_material_id`, `conversion_qty`, `measurement_mode`, `roll_width_cm`, `allow_rotation`, `created_at`, `updated_at`) VALUES ('54', 'CONCORD', '4', '3000.00', 'lembar', '431.00', '100.00', '1', '1', '0', NULL, '1.0000', 'manual', NULL, '1', '2026-02-18 12:09:51', '2026-03-13 11:44:15');
INSERT INTO `materials` (`id`, `name`, `category_id`, `base_price`, `unit`, `stock`, `min_stock`, `is_active`, `track_clicks`, `is_custom`, `source_material_id`, `conversion_qty`, `measurement_mode`, `roll_width_cm`, `allow_rotation`, `created_at`, `updated_at`) VALUES ('55', 'ASTER', '4', '2900.00', 'lembar', '290.00', '100.00', '1', '1', '0', NULL, '1.0000', 'manual', NULL, '1', '2026-02-18 12:11:33', '2026-03-13 17:09:55');
INSERT INTO `materials` (`id`, `name`, `category_id`, `base_price`, `unit`, `stock`, `min_stock`, `is_active`, `track_clicks`, `is_custom`, `source_material_id`, `conversion_qty`, `measurement_mode`, `roll_width_cm`, `allow_rotation`, `created_at`, `updated_at`) VALUES ('56', 'MASTER', '4', '7000.00', 'lembar', '31.00', '1.00', '1', '0', '0', NULL, '1.0000', 'manual', NULL, '1', '2026-02-18 12:12:41', '2026-03-11 14:05:18');
INSERT INTO `materials` (`id`, `name`, `category_id`, `base_price`, `unit`, `stock`, `min_stock`, `is_active`, `track_clicks`, `is_custom`, `source_material_id`, `conversion_qty`, `measurement_mode`, `roll_width_cm`, `allow_rotation`, `created_at`, `updated_at`) VALUES ('57', 'STICKER CHROMO', '4', '3300.00', 'lembar', '31810.00', '1.00', '1', '0', '0', NULL, '1.0000', 'manual', NULL, '1', '2026-02-18 12:13:58', '2026-03-14 16:42:06');
INSERT INTO `materials` (`id`, `name`, `category_id`, `base_price`, `unit`, `stock`, `min_stock`, `is_active`, `track_clicks`, `is_custom`, `source_material_id`, `conversion_qty`, `measurement_mode`, `roll_width_cm`, `allow_rotation`, `created_at`, `updated_at`) VALUES ('58', 'STICKER CHROMO HVS', '4', '3100.00', 'lembar', '2869.00', '1.00', '1', '0', '0', NULL, '1.0000', 'manual', NULL, '1', '2026-02-18 12:15:13', '2026-03-13 15:59:16');
INSERT INTO `materials` (`id`, `name`, `category_id`, `base_price`, `unit`, `stock`, `min_stock`, `is_active`, `track_clicks`, `is_custom`, `source_material_id`, `conversion_qty`, `measurement_mode`, `roll_width_cm`, `allow_rotation`, `created_at`, `updated_at`) VALUES ('59', 'STICKER VINLY A3', '4', '8100.00', 'lembar', '2572.00', '1.00', '1', '0', '0', NULL, '1.0000', 'manual', NULL, '1', '2026-02-18 13:53:59', '2026-03-14 13:34:27');
INSERT INTO `materials` (`id`, `name`, `category_id`, `base_price`, `unit`, `stock`, `min_stock`, `is_active`, `track_clicks`, `is_custom`, `source_material_id`, `conversion_qty`, `measurement_mode`, `roll_width_cm`, `allow_rotation`, `created_at`, `updated_at`) VALUES ('60', 'STICKER A3 TRANSFARANT', '4', '8100.00', 'lembar', '939.00', '1.00', '1', '0', '0', NULL, '1.0000', 'manual', NULL, '1', '2026-02-18 13:55:26', '2026-03-14 10:39:53');
INSERT INTO `materials` (`id`, `name`, `category_id`, `base_price`, `unit`, `stock`, `min_stock`, `is_active`, `track_clicks`, `is_custom`, `source_material_id`, `conversion_qty`, `measurement_mode`, `roll_width_cm`, `allow_rotation`, `created_at`, `updated_at`) VALUES ('61', 'STICKER VINLY METERAN', '2', '70000.00', 'm2', '487.79', '1.00', '1', '0', '0', NULL, '1.0000', 'manual', NULL, '1', '2026-02-18 13:57:37', '2026-03-14 15:13:33');
INSERT INTO `materials` (`id`, `name`, `category_id`, `base_price`, `unit`, `stock`, `min_stock`, `is_active`, `track_clicks`, `is_custom`, `source_material_id`, `conversion_qty`, `measurement_mode`, `roll_width_cm`, `allow_rotation`, `created_at`, `updated_at`) VALUES ('62', 'ALBATROS', '2', '115000.00', 'm2', '121.92', '10.00', '1', '0', '0', NULL, '1.0000', 'manual', NULL, '1', '2026-02-18 13:58:14', '2026-03-15 22:43:36');
INSERT INTO `materials` (`id`, `name`, `category_id`, `base_price`, `unit`, `stock`, `min_stock`, `is_active`, `track_clicks`, `is_custom`, `source_material_id`, `conversion_qty`, `measurement_mode`, `roll_width_cm`, `allow_rotation`, `created_at`, `updated_at`) VALUES ('63', 'LUSTER', '2', '115000.00', 'm2', '179.40', '1.00', '1', '0', '0', NULL, '1.0000', 'manual', NULL, '1', '2026-02-18 13:58:54', '2026-03-12 14:18:59');
INSERT INTO `materials` (`id`, `name`, `category_id`, `base_price`, `unit`, `stock`, `min_stock`, `is_active`, `track_clicks`, `is_custom`, `source_material_id`, `conversion_qty`, `measurement_mode`, `roll_width_cm`, `allow_rotation`, `created_at`, `updated_at`) VALUES ('64', 'STICKER HOLOGRAM', '2', '150000.00', 'm2', '55.00', '1.00', '1', '0', '0', NULL, '1.0000', 'manual', NULL, '1', '2026-02-18 13:59:44', '2026-03-01 10:08:41');
INSERT INTO `materials` (`id`, `name`, `category_id`, `base_price`, `unit`, `stock`, `min_stock`, `is_active`, `track_clicks`, `is_custom`, `source_material_id`, `conversion_qty`, `measurement_mode`, `roll_width_cm`, `allow_rotation`, `created_at`, `updated_at`) VALUES ('65', 'PET BACKLIT DUTRANS', '2', '130000.00', 'm2', '35.00', '1.00', '1', '0', '0', NULL, '1.0000', 'manual', NULL, '1', '2026-02-18 14:00:37', '2026-03-06 17:03:37');
INSERT INTO `materials` (`id`, `name`, `category_id`, `base_price`, `unit`, `stock`, `min_stock`, `is_active`, `track_clicks`, `is_custom`, `source_material_id`, `conversion_qty`, `measurement_mode`, `roll_width_cm`, `allow_rotation`, `created_at`, `updated_at`) VALUES ('66', 'STICKER ONE WAY', '2', '95000.00', 'm2', '40.00', '1.00', '1', '0', '0', NULL, '1.0000', 'manual', NULL, '1', '2026-02-18 14:05:20', '2026-03-01 10:08:21');
INSERT INTO `materials` (`id`, `name`, `category_id`, `base_price`, `unit`, `stock`, `min_stock`, `is_active`, `track_clicks`, `is_custom`, `source_material_id`, `conversion_qty`, `measurement_mode`, `roll_width_cm`, `allow_rotation`, `created_at`, `updated_at`) VALUES ('67', 'LAMINASI A3 MATTE', '4', '1500.00', 'pcs', '7180.00', '1.00', '1', '0', '0', NULL, '1.0000', 'manual', NULL, '1', '2026-02-18 14:07:03', '2026-03-14 14:30:18');
INSERT INTO `materials` (`id`, `name`, `category_id`, `base_price`, `unit`, `stock`, `min_stock`, `is_active`, `track_clicks`, `is_custom`, `source_material_id`, `conversion_qty`, `measurement_mode`, `roll_width_cm`, `allow_rotation`, `created_at`, `updated_at`) VALUES ('68', 'LAMINASI A3 GLOSSY', '4', '1500.00', 'pcs', '9375.00', '100.00', '1', '0', '0', NULL, '1.0000', 'manual', NULL, '1', '2026-02-18 14:08:32', '2026-03-14 12:48:51');
INSERT INTO `materials` (`id`, `name`, `category_id`, `base_price`, `unit`, `stock`, `min_stock`, `is_active`, `track_clicks`, `is_custom`, `source_material_id`, `conversion_qty`, `measurement_mode`, `roll_width_cm`, `allow_rotation`, `created_at`, `updated_at`) VALUES ('69', 'JASA CETAK ID CARD', '4', '2500.00', 'lembar', '999984.00', '1.00', '1', '1', '0', NULL, '1.0000', 'manual', NULL, '1', '2026-02-18 14:09:43', '2026-03-11 09:35:01');
INSERT INTO `materials` (`id`, `name`, `category_id`, `base_price`, `unit`, `stock`, `min_stock`, `is_active`, `track_clicks`, `is_custom`, `source_material_id`, `conversion_qty`, `measurement_mode`, `roll_width_cm`, `allow_rotation`, `created_at`, `updated_at`) VALUES ('70', 'STANDING Y BENNER 60 X 160 CM', '2', '35000.00', 'pcs', '27.00', '0.00', '1', '0', '0', NULL, '1.0000', 'manual', NULL, '1', '2026-02-18 14:10:42', '2026-03-01 07:10:32');
INSERT INTO `materials` (`id`, `name`, `category_id`, `base_price`, `unit`, `stock`, `min_stock`, `is_active`, `track_clicks`, `is_custom`, `source_material_id`, `conversion_qty`, `measurement_mode`, `roll_width_cm`, `allow_rotation`, `created_at`, `updated_at`) VALUES ('71', 'STANDING Y BENNER 80 X 180', '2', '45000.00', 'pcs', '21.00', '1.00', '1', '0', '0', NULL, '1.0000', 'manual', NULL, '1', '2026-02-18 14:11:11', '2026-03-01 10:09:47');
INSERT INTO `materials` (`id`, `name`, `category_id`, `base_price`, `unit`, `stock`, `min_stock`, `is_active`, `track_clicks`, `is_custom`, `source_material_id`, `conversion_qty`, `measurement_mode`, `roll_width_cm`, `allow_rotation`, `created_at`, `updated_at`) VALUES ('72', 'ROLL UP 60 X 160 CM', '2', '150000.00', 'pcs', '1.00', '1.00', '1', '0', '0', NULL, '1.0000', 'manual', NULL, '1', '2026-02-18 14:11:59', '2026-03-14 11:02:18');
INSERT INTO `materials` (`id`, `name`, `category_id`, `base_price`, `unit`, `stock`, `min_stock`, `is_active`, `track_clicks`, `is_custom`, `source_material_id`, `conversion_qty`, `measurement_mode`, `roll_width_cm`, `allow_rotation`, `created_at`, `updated_at`) VALUES ('73', 'ROLL UP 80 X 180/200 CM', '2', '150000.00', 'pcs', '7.00', '1.00', '1', '0', '0', NULL, '1.0000', 'manual', NULL, '1', '2026-02-18 14:12:51', '2026-03-14 11:02:41');
INSERT INTO `materials` (`id`, `name`, `category_id`, `base_price`, `unit`, `stock`, `min_stock`, `is_active`, `track_clicks`, `is_custom`, `source_material_id`, `conversion_qty`, `measurement_mode`, `roll_width_cm`, `allow_rotation`, `created_at`, `updated_at`) VALUES ('74', 'STANDING TRIPOD BENNER TIFE T', '2', '125000.00', 'pcs', '3.00', '1.00', '1', '0', '0', NULL, '1.0000', 'manual', NULL, '1', '2026-02-18 14:13:43', '2026-03-01 10:11:53');
INSERT INTO `materials` (`id`, `name`, `category_id`, `base_price`, `unit`, `stock`, `min_stock`, `is_active`, `track_clicks`, `is_custom`, `source_material_id`, `conversion_qty`, `measurement_mode`, `roll_width_cm`, `allow_rotation`, `created_at`, `updated_at`) VALUES ('75', 'IMPRABOARD', '2', '100000.00', 'm2', '-1.27', '1.00', '1', '0', '0', NULL, '1.0000', 'manual', NULL, '1', '2026-02-18 14:24:22', '2026-03-13 13:45:25');
INSERT INTO `materials` (`id`, `name`, `category_id`, `base_price`, `unit`, `stock`, `min_stock`, `is_active`, `track_clicks`, `is_custom`, `source_material_id`, `conversion_qty`, `measurement_mode`, `roll_width_cm`, `allow_rotation`, `created_at`, `updated_at`) VALUES ('76', 'CLOTH BENNER', '2', '25000.00', 'm2', '269.00', '1.00', '1', '0', '0', NULL, '1.0000', 'manual', NULL, '1', '2026-02-18 14:25:04', '2026-03-10 11:18:09');
INSERT INTO `materials` (`id`, `name`, `category_id`, `base_price`, `unit`, `stock`, `min_stock`, `is_active`, `track_clicks`, `is_custom`, `source_material_id`, `conversion_qty`, `measurement_mode`, `roll_width_cm`, `allow_rotation`, `created_at`, `updated_at`) VALUES ('77', 'CANVAS MATE 380 GSM', '2', '145000.00', 'm2', '47.00', '1.00', '1', '0', '0', NULL, '1.0000', 'manual', NULL, '1', '2026-02-18 14:25:50', '2026-03-01 09:26:50');
INSERT INTO `materials` (`id`, `name`, `category_id`, `base_price`, `unit`, `stock`, `min_stock`, `is_active`, `track_clicks`, `is_custom`, `source_material_id`, `conversion_qty`, `measurement_mode`, `roll_width_cm`, `allow_rotation`, `created_at`, `updated_at`) VALUES ('78', 'DOOR FRAME STANDAR', '2', '130000.00', 'pcs', '0.00', '1.00', '1', '0', '0', NULL, '1.0000', 'manual', NULL, '1', '2026-02-18 14:26:30', '2026-03-01 09:29:36');
INSERT INTO `materials` (`id`, `name`, `category_id`, `base_price`, `unit`, `stock`, `min_stock`, `is_active`, `track_clicks`, `is_custom`, `source_material_id`, `conversion_qty`, `measurement_mode`, `roll_width_cm`, `allow_rotation`, `created_at`, `updated_at`) VALUES ('79', 'DOOR FRAME WATER TANK', '2', '160000.00', 'pcs', '1.00', '0.00', '1', '0', '0', NULL, '1.0000', 'manual', NULL, '1', '2026-02-18 14:26:58', '2026-03-01 07:16:12');
INSERT INTO `materials` (`id`, `name`, `category_id`, `base_price`, `unit`, `stock`, `min_stock`, `is_active`, `track_clicks`, `is_custom`, `source_material_id`, `conversion_qty`, `measurement_mode`, `roll_width_cm`, `allow_rotation`, `created_at`, `updated_at`) VALUES ('80', 'STICKER VINLY METERAN CHINA', '2', '50000.00', 'm2', '247.00', '1.00', '1', '0', '0', NULL, '1.0000', 'manual', NULL, '1', '2026-02-18 14:27:41', '2026-03-12 11:42:03');
INSERT INTO `materials` (`id`, `name`, `category_id`, `base_price`, `unit`, `stock`, `min_stock`, `is_active`, `track_clicks`, `is_custom`, `source_material_id`, `conversion_qty`, `measurement_mode`, `roll_width_cm`, `allow_rotation`, `created_at`, `updated_at`) VALUES ('81', 'LAMINASI METERAN MATTE', '2', '15000.00', 'm2', '457.23', '1.00', '1', '0', '0', NULL, '1.0000', 'manual', NULL, '1', '2026-02-18 14:28:53', '2026-03-13 16:51:12');
INSERT INTO `materials` (`id`, `name`, `category_id`, `base_price`, `unit`, `stock`, `min_stock`, `is_active`, `track_clicks`, `is_custom`, `source_material_id`, `conversion_qty`, `measurement_mode`, `roll_width_cm`, `allow_rotation`, `created_at`, `updated_at`) VALUES ('82', 'LAMINASI METERAN GLOSSY', '2', '15000.00', 'm2', '1165.39', '1.00', '1', '0', '0', NULL, '1.0000', 'manual', NULL, '1', '2026-02-18 14:29:37', '2026-03-14 15:13:33');
INSERT INTO `materials` (`id`, `name`, `category_id`, `base_price`, `unit`, `stock`, `min_stock`, `is_active`, `track_clicks`, `is_custom`, `source_material_id`, `conversion_qty`, `measurement_mode`, `roll_width_cm`, `allow_rotation`, `created_at`, `updated_at`) VALUES ('83', 'JASA LAMINASI MATTE', '2', '30000.00', 'm2', '-3.30', '1.00', '0', '0', '0', NULL, '1.0000', 'manual', NULL, '1', '2026-02-18 14:30:13', '2026-03-09 15:21:12');
INSERT INTO `materials` (`id`, `name`, `category_id`, `base_price`, `unit`, `stock`, `min_stock`, `is_active`, `track_clicks`, `is_custom`, `source_material_id`, `conversion_qty`, `measurement_mode`, `roll_width_cm`, `allow_rotation`, `created_at`, `updated_at`) VALUES ('84', 'JASA LAMINASI GLOSSY', '2', '30000.00', 'm2', '10000.00', '1.00', '0', '0', '0', NULL, '1.0000', 'manual', NULL, '1', '2026-02-18 14:30:41', '2026-03-10 11:39:45');
INSERT INTO `materials` (`id`, `name`, `category_id`, `base_price`, `unit`, `stock`, `min_stock`, `is_active`, `track_clicks`, `is_custom`, `source_material_id`, `conversion_qty`, `measurement_mode`, `roll_width_cm`, `allow_rotation`, `created_at`, `updated_at`) VALUES ('85', 'FLEKSI BENNER 280 GSM', '1', '15000.00', 'm2', '1720.00', '1.00', '1', '0', '0', NULL, '1.0000', 'manual', NULL, '1', '2026-02-18 14:33:09', '2026-03-16 09:35:23');
INSERT INTO `materials` (`id`, `name`, `category_id`, `base_price`, `unit`, `stock`, `min_stock`, `is_active`, `track_clicks`, `is_custom`, `source_material_id`, `conversion_qty`, `measurement_mode`, `roll_width_cm`, `allow_rotation`, `created_at`, `updated_at`) VALUES ('86', 'FLEKSI BENNER 340 GSM', '1', '25000.00', 'm2', '26.50', '1.00', '1', '0', '0', NULL, '1.0000', 'manual', NULL, '1', '2026-02-18 14:33:41', '2026-03-13 09:24:18');
INSERT INTO `materials` (`id`, `name`, `category_id`, `base_price`, `unit`, `stock`, `min_stock`, `is_active`, `track_clicks`, `is_custom`, `source_material_id`, `conversion_qty`, `measurement_mode`, `roll_width_cm`, `allow_rotation`, `created_at`, `updated_at`) VALUES ('87', 'FLEKSI BENNER 440 GSM WHITE', '1', '30000.00', 'm2', '177.78', '1.00', '1', '0', '0', NULL, '1.0000', 'manual', NULL, '1', '2026-02-18 14:34:17', '2026-03-14 11:27:24');
INSERT INTO `materials` (`id`, `name`, `category_id`, `base_price`, `unit`, `stock`, `min_stock`, `is_active`, `track_clicks`, `is_custom`, `source_material_id`, `conversion_qty`, `measurement_mode`, `roll_width_cm`, `allow_rotation`, `created_at`, `updated_at`) VALUES ('88', 'FLEKSI BENNER 440 GSM BO', '1', '45000.00', 'm2', '243.50', '1.00', '1', '0', '0', NULL, '1.0000', 'manual', NULL, '1', '2026-02-18 14:34:46', '2026-03-13 11:50:13');
INSERT INTO `materials` (`id`, `name`, `category_id`, `base_price`, `unit`, `stock`, `min_stock`, `is_active`, `track_clicks`, `is_custom`, `source_material_id`, `conversion_qty`, `measurement_mode`, `roll_width_cm`, `allow_rotation`, `created_at`, `updated_at`) VALUES ('89', 'BACKLIT BENNER 510 GSM', '1', '70000.00', 'm2', '158.40', '1.00', '1', '0', '0', NULL, '1.0000', 'manual', NULL, '1', '2026-02-18 14:35:21', '2026-03-12 09:59:14');
INSERT INTO `materials` (`id`, `name`, `category_id`, `base_price`, `unit`, `stock`, `min_stock`, `is_active`, `track_clicks`, `is_custom`, `source_material_id`, `conversion_qty`, `measurement_mode`, `roll_width_cm`, `allow_rotation`, `created_at`, `updated_at`) VALUES ('90', 'JASA CETAK A3', '4', '1800.00', 'lembar', '-36.00', '1.00', '1', '1', '0', NULL, '1.0000', 'manual', NULL, '1', '2026-02-18 14:38:26', '2026-03-14 16:47:40');
INSERT INTO `materials` (`id`, `name`, `category_id`, `base_price`, `unit`, `stock`, `min_stock`, `is_active`, `track_clicks`, `is_custom`, `source_material_id`, `conversion_qty`, `measurement_mode`, `roll_width_cm`, `allow_rotation`, `created_at`, `updated_at`) VALUES ('91', 'CUTTING A3 KIS CUT', '4', '2500.00', 'lembar', '99999999432.00', '1.00', '1', '0', '0', NULL, '1.0000', 'manual', NULL, '1', '2026-02-18 14:39:31', '2026-03-14 14:44:51');
INSERT INTO `materials` (`id`, `name`, `category_id`, `base_price`, `unit`, `stock`, `min_stock`, `is_active`, `track_clicks`, `is_custom`, `source_material_id`, `conversion_qty`, `measurement_mode`, `roll_width_cm`, `allow_rotation`, `created_at`, `updated_at`) VALUES ('92', 'CUTTING A3 DIE CUT', '4', '2500.00', 'LEMBAR', '99999999636.00', '1.00', '1', '0', '0', NULL, '1.0000', 'manual', NULL, '1', '2026-02-18 14:40:20', '2026-03-14 09:33:55');
INSERT INTO `materials` (`id`, `name`, `category_id`, `base_price`, `unit`, `stock`, `min_stock`, `is_active`, `track_clicks`, `is_custom`, `source_material_id`, `conversion_qty`, `measurement_mode`, `roll_width_cm`, `allow_rotation`, `created_at`, `updated_at`) VALUES ('93', 'KLEM KALENDER', '4', '700.00', 'pcs', '747.00', '1.00', '1', '0', '0', NULL, '1.0000', 'manual', NULL, '1', '2026-02-18 14:45:06', '2026-03-13 14:07:59');
INSERT INTO `materials` (`id`, `name`, `category_id`, `base_price`, `unit`, `stock`, `min_stock`, `is_active`, `track_clicks`, `is_custom`, `source_material_id`, `conversion_qty`, `measurement_mode`, `roll_width_cm`, `allow_rotation`, `created_at`, `updated_at`) VALUES ('94', 'LAMINASI KERAS A4', '4', '2000.00', 'lembar', '50.00', '0.00', '1', '0', '0', NULL, '1.0000', 'manual', NULL, '1', '2026-02-18 14:45:41', '2026-03-01 08:23:39');
INSERT INTO `materials` (`id`, `name`, `category_id`, `base_price`, `unit`, `stock`, `min_stock`, `is_active`, `track_clicks`, `is_custom`, `source_material_id`, `conversion_qty`, `measurement_mode`, `roll_width_cm`, `allow_rotation`, `created_at`, `updated_at`) VALUES ('95', 'JASA CETAK ID CARD BAHAN RK', '4', '15000.00', 'lembar', '485.00', '1.00', '1', '1', '0', NULL, '1.0000', 'manual', NULL, '1', '2026-02-18 14:46:52', '2026-03-07 11:30:13');
INSERT INTO `materials` (`id`, `name`, `category_id`, `base_price`, `unit`, `stock`, `min_stock`, `is_active`, `track_clicks`, `is_custom`, `source_material_id`, `conversion_qty`, `measurement_mode`, `roll_width_cm`, `allow_rotation`, `created_at`, `updated_at`) VALUES ('96', 'JASA FINISHING ID CARD', '4', '2500.00', 'lembar', '0.00', '1.00', '1', '0', '0', NULL, '1.0000', 'manual', NULL, '1', '2026-02-18 14:47:34', '2026-03-01 09:34:38');
INSERT INTO `materials` (`id`, `name`, `category_id`, `base_price`, `unit`, `stock`, `min_stock`, `is_active`, `track_clicks`, `is_custom`, `source_material_id`, `conversion_qty`, `measurement_mode`, `roll_width_cm`, `allow_rotation`, `created_at`, `updated_at`) VALUES ('97', 'JASA CETAK BAHAN OSCAR', '1', '15000.00', 'm2', '0.00', '1.00', '1', '0', '0', NULL, '1.0000', 'manual', NULL, '1', '2026-02-18 14:48:05', '2026-03-01 09:33:29');
INSERT INTO `materials` (`id`, `name`, `category_id`, `base_price`, `unit`, `stock`, `min_stock`, `is_active`, `track_clicks`, `is_custom`, `source_material_id`, `conversion_qty`, `measurement_mode`, `roll_width_cm`, `allow_rotation`, `created_at`, `updated_at`) VALUES ('98', 'CUTTING KISS CUT METERAN', '2', '10000.00', 'm2', '9999999987.50', '1.00', '1', '0', '0', NULL, '1.0000', 'manual', NULL, '1', '2026-02-27 13:46:12', '2026-03-13 16:51:12');
INSERT INTO `materials` (`id`, `name`, `category_id`, `base_price`, `unit`, `stock`, `min_stock`, `is_active`, `track_clicks`, `is_custom`, `source_material_id`, `conversion_qty`, `measurement_mode`, `roll_width_cm`, `allow_rotation`, `created_at`, `updated_at`) VALUES ('99', 'CUTTING DIE CUT METERAN', '2', '10000.00', 'm2', '9999999961.86', '1.00', '1', '0', '0', NULL, '1.0000', 'manual', NULL, '1', '2026-02-27 13:46:38', '2026-03-14 15:13:33');
INSERT INTO `materials` (`id`, `name`, `category_id`, `base_price`, `unit`, `stock`, `min_stock`, `is_active`, `track_clicks`, `is_custom`, `source_material_id`, `conversion_qty`, `measurement_mode`, `roll_width_cm`, `allow_rotation`, `created_at`, `updated_at`) VALUES ('100', 'JASA POTONG', '8', '15000.00', 'kg', '9999994.00', '1.00', '1', '0', '0', NULL, '1.0000', 'manual', NULL, '1', '2026-02-27 13:51:08', '2026-03-11 14:28:57');
INSERT INTO `materials` (`id`, `name`, `category_id`, `base_price`, `unit`, `stock`, `min_stock`, `is_active`, `track_clicks`, `is_custom`, `source_material_id`, `conversion_qty`, `measurement_mode`, `roll_width_cm`, `allow_rotation`, `created_at`, `updated_at`) VALUES ('101', 'STICKER VINLY TRANSFARANT  METERAN', '2', '95000.00', 'm2', '51.87', '1.00', '1', '0', '0', NULL, '1.0000', 'manual', NULL, '1', '2026-02-28 16:39:20', '2026-03-14 13:20:07');
INSERT INTO `materials` (`id`, `name`, `category_id`, `base_price`, `unit`, `stock`, `min_stock`, `is_active`, `track_clicks`, `is_custom`, `source_material_id`, `conversion_qty`, `measurement_mode`, `roll_width_cm`, `allow_rotation`, `created_at`, `updated_at`) VALUES ('102', 'EVENT DESK', '2', '800000.00', 'pcs', '1.00', '1.00', '1', '0', '0', NULL, '1.0000', 'manual', NULL, '1', '2026-03-01 07:22:24', '2026-03-01 09:29:48');
INSERT INTO `materials` (`id`, `name`, `category_id`, `base_price`, `unit`, `stock`, `min_stock`, `is_active`, `track_clicks`, `is_custom`, `source_material_id`, `conversion_qty`, `measurement_mode`, `roll_width_cm`, `allow_rotation`, `created_at`, `updated_at`) VALUES ('105', 'PROMO KROMO RAMADHAN', '4', '5000.00', 'LEMBAR', '640.00', '1.00', '1', '1', '0', NULL, '1.0000', 'manual', NULL, '1', '2026-03-07 10:36:09', '2026-03-14 15:29:38');
INSERT INTO `materials` (`id`, `name`, `category_id`, `base_price`, `unit`, `stock`, `min_stock`, `is_active`, `track_clicks`, `is_custom`, `source_material_id`, `conversion_qty`, `measurement_mode`, `roll_width_cm`, `allow_rotation`, `created_at`, `updated_at`) VALUES ('106', 'Roll up 60 x 160 cm + luster', '2', '250000.00', 'pcs', '0.00', '1.00', '1', '0', '1', NULL, '1.0000', 'manual', NULL, '1', '2026-03-12 21:22:45', '2026-03-14 10:51:50');
INSERT INTO `materials` (`id`, `name`, `category_id`, `base_price`, `unit`, `stock`, `min_stock`, `is_active`, `track_clicks`, `is_custom`, `source_material_id`, `conversion_qty`, `measurement_mode`, `roll_width_cm`, `allow_rotation`, `created_at`, `updated_at`) VALUES ('107', 'ROLL UP 60 x 160 cm + ALBATROS', '2', '250000.00', 'pcs', '0.00', '1.00', '1', '0', '1', NULL, '1.0000', 'manual', NULL, '1', '2026-03-13 09:26:48', '2026-03-14 10:51:28');
INSERT INTO `materials` (`id`, `name`, `category_id`, `base_price`, `unit`, `stock`, `min_stock`, `is_active`, `track_clicks`, `is_custom`, `source_material_id`, `conversion_qty`, `measurement_mode`, `roll_width_cm`, `allow_rotation`, `created_at`, `updated_at`) VALUES ('108', 'ROLL UP 80 X 180/200 CM + LUSTER', '2', '350000.00', 'pcs', '0.00', '1.00', '1', '0', '1', NULL, '1.0000', 'manual', NULL, '1', '2026-03-13 09:29:54', '2026-03-14 11:03:28');
INSERT INTO `materials` (`id`, `name`, `category_id`, `base_price`, `unit`, `stock`, `min_stock`, `is_active`, `track_clicks`, `is_custom`, `source_material_id`, `conversion_qty`, `measurement_mode`, `roll_width_cm`, `allow_rotation`, `created_at`, `updated_at`) VALUES ('109', 'ROLL UP 80 X 180/200 CM + ALBATROS', '2', '350000.00', 'pcs', '0.00', '1.00', '1', '0', '1', NULL, '1.0000', 'manual', NULL, '1', '2026-03-13 09:31:35', '2026-03-14 11:03:04');
INSERT INTO `materials` (`id`, `name`, `category_id`, `base_price`, `unit`, `stock`, `min_stock`, `is_active`, `track_clicks`, `is_custom`, `source_material_id`, `conversion_qty`, `measurement_mode`, `roll_width_cm`, `allow_rotation`, `created_at`, `updated_at`) VALUES ('111', 'ROLL UP 80 X 180/200 CM+BENNER 440 GSM', '1', '220000.00', 'pcs', '0.00', '1.00', '1', '0', '1', NULL, '1.0000', 'manual', NULL, '1', '2026-03-13 09:35:49', '2026-03-14 11:03:47');
INSERT INTO `materials` (`id`, `name`, `category_id`, `base_price`, `unit`, `stock`, `min_stock`, `is_active`, `track_clicks`, `is_custom`, `source_material_id`, `conversion_qty`, `measurement_mode`, `roll_width_cm`, `allow_rotation`, `created_at`, `updated_at`) VALUES ('112', 'ROLL UP BENNER 60 X 160 BAHAN BENNER 440', '1', '200000.00', 'pcs', '1.00', '1.00', '1', '0', '1', NULL, '1.0000', 'manual', NULL, '1', '2026-03-14 10:45:12', '2026-03-14 11:00:40');

-- --------------------------------------------------------
-- Table structure for table `migrations`
-- --------------------------------------------------------

CREATE TABLE `migrations` (
  `id` int(10) unsigned NOT NULL AUTO_INCREMENT,
  `migration` varchar(255) NOT NULL,
  `batch` int(11) NOT NULL,
  PRIMARY KEY (`id`)
) ENGINE=InnoDB AUTO_INCREMENT=61 DEFAULT CHARSET=utf8mb4 COLLATE=utf8mb4_unicode_ci;

-- Dumping data for table `migrations`

INSERT INTO `migrations` (`id`, `migration`, `batch`) VALUES ('1', '0001_01_01_000000_create_users_table', '1');
INSERT INTO `migrations` (`id`, `migration`, `batch`) VALUES ('2', '0001_01_01_000001_create_cache_table', '1');
INSERT INTO `migrations` (`id`, `migration`, `batch`) VALUES ('3', '0001_01_01_000002_create_jobs_table', '1');
INSERT INTO `migrations` (`id`, `migration`, `batch`) VALUES ('4', '2024_01_01_000001_add_role_to_users_table', '1');
INSERT INTO `migrations` (`id`, `migration`, `batch`) VALUES ('5', '2024_01_01_000002_create_orders_table', '1');
INSERT INTO `migrations` (`id`, `migration`, `batch`) VALUES ('6', '2024_01_01_000003_create_materials_table', '1');
INSERT INTO `migrations` (`id`, `migration`, `batch`) VALUES ('7', '2024_01_01_000004_create_settings_table', '1');
INSERT INTO `migrations` (`id`, `migration`, `batch`) VALUES ('8', '2026_01_30_010905_create_permission_tables', '1');
INSERT INTO `migrations` (`id`, `migration`, `batch`) VALUES ('9', '2026_01_30_014026_create_customers_table', '1');
INSERT INTO `migrations` (`id`, `migration`, `batch`) VALUES ('10', '2026_01_30_014034_add_customer_id_to_orders_table', '1');
INSERT INTO `migrations` (`id`, `migration`, `batch`) VALUES ('11', '2026_01_30_100001_create_products_table', '1');
INSERT INTO `migrations` (`id`, `migration`, `batch`) VALUES ('12', '2026_01_30_100002_create_order_items_table', '1');
INSERT INTO `migrations` (`id`, `migration`, `batch`) VALUES ('13', '2026_01_30_100003_modify_orders_for_multi_items', '1');
INSERT INTO `migrations` (`id`, `migration`, `batch`) VALUES ('14', '2026_01_30_100004_create_product_material_table', '1');
INSERT INTO `migrations` (`id`, `migration`, `batch`) VALUES ('15', '2026_01_30_120000_add_track_clicks_to_products_and_materials', '1');
INSERT INTO `migrations` (`id`, `migration`, `batch`) VALUES ('16', '2026_02_07_214900_add_member_type_to_customers_table', '1');
INSERT INTO `migrations` (`id`, `migration`, `batch`) VALUES ('17', '2026_02_07_221200_create_employees_table', '1');
INSERT INTO `migrations` (`id`, `migration`, `batch`) VALUES ('18', '2026_02_07_221201_create_salaries_table', '1');
INSERT INTO `migrations` (`id`, `migration`, `batch`) VALUES ('19', '2026_02_07_223400_add_stock_to_materials_table', '1');
INSERT INTO `migrations` (`id`, `migration`, `batch`) VALUES ('20', '2026_02_07_223401_create_purchases_table', '1');
INSERT INTO `migrations` (`id`, `migration`, `batch`) VALUES ('21', '2026_02_07_223402_create_expense_categories_table', '1');
INSERT INTO `migrations` (`id`, `migration`, `batch`) VALUES ('22', '2026_02_07_223403_create_expenses_table', '1');
INSERT INTO `migrations` (`id`, `migration`, `batch`) VALUES ('23', '2026_02_07_225000_create_suppliers_table', '1');
INSERT INTO `migrations` (`id`, `migration`, `batch`) VALUES ('24', '2026_02_08_000001_add_pickup_status_to_orders_table', '1');
INSERT INTO `migrations` (`id`, `migration`, `batch`) VALUES ('25', '2026_02_08_000002_create_material_categories_table', '1');
INSERT INTO `migrations` (`id`, `migration`, `batch`) VALUES ('26', '2026_02_08_000003_create_stock_movements_table', '1');
INSERT INTO `migrations` (`id`, `migration`, `batch`) VALUES ('27', '2026_02_08_000004_add_category_id_to_materials_table', '1');
INSERT INTO `migrations` (`id`, `migration`, `batch`) VALUES ('28', '2026_02_08_000005_create_deposits_table', '1');
INSERT INTO `migrations` (`id`, `migration`, `batch`) VALUES ('29', '2026_02_08_000006_create_units_table', '1');
INSERT INTO `migrations` (`id`, `migration`, `batch`) VALUES ('30', '2026_02_09_020000_create_payments_table', '1');
INSERT INTO `migrations` (`id`, `migration`, `batch`) VALUES ('31', '2026_02_09_020001_add_partial_status_to_orders_table', '1');
INSERT INTO `migrations` (`id`, `migration`, `batch`) VALUES ('32', '2026_02_09_025400_add_is_credit_to_orders_table', '1');
INSERT INTO `migrations` (`id`, `migration`, `batch`) VALUES ('33', '2026_02_09_100000_add_production_status_to_order_items_table', '1');
INSERT INTO `migrations` (`id`, `migration`, `batch`) VALUES ('34', '2026_02_09_100001_create_cash_modals_table', '1');
INSERT INTO `migrations` (`id`, `migration`, `batch`) VALUES ('35', '2026_02_09_100002_create_cash_mutations_table', '1');
INSERT INTO `migrations` (`id`, `migration`, `batch`) VALUES ('36', '2026_02_09_123128_create_payment_accounts_table', '1');
INSERT INTO `migrations` (`id`, `migration`, `batch`) VALUES ('37', '2026_02_09_123241_add_payment_account_id_to_payments_table', '1');
INSERT INTO `migrations` (`id`, `migration`, `batch`) VALUES ('38', '2026_02_09_132207_add_payment_account_id_to_deposits_table', '1');
INSERT INTO `migrations` (`id`, `migration`, `batch`) VALUES ('39', '2026_02_09_133337_add_payment_fields_to_purchases_table', '2');
INSERT INTO `migrations` (`id`, `migration`, `batch`) VALUES ('40', '2026_02_09_133340_create_purchase_payments_table', '2');
INSERT INTO `migrations` (`id`, `migration`, `batch`) VALUES ('41', '2026_02_10_000001_add_cancellation_to_orders_and_items', '3');
INSERT INTO `migrations` (`id`, `migration`, `batch`) VALUES ('42', '2026_02_10_000002_create_order_cancellation_requests_table', '3');
INSERT INTO `migrations` (`id`, `migration`, `batch`) VALUES ('43', '2026_02_10_000003_add_spv_to_users_role_enum', '4');
INSERT INTO `migrations` (`id`, `migration`, `batch`) VALUES ('44', '2026_02_14_220000_create_machines_table', '5');
INSERT INTO `migrations` (`id`, `migration`, `batch`) VALUES ('45', '2026_02_14_220001_create_machine_material_category_table', '6');
INSERT INTO `migrations` (`id`, `migration`, `batch`) VALUES ('46', '2026_02_14_220002_create_machine_material_table', '7');
INSERT INTO `migrations` (`id`, `migration`, `batch`) VALUES ('47', '2026_02_15_000001_create_material_prices_table', '8');
INSERT INTO `migrations` (`id`, `migration`, `batch`) VALUES ('48', '2026_02_15_000002_add_sisi_to_order_items_table', '9');
INSERT INTO `migrations` (`id`, `migration`, `batch`) VALUES ('49', '2026_02_15_003000_add_cost_per_click_to_machines_table', '10');
INSERT INTO `migrations` (`id`, `migration`, `batch`) VALUES ('50', '2026_02_12_135100_change_users_role_to_varchar', '11');
INSERT INTO `migrations` (`id`, `migration`, `batch`) VALUES ('51', '2026_02_16_110943_add_member_type_to_material_prices_table', '12');
INSERT INTO `migrations` (`id`, `migration`, `batch`) VALUES ('52', '2026_02_26_041113_create_sales_views', '13');
INSERT INTO `migrations` (`id`, `migration`, `batch`) VALUES ('53', '2026_02_27_013451_update_role_enum_in_users_table', '13');
INSERT INTO `migrations` (`id`, `migration`, `batch`) VALUES ('54', '2026_03_04_123113_add_wa_sent_to_orders_table', '13');
INSERT INTO `migrations` (`id`, `migration`, `batch`) VALUES ('55', '2026_03_04_130641_add_wa_notified_at_to_orders_table', '14');
INSERT INTO `migrations` (`id`, `migration`, `batch`) VALUES ('56', '2026_03_04_133639_add_wa_notified_at_to_orders_table', '15');
INSERT INTO `migrations` (`id`, `migration`, `batch`) VALUES ('57', '2026_03_06_000220_add_finishing_operator_id_to_orders_table', '15');
INSERT INTO `migrations` (`id`, `migration`, `batch`) VALUES ('58', '2026_03_12_142140_add_custom_and_measurement_fields_to_materials_table', '16');
INSERT INTO `migrations` (`id`, `migration`, `batch`) VALUES ('59', '2026_03_12_142209_create_material_components_table', '16');
INSERT INTO `migrations` (`id`, `migration`, `batch`) VALUES ('60', '2026_03_16_192536_add_report_columns_to_orders_table', '17');

-- --------------------------------------------------------
-- Table structure for table `model_has_permissions`
-- --------------------------------------------------------

CREATE TABLE `model_has_permissions` (
  `permission_id` bigint(20) unsigned NOT NULL,
  `model_type` varchar(255) NOT NULL,
  `model_id` bigint(20) unsigned NOT NULL,
  PRIMARY KEY (`permission_id`,`model_id`,`model_type`),
  KEY `model_has_permissions_model_id_model_type_index` (`model_id`,`model_type`),
  CONSTRAINT `model_has_permissions_permission_id_foreign` FOREIGN KEY (`permission_id`) REFERENCES `permissions` (`id`) ON DELETE CASCADE
) ENGINE=InnoDB DEFAULT CHARSET=utf8mb4 COLLATE=utf8mb4_unicode_ci;

-- --------------------------------------------------------
-- Table structure for table `model_has_roles`
-- --------------------------------------------------------

CREATE TABLE `model_has_roles` (
  `role_id` bigint(20) unsigned NOT NULL,
  `model_type` varchar(255) NOT NULL,
  `model_id` bigint(20) unsigned NOT NULL,
  PRIMARY KEY (`role_id`,`model_id`,`model_type`),
  KEY `model_has_roles_model_id_model_type_index` (`model_id`,`model_type`),
  CONSTRAINT `model_has_roles_role_id_foreign` FOREIGN KEY (`role_id`) REFERENCES `roles` (`id`) ON DELETE CASCADE
) ENGINE=InnoDB DEFAULT CHARSET=utf8mb4 COLLATE=utf8mb4_unicode_ci;

-- Dumping data for table `model_has_roles`

INSERT INTO `model_has_roles` (`role_id`, `model_type`, `model_id`) VALUES ('1', 'App\\Models\\User', '1');
INSERT INTO `model_has_roles` (`role_id`, `model_type`, `model_id`) VALUES ('2', 'App\\Models\\User', '2');
INSERT INTO `model_has_roles` (`role_id`, `model_type`, `model_id`) VALUES ('3', 'App\\Models\\User', '3');
INSERT INTO `model_has_roles` (`role_id`, `model_type`, `model_id`) VALUES ('3', 'App\\Models\\User', '4');
INSERT INTO `model_has_roles` (`role_id`, `model_type`, `model_id`) VALUES ('3', 'App\\Models\\User', '12');
INSERT INTO `model_has_roles` (`role_id`, `model_type`, `model_id`) VALUES ('3', 'App\\Models\\User', '15');
INSERT INTO `model_has_roles` (`role_id`, `model_type`, `model_id`) VALUES ('3', 'App\\Models\\User', '19');
INSERT INTO `model_has_roles` (`role_id`, `model_type`, `model_id`) VALUES ('3', 'App\\Models\\User', '20');
INSERT INTO `model_has_roles` (`role_id`, `model_type`, `model_id`) VALUES ('3', 'App\\Models\\User', '23');
INSERT INTO `model_has_roles` (`role_id`, `model_type`, `model_id`) VALUES ('4', 'App\\Models\\User', '5');
INSERT INTO `model_has_roles` (`role_id`, `model_type`, `model_id`) VALUES ('5', 'App\\Models\\User', '6');
INSERT INTO `model_has_roles` (`role_id`, `model_type`, `model_id`) VALUES ('5', 'App\\Models\\User', '7');
INSERT INTO `model_has_roles` (`role_id`, `model_type`, `model_id`) VALUES ('5', 'App\\Models\\User', '9');
INSERT INTO `model_has_roles` (`role_id`, `model_type`, `model_id`) VALUES ('5', 'App\\Models\\User', '10');
INSERT INTO `model_has_roles` (`role_id`, `model_type`, `model_id`) VALUES ('5', 'App\\Models\\User', '13');
INSERT INTO `model_has_roles` (`role_id`, `model_type`, `model_id`) VALUES ('5', 'App\\Models\\User', '14');
INSERT INTO `model_has_roles` (`role_id`, `model_type`, `model_id`) VALUES ('5', 'App\\Models\\User', '17');
INSERT INTO `model_has_roles` (`role_id`, `model_type`, `model_id`) VALUES ('5', 'App\\Models\\User', '22');
INSERT INTO `model_has_roles` (`role_id`, `model_type`, `model_id`) VALUES ('5', 'App\\Models\\User', '26');
INSERT INTO `model_has_roles` (`role_id`, `model_type`, `model_id`) VALUES ('6', 'App\\Models\\User', '8');
INSERT INTO `model_has_roles` (`role_id`, `model_type`, `model_id`) VALUES ('6', 'App\\Models\\User', '11');
INSERT INTO `model_has_roles` (`role_id`, `model_type`, `model_id`) VALUES ('7', 'App\\Models\\User', '16');
INSERT INTO `model_has_roles` (`role_id`, `model_type`, `model_id`) VALUES ('8', 'App\\\\Models\\\\User', '18');
INSERT INTO `model_has_roles` (`role_id`, `model_type`, `model_id`) VALUES ('8', 'App\\Models\\User', '18');
INSERT INTO `model_has_roles` (`role_id`, `model_type`, `model_id`) VALUES ('8', 'App\\Models\\User', '21');
INSERT INTO `model_has_roles` (`role_id`, `model_type`, `model_id`) VALUES ('8', 'App\\Models\\User', '24');
INSERT INTO `model_has_roles` (`role_id`, `model_type`, `model_id`) VALUES ('8', 'App\\Models\\User', '25');

-- --------------------------------------------------------
-- Table structure for table `order_cancellation_requests`
-- --------------------------------------------------------

CREATE TABLE `order_cancellation_requests` (
  `id` bigint(20) unsigned NOT NULL AUTO_INCREMENT,
  `order_id` bigint(20) unsigned NOT NULL,
  `order_item_id` bigint(20) unsigned DEFAULT NULL,
  `type` enum('order','item') NOT NULL,
  `requested_by` bigint(20) unsigned NOT NULL,
  `reason` text NOT NULL,
  `status` enum('pending','approved','rejected') NOT NULL DEFAULT 'pending',
  `reviewed_by` bigint(20) unsigned DEFAULT NULL,
  `reviewed_at` timestamp NULL DEFAULT NULL,
  `review_notes` text DEFAULT NULL,
  `created_at` timestamp NULL DEFAULT NULL,
  `updated_at` timestamp NULL DEFAULT NULL,
  PRIMARY KEY (`id`),
  KEY `order_cancellation_requests_order_item_id_foreign` (`order_item_id`),
  KEY `order_cancellation_requests_requested_by_foreign` (`requested_by`),
  KEY `order_cancellation_requests_reviewed_by_foreign` (`reviewed_by`),
  KEY `order_cancellation_requests_status_index` (`status`),
  KEY `order_cancellation_requests_order_id_status_index` (`order_id`,`status`),
  CONSTRAINT `order_cancellation_requests_order_id_foreign` FOREIGN KEY (`order_id`) REFERENCES `orders` (`id`) ON DELETE CASCADE,
  CONSTRAINT `order_cancellation_requests_order_item_id_foreign` FOREIGN KEY (`order_item_id`) REFERENCES `order_items` (`id`) ON DELETE CASCADE,
  CONSTRAINT `order_cancellation_requests_requested_by_foreign` FOREIGN KEY (`requested_by`) REFERENCES `users` (`id`) ON DELETE CASCADE,
  CONSTRAINT `order_cancellation_requests_reviewed_by_foreign` FOREIGN KEY (`reviewed_by`) REFERENCES `users` (`id`) ON DELETE SET NULL
) ENGINE=InnoDB AUTO_INCREMENT=30 DEFAULT CHARSET=utf8mb4 COLLATE=utf8mb4_unicode_ci;

-- Dumping data for table `order_cancellation_requests`

INSERT INTO `order_cancellation_requests` (`id`, `order_id`, `order_item_id`, `type`, `requested_by`, `reason`, `status`, `reviewed_by`, `reviewed_at`, `review_notes`, `created_at`, `updated_at`) VALUES ('1', '43', NULL, 'order', '3', 'mau ganti nama', 'approved', '8', '2026-03-02 11:42:43', NULL, '2026-03-02 11:41:52', '2026-03-02 11:42:43');
INSERT INTO `order_cancellation_requests` (`id`, `order_id`, `order_item_id`, `type`, `requested_by`, `reason`, `status`, `reviewed_by`, `reviewed_at`, `review_notes`, `created_at`, `updated_at`) VALUES ('2', '40', NULL, 'order', '16', 'konsumen cancel cetakan', 'approved', '16', '2026-03-02 14:08:24', 'Auto-approved', '2026-03-02 14:08:24', '2026-03-02 14:08:24');
INSERT INTO `order_cancellation_requests` (`id`, `order_id`, `order_item_id`, `type`, `requested_by`, `reason`, `status`, `reviewed_by`, `reviewed_at`, `review_notes`, `created_at`, `updated_at`) VALUES ('3', '149', NULL, 'order', '3', 'ke double inputannya', 'approved', '8', '2026-03-03 13:03:38', NULL, '2026-03-03 12:52:57', '2026-03-03 13:03:38');
INSERT INTO `order_cancellation_requests` (`id`, `order_id`, `order_item_id`, `type`, `requested_by`, `reason`, `status`, `reviewed_by`, `reviewed_at`, `review_notes`, `created_at`, `updated_at`) VALUES ('4', '173', '270', 'item', '3', 'tidak jadi di laminating', 'approved', '8', '2026-03-03 13:13:51', NULL, '2026-03-03 13:10:59', '2026-03-03 13:13:51');
INSERT INTO `order_cancellation_requests` (`id`, `order_id`, `order_item_id`, `type`, `requested_by`, `reason`, `status`, `reviewed_by`, `reviewed_at`, `review_notes`, `created_at`, `updated_at`) VALUES ('5', '229', NULL, 'order', '3', 'kedouble input', 'approved', '8', '2026-03-04 09:46:38', NULL, '2026-03-03 15:46:58', '2026-03-04 09:46:38');
INSERT INTO `order_cancellation_requests` (`id`, `order_id`, `order_item_id`, `type`, `requested_by`, `reason`, `status`, `reviewed_by`, `reviewed_at`, `review_notes`, `created_at`, `updated_at`) VALUES ('7', '283', NULL, 'order', '3', 'input an nya double', 'approved', '8', '2026-03-05 10:23:41', NULL, '2026-03-05 10:22:15', '2026-03-05 10:23:41');
INSERT INTO `order_cancellation_requests` (`id`, `order_id`, `order_item_id`, `type`, `requested_by`, `reason`, `status`, `reviewed_by`, `reviewed_at`, `review_notes`, `created_at`, `updated_at`) VALUES ('8', '421', NULL, 'order', '3', 'kedouble input', 'approved', '8', '2026-03-05 13:56:24', NULL, '2026-03-05 13:43:33', '2026-03-05 13:56:24');
INSERT INTO `order_cancellation_requests` (`id`, `order_id`, `order_item_id`, `type`, `requested_by`, `reason`, `status`, `reviewed_by`, `reviewed_at`, `review_notes`, `created_at`, `updated_at`) VALUES ('9', '505', '683', 'item', '3', 'mau dipisah nota nya', 'approved', '16', '2026-03-06 17:02:30', NULL, '2026-03-06 17:02:06', '2026-03-06 17:02:30');
INSERT INTO `order_cancellation_requests` (`id`, `order_id`, `order_item_id`, `type`, `requested_by`, `reason`, `status`, `reviewed_by`, `reviewed_at`, `review_notes`, `created_at`, `updated_at`) VALUES ('13', '465', NULL, 'order', '3', 'kedouble input', 'approved', '8', '2026-03-07 12:00:02', NULL, '2026-03-07 11:59:35', '2026-03-07 12:00:02');
INSERT INTO `order_cancellation_requests` (`id`, `order_id`, `order_item_id`, `type`, `requested_by`, `reason`, `status`, `reviewed_by`, `reviewed_at`, `review_notes`, `created_at`, `updated_at`) VALUES ('14', '188', NULL, 'order', '3', 'KEDOUBLE INPUT', 'approved', '16', '2026-03-07 14:07:20', NULL, '2026-03-07 14:07:08', '2026-03-07 14:07:20');
INSERT INTO `order_cancellation_requests` (`id`, `order_id`, `order_item_id`, `type`, `requested_by`, `reason`, `status`, `reviewed_by`, `reviewed_at`, `review_notes`, `created_at`, `updated_at`) VALUES ('17', '837', NULL, 'order', '3', 'ke double pas ngubah ukurannya', 'approved', '16', '2026-03-09 16:28:12', NULL, '2026-03-09 16:27:51', '2026-03-09 16:28:12');
INSERT INTO `order_cancellation_requests` (`id`, `order_id`, `order_item_id`, `type`, `requested_by`, `reason`, `status`, `reviewed_by`, `reviewed_at`, `review_notes`, `created_at`, `updated_at`) VALUES ('22', '1014', NULL, 'order', '16', 'SALAH NOTA', 'approved', '16', '2026-03-11 15:13:01', 'Auto-approved', '2026-03-11 15:13:01', '2026-03-11 15:13:01');
INSERT INTO `order_cancellation_requests` (`id`, `order_id`, `order_item_id`, `type`, `requested_by`, `reason`, `status`, `reviewed_by`, `reviewed_at`, `review_notes`, `created_at`, `updated_at`) VALUES ('25', '1190', NULL, 'order', '3', 'kedouble input', 'approved', '16', '2026-03-13 15:06:41', NULL, '2026-03-12 15:58:26', '2026-03-13 15:06:41');
INSERT INTO `order_cancellation_requests` (`id`, `order_id`, `order_item_id`, `type`, `requested_by`, `reason`, `status`, `reviewed_by`, `reviewed_at`, `review_notes`, `created_at`, `updated_at`) VALUES ('26', '1185', NULL, 'order', '3', 'ke double input', 'approved', '16', '2026-03-13 15:06:28', NULL, '2026-03-13 15:04:29', '2026-03-13 15:06:28');

-- --------------------------------------------------------
