INSERT INTO `orders` (`id`, `invoice_number`, `customer_id`, `customer_name`, `customer_phone`, `notes`, `total_price`, `paid_amount`, `change_amount`, `payment_status`, `is_credit`, `paid_at`, `production_status`, `pickup_status`, `picked_up_at`, `started_at`, `finished_at`, `wa_sent`, `wa_notified_at`, `designer_id`, `cashier_id`, `operator_id`, `finishing_operator_id`, `spk_printed`, `spk_printed_at`, `remaining_balance`, `report_total_price`, `report_total_qty`, `report_remaining_balance`, `is_cancelled`, `cancelled_at`, `created_at`, `updated_at`, `cancelled_by`, `cancel_reason`) VALUES ('1022', 'INV-20260311-0060', '80', 'TIMEZONE MBK', '08117288850', NULL, '85000.00', '0.00', '0.00', 'paid', '1', '2026-03-11 16:12:14', 'selesai', 'picked_up', '2026-03-12 13:31:47', '2026-03-11 14:36:28', '2026-03-11 16:09:54', '0', '2026-03-11 16:13:47', '3', '16', NULL, '18', '1', '2026-03-11 13:50:06', '0.00', '0.00', '0', '0.00', '0', NULL, '2026-03-11 13:49:55', '2026-03-12 13:31:47', NULL, NULL);
INSERT INTO `orders` (`id`, `invoice_number`, `customer_id`, `customer_name`, `customer_phone`, `notes`, `total_price`, `paid_amount`, `change_amount`, `payment_status`, `is_credit`, `paid_at`, `production_status`, `pickup_status`, `picked_up_at`, `started_at`, `finished_at`, `wa_sent`, `wa_notified_at`, `designer_id`, `cashier_id`, `operator_id`, `finishing_operator_id`, `spk_printed`, `spk_printed_at`, `remaining_balance`, `report_total_price`, `report_total_qty`, `report_remaining_balance`, `is_cancelled`, `cancelled_at`, `created_at`, `updated_at`, `cancelled_by`, `cancel_reason`) VALUES ('1025', 'INV-20260311-0063', '380', 'YASIN TANBIN', '+62 813-7769-2662', NULL, '112500.00', '112500.00', '0.00', 'paid', '1', '2026-03-13 14:09:13', 'selesai', 'picked_up', '2026-03-14 09:45:19', '2026-03-11 16:16:31', '2026-03-12 10:12:16', '0', '2026-03-12 10:34:17', '3', '16', NULL, NULL, '1', '2026-03-11 14:06:23', '0.00', '0.00', '0', '0.00', '0', NULL, '2026-03-11 14:06:18', '2026-03-14 09:45:19', NULL, NULL);
INSERT INTO `orders` (`id`, `invoice_number`, `customer_id`, `customer_name`, `customer_phone`, `notes`, `total_price`, `paid_amount`, `change_amount`, `payment_status`, `is_credit`, `paid_at`, `production_status`, `pickup_status`, `picked_up_at`, `started_at`, `finished_at`, `wa_sent`, `wa_notified_at`, `designer_id`, `cashier_id`, `operator_id`, `finishing_operator_id`, `spk_printed`, `spk_printed_at`, `remaining_balance`, `report_total_price`, `report_total_qty`, `report_remaining_balance`, `is_cancelled`, `cancelled_at`, `created_at`, `updated_at`, `cancelled_by`, `cancel_reason`) VALUES ('1029', 'INV-20260311-0067', '426', 'Nahawang Printing', '081373948686', NULL, '93600.00', '0.00', '0.00', 'paid', '1', '2026-03-12 14:30:31', 'selesai', 'picked_up', '2026-03-14 09:45:00', '2026-03-11 14:16:49', '2026-03-12 08:59:22', '0', '2026-03-12 10:37:11', '3', '16', NULL, NULL, '1', '2026-03-11 14:13:08', '0.00', '0.00', '0', '0.00', '0', NULL, '2026-03-11 14:13:06', '2026-03-14 09:45:00', NULL, NULL);
INSERT INTO `orders` (`id`, `invoice_number`, `customer_id`, `customer_name`, `customer_phone`, `notes`, `total_price`, `paid_amount`, `change_amount`, `payment_status`, `is_credit`, `paid_at`, `production_status`, `pickup_status`, `picked_up_at`, `started_at`, `finished_at`, `wa_sent`, `wa_notified_at`, `designer_id`, `cashier_id`, `operator_id`, `finishing_operator_id`, `spk_printed`, `spk_printed_at`, `remaining_balance`, `report_total_price`, `report_total_qty`, `report_remaining_balance`, `is_cancelled`, `cancelled_at`, `created_at`, `updated_at`, `cancelled_by`, `cancel_reason`) VALUES ('1032', 'INV-20260311-0070', '406', 'Feldi Bakti', '+62 895-6207-14411', 'POTONG KERTAS', '35000.00', '35000.00', '0.00', 'paid', '1', '2026-03-11 14:33:26', 'selesai', 'picked_up', '2026-03-14 09:44:41', '2026-03-11 14:29:55', '2026-03-12 11:27:34', '0', '2026-03-12 11:52:38', '16', '16', '16', NULL, '0', NULL, '0.00', '0.00', '0', '0.00', '0', NULL, '2026-03-11 14:28:57', '2026-03-14 09:44:41', NULL, NULL);
INSERT INTO `orders` (`id`, `invoice_number`, `customer_id`, `customer_name`, `customer_phone`, `notes`, `total_price`, `paid_amount`, `change_amount`, `payment_status`, `is_credit`, `paid_at`, `production_status`, `pickup_status`, `picked_up_at`, `started_at`, `finished_at`, `wa_sent`, `wa_notified_at`, `designer_id`, `cashier_id`, `operator_id`, `finishing_operator_id`, `spk_printed`, `spk_printed_at`, `remaining_balance`, `report_total_price`, `report_total_qty`, `report_remaining_balance`, `is_cancelled`, `cancelled_at`, `created_at`, `updated_at`, `cancelled_by`, `cancel_reason`) VALUES ('1033', 'INV-20260311-0071', '80', 'TIMEZONE MBK', '08117288850', NULL, '19800.00', '0.00', '0.00', 'paid', '1', '2026-03-11 16:12:14', 'selesai', 'picked_up', '2026-03-12 13:31:24', '2026-03-11 14:36:31', '2026-03-11 14:40:51', '0', '2026-03-11 14:46:50', '3', '16', NULL, NULL, '1', '2026-03-11 14:29:23', '0.00', '0.00', '0', '0.00', '0', NULL, '2026-03-11 14:29:19', '2026-03-12 13:31:24', NULL, NULL);
INSERT INTO `orders` (`id`, `invoice_number`, `customer_id`, `customer_name`, `customer_phone`, `notes`, `total_price`, `paid_amount`, `change_amount`, `payment_status`, `is_credit`, `paid_at`, `production_status`, `pickup_status`, `picked_up_at`, `started_at`, `finished_at`, `wa_sent`, `wa_notified_at`, `designer_id`, `cashier_id`, `operator_id`, `finishing_operator_id`, `spk_printed`, `spk_printed_at`, `remaining_balance`, `report_total_price`, `report_total_qty`, `report_remaining_balance`, `is_cancelled`, `cancelled_at`, `created_at`, `updated_at`, `cancelled_by`, `cancel_reason`) VALUES ('1035', 'INV-20260311-0073', '421', 'NELA', '+62 813-6960-9788', NULL, '66000.00', '66000.00', '0.00', 'paid', '1', '2026-03-13 13:19:11', 'selesai', 'picked_up', '2026-03-14 09:44:31', '2026-03-11 15:58:26', '2026-03-12 10:12:38', '0', '2026-03-12 10:33:54', '3', '16', NULL, NULL, '1', '2026-03-11 14:31:53', '0.00', '0.00', '0', '0.00', '0', NULL, '2026-03-11 14:31:50', '2026-03-14 09:44:31', NULL, NULL);
INSERT INTO `orders` (`id`, `invoice_number`, `customer_id`, `customer_name`, `customer_phone`, `notes`, `total_price`, `paid_amount`, `change_amount`, `payment_status`, `is_credit`, `paid_at`, `production_status`, `pickup_status`, `picked_up_at`, `started_at`, `finished_at`, `wa_sent`, `wa_notified_at`, `designer_id`, `cashier_id`, `operator_id`, `finishing_operator_id`, `spk_printed`, `spk_printed_at`, `remaining_balance`, `report_total_price`, `report_total_qty`, `report_remaining_balance`, `is_cancelled`, `cancelled_at`, `created_at`, `updated_at`, `cancelled_by`, `cancel_reason`) VALUES ('1036', 'INV-20260311-0074', '283', 'Sherli ERKA', '0895602336404', NULL, '80000.00', '0.00', '0.00', 'unpaid', '1', NULL, 'selesai', 'not_picked_up', NULL, '2026-03-11 14:58:58', '2026-03-12 13:37:28', '0', '2026-03-12 14:22:18', '3', NULL, '6', '18', '1', '2026-03-11 14:36:46', '0.00', '0.00', '0', '0.00', '0', NULL, '2026-03-11 14:36:44', '2026-03-12 14:22:18', NULL, NULL);
INSERT INTO `orders` (`id`, `invoice_number`, `customer_id`, `customer_name`, `customer_phone`, `notes`, `total_price`, `paid_amount`, `change_amount`, `payment_status`, `is_credit`, `paid_at`, `production_status`, `pickup_status`, `picked_up_at`, `started_at`, `finished_at`, `wa_sent`, `wa_notified_at`, `designer_id`, `cashier_id`, `operator_id`, `finishing_operator_id`, `spk_printed`, `spk_printed_at`, `remaining_balance`, `report_total_price`, `report_total_qty`, `report_remaining_balance`, `is_cancelled`, `cancelled_at`, `created_at`, `updated_at`, `cancelled_by`, `cancel_reason`) VALUES ('1039', 'INV-20260311-0077', '48', 'PAK RANA', '0895640319652', NULL, '18900.00', '19000.00', '100.00', 'paid', '1', '2026-03-12 10:16:30', 'selesai', 'picked_up', '2026-03-14 09:44:12', '2026-03-11 15:03:21', '2026-03-12 08:58:36', '0', '2026-03-12 10:37:54', '3', '16', NULL, NULL, '1', '2026-03-11 14:45:53', '0.00', '0.00', '0', '0.00', '0', NULL, '2026-03-11 14:45:51', '2026-03-14 09:44:12', NULL, NULL);
INSERT INTO `orders` (`id`, `invoice_number`, `customer_id`, `customer_name`, `customer_phone`, `notes`, `total_price`, `paid_amount`, `change_amount`, `payment_status`, `is_credit`, `paid_at`, `production_status`, `pickup_status`, `picked_up_at`, `started_at`, `finished_at`, `wa_sent`, `wa_notified_at`, `designer_id`, `cashier_id`, `operator_id`, `finishing_operator_id`, `spk_printed`, `spk_printed_at`, `remaining_balance`, `report_total_price`, `report_total_qty`, `report_remaining_balance`, `is_cancelled`, `cancelled_at`, `created_at`, `updated_at`, `cancelled_by`, `cancel_reason`) VALUES ('1040', 'INV-20260311-0078', '429', 'Tholi Am Desain', '087829302789', NULL, '36400.00', '36400.00', '0.00', 'paid', '1', '2026-03-12 14:26:12', 'selesai', 'picked_up', '2026-03-14 09:44:08', '2026-03-11 15:00:25', '2026-03-12 08:58:43', '0', '2026-03-12 10:37:50', '3', '16', NULL, NULL, '1', '2026-03-11 14:47:35', '0.00', '0.00', '0', '0.00', '0', NULL, '2026-03-11 14:47:32', '2026-03-14 09:44:08', NULL, NULL);
INSERT INTO `orders` (`id`, `invoice_number`, `customer_id`, `customer_name`, `customer_phone`, `notes`, `total_price`, `paid_amount`, `change_amount`, `payment_status`, `is_credit`, `paid_at`, `production_status`, `pickup_status`, `picked_up_at`, `started_at`, `finished_at`, `wa_sent`, `wa_notified_at`, `designer_id`, `cashier_id`, `operator_id`, `finishing_operator_id`, `spk_printed`, `spk_printed_at`, `remaining_balance`, `report_total_price`, `report_total_qty`, `report_remaining_balance`, `is_cancelled`, `cancelled_at`, `created_at`, `updated_at`, `cancelled_by`, `cancel_reason`) VALUES ('1043', 'INV-20260311-0081', '308', 'GRACIELE', '0895808462323', NULL, '135000.00', '0.00', '0.00', 'paid', '1', '2026-03-12 10:37:53', 'selesai', 'picked_up', '2026-03-12 10:38:35', '2026-03-11 15:52:07', '2026-03-11 16:50:13', '0', '2026-03-12 10:38:31', '3', '16', NULL, NULL, '1', '2026-03-11 14:57:41', '0.00', '0.00', '0', '0.00', '0', NULL, '2026-03-11 14:57:38', '2026-03-12 10:38:35', NULL, NULL);
INSERT INTO `orders` (`id`, `invoice_number`, `customer_id`, `customer_name`, `customer_phone`, `notes`, `total_price`, `paid_amount`, `change_amount`, `payment_status`, `is_credit`, `paid_at`, `production_status`, `pickup_status`, `picked_up_at`, `started_at`, `finished_at`, `wa_sent`, `wa_notified_at`, `designer_id`, `cashier_id`, `operator_id`, `finishing_operator_id`, `spk_printed`, `spk_printed_at`, `remaining_balance`, `report_total_price`, `report_total_qty`, `report_remaining_balance`, `is_cancelled`, `cancelled_at`, `created_at`, `updated_at`, `cancelled_by`, `cancel_reason`) VALUES ('1045', 'INV-20260311-0083', '432', 'Elisa', '085269056363', NULL, '45000.00', '45000.00', '0.00', 'paid', '1', '2026-03-11 15:05:52', 'selesai', 'picked_up', '2026-03-14 09:43:52', '2026-03-11 15:52:01', '2026-03-12 08:58:52', '0', '2026-03-12 10:37:35', '3', '16', NULL, NULL, '1', '2026-03-11 15:08:29', '0.00', '0.00', '0', '0.00', '0', NULL, '2026-03-11 15:05:16', '2026-03-14 09:43:52', NULL, NULL);
INSERT INTO `orders` (`id`, `invoice_number`, `customer_id`, `customer_name`, `customer_phone`, `notes`, `total_price`, `paid_amount`, `change_amount`, `payment_status`, `is_credit`, `paid_at`, `production_status`, `pickup_status`, `picked_up_at`, `started_at`, `finished_at`, `wa_sent`, `wa_notified_at`, `designer_id`, `cashier_id`, `operator_id`, `finishing_operator_id`, `spk_printed`, `spk_printed_at`, `remaining_balance`, `report_total_price`, `report_total_qty`, `report_remaining_balance`, `is_cancelled`, `cancelled_at`, `created_at`, `updated_at`, `cancelled_by`, `cancel_reason`) VALUES ('1047', 'INV-20260311-0085', '424', 'Agung Prabowo', '081278240853', NULL, '95000.00', '68400.00', '0.00', 'paid', '1', '2026-03-11 15:14:27', 'selesai', 'picked_up', '2026-03-14 09:43:41', '2026-03-11 15:35:48', '2026-03-12 10:39:39', '0', '2026-03-12 11:25:01', '3', '16', '6', '18', '0', NULL, '0.00', '0.00', '0', '0.00', '0', NULL, '2026-03-11 15:13:50', '2026-03-14 09:43:41', NULL, NULL);
INSERT INTO `orders` (`id`, `invoice_number`, `customer_id`, `customer_name`, `customer_phone`, `notes`, `total_price`, `paid_amount`, `change_amount`, `payment_status`, `is_credit`, `paid_at`, `production_status`, `pickup_status`, `picked_up_at`, `started_at`, `finished_at`, `wa_sent`, `wa_notified_at`, `designer_id`, `cashier_id`, `operator_id`, `finishing_operator_id`, `spk_printed`, `spk_printed_at`, `remaining_balance`, `report_total_price`, `report_total_qty`, `report_remaining_balance`, `is_cancelled`, `cancelled_at`, `created_at`, `updated_at`, `cancelled_by`, `cancel_reason`) VALUES ('1050', 'INV-20260311-0088', '434', 'Rafif', '082158396065', NULL, '253800.00', '253800.00', '0.00', 'paid', '1', '2026-03-11 16:48:50', 'selesai', 'picked_up', '2026-03-14 09:43:33', '2026-03-11 15:53:27', '2026-03-11 16:07:43', '0', '2026-03-11 16:13:40', '3', '16', NULL, NULL, '1', '2026-03-11 15:18:51', '0.00', '0.00', '0', '0.00', '0', NULL, '2026-03-11 15:18:49', '2026-03-14 09:43:33', NULL, NULL);
INSERT INTO `orders` (`id`, `invoice_number`, `customer_id`, `customer_name`, `customer_phone`, `notes`, `total_price`, `paid_amount`, `change_amount`, `payment_status`, `is_credit`, `paid_at`, `production_status`, `pickup_status`, `picked_up_at`, `started_at`, `finished_at`, `wa_sent`, `wa_notified_at`, `designer_id`, `cashier_id`, `operator_id`, `finishing_operator_id`, `spk_printed`, `spk_printed_at`, `remaining_balance`, `report_total_price`, `report_total_qty`, `report_remaining_balance`, `is_cancelled`, `cancelled_at`, `created_at`, `updated_at`, `cancelled_by`, `cancel_reason`) VALUES ('1052', 'INV-20260311-0090', '435', 'Rizkia', '082230716713', NULL, '22700.00', '0.00', '0.00', 'unpaid', '1', NULL, 'selesai', 'not_picked_up', NULL, '2026-03-11 15:53:36', '2026-03-11 16:54:55', '0', '2026-03-12 10:38:17', '3', NULL, NULL, NULL, '1', '2026-03-11 15:51:14', '0.00', '0.00', '0', '0.00', '0', NULL, '2026-03-11 15:51:11', '2026-03-12 10:38:17', NULL, NULL);
INSERT INTO `orders` (`id`, `invoice_number`, `customer_id`, `customer_name`, `customer_phone`, `notes`, `total_price`, `paid_amount`, `change_amount`, `payment_status`, `is_credit`, `paid_at`, `production_status`, `pickup_status`, `picked_up_at`, `started_at`, `finished_at`, `wa_sent`, `wa_notified_at`, `designer_id`, `cashier_id`, `operator_id`, `finishing_operator_id`, `spk_printed`, `spk_printed_at`, `remaining_balance`, `report_total_price`, `report_total_qty`, `report_remaining_balance`, `is_cancelled`, `cancelled_at`, `created_at`, `updated_at`, `cancelled_by`, `cancel_reason`) VALUES ('1057', 'INV-20260311-0095', '284', 'Markitak', '089624614424', NULL, '29700.00', '0.00', '0.00', 'unpaid', '1', NULL, 'selesai', 'picked_up', '2026-03-14 09:43:07', '2026-03-12 09:11:21', '2026-03-12 09:27:18', '0', '2026-03-12 10:36:59', '3', NULL, NULL, NULL, '1', '2026-03-11 16:22:16', '0.00', '0.00', '0', '0.00', '0', NULL, '2026-03-11 16:22:14', '2026-03-14 09:43:07', NULL, NULL);
INSERT INTO `orders` (`id`, `invoice_number`, `customer_id`, `customer_name`, `customer_phone`, `notes`, `total_price`, `paid_amount`, `change_amount`, `payment_status`, `is_credit`, `paid_at`, `production_status`, `pickup_status`, `picked_up_at`, `started_at`, `finished_at`, `wa_sent`, `wa_notified_at`, `designer_id`, `cashier_id`, `operator_id`, `finishing_operator_id`, `spk_printed`, `spk_printed_at`, `remaining_balance`, `report_total_price`, `report_total_qty`, `report_remaining_balance`, `is_cancelled`, `cancelled_at`, `created_at`, `updated_at`, `cancelled_by`, `cancel_reason`) VALUES ('1059', 'INV-20260311-0097', '18', 'WIWAL  WAHYU', '62 857-8827-0149', NULL, '21600.00', '0.00', '0.00', 'paid', '1', '2026-03-12 09:25:06', 'selesai', 'picked_up', '2026-03-12 14:05:52', '2026-03-12 09:13:03', '2026-03-12 09:36:05', '0', '2026-03-12 10:35:31', '3', '16', NULL, NULL, '1', '2026-03-11 16:48:07', '0.00', '0.00', '0', '0.00', '0', NULL, '2026-03-11 16:48:03', '2026-03-12 14:05:52', NULL, NULL);
INSERT INTO `orders` (`id`, `invoice_number`, `customer_id`, `customer_name`, `customer_phone`, `notes`, `total_price`, `paid_amount`, `change_amount`, `payment_status`, `is_credit`, `paid_at`, `production_status`, `pickup_status`, `picked_up_at`, `started_at`, `finished_at`, `wa_sent`, `wa_notified_at`, `designer_id`, `cashier_id`, `operator_id`, `finishing_operator_id`, `spk_printed`, `spk_printed_at`, `remaining_balance`, `report_total_price`, `report_total_qty`, `report_remaining_balance`, `is_cancelled`, `cancelled_at`, `created_at`, `updated_at`, `cancelled_by`, `cancel_reason`) VALUES ('1062', 'INV-20260312-0002', '283', 'Sherli ERKA', '0895602336404', NULL, '13000.00', '0.00', '0.00', 'unpaid', '1', NULL, 'selesai', 'not_picked_up', NULL, '2026-03-12 09:13:08', '2026-03-12 09:36:22', '0', '2026-03-12 10:35:19', '3', NULL, NULL, NULL, '1', '2026-03-12 09:12:54', '0.00', '0.00', '0', '0.00', '0', NULL, '2026-03-12 09:12:51', '2026-03-12 10:35:19', NULL, NULL);
INSERT INTO `orders` (`id`, `invoice_number`, `customer_id`, `customer_name`, `customer_phone`, `notes`, `total_price`, `paid_amount`, `change_amount`, `payment_status`, `is_credit`, `paid_at`, `production_status`, `pickup_status`, `picked_up_at`, `started_at`, `finished_at`, `wa_sent`, `wa_notified_at`, `designer_id`, `cashier_id`, `operator_id`, `finishing_operator_id`, `spk_printed`, `spk_printed_at`, `remaining_balance`, `report_total_price`, `report_total_qty`, `report_remaining_balance`, `is_cancelled`, `cancelled_at`, `created_at`, `updated_at`, `cancelled_by`, `cancel_reason`) VALUES ('1068', 'INV-20260312-0008', '174', 'Mafia Stiker', '08989748765', NULL, '56400.00', '0.00', '0.00', 'unpaid', '1', NULL, 'selesai', 'not_picked_up', NULL, '2026-03-12 09:39:02', '2026-03-12 11:21:14', '0', '2026-03-12 11:50:55', '3', NULL, NULL, NULL, '1', '2026-03-12 09:26:40', '0.00', '0.00', '0', '0.00', '0', NULL, '2026-03-12 09:25:15', '2026-03-12 11:50:55', NULL, NULL);
INSERT INTO `orders` (`id`, `invoice_number`, `customer_id`, `customer_name`, `customer_phone`, `notes`, `total_price`, `paid_amount`, `change_amount`, `payment_status`, `is_credit`, `paid_at`, `production_status`, `pickup_status`, `picked_up_at`, `started_at`, `finished_at`, `wa_sent`, `wa_notified_at`, `designer_id`, `cashier_id`, `operator_id`, `finishing_operator_id`, `spk_printed`, `spk_printed_at`, `remaining_balance`, `report_total_price`, `report_total_qty`, `report_remaining_balance`, `is_cancelled`, `cancelled_at`, `created_at`, `updated_at`, `cancelled_by`, `cancel_reason`) VALUES ('1073', 'INV-20260312-0013', '440', 'Rosi Wahyana', '082175465554', NULL, '62400.00', '65000.00', '2600.00', 'paid', '1', '2026-03-12 11:07:22', 'selesai', 'picked_up', '2026-03-13 13:18:38', '2026-03-12 09:39:13', '2026-03-12 10:14:26', '0', '2026-03-12 10:32:20', '3', '16', NULL, NULL, '1', '2026-03-12 09:31:12', '0.00', '0.00', '0', '0.00', '0', NULL, '2026-03-12 09:31:09', '2026-03-13 13:18:38', NULL, NULL);
INSERT INTO `orders` (`id`, `invoice_number`, `customer_id`, `customer_name`, `customer_phone`, `notes`, `total_price`, `paid_amount`, `change_amount`, `payment_status`, `is_credit`, `paid_at`, `production_status`, `pickup_status`, `picked_up_at`, `started_at`, `finished_at`, `wa_sent`, `wa_notified_at`, `designer_id`, `cashier_id`, `operator_id`, `finishing_operator_id`, `spk_printed`, `spk_printed_at`, `remaining_balance`, `report_total_price`, `report_total_qty`, `report_remaining_balance`, `is_cancelled`, `cancelled_at`, `created_at`, `updated_at`, `cancelled_by`, `cancel_reason`) VALUES ('1077', 'INV-20260312-0017', '419', 'Kurnia Desain', '081252002210', NULL, '25000.00', '25000.00', '0.00', 'paid', '1', '2026-03-12 16:59:02', 'selesai', 'picked_up', '2026-03-12 15:02:31', '2026-03-12 09:42:13', '2026-03-12 10:17:35', '0', '2026-03-12 10:32:14', '3', '16', NULL, NULL, '1', '2026-03-12 09:35:46', '0.00', '0.00', '0', '0.00', '0', NULL, '2026-03-12 09:35:44', '2026-03-12 16:59:02', NULL, NULL);
INSERT INTO `orders` (`id`, `invoice_number`, `customer_id`, `customer_name`, `customer_phone`, `notes`, `total_price`, `paid_amount`, `change_amount`, `payment_status`, `is_credit`, `paid_at`, `production_status`, `pickup_status`, `picked_up_at`, `started_at`, `finished_at`, `wa_sent`, `wa_notified_at`, `designer_id`, `cashier_id`, `operator_id`, `finishing_operator_id`, `spk_printed`, `spk_printed_at`, `remaining_balance`, `report_total_price`, `report_total_qty`, `report_remaining_balance`, `is_cancelled`, `cancelled_at`, `created_at`, `updated_at`, `cancelled_by`, `cancel_reason`) VALUES ('1079', 'INV-20260312-0019', '50', 'Ivana', '089601024724', NULL, '34600.00', '40000.00', '5400.00', 'paid', '1', '2026-03-12 12:25:17', 'selesai', 'picked_up', '2026-03-14 10:39:59', '2026-03-12 09:42:16', '2026-03-12 10:22:04', '0', '2026-03-12 10:31:10', '3', '16', NULL, NULL, '1', '2026-03-12 09:38:36', '0.00', '0.00', '0', '0.00', '0', NULL, '2026-03-12 09:38:33', '2026-03-14 10:39:59', NULL, NULL);
INSERT INTO `orders` (`id`, `invoice_number`, `customer_id`, `customer_name`, `customer_phone`, `notes`, `total_price`, `paid_amount`, `change_amount`, `payment_status`, `is_credit`, `paid_at`, `production_status`, `pickup_status`, `picked_up_at`, `started_at`, `finished_at`, `wa_sent`, `wa_notified_at`, `designer_id`, `cashier_id`, `operator_id`, `finishing_operator_id`, `spk_printed`, `spk_printed_at`, `remaining_balance`, `report_total_price`, `report_total_qty`, `report_remaining_balance`, `is_cancelled`, `cancelled_at`, `created_at`, `updated_at`, `cancelled_by`, `cancel_reason`) VALUES ('1087', 'INV-20260312-0027', '444', 'Sho Konsumen', '089628862555', NULL, '15000.00', '15000.00', '0.00', 'paid', '1', '2026-03-12 15:00:44', 'selesai', 'not_picked_up', NULL, '2026-03-12 10:14:55', '2026-03-12 11:27:57', '0', '2026-03-12 11:52:46', '3', '16', NULL, NULL, '1', '2026-03-12 09:51:18', '0.00', '0.00', '0', '0.00', '0', NULL, '2026-03-12 09:51:15', '2026-03-12 15:00:44', NULL, NULL);
INSERT INTO `orders` (`id`, `invoice_number`, `customer_id`, `customer_name`, `customer_phone`, `notes`, `total_price`, `paid_amount`, `change_amount`, `payment_status`, `is_credit`, `paid_at`, `production_status`, `pickup_status`, `picked_up_at`, `started_at`, `finished_at`, `wa_sent`, `wa_notified_at`, `designer_id`, `cashier_id`, `operator_id`, `finishing_operator_id`, `spk_printed`, `spk_printed_at`, `remaining_balance`, `report_total_price`, `report_total_qty`, `report_remaining_balance`, `is_cancelled`, `cancelled_at`, `created_at`, `updated_at`, `cancelled_by`, `cancel_reason`) VALUES ('1088', 'INV-20260312-0028', '445', 'Edward S', '082172867126', NULL, '10600.00', '12000.00', '1400.00', 'paid', '1', '2026-03-12 14:43:09', 'selesai', 'not_picked_up', NULL, '2026-03-12 10:14:59', '2026-03-12 11:52:47', '0', '2026-03-12 14:21:01', '3', '16', NULL, NULL, '1', '2026-03-12 09:52:30', '0.00', '0.00', '0', '0.00', '0', NULL, '2026-03-12 09:52:27', '2026-03-12 14:43:09', NULL, NULL);
INSERT INTO `orders` (`id`, `invoice_number`, `customer_id`, `customer_name`, `customer_phone`, `notes`, `total_price`, `paid_amount`, `change_amount`, `payment_status`, `is_credit`, `paid_at`, `production_status`, `pickup_status`, `picked_up_at`, `started_at`, `finished_at`, `wa_sent`, `wa_notified_at`, `designer_id`, `cashier_id`, `operator_id`, `finishing_operator_id`, `spk_printed`, `spk_printed_at`, `remaining_balance`, `report_total_price`, `report_total_qty`, `report_remaining_balance`, `is_cancelled`, `cancelled_at`, `created_at`, `updated_at`, `cancelled_by`, `cancel_reason`) VALUES ('1089', 'INV-20260312-0029', '68', 'BOCUP', '088267076005', NULL, '25300.00', '25300.00', '0.00', 'paid', '1', '2026-03-12 14:36:26', 'selesai', 'not_picked_up', NULL, '2026-03-12 10:14:52', '2026-03-12 10:51:51', '0', '2026-03-12 11:29:49', '3', '16', NULL, NULL, '1', '2026-03-12 09:54:21', '0.00', '0.00', '0', '0.00', '0', NULL, '2026-03-12 09:54:18', '2026-03-12 14:36:26', NULL, NULL);
INSERT INTO `orders` (`id`, `invoice_number`, `customer_id`, `customer_name`, `customer_phone`, `notes`, `total_price`, `paid_amount`, `change_amount`, `payment_status`, `is_credit`, `paid_at`, `production_status`, `pickup_status`, `picked_up_at`, `started_at`, `finished_at`, `wa_sent`, `wa_notified_at`, `designer_id`, `cashier_id`, `operator_id`, `finishing_operator_id`, `spk_printed`, `spk_printed_at`, `remaining_balance`, `report_total_price`, `report_total_qty`, `report_remaining_balance`, `is_cancelled`, `cancelled_at`, `created_at`, `updated_at`, `cancelled_by`, `cancel_reason`) VALUES ('1097', 'INV-20260312-0037', '446', 'ChaRakNua', '082279404512', NULL, '254100.00', '254100.00', '0.00', 'paid', '1', '2026-03-13 14:03:53', 'selesai', 'not_picked_up', NULL, '2026-03-12 10:15:31', '2026-03-12 14:15:26', '0', '2026-03-12 14:26:39', '3', '16', NULL, NULL, '1', '2026-03-12 10:04:22', '0.00', '0.00', '0', '0.00', '0', NULL, '2026-03-12 10:04:18', '2026-03-13 14:03:53', NULL, NULL);
INSERT INTO `orders` (`id`, `invoice_number`, `customer_id`, `customer_name`, `customer_phone`, `notes`, `total_price`, `paid_amount`, `change_amount`, `payment_status`, `is_credit`, `paid_at`, `production_status`, `pickup_status`, `picked_up_at`, `started_at`, `finished_at`, `wa_sent`, `wa_notified_at`, `designer_id`, `cashier_id`, `operator_id`, `finishing_operator_id`, `spk_printed`, `spk_printed_at`, `remaining_balance`, `report_total_price`, `report_total_qty`, `report_remaining_balance`, `is_cancelled`, `cancelled_at`, `created_at`, `updated_at`, `cancelled_by`, `cancel_reason`) VALUES ('1099', 'INV-20260312-0039', '269', 'Tria Oktavia', '089615469542', NULL, '2300.00', '2300.00', '0.00', 'paid', '1', '2026-03-13 15:23:44', 'selesai', 'not_picked_up', NULL, '2026-03-12 10:15:39', '2026-03-12 10:54:01', '0', '2026-03-12 11:25:10', '3', '16', NULL, NULL, '1', '2026-03-12 10:07:00', '0.00', '0.00', '0', '0.00', '0', NULL, '2026-03-12 10:06:57', '2026-03-13 15:23:44', NULL, NULL);
INSERT INTO `orders` (`id`, `invoice_number`, `customer_id`, `customer_name`, `customer_phone`, `notes`, `total_price`, `paid_amount`, `change_amount`, `payment_status`, `is_credit`, `paid_at`, `production_status`, `pickup_status`, `picked_up_at`, `started_at`, `finished_at`, `wa_sent`, `wa_notified_at`, `designer_id`, `cashier_id`, `operator_id`, `finishing_operator_id`, `spk_printed`, `spk_printed_at`, `remaining_balance`, `report_total_price`, `report_total_qty`, `report_remaining_balance`, `is_cancelled`, `cancelled_at`, `created_at`, `updated_at`, `cancelled_by`, `cancel_reason`) VALUES ('1103', 'INV-20260312-0043', '344', 'Jcloud', '081252002210', NULL, '10800.00', '12000.00', '1200.00', 'paid', '1', '2026-03-12 14:44:58', 'selesai', 'picked_up', '2026-03-13 11:22:03', '2026-03-12 10:15:53', '2026-03-12 11:52:41', '0', '2026-03-12 14:20:51', '3', '16', NULL, NULL, '1', '2026-03-12 10:11:16', '0.00', '0.00', '0', '0.00', '0', NULL, '2026-03-12 10:11:14', '2026-03-13 11:22:03', NULL, NULL);
INSERT INTO `orders` (`id`, `invoice_number`, `customer_id`, `customer_name`, `customer_phone`, `notes`, `total_price`, `paid_amount`, `change_amount`, `payment_status`, `is_credit`, `paid_at`, `production_status`, `pickup_status`, `picked_up_at`, `started_at`, `finished_at`, `wa_sent`, `wa_notified_at`, `designer_id`, `cashier_id`, `operator_id`, `finishing_operator_id`, `spk_printed`, `spk_printed_at`, `remaining_balance`, `report_total_price`, `report_total_qty`, `report_remaining_balance`, `is_cancelled`, `cancelled_at`, `created_at`, `updated_at`, `cancelled_by`, `cancel_reason`) VALUES ('1105', 'INV-20260312-0045', '19', 'Fajar ERKA', '087881734166', NULL, '36200.00', '0.00', '0.00', 'unpaid', '1', NULL, 'selesai', 'picked_up', '2026-03-14 10:20:59', '2026-03-12 12:55:43', '2026-03-12 12:57:34', '0', '2026-03-12 14:21:19', '3', NULL, '17', NULL, '1', '2026-03-12 10:16:19', '0.00', '0.00', '0', '0.00', '0', NULL, '2026-03-12 10:16:17', '2026-03-14 10:20:59', NULL, NULL);
INSERT INTO `orders` (`id`, `invoice_number`, `customer_id`, `customer_name`, `customer_phone`, `notes`, `total_price`, `paid_amount`, `change_amount`, `payment_status`, `is_credit`, `paid_at`, `production_status`, `pickup_status`, `picked_up_at`, `started_at`, `finished_at`, `wa_sent`, `wa_notified_at`, `designer_id`, `cashier_id`, `operator_id`, `finishing_operator_id`, `spk_printed`, `spk_printed_at`, `remaining_balance`, `report_total_price`, `report_total_qty`, `report_remaining_balance`, `is_cancelled`, `cancelled_at`, `created_at`, `updated_at`, `cancelled_by`, `cancel_reason`) VALUES ('1107', 'INV-20260312-0047', '448', 'Buana', '085379579887', NULL, '57500.00', '100000.00', '42500.00', 'paid', '1', '2026-03-13 09:22:43', 'selesai', 'picked_up', '2026-03-14 10:20:51', '2026-03-12 11:08:43', '2026-03-13 10:32:02', '0', '2026-03-12 16:36:22', '3', '16', '6', '18', '1', '2026-03-12 10:17:38', '0.00', '0.00', '0', '0.00', '0', NULL, '2026-03-12 10:17:34', '2026-03-14 10:20:51', NULL, NULL);
INSERT INTO `orders` (`id`, `invoice_number`, `customer_id`, `customer_name`, `customer_phone`, `notes`, `total_price`, `paid_amount`, `change_amount`, `payment_status`, `is_credit`, `paid_at`, `production_status`, `pickup_status`, `picked_up_at`, `started_at`, `finished_at`, `wa_sent`, `wa_notified_at`, `designer_id`, `cashier_id`, `operator_id`, `finishing_operator_id`, `spk_printed`, `spk_printed_at`, `remaining_balance`, `report_total_price`, `report_total_qty`, `report_remaining_balance`, `is_cancelled`, `cancelled_at`, `created_at`, `updated_at`, `cancelled_by`, `cancel_reason`) VALUES ('1110', 'INV-20260312-0050', '21', 'Bintang One', '089693339490', NULL, '625000.00', '625000.00', '0.00', 'paid', '1', '2026-03-14 14:39:23', 'finishing', 'not_picked_up', NULL, '2026-03-13 16:18:28', NULL, '0', NULL, '3', '5', NULL, NULL, '1', '2026-03-12 10:21:08', '0.00', '0.00', '0', '0.00', '0', NULL, '2026-03-12 10:21:06', '2026-03-14 14:39:23', NULL, NULL);
INSERT INTO `orders` (`id`, `invoice_number`, `customer_id`, `customer_name`, `customer_phone`, `notes`, `total_price`, `paid_amount`, `change_amount`, `payment_status`, `is_credit`, `paid_at`, `production_status`, `pickup_status`, `picked_up_at`, `started_at`, `finished_at`, `wa_sent`, `wa_notified_at`, `designer_id`, `cashier_id`, `operator_id`, `finishing_operator_id`, `spk_printed`, `spk_printed_at`, `remaining_balance`, `report_total_price`, `report_total_qty`, `report_remaining_balance`, `is_cancelled`, `cancelled_at`, `created_at`, `updated_at`, `cancelled_by`, `cancel_reason`) VALUES ('1114', 'INV-20260312-0054', '451', 'Sendiwa Printing / Zulfadli', '081379039370', NULL, '5100.00', '5100.00', '0.00', 'paid', '1', '2026-03-14 14:27:19', 'selesai', 'not_picked_up', NULL, '2026-03-13 09:10:43', '2026-03-13 10:22:48', '0', '2026-03-13 10:50:12', '3', '16', '17', NULL, '1', '2026-03-12 10:28:59', '0.00', '0.00', '0', '0.00', '0', NULL, '2026-03-12 10:28:57', '2026-03-14 14:27:19', NULL, NULL);
INSERT INTO `orders` (`id`, `invoice_number`, `customer_id`, `customer_name`, `customer_phone`, `notes`, `total_price`, `paid_amount`, `change_amount`, `payment_status`, `is_credit`, `paid_at`, `production_status`, `pickup_status`, `picked_up_at`, `started_at`, `finished_at`, `wa_sent`, `wa_notified_at`, `designer_id`, `cashier_id`, `operator_id`, `finishing_operator_id`, `spk_printed`, `spk_printed_at`, `remaining_balance`, `report_total_price`, `report_total_qty`, `report_remaining_balance`, `is_cancelled`, `cancelled_at`, `created_at`, `updated_at`, `cancelled_by`, `cancel_reason`) VALUES ('1117', 'INV-20260312-0057', '222', 'PVJ PARFUME', '+62 896-3133-0081', NULL, '8700.00', '10000.00', '1300.00', 'paid', '1', '2026-03-13 14:48:34', 'selesai', 'picked_up', '2026-03-14 10:20:07', '2026-03-12 11:46:24', '2026-03-12 11:46:41', '0', '2026-03-12 14:20:04', '3', '16', '17', NULL, '1', '2026-03-12 10:32:10', '0.00', '0.00', '0', '0.00', '0', NULL, '2026-03-12 10:32:08', '2026-03-14 10:20:07', NULL, NULL);
INSERT INTO `orders` (`id`, `invoice_number`, `customer_id`, `customer_name`, `customer_phone`, `notes`, `total_price`, `paid_amount`, `change_amount`, `payment_status`, `is_credit`, `paid_at`, `production_status`, `pickup_status`, `picked_up_at`, `started_at`, `finished_at`, `wa_sent`, `wa_notified_at`, `designer_id`, `cashier_id`, `operator_id`, `finishing_operator_id`, `spk_printed`, `spk_printed_at`, `remaining_balance`, `report_total_price`, `report_total_qty`, `report_remaining_balance`, `is_cancelled`, `cancelled_at`, `created_at`, `updated_at`, `cancelled_by`, `cancel_reason`) VALUES ('1118', 'INV-20260312-0058', '113', 'ARIESTA BARADATU', '082280666061', NULL, '90000.00', '0.00', '0.00', 'unpaid', '1', NULL, 'selesai', 'not_picked_up', NULL, '2026-03-12 13:18:40', '2026-03-12 14:45:17', '0', '2026-03-12 16:09:43', '3', NULL, NULL, NULL, '1', '2026-03-12 10:34:12', '0.00', '0.00', '0', '0.00', '0', NULL, '2026-03-12 10:34:05', '2026-03-12 16:09:43', NULL, NULL);
INSERT INTO `orders` (`id`, `invoice_number`, `customer_id`, `customer_name`, `customer_phone`, `notes`, `total_price`, `paid_amount`, `change_amount`, `payment_status`, `is_credit`, `paid_at`, `production_status`, `pickup_status`, `picked_up_at`, `started_at`, `finished_at`, `wa_sent`, `wa_notified_at`, `designer_id`, `cashier_id`, `operator_id`, `finishing_operator_id`, `spk_printed`, `spk_printed_at`, `remaining_balance`, `report_total_price`, `report_total_qty`, `report_remaining_balance`, `is_cancelled`, `cancelled_at`, `created_at`, `updated_at`, `cancelled_by`, `cancel_reason`) VALUES ('1122', 'INV-20260312-0062', '387', 'Putra Sovenir Lampung', '082269296600', NULL, '106000.00', '0.00', '0.00', 'paid', '1', '2026-03-12 16:57:54', 'selesai', 'picked_up', '2026-03-14 10:19:36', '2026-03-12 11:36:35', '2026-03-12 13:04:19', '0', '2026-03-12 14:22:06', '3', '16', NULL, NULL, '1', '2026-03-12 10:56:35', '0.00', '0.00', '0', '0.00', '0', NULL, '2026-03-12 10:56:33', '2026-03-14 10:19:36', NULL, NULL);
INSERT INTO `orders` (`id`, `invoice_number`, `customer_id`, `customer_name`, `customer_phone`, `notes`, `total_price`, `paid_amount`, `change_amount`, `payment_status`, `is_credit`, `paid_at`, `production_status`, `pickup_status`, `picked_up_at`, `started_at`, `finished_at`, `wa_sent`, `wa_notified_at`, `designer_id`, `cashier_id`, `operator_id`, `finishing_operator_id`, `spk_printed`, `spk_printed_at`, `remaining_balance`, `report_total_price`, `report_total_qty`, `report_remaining_balance`, `is_cancelled`, `cancelled_at`, `created_at`, `updated_at`, `cancelled_by`, `cancel_reason`) VALUES ('1123', 'INV-20260312-0063', '431', 'Rafi Maulana', '0895607013131', NULL, '53000.00', '53000.00', '0.00', 'paid', '1', '2026-03-12 14:46:59', 'selesai', 'picked_up', '2026-03-14 10:19:31', '2026-03-12 11:36:19', '2026-03-12 11:51:42', '0', '2026-03-12 14:20:45', '3', '16', NULL, NULL, '1', '2026-03-12 10:58:35', '0.00', '0.00', '0', '0.00', '0', NULL, '2026-03-12 10:58:30', '2026-03-14 10:19:31', NULL, NULL);
INSERT INTO `orders` (`id`, `invoice_number`, `customer_id`, `customer_name`, `customer_phone`, `notes`, `total_price`, `paid_amount`, `change_amount`, `payment_status`, `is_credit`, `paid_at`, `production_status`, `pickup_status`, `picked_up_at`, `started_at`, `finished_at`, `wa_sent`, `wa_notified_at`, `designer_id`, `cashier_id`, `operator_id`, `finishing_operator_id`, `spk_printed`, `spk_printed_at`, `remaining_balance`, `report_total_price`, `report_total_qty`, `report_remaining_balance`, `is_cancelled`, `cancelled_at`, `created_at`, `updated_at`, `cancelled_by`, `cancel_reason`) VALUES ('1135', 'INV-20260312-0075', '455', 'Cetak Cetik', '081279464746', NULL, '604500.00', '604500.00', '0.00', 'paid', '1', '2026-03-12 17:06:25', 'selesai', 'picked_up', '2026-03-14 10:15:46', '2026-03-12 13:36:24', '2026-03-13 14:47:24', '0', '2026-03-13 16:04:23', '3', '16', '17', NULL, '1', '2026-03-12 11:44:04', '0.00', '0.00', '0', '0.00', '0', NULL, '2026-03-12 11:43:56', '2026-03-14 10:15:46', NULL, NULL);
INSERT INTO `orders` (`id`, `invoice_number`, `customer_id`, `customer_name`, `customer_phone`, `notes`, `total_price`, `paid_amount`, `change_amount`, `payment_status`, `is_credit`, `paid_at`, `production_status`, `pickup_status`, `picked_up_at`, `started_at`, `finished_at`, `wa_sent`, `wa_notified_at`, `designer_id`, `cashier_id`, `operator_id`, `finishing_operator_id`, `spk_printed`, `spk_printed_at`, `remaining_balance`, `report_total_price`, `report_total_qty`, `report_remaining_balance`, `is_cancelled`, `cancelled_at`, `created_at`, `updated_at`, `cancelled_by`, `cancel_reason`) VALUES ('1136', 'INV-20260312-0076', '171', 'Desy', '082175092057', NULL, '40500.00', '40500.00', '0.00', 'paid', '1', '2026-03-13 10:20:29', 'selesai', 'picked_up', '2026-03-13 10:21:28', '2026-03-12 13:41:14', '2026-03-12 13:42:52', '0', '2026-03-12 14:22:49', '3', '16', '17', NULL, '1', '2026-03-12 11:44:59', '0.00', '0.00', '0', '0.00', '0', NULL, '2026-03-12 11:44:55', '2026-03-13 10:21:28', NULL, NULL);
INSERT INTO `orders` (`id`, `invoice_number`, `customer_id`, `customer_name`, `customer_phone`, `notes`, `total_price`, `paid_amount`, `change_amount`, `payment_status`, `is_credit`, `paid_at`, `production_status`, `pickup_status`, `picked_up_at`, `started_at`, `finished_at`, `wa_sent`, `wa_notified_at`, `designer_id`, `cashier_id`, `operator_id`, `finishing_operator_id`, `spk_printed`, `spk_printed_at`, `remaining_balance`, `report_total_price`, `report_total_qty`, `report_remaining_balance`, `is_cancelled`, `cancelled_at`, `created_at`, `updated_at`, `cancelled_by`, `cancel_reason`) VALUES ('1141', 'INV-20260312-0081', '435', 'Rizkia', '082230716713', NULL, '160000.00', '0.00', '0.00', 'unpaid', '1', NULL, 'selesai', 'not_picked_up', NULL, '2026-03-12 13:18:09', '2026-03-13 14:12:02', '0', '2026-03-13 16:00:28', '3', NULL, '6', '18', '1', '2026-03-12 12:51:55', '0.00', '0.00', '0', '0.00', '0', NULL, '2026-03-12 12:51:46', '2026-03-13 16:00:28', NULL, NULL);
INSERT INTO `orders` (`id`, `invoice_number`, `customer_id`, `customer_name`, `customer_phone`, `notes`, `total_price`, `paid_amount`, `change_amount`, `payment_status`, `is_credit`, `paid_at`, `production_status`, `pickup_status`, `picked_up_at`, `started_at`, `finished_at`, `wa_sent`, `wa_notified_at`, `designer_id`, `cashier_id`, `operator_id`, `finishing_operator_id`, `spk_printed`, `spk_printed_at`, `remaining_balance`, `report_total_price`, `report_total_qty`, `report_remaining_balance`, `is_cancelled`, `cancelled_at`, `created_at`, `updated_at`, `cancelled_by`, `cancel_reason`) VALUES ('1148', 'INV-20260312-0088', '458', 'Aditya Persija', '089629182927', NULL, '95000.00', '100000.00', '5000.00', 'paid', '1', '2026-03-13 10:58:41', 'selesai', 'picked_up', '2026-03-14 10:12:11', '2026-03-12 14:43:59', '2026-03-13 14:10:27', '0', '2026-03-13 16:00:21', '3', '16', '6', '18', '1', '2026-03-12 13:22:55', '0.00', '0.00', '0', '0.00', '0', NULL, '2026-03-12 13:22:52', '2026-03-14 10:12:11', NULL, NULL);
INSERT INTO `orders` (`id`, `invoice_number`, `customer_id`, `customer_name`, `customer_phone`, `notes`, `total_price`, `paid_amount`, `change_amount`, `payment_status`, `is_credit`, `paid_at`, `production_status`, `pickup_status`, `picked_up_at`, `started_at`, `finished_at`, `wa_sent`, `wa_notified_at`, `designer_id`, `cashier_id`, `operator_id`, `finishing_operator_id`, `spk_printed`, `spk_printed_at`, `remaining_balance`, `report_total_price`, `report_total_qty`, `report_remaining_balance`, `is_cancelled`, `cancelled_at`, `created_at`, `updated_at`, `cancelled_by`, `cancel_reason`) VALUES ('1150', 'INV-20260312-0090', '459', 'Adafi Cust', '085758085976', NULL, '190000.00', '190000.00', '0.00', 'paid', '1', '2026-03-14 13:43:18', 'selesai', 'not_picked_up', NULL, '2026-03-12 14:44:07', '2026-03-13 16:35:15', '0', '2026-03-14 11:06:09', '3', '16', '6', '18', '1', '2026-03-12 13:29:05', '0.00', '0.00', '0', '0.00', '0', NULL, '2026-03-12 13:29:02', '2026-03-14 13:43:18', NULL, NULL);
INSERT INTO `orders` (`id`, `invoice_number`, `customer_id`, `customer_name`, `customer_phone`, `notes`, `total_price`, `paid_amount`, `change_amount`, `payment_status`, `is_credit`, `paid_at`, `production_status`, `pickup_status`, `picked_up_at`, `started_at`, `finished_at`, `wa_sent`, `wa_notified_at`, `designer_id`, `cashier_id`, `operator_id`, `finishing_operator_id`, `spk_printed`, `spk_printed_at`, `remaining_balance`, `report_total_price`, `report_total_qty`, `report_remaining_balance`, `is_cancelled`, `cancelled_at`, `created_at`, `updated_at`, `cancelled_by`, `cancel_reason`) VALUES ('1153', 'INV-20260312-0093', '285', 'Saaf Print', '082179387284', NULL, '120000.00', '0.00', '0.00', 'unpaid', '1', NULL, 'selesai', 'picked_up', '2026-03-14 10:11:48', '2026-03-13 09:24:49', '2026-03-13 10:16:40', '0', '2026-03-13 10:50:07', '3', NULL, NULL, NULL, '1', '2026-03-12 13:34:37', '0.00', '0.00', '0', '0.00', '0', NULL, '2026-03-12 13:34:33', '2026-03-14 10:11:48', NULL, NULL);
INSERT INTO `orders` (`id`, `invoice_number`, `customer_id`, `customer_name`, `customer_phone`, `notes`, `total_price`, `paid_amount`, `change_amount`, `payment_status`, `is_credit`, `paid_at`, `production_status`, `pickup_status`, `picked_up_at`, `started_at`, `finished_at`, `wa_sent`, `wa_notified_at`, `designer_id`, `cashier_id`, `operator_id`, `finishing_operator_id`, `spk_printed`, `spk_printed_at`, `remaining_balance`, `report_total_price`, `report_total_qty`, `report_remaining_balance`, `is_cancelled`, `cancelled_at`, `created_at`, `updated_at`, `cancelled_by`, `cancel_reason`) VALUES ('1156', 'INV-20260312-0096', '97', 'AYUB', '+62 821-8643-6657', NULL, '59400.00', '59400.00', '0.00', 'paid', '1', '2026-03-13 15:17:41', 'selesai', 'picked_up', '2026-03-14 10:11:42', '2026-03-12 14:13:11', '2026-03-12 14:16:17', '0', '2026-03-12 14:26:52', '3', '16', '17', NULL, '1', '2026-03-12 13:40:45', '0.00', '0.00', '0', '0.00', '0', NULL, '2026-03-12 13:40:42', '2026-03-14 10:11:42', NULL, NULL);
INSERT INTO `orders` (`id`, `invoice_number`, `customer_id`, `customer_name`, `customer_phone`, `notes`, `total_price`, `paid_amount`, `change_amount`, `payment_status`, `is_credit`, `paid_at`, `production_status`, `pickup_status`, `picked_up_at`, `started_at`, `finished_at`, `wa_sent`, `wa_notified_at`, `designer_id`, `cashier_id`, `operator_id`, `finishing_operator_id`, `spk_printed`, `spk_printed_at`, `remaining_balance`, `report_total_price`, `report_total_qty`, `report_remaining_balance`, `is_cancelled`, `cancelled_at`, `created_at`, `updated_at`, `cancelled_by`, `cancel_reason`) VALUES ('1157', 'INV-20260312-0097', '77', 'TIMEZONE CHANDRA', '087883790679', NULL, '35700.00', '35700.00', '0.00', 'paid', '1', '2026-03-13 15:46:33', 'selesai', 'picked_up', '2026-03-14 10:11:37', '2026-03-12 14:21:58', '2026-03-12 14:37:02', '0', '2026-03-12 16:09:19', '3', '16', '17', NULL, '1', '2026-03-12 13:59:16', '0.00', '0.00', '0', '0.00', '0', NULL, '2026-03-12 13:59:14', '2026-03-14 10:11:37', NULL, NULL);
INSERT INTO `orders` (`id`, `invoice_number`, `customer_id`, `customer_name`, `customer_phone`, `notes`, `total_price`, `paid_amount`, `change_amount`, `payment_status`, `is_credit`, `paid_at`, `production_status`, `pickup_status`, `picked_up_at`, `started_at`, `finished_at`, `wa_sent`, `wa_notified_at`, `designer_id`, `cashier_id`, `operator_id`, `finishing_operator_id`, `spk_printed`, `spk_printed_at`, `remaining_balance`, `report_total_price`, `report_total_qty`, `report_remaining_balance`, `is_cancelled`, `cancelled_at`, `created_at`, `updated_at`, `cancelled_by`, `cancel_reason`) VALUES ('1159', 'INV-20260312-0099', '179', 'TOEMANS', '0811796162', NULL, '2300.00', '0.00', '0.00', 'paid', '1', '2026-03-12 14:16:15', 'selesai', 'picked_up', '2026-03-12 16:01:13', '2026-03-12 14:15:18', '2026-03-12 14:15:48', '0', '2026-03-12 14:26:48', '3', '16', '17', NULL, '1', '2026-03-12 14:12:38', '0.00', '0.00', '0', '0.00', '0', NULL, '2026-03-12 14:12:36', '2026-03-12 16:01:13', NULL, NULL);
INSERT INTO `orders` (`id`, `invoice_number`, `customer_id`, `customer_name`, `customer_phone`, `notes`, `total_price`, `paid_amount`, `change_amount`, `payment_status`, `is_credit`, `paid_at`, `production_status`, `pickup_status`, `picked_up_at`, `started_at`, `finished_at`, `wa_sent`, `wa_notified_at`, `designer_id`, `cashier_id`, `operator_id`, `finishing_operator_id`, `spk_printed`, `spk_printed_at`, `remaining_balance`, `report_total_price`, `report_total_qty`, `report_remaining_balance`, `is_cancelled`, `cancelled_at`, `created_at`, `updated_at`, `cancelled_by`, `cancel_reason`) VALUES ('1161', 'INV-20260312-0101', '80', 'TIMEZONE MBK', '08117288850', NULL, '19800.00', '19800.00', '0.00', 'paid', '1', '2026-03-14 15:53:23', 'selesai', 'picked_up', '2026-03-12 16:03:30', '2026-03-12 14:17:08', '2026-03-12 14:37:06', '0', NULL, '3', '16', '17', NULL, '1', '2026-03-12 14:15:56', '0.00', '0.00', '0', '0.00', '0', NULL, '2026-03-12 14:15:53', '2026-03-14 15:53:23', NULL, NULL);
INSERT INTO `orders` (`id`, `invoice_number`, `customer_id`, `customer_name`, `customer_phone`, `notes`, `total_price`, `paid_amount`, `change_amount`, `payment_status`, `is_credit`, `paid_at`, `production_status`, `pickup_status`, `picked_up_at`, `started_at`, `finished_at`, `wa_sent`, `wa_notified_at`, `designer_id`, `cashier_id`, `operator_id`, `finishing_operator_id`, `spk_printed`, `spk_printed_at`, `remaining_balance`, `report_total_price`, `report_total_qty`, `report_remaining_balance`, `is_cancelled`, `cancelled_at`, `created_at`, `updated_at`, `cancelled_by`, `cancel_reason`) VALUES ('1181', 'INV-20260312-0107', '76', 'Ita Pelangi', '081957071787', NULL, '66000.00', '66000.00', '0.00', 'paid', '1', '2026-03-13 09:15:53', 'selesai', 'picked_up', '2026-03-13 10:17:18', '2026-03-13 09:10:55', '2026-03-13 09:19:19', '0', '2026-03-13 09:36:10', '3', '16', '17', NULL, '1', '2026-03-12 15:14:58', '0.00', '0.00', '0', '0.00', '0', NULL, '2026-03-12 15:14:55', '2026-03-13 10:17:18', NULL, NULL);
INSERT INTO `orders` (`id`, `invoice_number`, `customer_id`, `customer_name`, `customer_phone`, `notes`, `total_price`, `paid_amount`, `change_amount`, `payment_status`, `is_credit`, `paid_at`, `production_status`, `pickup_status`, `picked_up_at`, `started_at`, `finished_at`, `wa_sent`, `wa_notified_at`, `designer_id`, `cashier_id`, `operator_id`, `finishing_operator_id`, `spk_printed`, `spk_printed_at`, `remaining_balance`, `report_total_price`, `report_total_qty`, `report_remaining_balance`, `is_cancelled`, `cancelled_at`, `created_at`, `updated_at`, `cancelled_by`, `cancel_reason`) VALUES ('1183', 'INV-20260312-0109', '113', 'ARIESTA BARADATU', '082280666061', NULL, '240000.00', '0.00', '0.00', 'unpaid', '1', NULL, 'finishing', 'not_picked_up', NULL, '2026-03-13 10:34:15', NULL, '0', NULL, '3', NULL, NULL, NULL, '1', '2026-03-12 15:18:01', '0.00', '0.00', '0', '0.00', '0', NULL, '2026-03-12 15:17:58', '2026-03-13 10:51:53', NULL, NULL);
INSERT INTO `orders` (`id`, `invoice_number`, `customer_id`, `customer_name`, `customer_phone`, `notes`, `total_price`, `paid_amount`, `change_amount`, `payment_status`, `is_credit`, `paid_at`, `production_status`, `pickup_status`, `picked_up_at`, `started_at`, `finished_at`, `wa_sent`, `wa_notified_at`, `designer_id`, `cashier_id`, `operator_id`, `finishing_operator_id`, `spk_printed`, `spk_printed_at`, `remaining_balance`, `report_total_price`, `report_total_qty`, `report_remaining_balance`, `is_cancelled`, `cancelled_at`, `created_at`, `updated_at`, `cancelled_by`, `cancel_reason`) VALUES ('1184', 'INV-20260312-0110', '77', 'TIMEZONE CHANDRA', '087883790679', NULL, '294000.00', '294000.00', '0.00', 'paid', '1', '2026-03-13 15:46:33', 'selesai', 'not_picked_up', NULL, '2026-03-13 09:11:04', '2026-03-13 09:37:40', '0', '2026-03-13 09:43:36', '3', '16', '17', NULL, '0', NULL, '0.00', '0.00', '0', '0.00', '0', NULL, '2026-03-12 15:20:18', '2026-03-13 15:46:33', NULL, NULL);
INSERT INTO `orders` (`id`, `invoice_number`, `customer_id`, `customer_name`, `customer_phone`, `notes`, `total_price`, `paid_amount`, `change_amount`, `payment_status`, `is_credit`, `paid_at`, `production_status`, `pickup_status`, `picked_up_at`, `started_at`, `finished_at`, `wa_sent`, `wa_notified_at`, `designer_id`, `cashier_id`, `operator_id`, `finishing_operator_id`, `spk_printed`, `spk_printed_at`, `remaining_balance`, `report_total_price`, `report_total_qty`, `report_remaining_balance`, `is_cancelled`, `cancelled_at`, `created_at`, `updated_at`, `cancelled_by`, `cancel_reason`) VALUES ('1185', 'INV-20260312-0111', '77', 'TIMEZONE CHANDRA', '087883790679', NULL, '0.00', '0.00', '0.00', 'unpaid', '1', NULL, 'selesai', 'not_picked_up', NULL, '2026-03-13 09:12:19', '2026-03-13 09:42:49', '0', '2026-03-13 09:43:43', '3', NULL, '17', NULL, '1', '2026-03-12 15:20:23', '0.00', '0.00', '0', '0.00', '1', '2026-03-13 15:06:28', '2026-03-12 15:20:18', '2026-03-13 15:06:28', '16', 'ke double input');
INSERT INTO `orders` (`id`, `invoice_number`, `customer_id`, `customer_name`, `customer_phone`, `notes`, `total_price`, `paid_amount`, `change_amount`, `payment_status`, `is_credit`, `paid_at`, `production_status`, `pickup_status`, `picked_up_at`, `started_at`, `finished_at`, `wa_sent`, `wa_notified_at`, `designer_id`, `cashier_id`, `operator_id`, `finishing_operator_id`, `spk_printed`, `spk_printed_at`, `remaining_balance`, `report_total_price`, `report_total_qty`, `report_remaining_balance`, `is_cancelled`, `cancelled_at`, `created_at`, `updated_at`, `cancelled_by`, `cancel_reason`) VALUES ('1187', 'INV-20260312-0113', '420', 'Irham', '082280656629', NULL, '68000.00', '68000.00', '0.00', 'paid', '1', '2026-03-13 15:26:19', 'selesai', 'picked_up', '2026-03-14 10:10:56', '2026-03-13 09:26:15', '2026-03-13 15:18:43', '0', '2026-03-13 16:04:44', '3', '16', '6', '18', '1', '2026-03-12 15:43:18', '0.00', '0.00', '0', '0.00', '0', NULL, '2026-03-12 15:43:15', '2026-03-14 10:10:56', NULL, NULL);
INSERT INTO `orders` (`id`, `invoice_number`, `customer_id`, `customer_name`, `customer_phone`, `notes`, `total_price`, `paid_amount`, `change_amount`, `payment_status`, `is_credit`, `paid_at`, `production_status`, `pickup_status`, `picked_up_at`, `started_at`, `finished_at`, `wa_sent`, `wa_notified_at`, `designer_id`, `cashier_id`, `operator_id`, `finishing_operator_id`, `spk_printed`, `spk_printed_at`, `remaining_balance`, `report_total_price`, `report_total_qty`, `report_remaining_balance`, `is_cancelled`, `cancelled_at`, `created_at`, `updated_at`, `cancelled_by`, `cancel_reason`) VALUES ('1188', 'INV-20260312-0114', '344', 'Jcloud', '081252002210', NULL, '75000.00', '75000.00', '0.00', 'paid', '1', '2026-03-13 11:19:20', 'selesai', 'picked_up', '2026-03-13 11:22:08', '2026-03-12 16:22:22', '2026-03-13 09:53:56', '0', '2026-03-13 10:49:41', '3', '16', '17', NULL, '1', '2026-03-12 15:49:11', '0.00', '0.00', '0', '0.00', '0', NULL, '2026-03-12 15:49:09', '2026-03-13 11:22:08', NULL, NULL);
INSERT INTO `orders` (`id`, `invoice_number`, `customer_id`, `customer_name`, `customer_phone`, `notes`, `total_price`, `paid_amount`, `change_amount`, `payment_status`, `is_credit`, `paid_at`, `production_status`, `pickup_status`, `picked_up_at`, `started_at`, `finished_at`, `wa_sent`, `wa_notified_at`, `designer_id`, `cashier_id`, `operator_id`, `finishing_operator_id`, `spk_printed`, `spk_printed_at`, `remaining_balance`, `report_total_price`, `report_total_qty`, `report_remaining_balance`, `is_cancelled`, `cancelled_at`, `created_at`, `updated_at`, `cancelled_by`, `cancel_reason`) VALUES ('1189', 'INV-20260312-0115', '179', 'TOEMANS', '0811796162', NULL, '378000.00', '378000.00', '0.00', 'paid', '1', '2026-03-14 10:10:08', 'selesai', 'picked_up', '2026-03-14 10:10:59', '2026-03-12 15:57:03', '2026-03-12 16:23:00', '0', '2026-03-12 16:36:43', '3', '16', '17', NULL, '0', NULL, '0.00', '0.00', '0', '0.00', '0', NULL, '2026-03-12 15:51:16', '2026-03-14 10:10:59', NULL, NULL);
INSERT INTO `orders` (`id`, `invoice_number`, `customer_id`, `customer_name`, `customer_phone`, `notes`, `total_price`, `paid_amount`, `change_amount`, `payment_status`, `is_credit`, `paid_at`, `production_status`, `pickup_status`, `picked_up_at`, `started_at`, `finished_at`, `wa_sent`, `wa_notified_at`, `designer_id`, `cashier_id`, `operator_id`, `finishing_operator_id`, `spk_printed`, `spk_printed_at`, `remaining_balance`, `report_total_price`, `report_total_qty`, `report_remaining_balance`, `is_cancelled`, `cancelled_at`, `created_at`, `updated_at`, `cancelled_by`, `cancel_reason`) VALUES ('1190', 'INV-20260312-0116', '179', 'TOEMANS', '0811796162', NULL, '0.00', '0.00', '0.00', 'paid', '1', '2026-03-12 16:20:21', 'selesai', 'picked_up', '2026-03-13 10:16:51', '2026-03-12 15:57:12', '2026-03-12 16:23:05', '0', '2026-03-12 16:36:47', '3', '16', '17', NULL, '1', '2026-03-12 15:51:19', '0.00', '0.00', '0', '0.00', '1', '2026-03-13 15:06:41', '2026-03-12 15:51:17', '2026-03-13 15:06:41', '16', 'kedouble input');
INSERT INTO `orders` (`id`, `invoice_number`, `customer_id`, `customer_name`, `customer_phone`, `notes`, `total_price`, `paid_amount`, `change_amount`, `payment_status`, `is_credit`, `paid_at`, `production_status`, `pickup_status`, `picked_up_at`, `started_at`, `finished_at`, `wa_sent`, `wa_notified_at`, `designer_id`, `cashier_id`, `operator_id`, `finishing_operator_id`, `spk_printed`, `spk_printed_at`, `remaining_balance`, `report_total_price`, `report_total_qty`, `report_remaining_balance`, `is_cancelled`, `cancelled_at`, `created_at`, `updated_at`, `cancelled_by`, `cancel_reason`) VALUES ('1192', 'INV-20260312-0118', '211', 'Juan Meteran', '081366707836', NULL, '2600.00', '2600.00', '0.00', 'paid', '1', '2026-03-13 11:18:14', 'selesai', 'picked_up', '2026-03-13 10:16:46', '2026-03-12 16:12:00', '2026-03-12 16:23:09', '0', '2026-03-12 16:36:52', '3', '16', '17', NULL, '1', '2026-03-12 15:52:49', '0.00', '0.00', '0', '0.00', '0', NULL, '2026-03-12 15:52:45', '2026-03-13 11:18:14', NULL, NULL);
INSERT INTO `orders` (`id`, `invoice_number`, `customer_id`, `customer_name`, `customer_phone`, `notes`, `total_price`, `paid_amount`, `change_amount`, `payment_status`, `is_credit`, `paid_at`, `production_status`, `pickup_status`, `picked_up_at`, `started_at`, `finished_at`, `wa_sent`, `wa_notified_at`, `designer_id`, `cashier_id`, `operator_id`, `finishing_operator_id`, `spk_printed`, `spk_printed_at`, `remaining_balance`, `report_total_price`, `report_total_qty`, `report_remaining_balance`, `is_cancelled`, `cancelled_at`, `created_at`, `updated_at`, `cancelled_by`, `cancel_reason`) VALUES ('1197', 'INV-20260312-0123', '179', 'TOEMANS', '0811796162', NULL, '13000.00', '0.00', '0.00', 'paid', '1', '2026-03-12 16:20:21', 'selesai', 'picked_up', '2026-03-13 10:55:54', '2026-03-12 16:19:41', '2026-03-12 16:23:16', '0', '2026-03-12 16:36:59', '3', '16', '17', NULL, '1', '2026-03-12 16:07:28', '0.00', '0.00', '0', '0.00', '0', NULL, '2026-03-12 16:07:25', '2026-03-13 10:55:54', NULL, NULL);
INSERT INTO `orders` (`id`, `invoice_number`, `customer_id`, `customer_name`, `customer_phone`, `notes`, `total_price`, `paid_amount`, `change_amount`, `payment_status`, `is_credit`, `paid_at`, `production_status`, `pickup_status`, `picked_up_at`, `started_at`, `finished_at`, `wa_sent`, `wa_notified_at`, `designer_id`, `cashier_id`, `operator_id`, `finishing_operator_id`, `spk_printed`, `spk_printed_at`, `remaining_balance`, `report_total_price`, `report_total_qty`, `report_remaining_balance`, `is_cancelled`, `cancelled_at`, `created_at`, `updated_at`, `cancelled_by`, `cancel_reason`) VALUES ('1202', 'INV-20260312-0128', '469', 'Juan Kotabumi', '089517144207', NULL, '600000.00', '600000.00', '0.00', 'paid', '1', '2026-03-12 17:03:50', 'finishing', 'not_picked_up', NULL, '2026-03-13 15:02:48', NULL, '0', NULL, '3', '16', NULL, NULL, '1', '2026-03-12 16:42:17', '0.00', '0.00', '0', '0.00', '0', NULL, '2026-03-12 16:42:12', '2026-03-13 15:04:48', NULL, NULL);
INSERT INTO `orders` (`id`, `invoice_number`, `customer_id`, `customer_name`, `customer_phone`, `notes`, `total_price`, `paid_amount`, `change_amount`, `payment_status`, `is_credit`, `paid_at`, `production_status`, `pickup_status`, `picked_up_at`, `started_at`, `finished_at`, `wa_sent`, `wa_notified_at`, `designer_id`, `cashier_id`, `operator_id`, `finishing_operator_id`, `spk_printed`, `spk_printed_at`, `remaining_balance`, `report_total_price`, `report_total_qty`, `report_remaining_balance`, `is_cancelled`, `cancelled_at`, `created_at`, `updated_at`, `cancelled_by`, `cancel_reason`) VALUES ('1203', 'INV-20260312-0129', '470', 'Pak Ketut', '08', NULL, '276000.00', '276000.00', '0.00', 'paid', '1', '2026-03-14 16:34:42', 'selesai', 'not_picked_up', NULL, '2026-03-13 09:12:37', '2026-03-13 15:42:25', '0', '2026-03-13 16:04:49', '3', '16', '17', NULL, '1', '2026-03-12 16:54:26', '0.00', '0.00', '0', '0.00', '0', NULL, '2026-03-12 16:54:24', '2026-03-14 16:34:42', NULL, NULL);
INSERT INTO `orders` (`id`, `invoice_number`, `customer_id`, `customer_name`, `customer_phone`, `notes`, `total_price`, `paid_amount`, `change_amount`, `payment_status`, `is_credit`, `paid_at`, `production_status`, `pickup_status`, `picked_up_at`, `started_at`, `finished_at`, `wa_sent`, `wa_notified_at`, `designer_id`, `cashier_id`, `operator_id`, `finishing_operator_id`, `spk_printed`, `spk_printed_at`, `remaining_balance`, `report_total_price`, `report_total_qty`, `report_remaining_balance`, `is_cancelled`, `cancelled_at`, `created_at`, `updated_at`, `cancelled_by`, `cancel_reason`) VALUES ('1204', 'INV-20260312-0130', '113', 'ARIESTA BARADATU', '082280666061', NULL, '66500.00', '0.00', '0.00', 'unpaid', '1', NULL, 'selesai', 'not_picked_up', NULL, '2026-03-13 09:26:26', '2026-03-13 11:14:59', '0', '2026-03-13 15:59:34', '3', NULL, '6', '18', '1', '2026-03-12 16:56:24', '0.00', '0.00', '0', '0.00', '0', NULL, '2026-03-12 16:56:22', '2026-03-13 15:59:34', NULL, NULL);
INSERT INTO `orders` (`id`, `invoice_number`, `customer_id`, `customer_name`, `customer_phone`, `notes`, `total_price`, `paid_amount`, `change_amount`, `payment_status`, `is_credit`, `paid_at`, `production_status`, `pickup_status`, `picked_up_at`, `started_at`, `finished_at`, `wa_sent`, `wa_notified_at`, `designer_id`, `cashier_id`, `operator_id`, `finishing_operator_id`, `spk_printed`, `spk_printed_at`, `remaining_balance`, `report_total_price`, `report_total_qty`, `report_remaining_balance`, `is_cancelled`, `cancelled_at`, `created_at`, `updated_at`, `cancelled_by`, `cancel_reason`) VALUES ('1205', 'INV-20260312-0131', '285', 'Saaf Print', '082179387284', NULL, '24300.00', '0.00', '0.00', 'unpaid', '1', NULL, 'selesai', 'not_picked_up', NULL, '2026-03-13 09:12:33', '2026-03-13 09:43:06', '0', '2026-03-13 10:49:17', '3', NULL, '17', NULL, '1', '2026-03-13 07:51:14', '0.00', '0.00', '0', '0.00', '0', NULL, '2026-03-12 17:03:23', '2026-03-13 10:49:17', NULL, NULL);
INSERT INTO `orders` (`id`, `invoice_number`, `customer_id`, `customer_name`, `customer_phone`, `notes`, `total_price`, `paid_amount`, `change_amount`, `payment_status`, `is_credit`, `paid_at`, `production_status`, `pickup_status`, `picked_up_at`, `started_at`, `finished_at`, `wa_sent`, `wa_notified_at`, `designer_id`, `cashier_id`, `operator_id`, `finishing_operator_id`, `spk_printed`, `spk_printed_at`, `remaining_balance`, `report_total_price`, `report_total_qty`, `report_remaining_balance`, `is_cancelled`, `cancelled_at`, `created_at`, `updated_at`, `cancelled_by`, `cancel_reason`) VALUES ('1214', 'INV-20260313-0009', '471', 'Pak Gatot', '08', NULL, '28350.00', '28350.00', '0.00', 'paid', '1', '2026-03-13 09:45:23', 'finishing', 'not_picked_up', NULL, '2026-03-13 10:35:11', NULL, '0', NULL, '3', '16', NULL, NULL, '1', '2026-03-13 09:38:50', '0.00', '0.00', '0', '0.00', '0', NULL, '2026-03-13 09:37:11', '2026-03-13 10:35:45', NULL, NULL);
INSERT INTO `orders` (`id`, `invoice_number`, `customer_id`, `customer_name`, `customer_phone`, `notes`, `total_price`, `paid_amount`, `change_amount`, `payment_status`, `is_credit`, `paid_at`, `production_status`, `pickup_status`, `picked_up_at`, `started_at`, `finished_at`, `wa_sent`, `wa_notified_at`, `designer_id`, `cashier_id`, `operator_id`, `finishing_operator_id`, `spk_printed`, `spk_printed_at`, `remaining_balance`, `report_total_price`, `report_total_qty`, `report_remaining_balance`, `is_cancelled`, `cancelled_at`, `created_at`, `updated_at`, `cancelled_by`, `cancel_reason`) VALUES ('1216', 'INV-20260313-0011', '471', 'Pak Gatot', '08', NULL, '20250.00', '20250.00', '0.00', 'paid', '1', '2026-03-13 09:45:23', 'finishing', 'not_picked_up', NULL, '2026-03-13 10:35:21', NULL, '0', NULL, '3', '16', NULL, NULL, '1', '2026-03-13 09:44:26', '0.00', '0.00', '0', '0.00', '0', NULL, '2026-03-13 09:44:23', '2026-03-13 10:35:33', NULL, NULL);
INSERT INTO `orders` (`id`, `invoice_number`, `customer_id`, `customer_name`, `customer_phone`, `notes`, `total_price`, `paid_amount`, `change_amount`, `payment_status`, `is_credit`, `paid_at`, `production_status`, `pickup_status`, `picked_up_at`, `started_at`, `finished_at`, `wa_sent`, `wa_notified_at`, `designer_id`, `cashier_id`, `operator_id`, `finishing_operator_id`, `spk_printed`, `spk_printed_at`, `remaining_balance`, `report_total_price`, `report_total_qty`, `report_remaining_balance`, `is_cancelled`, `cancelled_at`, `created_at`, `updated_at`, `cancelled_by`, `cancel_reason`) VALUES ('1218', 'INV-20260313-0013', '352', 'Jo Ramayana', '082176523332', NULL, '10600.00', '10600.00', '0.00', 'paid', '1', '2026-03-13 11:26:25', 'selesai', 'not_picked_up', NULL, '2026-03-13 10:06:52', '2026-03-13 10:34:09', '0', '2026-03-13 10:53:14', '3', '16', '17', NULL, '1', '2026-03-13 10:18:40', '0.00', '0.00', '0', '0.00', '0', NULL, '2026-03-13 09:48:51', '2026-03-13 11:26:25', NULL, NULL);
INSERT INTO `orders` (`id`, `invoice_number`, `customer_id`, `customer_name`, `customer_phone`, `notes`, `total_price`, `paid_amount`, `change_amount`, `payment_status`, `is_credit`, `paid_at`, `production_status`, `pickup_status`, `picked_up_at`, `started_at`, `finished_at`, `wa_sent`, `wa_notified_at`, `designer_id`, `cashier_id`, `operator_id`, `finishing_operator_id`, `spk_printed`, `spk_printed_at`, `remaining_balance`, `report_total_price`, `report_total_qty`, `report_remaining_balance`, `is_cancelled`, `cancelled_at`, `created_at`, `updated_at`, `cancelled_by`, `cancel_reason`) VALUES ('1224', 'INV-20260313-0019', '51', 'Fadil ERKA', '082374883069', NULL, '30000.00', '0.00', '0.00', 'unpaid', '1', NULL, 'finishing', 'not_picked_up', NULL, '2026-03-13 10:56:48', NULL, '0', NULL, '3', NULL, NULL, NULL, '1', '2026-03-13 10:12:49', '0.00', '0.00', '0', '0.00', '0', NULL, '2026-03-13 10:12:47', '2026-03-14 11:06:28', NULL, NULL);
INSERT INTO `orders` (`id`, `invoice_number`, `customer_id`, `customer_name`, `customer_phone`, `notes`, `total_price`, `paid_amount`, `change_amount`, `payment_status`, `is_credit`, `paid_at`, `production_status`, `pickup_status`, `picked_up_at`, `started_at`, `finished_at`, `wa_sent`, `wa_notified_at`, `designer_id`, `cashier_id`, `operator_id`, `finishing_operator_id`, `spk_printed`, `spk_printed_at`, `remaining_balance`, `report_total_price`, `report_total_qty`, `report_remaining_balance`, `is_cancelled`, `cancelled_at`, `created_at`, `updated_at`, `cancelled_by`, `cancel_reason`) VALUES ('1226', 'INV-20260313-0021', '3', 'Livina', '085768038613', NULL, '15000.00', '0.00', '0.00', 'unpaid', '1', NULL, 'selesai', 'picked_up', '2026-03-13 16:53:09', '2026-03-13 10:21:35', '2026-03-13 10:48:51', '0', '2026-03-13 10:53:18', '3', NULL, '17', NULL, '1', '2026-03-13 10:16:54', '0.00', '0.00', '0', '0.00', '0', NULL, '2026-03-13 10:16:51', '2026-03-13 16:53:09', NULL, NULL);
INSERT INTO `orders` (`id`, `invoice_number`, `customer_id`, `customer_name`, `customer_phone`, `notes`, `total_price`, `paid_amount`, `change_amount`, `payment_status`, `is_credit`, `paid_at`, `production_status`, `pickup_status`, `picked_up_at`, `started_at`, `finished_at`, `wa_sent`, `wa_notified_at`, `designer_id`, `cashier_id`, `operator_id`, `finishing_operator_id`, `spk_printed`, `spk_printed_at`, `remaining_balance`, `report_total_price`, `report_total_qty`, `report_remaining_balance`, `is_cancelled`, `cancelled_at`, `created_at`, `updated_at`, `cancelled_by`, `cancel_reason`) VALUES ('1229', 'INV-20260313-0024', '474', 'Fatimah', '081379000205', NULL, '31200.00', '50000.00', '18800.00', 'paid', '1', '2026-03-13 10:46:11', 'selesai', 'picked_up', '2026-03-13 10:55:23', '2026-03-13 10:34:09', '2026-03-13 10:46:50', '0', '2026-03-13 10:53:09', '3', '16', '17', NULL, '1', '2026-03-13 10:22:53', '0.00', '0.00', '0', '0.00', '0', NULL, '2026-03-13 10:22:51', '2026-03-13 10:55:23', NULL, NULL);
INSERT INTO `orders` (`id`, `invoice_number`, `customer_id`, `customer_name`, `customer_phone`, `notes`, `total_price`, `paid_amount`, `change_amount`, `payment_status`, `is_credit`, `paid_at`, `production_status`, `pickup_status`, `picked_up_at`, `started_at`, `finished_at`, `wa_sent`, `wa_notified_at`, `designer_id`, `cashier_id`, `operator_id`, `finishing_operator_id`, `spk_printed`, `spk_printed_at`, `remaining_balance`, `report_total_price`, `report_total_qty`, `report_remaining_balance`, `is_cancelled`, `cancelled_at`, `created_at`, `updated_at`, `cancelled_by`, `cancel_reason`) VALUES ('1230', 'INV-20260313-0025', '271', 'BE PRODUCTION', '+62 813-2345-6807', NULL, '35000.00', '50000.00', '15000.00', 'paid', '1', '2026-03-13 14:35:52', 'selesai', 'picked_up', '2026-03-13 15:33:50', '2026-03-13 10:49:44', '2026-03-13 13:57:32', '0', '2026-03-13 14:06:04', '3', '16', '6', '18', '1', '2026-03-13 10:25:00', '0.00', '0.00', '0', '0.00', '0', NULL, '2026-03-13 10:24:52', '2026-03-13 15:33:50', NULL, NULL);
INSERT INTO `orders` (`id`, `invoice_number`, `customer_id`, `customer_name`, `customer_phone`, `notes`, `total_price`, `paid_amount`, `change_amount`, `payment_status`, `is_credit`, `paid_at`, `production_status`, `pickup_status`, `picked_up_at`, `started_at`, `finished_at`, `wa_sent`, `wa_notified_at`, `designer_id`, `cashier_id`, `operator_id`, `finishing_operator_id`, `spk_printed`, `spk_printed_at`, `remaining_balance`, `report_total_price`, `report_total_qty`, `report_remaining_balance`, `is_cancelled`, `cancelled_at`, `created_at`, `updated_at`, `cancelled_by`, `cancel_reason`) VALUES ('1231', 'INV-20260313-0026', '283', 'Sherli ERKA', '0895602336404', NULL, '25500.00', '0.00', '0.00', 'unpaid', '1', NULL, 'selesai', 'not_picked_up', NULL, '2026-03-13 10:46:59', '2026-03-13 11:11:05', '0', '2026-03-13 15:59:24', '3', NULL, '17', NULL, '1', '2026-03-13 10:28:57', '0.00', '0.00', '0', '0.00', '0', NULL, '2026-03-13 10:28:54', '2026-03-13 15:59:24', NULL, NULL);
INSERT INTO `orders` (`id`, `invoice_number`, `customer_id`, `customer_name`, `customer_phone`, `notes`, `total_price`, `paid_amount`, `change_amount`, `payment_status`, `is_credit`, `paid_at`, `production_status`, `pickup_status`, `picked_up_at`, `started_at`, `finished_at`, `wa_sent`, `wa_notified_at`, `designer_id`, `cashier_id`, `operator_id`, `finishing_operator_id`, `spk_printed`, `spk_printed_at`, `remaining_balance`, `report_total_price`, `report_total_qty`, `report_remaining_balance`, `is_cancelled`, `cancelled_at`, `created_at`, `updated_at`, `cancelled_by`, `cancel_reason`) VALUES ('1232', 'INV-20260313-0027', '475', 'Pak Gogo', '082175988108', NULL, '50600.00', '50600.00', '0.00', 'paid', '1', '2026-03-14 11:44:22', 'selesai', 'not_picked_up', NULL, '2026-03-13 10:47:02', '2026-03-13 10:53:42', '0', '2026-03-13 10:57:09', '3', '16', '17', NULL, '1', '2026-03-13 10:31:52', '0.00', '0.00', '0', '0.00', '0', NULL, '2026-03-13 10:31:18', '2026-03-14 11:44:22', NULL, NULL);
INSERT INTO `orders` (`id`, `invoice_number`, `customer_id`, `customer_name`, `customer_phone`, `notes`, `total_price`, `paid_amount`, `change_amount`, `payment_status`, `is_credit`, `paid_at`, `production_status`, `pickup_status`, `picked_up_at`, `started_at`, `finished_at`, `wa_sent`, `wa_notified_at`, `designer_id`, `cashier_id`, `operator_id`, `finishing_operator_id`, `spk_printed`, `spk_printed_at`, `remaining_balance`, `report_total_price`, `report_total_qty`, `report_remaining_balance`, `is_cancelled`, `cancelled_at`, `created_at`, `updated_at`, `cancelled_by`, `cancel_reason`) VALUES ('1233', 'INV-20260313-0028', '475', 'Pak Gogo', '082175988108', NULL, '210000.00', '210000.00', '0.00', 'paid', '1', '2026-03-14 11:44:22', 'finishing', 'not_picked_up', NULL, '2026-03-13 10:57:20', NULL, '0', NULL, '3', '16', NULL, NULL, '1', '2026-03-13 10:36:15', '0.00', '0.00', '0', '0.00', '0', NULL, '2026-03-13 10:36:09', '2026-03-14 11:44:22', NULL, NULL);
INSERT INTO `orders` (`id`, `invoice_number`, `customer_id`, `customer_name`, `customer_phone`, `notes`, `total_price`, `paid_amount`, `change_amount`, `payment_status`, `is_credit`, `paid_at`, `production_status`, `pickup_status`, `picked_up_at`, `started_at`, `finished_at`, `wa_sent`, `wa_notified_at`, `designer_id`, `cashier_id`, `operator_id`, `finishing_operator_id`, `spk_printed`, `spk_printed_at`, `remaining_balance`, `report_total_price`, `report_total_qty`, `report_remaining_balance`, `is_cancelled`, `cancelled_at`, `created_at`, `updated_at`, `cancelled_by`, `cancel_reason`) VALUES ('1234', 'INV-20260313-0029', '470', 'Pak Ketut', '082278660747', NULL, '120000.00', '120000.00', '0.00', 'paid', '1', '2026-03-14 16:34:42', 'selesai', 'not_picked_up', NULL, '2026-03-13 10:48:56', '2026-03-13 16:14:53', '0', '2026-03-14 11:05:33', '3', '16', '17', NULL, '1', '2026-03-13 10:39:34', '0.00', '0.00', '0', '0.00', '0', NULL, '2026-03-13 10:39:32', '2026-03-14 16:34:42', NULL, NULL);
INSERT INTO `orders` (`id`, `invoice_number`, `customer_id`, `customer_name`, `customer_phone`, `notes`, `total_price`, `paid_amount`, `change_amount`, `payment_status`, `is_credit`, `paid_at`, `production_status`, `pickup_status`, `picked_up_at`, `started_at`, `finished_at`, `wa_sent`, `wa_notified_at`, `designer_id`, `cashier_id`, `operator_id`, `finishing_operator_id`, `spk_printed`, `spk_printed_at`, `remaining_balance`, `report_total_price`, `report_total_qty`, `report_remaining_balance`, `is_cancelled`, `cancelled_at`, `created_at`, `updated_at`, `cancelled_by`, `cancel_reason`) VALUES ('1235', 'INV-20260313-0030', '39', 'Faiz Cetak Cetik', '08974134859', NULL, '6400.00', '6400.00', '0.00', 'paid', '1', '2026-03-14 16:22:46', 'selesai', 'not_picked_up', NULL, '2026-03-13 10:49:42', '2026-03-13 16:15:03', '0', '2026-03-14 11:05:38', '3', '16', '17', NULL, '1', '2026-03-13 10:41:40', '0.00', '0.00', '0', '0.00', '0', NULL, '2026-03-13 10:41:38', '2026-03-14 16:22:46', NULL, NULL);
INSERT INTO `orders` (`id`, `invoice_number`, `customer_id`, `customer_name`, `customer_phone`, `notes`, `total_price`, `paid_amount`, `change_amount`, `payment_status`, `is_credit`, `paid_at`, `production_status`, `pickup_status`, `picked_up_at`, `started_at`, `finished_at`, `wa_sent`, `wa_notified_at`, `designer_id`, `cashier_id`, `operator_id`, `finishing_operator_id`, `spk_printed`, `spk_printed_at`, `remaining_balance`, `report_total_price`, `report_total_qty`, `report_remaining_balance`, `is_cancelled`, `cancelled_at`, `created_at`, `updated_at`, `cancelled_by`, `cancel_reason`) VALUES ('1236', 'INV-20260313-0031', '476', 'Andi Rajabasa', '082373956789', NULL, '982800.00', '982800.00', '0.00', 'paid', '1', '2026-03-13 15:25:25', 'selesai', 'not_picked_up', NULL, '2026-03-13 10:49:34', '2026-03-14 13:10:55', '0', '2026-03-14 14:32:52', '3', '16', '17', NULL, '1', '2026-03-13 10:45:14', '0.00', '0.00', '0', '0.00', '0', NULL, '2026-03-13 10:44:41', '2026-03-14 14:32:52', NULL, NULL);
INSERT INTO `orders` (`id`, `invoice_number`, `customer_id`, `customer_name`, `customer_phone`, `notes`, `total_price`, `paid_amount`, `change_amount`, `payment_status`, `is_credit`, `paid_at`, `production_status`, `pickup_status`, `picked_up_at`, `started_at`, `finished_at`, `wa_sent`, `wa_notified_at`, `designer_id`, `cashier_id`, `operator_id`, `finishing_operator_id`, `spk_printed`, `spk_printed_at`, `remaining_balance`, `report_total_price`, `report_total_qty`, `report_remaining_balance`, `is_cancelled`, `cancelled_at`, `created_at`, `updated_at`, `cancelled_by`, `cancel_reason`) VALUES ('1238', 'INV-20260313-0033', '477', 'Ratih Cust', '0895620435434', NULL, '124000.00', '124000.00', '0.00', 'paid', '1', '2026-03-13 16:10:16', 'selesai', 'not_picked_up', NULL, '2026-03-13 10:49:50', '2026-03-13 14:18:32', '0', '2026-03-13 16:01:05', '3', '16', '17', NULL, '1', '2026-03-13 10:48:56', '0.00', '0.00', '0', '0.00', '0', NULL, '2026-03-13 10:48:54', '2026-03-13 16:10:16', NULL, NULL);
INSERT INTO `orders` (`id`, `invoice_number`, `customer_id`, `customer_name`, `customer_phone`, `notes`, `total_price`, `paid_amount`, `change_amount`, `payment_status`, `is_credit`, `paid_at`, `production_status`, `pickup_status`, `picked_up_at`, `started_at`, `finished_at`, `wa_sent`, `wa_notified_at`, `designer_id`, `cashier_id`, `operator_id`, `finishing_operator_id`, `spk_printed`, `spk_printed_at`, `remaining_balance`, `report_total_price`, `report_total_qty`, `report_remaining_balance`, `is_cancelled`, `cancelled_at`, `created_at`, `updated_at`, `cancelled_by`, `cancel_reason`) VALUES ('1239', 'INV-20260313-0034', '478', 'Fath Printing', '08978210300', NULL, '15000.00', '15000.00', '0.00', 'paid', '1', '2026-03-13 16:30:15', 'selesai', 'not_picked_up', NULL, '2026-03-13 10:55:59', '2026-03-13 11:10:45', '0', '2026-03-13 15:56:44', '3', '16', '17', NULL, '1', '2026-03-13 10:54:30', '0.00', '0.00', '0', '0.00', '0', NULL, '2026-03-13 10:54:26', '2026-03-13 16:30:15', NULL, NULL);
INSERT INTO `orders` (`id`, `invoice_number`, `customer_id`, `customer_name`, `customer_phone`, `notes`, `total_price`, `paid_amount`, `change_amount`, `payment_status`, `is_credit`, `paid_at`, `production_status`, `pickup_status`, `picked_up_at`, `started_at`, `finished_at`, `wa_sent`, `wa_notified_at`, `designer_id`, `cashier_id`, `operator_id`, `finishing_operator_id`, `spk_printed`, `spk_printed_at`, `remaining_balance`, `report_total_price`, `report_total_qty`, `report_remaining_balance`, `is_cancelled`, `cancelled_at`, `created_at`, `updated_at`, `cancelled_by`, `cancel_reason`) VALUES ('1241', 'INV-20260313-0036', '480', 'Perc Rojo', '082378460633', NULL, '154500.00', '154500.00', '0.00', 'paid', '1', '2026-03-14 16:31:29', 'selesai', 'not_picked_up', NULL, '2026-03-13 11:41:00', '2026-03-14 09:58:33', '0', '2026-03-14 11:09:29', '3', '16', '17', NULL, '1', '2026-03-13 11:18:42', '0.00', '0.00', '0', '0.00', '0', NULL, '2026-03-13 11:18:39', '2026-03-14 16:31:29', NULL, NULL);
INSERT INTO `orders` (`id`, `invoice_number`, `customer_id`, `customer_name`, `customer_phone`, `notes`, `total_price`, `paid_amount`, `change_amount`, `payment_status`, `is_credit`, `paid_at`, `production_status`, `pickup_status`, `picked_up_at`, `started_at`, `finished_at`, `wa_sent`, `wa_notified_at`, `designer_id`, `cashier_id`, `operator_id`, `finishing_operator_id`, `spk_printed`, `spk_printed_at`, `remaining_balance`, `report_total_price`, `report_total_qty`, `report_remaining_balance`, `is_cancelled`, `cancelled_at`, `created_at`, `updated_at`, `cancelled_by`, `cancel_reason`) VALUES ('1245', 'INV-20260313-0040', '380', 'YASIN TANBIN', '+62 813-7769-2662', NULL, '130000.00', '130000.00', '0.00', 'paid', '1', '2026-03-13 14:09:13', 'finishing', 'not_picked_up', NULL, '2026-03-14 13:34:46', NULL, '0', NULL, '3', '16', '17', NULL, '0', NULL, '0.00', '0.00', '0', '0.00', '0', NULL, '2026-03-13 11:27:37', '2026-03-16 10:10:42', NULL, NULL);
INSERT INTO `orders` (`id`, `invoice_number`, `customer_id`, `customer_name`, `customer_phone`, `notes`, `total_price`, `paid_amount`, `change_amount`, `payment_status`, `is_credit`, `paid_at`, `production_status`, `pickup_status`, `picked_up_at`, `started_at`, `finished_at`, `wa_sent`, `wa_notified_at`, `designer_id`, `cashier_id`, `operator_id`, `finishing_operator_id`, `spk_printed`, `spk_printed_at`, `remaining_balance`, `report_total_price`, `report_total_qty`, `report_remaining_balance`, `is_cancelled`, `cancelled_at`, `created_at`, `updated_at`, `cancelled_by`, `cancel_reason`) VALUES ('1246', 'INV-20260313-0041', '113', 'ARIESTA BARADATU', '082280666061', NULL, '90000.00', '0.00', '0.00', 'unpaid', '1', NULL, 'finishing', 'not_picked_up', NULL, '2026-03-13 15:03:11', NULL, '0', NULL, '3', NULL, NULL, NULL, '1', '2026-03-13 11:41:55', '0.00', '0.00', '0', '0.00', '0', NULL, '2026-03-13 11:41:47', '2026-03-13 15:05:03', NULL, NULL);
INSERT INTO `orders` (`id`, `invoice_number`, `customer_id`, `customer_name`, `customer_phone`, `notes`, `total_price`, `paid_amount`, `change_amount`, `payment_status`, `is_credit`, `paid_at`, `production_status`, `pickup_status`, `picked_up_at`, `started_at`, `finished_at`, `wa_sent`, `wa_notified_at`, `designer_id`, `cashier_id`, `operator_id`, `finishing_operator_id`, `spk_printed`, `spk_printed_at`, `remaining_balance`, `report_total_price`, `report_total_qty`, `report_remaining_balance`, `is_cancelled`, `cancelled_at`, `created_at`, `updated_at`, `cancelled_by`, `cancel_reason`) VALUES ('1250', 'INV-20260313-0045', '285', 'Saaf Print', '082179387284', NULL, '15000.00', '0.00', '0.00', 'unpaid', '1', NULL, 'finishing', 'not_picked_up', NULL, '2026-03-14 11:31:56', NULL, '0', NULL, '3', NULL, NULL, NULL, '1', '2026-03-13 12:54:12', '0.00', '0.00', '0', '0.00', '0', NULL, '2026-03-13 12:54:10', '2026-03-14 11:32:09', NULL, NULL);
INSERT INTO `orders` (`id`, `invoice_number`, `customer_id`, `customer_name`, `customer_phone`, `notes`, `total_price`, `paid_amount`, `change_amount`, `payment_status`, `is_credit`, `paid_at`, `production_status`, `pickup_status`, `picked_up_at`, `started_at`, `finished_at`, `wa_sent`, `wa_notified_at`, `designer_id`, `cashier_id`, `operator_id`, `finishing_operator_id`, `spk_printed`, `spk_printed_at`, `remaining_balance`, `report_total_price`, `report_total_qty`, `report_remaining_balance`, `is_cancelled`, `cancelled_at`, `created_at`, `updated_at`, `cancelled_by`, `cancel_reason`) VALUES ('1251', 'INV-20260313-0046', '174', 'Mafia Stiker', '08989748765', NULL, '11600.00', '0.00', '0.00', 'unpaid', '1', NULL, 'selesai', 'not_picked_up', NULL, '2026-03-13 13:47:26', '2026-03-13 14:20:42', '0', '2026-03-13 16:03:46', '3', NULL, '17', NULL, '1', '2026-03-13 12:56:45', '0.00', '0.00', '0', '0.00', '0', NULL, '2026-03-13 12:56:43', '2026-03-13 16:03:46', NULL, NULL);
INSERT INTO `orders` (`id`, `invoice_number`, `customer_id`, `customer_name`, `customer_phone`, `notes`, `total_price`, `paid_amount`, `change_amount`, `payment_status`, `is_credit`, `paid_at`, `production_status`, `pickup_status`, `picked_up_at`, `started_at`, `finished_at`, `wa_sent`, `wa_notified_at`, `designer_id`, `cashier_id`, `operator_id`, `finishing_operator_id`, `spk_printed`, `spk_printed_at`, `remaining_balance`, `report_total_price`, `report_total_qty`, `report_remaining_balance`, `is_cancelled`, `cancelled_at`, `created_at`, `updated_at`, `cancelled_by`, `cancel_reason`) VALUES ('1252', 'INV-20260313-0047', '483', 'Ultras Garuda', '089631531209', NULL, '85000.00', '85000.00', '0.00', 'paid', '1', '2026-03-14 14:46:16', 'selesai', 'not_picked_up', NULL, '2026-03-13 13:57:36', '2026-03-14 11:37:45', '0', '2026-03-14 14:32:57', '3', '16', '6', '18', '1', '2026-03-13 12:58:12', '0.00', '0.00', '0', '0.00', '0', NULL, '2026-03-13 12:58:10', '2026-03-14 14:46:16', NULL, NULL);
INSERT INTO `orders` (`id`, `invoice_number`, `customer_id`, `customer_name`, `customer_phone`, `notes`, `total_price`, `paid_amount`, `change_amount`, `payment_status`, `is_credit`, `paid_at`, `production_status`, `pickup_status`, `picked_up_at`, `started_at`, `finished_at`, `wa_sent`, `wa_notified_at`, `designer_id`, `cashier_id`, `operator_id`, `finishing_operator_id`, `spk_printed`, `spk_printed_at`, `remaining_balance`, `report_total_price`, `report_total_qty`, `report_remaining_balance`, `is_cancelled`, `cancelled_at`, `created_at`, `updated_at`, `cancelled_by`, `cancel_reason`) VALUES ('1253', 'INV-20260313-0048', '44', 'Fikri', '087818892684', NULL, '90000.00', '0.00', '0.00', 'unpaid', '1', NULL, 'finishing', 'not_picked_up', NULL, '2026-03-14 10:53:27', NULL, '0', NULL, '3', NULL, NULL, NULL, '1', '2026-03-13 13:00:48', '0.00', '0.00', '0', '0.00', '0', NULL, '2026-03-13 13:00:44', '2026-03-14 10:55:42', NULL, NULL);
INSERT INTO `orders` (`id`, `invoice_number`, `customer_id`, `customer_name`, `customer_phone`, `notes`, `total_price`, `paid_amount`, `change_amount`, `payment_status`, `is_credit`, `paid_at`, `production_status`, `pickup_status`, `picked_up_at`, `started_at`, `finished_at`, `wa_sent`, `wa_notified_at`, `designer_id`, `cashier_id`, `operator_id`, `finishing_operator_id`, `spk_printed`, `spk_printed_at`, `remaining_balance`, `report_total_price`, `report_total_qty`, `report_remaining_balance`, `is_cancelled`, `cancelled_at`, `created_at`, `updated_at`, `cancelled_by`, `cancel_reason`) VALUES ('1254', 'INV-20260313-0049', '53', 'Septa', '082183506659', NULL, '10800.00', '20000.00', '9200.00', 'paid', '1', '2026-03-13 15:00:30', 'selesai', 'picked_up', '2026-03-13 15:33:20', '2026-03-13 13:52:28', '2026-03-13 14:18:45', '0', NULL, '3', '16', '17', NULL, '1', '2026-03-13 13:01:45', '0.00', '0.00', '0', '0.00', '0', NULL, '2026-03-13 13:01:43', '2026-03-13 15:33:20', NULL, NULL);
INSERT INTO `orders` (`id`, `invoice_number`, `customer_id`, `customer_name`, `customer_phone`, `notes`, `total_price`, `paid_amount`, `change_amount`, `payment_status`, `is_credit`, `paid_at`, `production_status`, `pickup_status`, `picked_up_at`, `started_at`, `finished_at`, `wa_sent`, `wa_notified_at`, `designer_id`, `cashier_id`, `operator_id`, `finishing_operator_id`, `spk_printed`, `spk_printed_at`, `remaining_balance`, `report_total_price`, `report_total_qty`, `report_remaining_balance`, `is_cancelled`, `cancelled_at`, `created_at`, `updated_at`, `cancelled_by`, `cancel_reason`) VALUES ('1258', 'INV-20260313-0053', '399', 'SDN 1 PALAPA', '087820785764', NULL, '22500.00', '0.00', '0.00', 'unpaid', '1', NULL, 'finishing', 'not_picked_up', NULL, '2026-03-14 10:53:39', NULL, '0', NULL, '3', NULL, NULL, NULL, '1', '2026-03-13 13:37:29', '0.00', '0.00', '0', '0.00', '0', NULL, '2026-03-13 13:37:23', '2026-03-14 10:55:47', NULL, NULL);
INSERT INTO `orders` (`id`, `invoice_number`, `customer_id`, `customer_name`, `customer_phone`, `notes`, `total_price`, `paid_amount`, `change_amount`, `payment_status`, `is_credit`, `paid_at`, `production_status`, `pickup_status`, `picked_up_at`, `started_at`, `finished_at`, `wa_sent`, `wa_notified_at`, `designer_id`, `cashier_id`, `operator_id`, `finishing_operator_id`, `spk_printed`, `spk_printed_at`, `remaining_balance`, `report_total_price`, `report_total_qty`, `report_remaining_balance`, `is_cancelled`, `cancelled_at`, `created_at`, `updated_at`, `cancelled_by`, `cancel_reason`) VALUES ('1260', 'INV-20260313-0055', '274', 'ERKAGRAPHIA', '082337331391', NULL, '11000.00', '0.00', '0.00', 'unpaid', '1', NULL, 'selesai', 'not_picked_up', NULL, '2026-03-13 13:52:43', '2026-03-13 16:36:07', '0', '2026-03-14 11:06:14', '3', NULL, '17', NULL, '1', '2026-03-13 13:44:42', '0.00', '0.00', '0', '0.00', '0', NULL, '2026-03-13 13:44:40', '2026-03-14 11:06:14', NULL, NULL);
INSERT INTO `orders` (`id`, `invoice_number`, `customer_id`, `customer_name`, `customer_phone`, `notes`, `total_price`, `paid_amount`, `change_amount`, `payment_status`, `is_credit`, `paid_at`, `production_status`, `pickup_status`, `picked_up_at`, `started_at`, `finished_at`, `wa_sent`, `wa_notified_at`, `designer_id`, `cashier_id`, `operator_id`, `finishing_operator_id`, `spk_printed`, `spk_printed_at`, `remaining_balance`, `report_total_price`, `report_total_qty`, `report_remaining_balance`, `is_cancelled`, `cancelled_at`, `created_at`, `updated_at`, `cancelled_by`, `cancel_reason`) VALUES ('1263', 'INV-20260313-0058', '257', 'Son', '082180499591', NULL, '8100.00', '8100.00', '0.00', 'paid', '1', '2026-03-13 13:57:58', 'selesai', 'picked_up', '2026-03-13 15:33:08', '2026-03-13 14:00:03', '2026-03-13 14:02:00', '0', NULL, '3', '16', '17', NULL, '1', '2026-03-13 13:55:26', '0.00', '0.00', '0', '0.00', '0', NULL, '2026-03-13 13:55:24', '2026-03-13 15:33:08', NULL, NULL);
INSERT INTO `orders` (`id`, `invoice_number`, `customer_id`, `customer_name`, `customer_phone`, `notes`, `total_price`, `paid_amount`, `change_amount`, `payment_status`, `is_credit`, `paid_at`, `production_status`, `pickup_status`, `picked_up_at`, `started_at`, `finished_at`, `wa_sent`, `wa_notified_at`, `designer_id`, `cashier_id`, `operator_id`, `finishing_operator_id`, `spk_printed`, `spk_printed_at`, `remaining_balance`, `report_total_price`, `report_total_qty`, `report_remaining_balance`, `is_cancelled`, `cancelled_at`, `created_at`, `updated_at`, `cancelled_by`, `cancel_reason`) VALUES ('1272', 'INV-20260313-0067', '95', 'FAJAR BROWNIES', '08877083915', NULL, '15000.00', '15000.00', '0.00', 'paid', '1', '2026-03-14 16:02:04', 'selesai', 'not_picked_up', NULL, '2026-03-13 14:23:35', '2026-03-13 16:15:41', '0', '2026-03-14 11:05:47', '3', '16', '17', NULL, '1', '2026-03-13 14:10:06', '0.00', '0.00', '0', '0.00', '0', NULL, '2026-03-13 14:10:04', '2026-03-14 16:02:04', NULL, NULL);
INSERT INTO `orders` (`id`, `invoice_number`, `customer_id`, `customer_name`, `customer_phone`, `notes`, `total_price`, `paid_amount`, `change_amount`, `payment_status`, `is_credit`, `paid_at`, `production_status`, `pickup_status`, `picked_up_at`, `started_at`, `finished_at`, `wa_sent`, `wa_notified_at`, `designer_id`, `cashier_id`, `operator_id`, `finishing_operator_id`, `spk_printed`, `spk_printed_at`, `remaining_balance`, `report_total_price`, `report_total_qty`, `report_remaining_balance`, `is_cancelled`, `cancelled_at`, `created_at`, `updated_at`, `cancelled_by`, `cancel_reason`) VALUES ('1277', 'INV-20260313-0072', '51', 'Fadil ERKA', '082374883069', NULL, '434500.00', '0.00', '0.00', 'unpaid', '1', NULL, 'selesai', 'not_picked_up', NULL, '2026-03-13 14:27:54', '2026-03-14 10:43:04', '0', '2026-03-14 11:16:00', '3', NULL, '17', NULL, '1', '2026-03-13 14:21:47', '0.00', '0.00', '0', '0.00', '0', NULL, '2026-03-13 14:21:44', '2026-03-14 11:16:00', NULL, NULL);
INSERT INTO `orders` (`id`, `invoice_number`, `customer_id`, `customer_name`, `customer_phone`, `notes`, `total_price`, `paid_amount`, `change_amount`, `payment_status`, `is_credit`, `paid_at`, `production_status`, `pickup_status`, `picked_up_at`, `started_at`, `finished_at`, `wa_sent`, `wa_notified_at`, `designer_id`, `cashier_id`, `operator_id`, `finishing_operator_id`, `spk_printed`, `spk_printed_at`, `remaining_balance`, `report_total_price`, `report_total_qty`, `report_remaining_balance`, `is_cancelled`, `cancelled_at`, `created_at`, `updated_at`, `cancelled_by`, `cancel_reason`) VALUES ('1281', 'INV-20260313-0076', '239', 'Sedop', '082179387284', NULL, '29700.00', '0.00', '0.00', 'unpaid', '1', NULL, 'selesai', 'not_picked_up', NULL, '2026-03-13 14:43:28', '2026-03-13 15:43:01', '0', '2026-03-13 16:05:14', '3', NULL, '17', NULL, '1', '2026-03-13 14:35:35', '0.00', '0.00', '0', '0.00', '0', NULL, '2026-03-13 14:35:32', '2026-03-13 16:05:14', NULL, NULL);
INSERT INTO `orders` (`id`, `invoice_number`, `customer_id`, `customer_name`, `customer_phone`, `notes`, `total_price`, `paid_amount`, `change_amount`, `payment_status`, `is_credit`, `paid_at`, `production_status`, `pickup_status`, `picked_up_at`, `started_at`, `finished_at`, `wa_sent`, `wa_notified_at`, `designer_id`, `cashier_id`, `operator_id`, `finishing_operator_id`, `spk_printed`, `spk_printed_at`, `remaining_balance`, `report_total_price`, `report_total_qty`, `report_remaining_balance`, `is_cancelled`, `cancelled_at`, `created_at`, `updated_at`, `cancelled_by`, `cancel_reason`) VALUES ('1283', 'INV-20260313-0078', '435', 'Rizkia', '082230716713', NULL, '95000.00', '0.00', '0.00', 'unpaid', '1', NULL, 'finishing', 'not_picked_up', NULL, '2026-03-14 09:43:54', NULL, '0', NULL, '3', NULL, '6', NULL, '1', '2026-03-13 14:48:21', '0.00', '0.00', '0', '0.00', '0', NULL, '2026-03-13 14:48:19', '2026-03-14 11:01:18', NULL, NULL);
INSERT INTO `orders` (`id`, `invoice_number`, `customer_id`, `customer_name`, `customer_phone`, `notes`, `total_price`, `paid_amount`, `change_amount`, `payment_status`, `is_credit`, `paid_at`, `production_status`, `pickup_status`, `picked_up_at`, `started_at`, `finished_at`, `wa_sent`, `wa_notified_at`, `designer_id`, `cashier_id`, `operator_id`, `finishing_operator_id`, `spk_printed`, `spk_printed_at`, `remaining_balance`, `report_total_price`, `report_total_qty`, `report_remaining_balance`, `is_cancelled`, `cancelled_at`, `created_at`, `updated_at`, `cancelled_by`, `cancel_reason`) VALUES ('1289', 'INV-20260313-0084', '344', 'Jcloud', '081252002210', NULL, '12100.00', '12100.00', '0.00', 'paid', '1', '2026-03-13 15:45:10', 'selesai', 'not_picked_up', NULL, '2026-03-14 09:14:15', '2026-03-14 11:21:02', '0', '2026-03-14 14:33:01', '3', '16', '17', NULL, '1', '2026-03-13 15:43:48', '0.00', '0.00', '0', '0.00', '0', NULL, '2026-03-13 15:43:45', '2026-03-14 14:33:01', NULL, NULL);
INSERT INTO `orders` (`id`, `invoice_number`, `customer_id`, `customer_name`, `customer_phone`, `notes`, `total_price`, `paid_amount`, `change_amount`, `payment_status`, `is_credit`, `paid_at`, `production_status`, `pickup_status`, `picked_up_at`, `started_at`, `finished_at`, `wa_sent`, `wa_notified_at`, `designer_id`, `cashier_id`, `operator_id`, `finishing_operator_id`, `spk_printed`, `spk_printed_at`, `remaining_balance`, `report_total_price`, `report_total_qty`, `report_remaining_balance`, `is_cancelled`, `cancelled_at`, `created_at`, `updated_at`, `cancelled_by`, `cancel_reason`) VALUES ('1295', 'INV-20260313-0090', '488', 'Timezone LC', '087899942526', NULL, '42500.00', '42500.00', '0.00', 'paid', '1', '2026-03-14 14:58:32', 'selesai', 'not_picked_up', NULL, '2026-03-14 09:44:03', '2026-03-14 13:58:03', '0', '2026-03-14 14:09:42', '3', '16', '6', '18', '1', '2026-03-13 15:57:59', '0.00', '0.00', '0', '0.00', '0', NULL, '2026-03-13 15:57:56', '2026-03-14 14:58:32', NULL, NULL);
INSERT INTO `orders` (`id`, `invoice_number`, `customer_id`, `customer_name`, `customer_phone`, `notes`, `total_price`, `paid_amount`, `change_amount`, `payment_status`, `is_credit`, `paid_at`, `production_status`, `pickup_status`, `picked_up_at`, `started_at`, `finished_at`, `wa_sent`, `wa_notified_at`, `designer_id`, `cashier_id`, `operator_id`, `finishing_operator_id`, `spk_printed`, `spk_printed_at`, `remaining_balance`, `report_total_price`, `report_total_qty`, `report_remaining_balance`, `is_cancelled`, `cancelled_at`, `created_at`, `updated_at`, `cancelled_by`, `cancel_reason`) VALUES ('1298', 'INV-20260313-0093', '489', 'Ibu Lia', '082281033550', NULL, '65000.00', '65000.00', '0.00', 'paid', '1', '2026-03-14 16:21:59', 'selesai', 'not_picked_up', NULL, '2026-03-14 09:14:40', '2026-03-14 11:03:16', '0', '2026-03-14 11:17:23', '3', '16', '17', NULL, '1', '2026-03-13 16:00:11', '0.00', '0.00', '0', '0.00', '0', NULL, '2026-03-13 16:00:08', '2026-03-14 16:21:59', NULL, NULL);
INSERT INTO `orders` (`id`, `invoice_number`, `customer_id`, `customer_name`, `customer_phone`, `notes`, `total_price`, `paid_amount`, `change_amount`, `payment_status`, `is_credit`, `paid_at`, `production_status`, `pickup_status`, `picked_up_at`, `started_at`, `finished_at`, `wa_sent`, `wa_notified_at`, `designer_id`, `cashier_id`, `operator_id`, `finishing_operator_id`, `spk_printed`, `spk_printed_at`, `remaining_balance`, `report_total_price`, `report_total_qty`, `report_remaining_balance`, `is_cancelled`, `cancelled_at`, `created_at`, `updated_at`, `cancelled_by`, `cancel_reason`) VALUES ('1301', 'INV-20260313-0096', '157', 'DEWI N', '088286550495', NULL, '5200.00', '10000.00', '4800.00', 'paid', '1', '2026-03-13 16:14:46', 'selesai', 'not_picked_up', NULL, '2026-03-13 17:03:31', '2026-03-13 17:04:40', '0', '2026-03-14 11:08:21', '3', '16', '17', NULL, '1', '2026-03-13 16:11:02', '0.00', '0.00', '0', '0.00', '0', NULL, '2026-03-13 16:10:52', '2026-03-14 11:08:21', NULL, NULL);
INSERT INTO `orders` (`id`, `invoice_number`, `customer_id`, `customer_name`, `customer_phone`, `notes`, `total_price`, `paid_amount`, `change_amount`, `payment_status`, `is_credit`, `paid_at`, `production_status`, `pickup_status`, `picked_up_at`, `started_at`, `finished_at`, `wa_sent`, `wa_notified_at`, `designer_id`, `cashier_id`, `operator_id`, `finishing_operator_id`, `spk_printed`, `spk_printed_at`, `remaining_balance`, `report_total_price`, `report_total_qty`, `report_remaining_balance`, `is_cancelled`, `cancelled_at`, `created_at`, `updated_at`, `cancelled_by`, `cancel_reason`) VALUES ('1308', 'INV-20260314-0005', '492', 'Andi 7Days', '082282574566', NULL, '500000.00', '0.00', '0.00', 'unpaid', '1', NULL, 'selesai', 'not_picked_up', NULL, '2026-03-14 09:44:53', '2026-03-14 13:11:12', '0', '2026-03-14 14:32:35', '3', NULL, '17', NULL, '1', '2026-03-14 09:22:20', '0.00', '0.00', '0', '0.00', '0', NULL, '2026-03-14 09:22:18', '2026-03-14 14:32:35', NULL, NULL);
INSERT INTO `orders` (`id`, `invoice_number`, `customer_id`, `customer_name`, `customer_phone`, `notes`, `total_price`, `paid_amount`, `change_amount`, `payment_status`, `is_credit`, `paid_at`, `production_status`, `pickup_status`, `picked_up_at`, `started_at`, `finished_at`, `wa_sent`, `wa_notified_at`, `designer_id`, `cashier_id`, `operator_id`, `finishing_operator_id`, `spk_printed`, `spk_printed_at`, `remaining_balance`, `report_total_price`, `report_total_qty`, `report_remaining_balance`, `is_cancelled`, `cancelled_at`, `created_at`, `updated_at`, `cancelled_by`, `cancel_reason`) VALUES ('1309', 'INV-20260314-0006', '60', 'BELLA MUSTIKA', '62 821-8222-4422', NULL, '95400.00', '95400.00', '0.00', 'paid', '1', '2026-03-14 13:27:52', 'selesai', 'not_picked_up', NULL, '2026-03-14 09:44:59', '2026-03-14 11:10:42', '0', '2026-03-14 11:17:47', '3', '16', '17', NULL, '1', '2026-03-14 09:26:57', '0.00', '0.00', '0', '0.00', '0', NULL, '2026-03-14 09:26:55', '2026-03-14 13:27:52', NULL, NULL);
INSERT INTO `orders` (`id`, `invoice_number`, `customer_id`, `customer_name`, `customer_phone`, `notes`, `total_price`, `paid_amount`, `change_amount`, `payment_status`, `is_credit`, `paid_at`, `production_status`, `pickup_status`, `picked_up_at`, `started_at`, `finished_at`, `wa_sent`, `wa_notified_at`, `designer_id`, `cashier_id`, `operator_id`, `finishing_operator_id`, `spk_printed`, `spk_printed_at`, `remaining_balance`, `report_total_price`, `report_total_qty`, `report_remaining_balance`, `is_cancelled`, `cancelled_at`, `created_at`, `updated_at`, `cancelled_by`, `cancel_reason`) VALUES ('1310', 'INV-20260314-0007', '307', 'ZEA', '+62 858-3821-1164', NULL, '13500.00', '13500.00', '0.00', 'paid', '1', '2026-03-14 13:43:55', 'selesai', 'not_picked_up', NULL, '2026-03-14 09:45:03', '2026-03-14 09:51:37', '0', '2026-03-14 11:08:27', '3', '16', '17', NULL, '1', '2026-03-14 09:28:06', '0.00', '0.00', '0', '0.00', '0', NULL, '2026-03-14 09:28:03', '2026-03-14 13:43:55', NULL, NULL);
INSERT INTO `orders` (`id`, `invoice_number`, `customer_id`, `customer_name`, `customer_phone`, `notes`, `total_price`, `paid_amount`, `change_amount`, `payment_status`, `is_credit`, `paid_at`, `production_status`, `pickup_status`, `picked_up_at`, `started_at`, `finished_at`, `wa_sent`, `wa_notified_at`, `designer_id`, `cashier_id`, `operator_id`, `finishing_operator_id`, `spk_printed`, `spk_printed_at`, `remaining_balance`, `report_total_price`, `report_total_qty`, `report_remaining_balance`, `is_cancelled`, `cancelled_at`, `created_at`, `updated_at`, `cancelled_by`, `cancel_reason`) VALUES ('1313', 'INV-20260314-0010', '283', 'Sherli ERKA', '0895602336404', NULL, '29000.00', '0.00', '0.00', 'unpaid', '1', NULL, 'selesai', 'not_picked_up', NULL, '2026-03-14 09:45:20', '2026-03-14 10:46:56', '0', '2026-03-14 11:16:46', '3', NULL, '17', NULL, '1', '2026-03-14 09:33:58', '0.00', '0.00', '0', '0.00', '0', NULL, '2026-03-14 09:33:55', '2026-03-14 11:16:46', NULL, NULL);
INSERT INTO `orders` (`id`, `invoice_number`, `customer_id`, `customer_name`, `customer_phone`, `notes`, `total_price`, `paid_amount`, `change_amount`, `payment_status`, `is_credit`, `paid_at`, `production_status`, `pickup_status`, `picked_up_at`, `started_at`, `finished_at`, `wa_sent`, `wa_notified_at`, `designer_id`, `cashier_id`, `operator_id`, `finishing_operator_id`, `spk_printed`, `spk_printed_at`, `remaining_balance`, `report_total_price`, `report_total_qty`, `report_remaining_balance`, `is_cancelled`, `cancelled_at`, `created_at`, `updated_at`, `cancelled_by`, `cancel_reason`) VALUES ('1317', 'INV-20260314-0014', '495', 'Monica', '088295994629', NULL, '49600.00', '49600.00', '0.00', 'paid', '1', '2026-03-14 13:58:32', 'selesai', 'not_picked_up', NULL, '2026-03-14 09:44:11', '2026-03-14 11:04:58', '0', '2026-03-14 11:17:29', '3', '16', '6', '18', '1', '2026-03-14 09:40:25', '0.00', '0.00', '0', '0.00', '0', NULL, '2026-03-14 09:40:23', '2026-03-14 13:58:32', NULL, NULL);
INSERT INTO `orders` (`id`, `invoice_number`, `customer_id`, `customer_name`, `customer_phone`, `notes`, `total_price`, `paid_amount`, `change_amount`, `payment_status`, `is_credit`, `paid_at`, `production_status`, `pickup_status`, `picked_up_at`, `started_at`, `finished_at`, `wa_sent`, `wa_notified_at`, `designer_id`, `cashier_id`, `operator_id`, `finishing_operator_id`, `spk_printed`, `spk_printed_at`, `remaining_balance`, `report_total_price`, `report_total_qty`, `report_remaining_balance`, `is_cancelled`, `cancelled_at`, `created_at`, `updated_at`, `cancelled_by`, `cancel_reason`) VALUES ('1320', 'INV-20260314-0017', '497', 'Faris', '081272591275', NULL, '16200.00', '0.00', '0.00', 'unpaid', '1', NULL, 'selesai', 'not_picked_up', NULL, '2026-03-14 09:48:45', '2026-03-14 13:11:47', '0', '2026-03-14 14:32:25', '3', NULL, '17', NULL, '1', '2026-03-14 09:48:03', '0.00', '0.00', '0', '0.00', '0', NULL, '2026-03-14 09:48:00', '2026-03-14 14:32:25', NULL, NULL);
INSERT INTO `orders` (`id`, `invoice_number`, `customer_id`, `customer_name`, `customer_phone`, `notes`, `total_price`, `paid_amount`, `change_amount`, `payment_status`, `is_credit`, `paid_at`, `production_status`, `pickup_status`, `picked_up_at`, `started_at`, `finished_at`, `wa_sent`, `wa_notified_at`, `designer_id`, `cashier_id`, `operator_id`, `finishing_operator_id`, `spk_printed`, `spk_printed_at`, `remaining_balance`, `report_total_price`, `report_total_qty`, `report_remaining_balance`, `is_cancelled`, `cancelled_at`, `created_at`, `updated_at`, `cancelled_by`, `cancel_reason`) VALUES ('1322', 'INV-20260314-0019', '445', 'Edward S', '082172867126', NULL, '10600.00', '10600.00', '0.00', 'paid', '1', '2026-03-14 11:26:58', 'selesai', 'not_picked_up', NULL, '2026-03-14 10:12:39', '2026-03-14 10:47:39', '0', '2026-03-14 11:17:14', '3', '16', '17', NULL, '1', '2026-03-14 09:51:14', '0.00', '0.00', '0', '0.00', '0', NULL, '2026-03-14 09:51:11', '2026-03-14 11:26:58', NULL, NULL);
INSERT INTO `orders` (`id`, `invoice_number`, `customer_id`, `customer_name`, `customer_phone`, `notes`, `total_price`, `paid_amount`, `change_amount`, `payment_status`, `is_credit`, `paid_at`, `production_status`, `pickup_status`, `picked_up_at`, `started_at`, `finished_at`, `wa_sent`, `wa_notified_at`, `designer_id`, `cashier_id`, `operator_id`, `finishing_operator_id`, `spk_printed`, `spk_printed_at`, `remaining_balance`, `report_total_price`, `report_total_qty`, `report_remaining_balance`, `is_cancelled`, `cancelled_at`, `created_at`, `updated_at`, `cancelled_by`, `cancel_reason`) VALUES ('1323', 'INV-20260314-0020', '445', 'Edward S', '082172867126', NULL, '35400.00', '35400.00', '0.00', 'paid', '1', '2026-03-14 11:26:58', 'selesai', 'not_picked_up', NULL, '2026-03-14 10:12:49', '2026-03-14 11:10:56', '0', '2026-03-14 11:17:52', '3', '16', '17', NULL, '1', '2026-03-14 09:53:32', '0.00', '0.00', '0', '0.00', '0', NULL, '2026-03-14 09:53:30', '2026-03-14 11:26:58', NULL, NULL);
INSERT INTO `orders` (`id`, `invoice_number`, `customer_id`, `customer_name`, `customer_phone`, `notes`, `total_price`, `paid_amount`, `change_amount`, `payment_status`, `is_credit`, `paid_at`, `production_status`, `pickup_status`, `picked_up_at`, `started_at`, `finished_at`, `wa_sent`, `wa_notified_at`, `designer_id`, `cashier_id`, `operator_id`, `finishing_operator_id`, `spk_printed`, `spk_printed_at`, `remaining_balance`, `report_total_price`, `report_total_qty`, `report_remaining_balance`, `is_cancelled`, `cancelled_at`, `created_at`, `updated_at`, `cancelled_by`, `cancel_reason`) VALUES ('1332', 'INV-20260314-0029', '501', 'Raffa Digital', '087898920893', NULL, '80000.00', '80000.00', '0.00', 'paid', '1', '2026-03-14 16:39:46', 'selesai', 'not_picked_up', NULL, '2026-03-14 11:00:41', '2026-03-14 15:32:25', '0', '2026-03-14 15:38:52', '3', '16', '6', '18', '1', '2026-03-14 10:21:46', '0.00', '0.00', '0', '0.00', '0', NULL, '2026-03-14 10:21:44', '2026-03-14 16:39:46', NULL, NULL);
INSERT INTO `orders` (`id`, `invoice_number`, `customer_id`, `customer_name`, `customer_phone`, `notes`, `total_price`, `paid_amount`, `change_amount`, `payment_status`, `is_credit`, `paid_at`, `production_status`, `pickup_status`, `picked_up_at`, `started_at`, `finished_at`, `wa_sent`, `wa_notified_at`, `designer_id`, `cashier_id`, `operator_id`, `finishing_operator_id`, `spk_printed`, `spk_printed_at`, `remaining_balance`, `report_total_price`, `report_total_qty`, `report_remaining_balance`, `is_cancelled`, `cancelled_at`, `created_at`, `updated_at`, `cancelled_by`, `cancel_reason`) VALUES ('1336', 'INV-20260314-0033', '67', 'Yogi Grafika', '082182136011', NULL, '117000.00', '0.00', '0.00', 'unpaid', '1', NULL, 'selesai', 'not_picked_up', NULL, '2026-03-14 10:57:32', '2026-03-14 15:48:37', '0', '2026-03-14 16:07:07', '3', NULL, '17', NULL, '1', '2026-03-14 10:47:29', '0.00', '0.00', '0', '0.00', '0', NULL, '2026-03-14 10:47:14', '2026-03-14 16:07:07', NULL, NULL);
INSERT INTO `orders` (`id`, `invoice_number`, `customer_id`, `customer_name`, `customer_phone`, `notes`, `total_price`, `paid_amount`, `change_amount`, `payment_status`, `is_credit`, `paid_at`, `production_status`, `pickup_status`, `picked_up_at`, `started_at`, `finished_at`, `wa_sent`, `wa_notified_at`, `designer_id`, `cashier_id`, `operator_id`, `finishing_operator_id`, `spk_printed`, `spk_printed_at`, `remaining_balance`, `report_total_price`, `report_total_qty`, `report_remaining_balance`, `is_cancelled`, `cancelled_at`, `created_at`, `updated_at`, `cancelled_by`, `cancel_reason`) VALUES ('1337', 'INV-20260314-0034', '257', 'Son', '082180499591', NULL, '8100.00', '0.00', '0.00', 'unpaid', '1', NULL, 'selesai', 'picked_up', '2026-03-14 12:03:26', '2026-03-14 10:57:35', '2026-03-14 11:13:40', '0', '2026-03-14 11:18:49', '3', NULL, '17', NULL, '1', '2026-03-14 10:48:52', '0.00', '0.00', '0', '0.00', '0', NULL, '2026-03-14 10:48:50', '2026-03-14 12:03:26', NULL, NULL);
INSERT INTO `orders` (`id`, `invoice_number`, `customer_id`, `customer_name`, `customer_phone`, `notes`, `total_price`, `paid_amount`, `change_amount`, `payment_status`, `is_credit`, `paid_at`, `production_status`, `pickup_status`, `picked_up_at`, `started_at`, `finished_at`, `wa_sent`, `wa_notified_at`, `designer_id`, `cashier_id`, `operator_id`, `finishing_operator_id`, `spk_printed`, `spk_printed_at`, `remaining_balance`, `report_total_price`, `report_total_qty`, `report_remaining_balance`, `is_cancelled`, `cancelled_at`, `created_at`, `updated_at`, `cancelled_by`, `cancel_reason`) VALUES ('1340', 'INV-20260314-0037', '280', 'Permata Solo', '08117221186', NULL, '52800.00', '0.00', '0.00', 'unpaid', '1', NULL, 'selesai', 'not_picked_up', NULL, '2026-03-14 10:57:44', '2026-03-14 13:28:38', '0', '2026-03-14 14:31:28', '3', NULL, '17', NULL, '1', '2026-03-14 10:57:54', '0.00', '0.00', '0', '0.00', '0', NULL, '2026-03-14 10:57:28', '2026-03-14 14:31:28', NULL, NULL);
INSERT INTO `orders` (`id`, `invoice_number`, `customer_id`, `customer_name`, `customer_phone`, `notes`, `total_price`, `paid_amount`, `change_amount`, `payment_status`, `is_credit`, `paid_at`, `production_status`, `pickup_status`, `picked_up_at`, `started_at`, `finished_at`, `wa_sent`, `wa_notified_at`, `designer_id`, `cashier_id`, `operator_id`, `finishing_operator_id`, `spk_printed`, `spk_printed_at`, `remaining_balance`, `report_total_price`, `report_total_qty`, `report_remaining_balance`, `is_cancelled`, `cancelled_at`, `created_at`, `updated_at`, `cancelled_by`, `cancel_reason`) VALUES ('1344', 'INV-20260314-0041', '280', 'Permata Solo', '08117221186', NULL, '56700.00', '0.00', '0.00', 'unpaid', '1', NULL, 'selesai', 'not_picked_up', NULL, '2026-03-14 11:06:59', '2026-03-14 13:29:06', '0', '2026-03-14 14:20:55', '3', NULL, '17', NULL, '1', '2026-03-14 11:02:56', '0.00', '0.00', '0', '0.00', '0', NULL, '2026-03-14 11:02:53', '2026-03-14 14:20:55', NULL, NULL);
INSERT INTO `orders` (`id`, `invoice_number`, `customer_id`, `customer_name`, `customer_phone`, `notes`, `total_price`, `paid_amount`, `change_amount`, `payment_status`, `is_credit`, `paid_at`, `production_status`, `pickup_status`, `picked_up_at`, `started_at`, `finished_at`, `wa_sent`, `wa_notified_at`, `designer_id`, `cashier_id`, `operator_id`, `finishing_operator_id`, `spk_printed`, `spk_printed_at`, `remaining_balance`, `report_total_price`, `report_total_qty`, `report_remaining_balance`, `is_cancelled`, `cancelled_at`, `created_at`, `updated_at`, `cancelled_by`, `cancel_reason`) VALUES ('1346', 'INV-20260314-0043', '503', 'Saiful Bahri/Niman', '082175999184', NULL, '57500.00', '0.00', '0.00', 'unpaid', '1', NULL, 'selesai', 'not_picked_up', NULL, '2026-03-14 13:18:49', '2026-03-14 16:38:49', '0', '2026-03-14 16:51:21', '3', NULL, '6', '18', '1', '2026-03-14 11:05:38', '0.00', '0.00', '0', '0.00', '0', NULL, '2026-03-14 11:05:36', '2026-03-14 16:51:21', NULL, NULL);
INSERT INTO `orders` (`id`, `invoice_number`, `customer_id`, `customer_name`, `customer_phone`, `notes`, `total_price`, `paid_amount`, `change_amount`, `payment_status`, `is_credit`, `paid_at`, `production_status`, `pickup_status`, `picked_up_at`, `started_at`, `finished_at`, `wa_sent`, `wa_notified_at`, `designer_id`, `cashier_id`, `operator_id`, `finishing_operator_id`, `spk_printed`, `spk_printed_at`, `remaining_balance`, `report_total_price`, `report_total_qty`, `report_remaining_balance`, `is_cancelled`, `cancelled_at`, `created_at`, `updated_at`, `cancelled_by`, `cancel_reason`) VALUES ('1349', 'INV-20260314-0046', '343', 'JADE', '+62 822-7908-0708', NULL, '126000.00', '0.00', '0.00', 'unpaid', '1', NULL, 'proses_cetak', 'not_picked_up', NULL, '2026-03-16 10:10:34', NULL, '0', NULL, '3', NULL, '2', NULL, '1', '2026-03-14 11:15:50', '0.00', '0.00', '0', '0.00', '0', NULL, '2026-03-14 11:15:48', '2026-03-16 10:10:34', NULL, NULL);
INSERT INTO `orders` (`id`, `invoice_number`, `customer_id`, `customer_name`, `customer_phone`, `notes`, `total_price`, `paid_amount`, `change_amount`, `payment_status`, `is_credit`, `paid_at`, `production_status`, `pickup_status`, `picked_up_at`, `started_at`, `finished_at`, `wa_sent`, `wa_notified_at`, `designer_id`, `cashier_id`, `operator_id`, `finishing_operator_id`, `spk_printed`, `spk_printed_at`, `remaining_balance`, `report_total_price`, `report_total_qty`, `report_remaining_balance`, `is_cancelled`, `cancelled_at`, `created_at`, `updated_at`, `cancelled_by`, `cancel_reason`) VALUES ('1351', 'INV-20260314-0048', '264', 'CSO Fariz', '081274764545', NULL, '120000.00', '120000.00', '0.00', 'paid', '1', '2026-03-14 16:51:39', 'pending', 'not_picked_up', NULL, NULL, NULL, '0', NULL, '3', '16', NULL, NULL, '1', '2026-03-14 11:27:44', '0.00', '0.00', '0', '0.00', '0', NULL, '2026-03-14 11:27:24', '2026-03-14 16:51:39', NULL, NULL);
INSERT INTO `orders` (`id`, `invoice_number`, `customer_id`, `customer_name`, `customer_phone`, `notes`, `total_price`, `paid_amount`, `change_amount`, `payment_status`, `is_credit`, `paid_at`, `production_status`, `pickup_status`, `picked_up_at`, `started_at`, `finished_at`, `wa_sent`, `wa_notified_at`, `designer_id`, `cashier_id`, `operator_id`, `finishing_operator_id`, `spk_printed`, `spk_printed_at`, `remaining_balance`, `report_total_price`, `report_total_qty`, `report_remaining_balance`, `is_cancelled`, `cancelled_at`, `created_at`, `updated_at`, `cancelled_by`, `cancel_reason`) VALUES ('1354', 'INV-20260314-0051', '488', 'Timezone LC', '087899942526', NULL, '23400.00', '23400.00', '0.00', 'paid', '1', '2026-03-14 14:58:32', 'selesai', 'not_picked_up', NULL, '2026-03-14 11:38:50', '2026-03-14 13:14:26', '0', '2026-03-14 14:31:43', '3', '16', '17', NULL, '1', '2026-03-14 11:32:12', '0.00', '0.00', '0', '0.00', '0', NULL, '2026-03-14 11:32:10', '2026-03-14 14:58:32', NULL, NULL);
INSERT INTO `orders` (`id`, `invoice_number`, `customer_id`, `customer_name`, `customer_phone`, `notes`, `total_price`, `paid_amount`, `change_amount`, `payment_status`, `is_credit`, `paid_at`, `production_status`, `pickup_status`, `picked_up_at`, `started_at`, `finished_at`, `wa_sent`, `wa_notified_at`, `designer_id`, `cashier_id`, `operator_id`, `finishing_operator_id`, `spk_printed`, `spk_printed_at`, `remaining_balance`, `report_total_price`, `report_total_qty`, `report_remaining_balance`, `is_cancelled`, `cancelled_at`, `created_at`, `updated_at`, `cancelled_by`, `cancel_reason`) VALUES ('1356', 'INV-20260314-0053', '51', 'Fadil ERKA', '082374883069', NULL, '13000.00', '0.00', '0.00', 'unpaid', '1', NULL, 'selesai', 'not_picked_up', NULL, '2026-03-14 11:38:58', '2026-03-14 13:14:51', '0', '2026-03-14 14:31:32', '3', NULL, '17', NULL, '1', '2026-03-14 11:35:54', '0.00', '0.00', '0', '0.00', '0', NULL, '2026-03-14 11:35:52', '2026-03-14 14:31:32', NULL, NULL);
INSERT INTO `orders` (`id`, `invoice_number`, `customer_id`, `customer_name`, `customer_phone`, `notes`, `total_price`, `paid_amount`, `change_amount`, `payment_status`, `is_credit`, `paid_at`, `production_status`, `pickup_status`, `picked_up_at`, `started_at`, `finished_at`, `wa_sent`, `wa_notified_at`, `designer_id`, `cashier_id`, `operator_id`, `finishing_operator_id`, `spk_printed`, `spk_printed_at`, `remaining_balance`, `report_total_price`, `report_total_qty`, `report_remaining_balance`, `is_cancelled`, `cancelled_at`, `created_at`, `updated_at`, `cancelled_by`, `cancel_reason`) VALUES ('1358', 'INV-20260314-0055', '285', 'Saaf Print', '082179387284', NULL, '78000.00', '0.00', '0.00', 'unpaid', '1', NULL, 'pending', 'not_picked_up', NULL, NULL, NULL, '0', NULL, '3', NULL, NULL, NULL, '1', '2026-03-14 11:41:45', '0.00', '0.00', '0', '0.00', '0', NULL, '2026-03-14 11:41:42', '2026-03-14 11:41:45', NULL, NULL);
INSERT INTO `orders` (`id`, `invoice_number`, `customer_id`, `customer_name`, `customer_phone`, `notes`, `total_price`, `paid_amount`, `change_amount`, `payment_status`, `is_credit`, `paid_at`, `production_status`, `pickup_status`, `picked_up_at`, `started_at`, `finished_at`, `wa_sent`, `wa_notified_at`, `designer_id`, `cashier_id`, `operator_id`, `finishing_operator_id`, `spk_printed`, `spk_printed_at`, `remaining_balance`, `report_total_price`, `report_total_qty`, `report_remaining_balance`, `is_cancelled`, `cancelled_at`, `created_at`, `updated_at`, `cancelled_by`, `cancel_reason`) VALUES ('1361', 'INV-20260314-0058', '507', 'Hengki', '0817616634', NULL, '250000.00', '250000.00', '0.00', 'paid', '1', '2026-03-14 16:50:46', 'selesai', 'picked_up', '2026-03-14 17:02:45', '2026-03-14 13:18:11', '2026-03-14 16:56:19', '0', NULL, '3', '16', '17', NULL, '1', '2026-03-14 11:48:10', '0.00', '0.00', '0', '0.00', '0', NULL, '2026-03-14 11:48:07', '2026-03-14 17:02:45', NULL, NULL);
INSERT INTO `orders` (`id`, `invoice_number`, `customer_id`, `customer_name`, `customer_phone`, `notes`, `total_price`, `paid_amount`, `change_amount`, `payment_status`, `is_credit`, `paid_at`, `production_status`, `pickup_status`, `picked_up_at`, `started_at`, `finished_at`, `wa_sent`, `wa_notified_at`, `designer_id`, `cashier_id`, `operator_id`, `finishing_operator_id`, `spk_printed`, `spk_printed_at`, `remaining_balance`, `report_total_price`, `report_total_qty`, `report_remaining_balance`, `is_cancelled`, `cancelled_at`, `created_at`, `updated_at`, `cancelled_by`, `cancel_reason`) VALUES ('1362', 'INV-20260314-0059', '280', 'Permata Solo', '08117221186', NULL, '15000.00', '0.00', '0.00', 'unpaid', '1', NULL, 'selesai', 'not_picked_up', NULL, '2026-03-14 13:18:14', '2026-03-14 13:42:41', '0', '2026-03-14 14:19:59', '3', NULL, '17', NULL, '1', '2026-03-14 12:02:31', '0.00', '0.00', '0', '0.00', '0', NULL, '2026-03-14 12:02:29', '2026-03-14 14:19:59', NULL, NULL);
INSERT INTO `orders` (`id`, `invoice_number`, `customer_id`, `customer_name`, `customer_phone`, `notes`, `total_price`, `paid_amount`, `change_amount`, `payment_status`, `is_credit`, `paid_at`, `production_status`, `pickup_status`, `picked_up_at`, `started_at`, `finished_at`, `wa_sent`, `wa_notified_at`, `designer_id`, `cashier_id`, `operator_id`, `finishing_operator_id`, `spk_printed`, `spk_printed_at`, `remaining_balance`, `report_total_price`, `report_total_qty`, `report_remaining_balance`, `is_cancelled`, `cancelled_at`, `created_at`, `updated_at`, `cancelled_by`, `cancel_reason`) VALUES ('1365', 'INV-20260314-0062', '257', 'Son', '082180499591', NULL, '221578.00', '0.00', '0.00', 'unpaid', '1', NULL, 'selesai', 'not_picked_up', NULL, '2026-03-14 13:18:53', '2026-03-14 15:58:53', '0', '2026-03-14 16:07:12', '3', NULL, '6', '18', '1', '2026-03-14 12:09:44', '0.00', '0.00', '0', '0.00', '0', NULL, '2026-03-14 12:09:37', '2026-03-14 16:07:12', NULL, NULL);
INSERT INTO `orders` (`id`, `invoice_number`, `customer_id`, `customer_name`, `customer_phone`, `notes`, `total_price`, `paid_amount`, `change_amount`, `payment_status`, `is_credit`, `paid_at`, `production_status`, `pickup_status`, `picked_up_at`, `started_at`, `finished_at`, `wa_sent`, `wa_notified_at`, `designer_id`, `cashier_id`, `operator_id`, `finishing_operator_id`, `spk_printed`, `spk_printed_at`, `remaining_balance`, `report_total_price`, `report_total_qty`, `report_remaining_balance`, `is_cancelled`, `cancelled_at`, `created_at`, `updated_at`, `cancelled_by`, `cancel_reason`) VALUES ('1369', 'INV-20260314-0066', '51', 'Fadil ERKA', '082374883069', NULL, '16500.00', '0.00', '0.00', 'unpaid', '1', NULL, 'selesai', 'not_picked_up', NULL, '2026-03-14 13:18:47', '2026-03-14 13:41:25', '0', '2026-03-14 14:20:38', '3', NULL, '17', NULL, '1', '2026-03-14 12:58:19', '0.00', '0.00', '0', '0.00', '0', NULL, '2026-03-14 12:58:16', '2026-03-14 14:20:38', NULL, NULL);
INSERT INTO `orders` (`id`, `invoice_number`, `customer_id`, `customer_name`, `customer_phone`, `notes`, `total_price`, `paid_amount`, `change_amount`, `payment_status`, `is_credit`, `paid_at`, `production_status`, `pickup_status`, `picked_up_at`, `started_at`, `finished_at`, `wa_sent`, `wa_notified_at`, `designer_id`, `cashier_id`, `operator_id`, `finishing_operator_id`, `spk_printed`, `spk_printed_at`, `remaining_balance`, `report_total_price`, `report_total_qty`, `report_remaining_balance`, `is_cancelled`, `cancelled_at`, `created_at`, `updated_at`, `cancelled_by`, `cancel_reason`) VALUES ('1377', 'INV-20260314-0074', '252', 'ANES', '+62 812-7975-5554', NULL, '4800.00', '4800.00', '0.00', 'paid', '1', '2026-03-14 15:09:19', 'selesai', 'picked_up', '2026-03-14 17:01:42', '2026-03-14 13:40:39', '2026-03-14 15:13:52', '0', '2026-03-14 16:06:33', '3', '16', '17', NULL, '1', '2026-03-14 13:28:41', '0.00', '0.00', '0', '0.00', '0', NULL, '2026-03-14 13:28:39', '2026-03-14 17:01:42', NULL, NULL);
INSERT INTO `orders` (`id`, `invoice_number`, `customer_id`, `customer_name`, `customer_phone`, `notes`, `total_price`, `paid_amount`, `change_amount`, `payment_status`, `is_credit`, `paid_at`, `production_status`, `pickup_status`, `picked_up_at`, `started_at`, `finished_at`, `wa_sent`, `wa_notified_at`, `designer_id`, `cashier_id`, `operator_id`, `finishing_operator_id`, `spk_printed`, `spk_printed_at`, `remaining_balance`, `report_total_price`, `report_total_qty`, `report_remaining_balance`, `is_cancelled`, `cancelled_at`, `created_at`, `updated_at`, `cancelled_by`, `cancel_reason`) VALUES ('1380', 'INV-20260314-0077', '19', 'Fajar ERKA', '087881734166', NULL, '71400.00', '0.00', '0.00', 'unpaid', '1', NULL, 'selesai', 'not_picked_up', NULL, '2026-03-14 13:58:59', '2026-03-14 14:13:09', '0', '2026-03-14 14:31:19', '3', NULL, '17', NULL, '1', '2026-03-14 13:44:54', '0.00', '0.00', '0', '0.00', '0', NULL, '2026-03-14 13:44:50', '2026-03-14 14:31:19', NULL, NULL);
INSERT INTO `orders` (`id`, `invoice_number`, `customer_id`, `customer_name`, `customer_phone`, `notes`, `total_price`, `paid_amount`, `change_amount`, `payment_status`, `is_credit`, `paid_at`, `production_status`, `pickup_status`, `picked_up_at`, `started_at`, `finished_at`, `wa_sent`, `wa_notified_at`, `designer_id`, `cashier_id`, `operator_id`, `finishing_operator_id`, `spk_printed`, `spk_printed_at`, `remaining_balance`, `report_total_price`, `report_total_qty`, `report_remaining_balance`, `is_cancelled`, `cancelled_at`, `created_at`, `updated_at`, `cancelled_by`, `cancel_reason`) VALUES ('1391', 'INV-20260314-0088', '269', 'Tria Oktavia', '089514138331', NULL, '15600.00', '65600.00', '50000.00', 'paid', '1', '2026-03-16 10:10:26', 'selesai', 'not_picked_up', NULL, '2026-03-14 16:10:21', '2026-03-14 16:11:28', '0', '2026-03-14 16:51:04', '3', '2', '17', NULL, '1', '2026-03-14 16:06:16', '0.00', '0.00', '0', '0.00', '0', NULL, '2026-03-14 16:06:12', '2026-03-16 10:10:26', NULL, NULL);
INSERT INTO `orders` (`id`, `invoice_number`, `customer_id`, `customer_name`, `customer_phone`, `notes`, `total_price`, `paid_amount`, `change_amount`, `payment_status`, `is_credit`, `paid_at`, `production_status`, `pickup_status`, `picked_up_at`, `started_at`, `finished_at`, `wa_sent`, `wa_notified_at`, `designer_id`, `cashier_id`, `operator_id`, `finishing_operator_id`, `spk_printed`, `spk_printed_at`, `remaining_balance`, `report_total_price`, `report_total_qty`, `report_remaining_balance`, `is_cancelled`, `cancelled_at`, `created_at`, `updated_at`, `cancelled_by`, `cancel_reason`) VALUES ('1394', 'INV-20260315-0001', '1', 'tester', '08990799960', NULL, '57500.00', '57500.00', '0.00', 'paid', '1', '2026-03-16 10:10:13', 'pending', 'not_picked_up', NULL, NULL, NULL, '0', NULL, '2', '2', NULL, NULL, '0', NULL, '0.00', '0.00', '0', '0.00', '0', NULL, '2026-03-15 22:26:39', '2026-03-16 10:10:13', NULL, NULL);
INSERT INTO `orders` (`id`, `invoice_number`, `customer_id`, `customer_name`, `customer_phone`, `notes`, `total_price`, `paid_amount`, `change_amount`, `payment_status`, `is_credit`, `paid_at`, `production_status`, `pickup_status`, `picked_up_at`, `started_at`, `finished_at`, `wa_sent`, `wa_notified_at`, `designer_id`, `cashier_id`, `operator_id`, `finishing_operator_id`, `spk_printed`, `spk_printed_at`, `remaining_balance`, `report_total_price`, `report_total_qty`, `report_remaining_balance`, `is_cancelled`, `cancelled_at`, `created_at`, `updated_at`, `cancelled_by`, `cancel_reason`) VALUES ('1395', 'INV-20260315-0002', '1', 'tester', '08990799960', NULL, '57500.00', '50000.00', '0.00', 'partial', '1', NULL, 'pending', 'not_picked_up', NULL, NULL, NULL, '0', NULL, '2', NULL, NULL, NULL, '0', NULL, '0.00', '0.00', '0', '0.00', '0', NULL, '2026-03-15 22:43:36', '2026-03-16 08:47:27', NULL, NULL);
INSERT INTO `orders` (`id`, `invoice_number`, `customer_id`, `customer_name`, `customer_phone`, `notes`, `total_price`, `paid_amount`, `change_amount`, `payment_status`, `is_credit`, `paid_at`, `production_status`, `pickup_status`, `picked_up_at`, `started_at`, `finished_at`, `wa_sent`, `wa_notified_at`, `designer_id`, `cashier_id`, `operator_id`, `finishing_operator_id`, `spk_printed`, `spk_printed_at`, `remaining_balance`, `report_total_price`, `report_total_qty`, `report_remaining_balance`, `is_cancelled`, `cancelled_at`, `created_at`, `updated_at`, `cancelled_by`, `cancel_reason`) VALUES ('1396', 'INV-20260316-0001', '516', 'aaa', '3131', 'asasa', '45000.00', '45000.00', '0.00', 'paid', '1', '2026-03-16 09:36:11', 'pending', 'not_picked_up', NULL, NULL, NULL, '0', NULL, '2', '2', NULL, NULL, '1', '2026-03-16 19:34:10', '0.00', '45000.00', '1', '0.00', '0', NULL, '2026-03-16 09:35:23', '2026-03-16 19:34:10', NULL, NULL);

-- --------------------------------------------------------
-- Table structure for table `payment_accounts`
-- --------------------------------------------------------

CREATE TABLE `payment_accounts` (
  `id` bigint(20) unsigned NOT NULL AUTO_INCREMENT,
  `name` varchar(255) NOT NULL,
  `type` enum('bank','ewallet') NOT NULL,
  `provider` varchar(255) NOT NULL,
  `account_number` varchar(255) NOT NULL,
  `account_holder` varchar(255) NOT NULL,
  `is_active` tinyint(1) NOT NULL DEFAULT 1,
  `created_at` timestamp NULL DEFAULT NULL,
  `updated_at` timestamp NULL DEFAULT NULL,
  PRIMARY KEY (`id`)
) ENGINE=InnoDB AUTO_INCREMENT=12 DEFAULT CHARSET=utf8mb4 COLLATE=utf8mb4_unicode_ci;

-- Dumping data for table `payment_accounts`

INSERT INTO `payment_accounts` (`id`, `name`, `type`, `provider`, `account_number`, `account_holder`, `is_active`, `created_at`, `updated_at`) VALUES ('8', 'BCA', 'bank', 'BCA', '2920858026', 'Raden Cik Awang', '1', '2026-02-12 18:17:51', '2026-02-27 13:35:53');
INSERT INTO `payment_accounts` (`id`, `name`, `type`, `provider`, `account_number`, `account_holder`, `is_active`, `created_at`, `updated_at`) VALUES ('10', 'Mandiri', 'bank', 'Mandiri', '1120005038182', 'Raden Cik Awang', '1', '2026-02-27 13:36:18', '2026-02-27 13:36:18');
INSERT INTO `payment_accounts` (`id`, `name`, `type`, `provider`, `account_number`, `account_holder`, `is_active`, `created_at`, `updated_at`) VALUES ('11', 'BRI', 'bank', 'BRI', '185901012107503', 'Raden Cik Awang', '1', '2026-03-02 13:17:08', '2026-03-02 13:17:08');

-- --------------------------------------------------------
-- Table structure for table `payments`
-- --------------------------------------------------------

CREATE TABLE `payments` (
  `id` bigint(20) unsigned NOT NULL AUTO_INCREMENT,
  `order_id` bigint(20) unsigned NOT NULL,
  `amount` decimal(15,2) NOT NULL,
  `payment_method` varchar(255) NOT NULL DEFAULT 'cash',
  `payment_account_id` bigint(20) unsigned DEFAULT NULL,
  `proof_path` varchar(255) DEFAULT NULL,
  `notes` text DEFAULT NULL,
  `cashier_id` bigint(20) unsigned DEFAULT NULL,
  `created_at` timestamp NULL DEFAULT NULL,
  `updated_at` timestamp NULL DEFAULT NULL,
  PRIMARY KEY (`id`),
  KEY `payments_cashier_id_foreign` (`cashier_id`),
  KEY `payments_order_id_index` (`order_id`),
  KEY `payments_created_at_index` (`created_at`),
  KEY `payments_payment_account_id_foreign` (`payment_account_id`),
  CONSTRAINT `payments_cashier_id_foreign` FOREIGN KEY (`cashier_id`) REFERENCES `users` (`id`) ON DELETE SET NULL,
  CONSTRAINT `payments_order_id_foreign` FOREIGN KEY (`order_id`) REFERENCES `orders` (`id`) ON DELETE CASCADE,
  CONSTRAINT `payments_payment_account_id_foreign` FOREIGN KEY (`payment_account_id`) REFERENCES `payment_accounts` (`id`) ON DELETE SET NULL
) ENGINE=InnoDB AUTO_INCREMENT=1084 DEFAULT CHARSET=utf8mb4 COLLATE=utf8mb4_unicode_ci;

-- Dumping data for table `payments`

INSERT INTO `payments` (`id`, `order_id`, `amount`, `payment_method`, `payment_account_id`, `proof_path`, `notes`, `cashier_id`, `created_at`, `updated_at`) VALUES ('11', '33', '41700.00', 'transfer', '10', NULL, NULL, '16', '2026-03-02 11:45:34', '2026-03-02 11:45:34');
INSERT INTO `payments` (`id`, `order_id`, `amount`, `payment_method`, `payment_account_id`, `proof_path`, `notes`, `cashier_id`, `created_at`, `updated_at`) VALUES ('12', '34', '1800.00', 'transfer', '10', NULL, NULL, '16', '2026-03-02 11:45:34', '2026-03-02 11:45:34');
INSERT INTO `payments` (`id`, `order_id`, `amount`, `payment_method`, `payment_account_id`, `proof_path`, `notes`, `cashier_id`, `created_at`, `updated_at`) VALUES ('15', '56', '50000.00', 'cash', NULL, NULL, NULL, '16', '2026-03-02 13:35:23', '2026-03-02 13:35:23');
INSERT INTO `payments` (`id`, `order_id`, `amount`, `payment_method`, `payment_account_id`, `proof_path`, `notes`, `cashier_id`, `created_at`, `updated_at`) VALUES ('17', '85', '20000.00', 'cash', NULL, NULL, NULL, '16', '2026-03-02 14:00:16', '2026-03-02 14:00:16');
INSERT INTO `payments` (`id`, `order_id`, `amount`, `payment_method`, `payment_account_id`, `proof_path`, `notes`, `cashier_id`, `created_at`, `updated_at`) VALUES ('21', '50', '100000.00', 'cash', NULL, NULL, NULL, '16', '2026-03-02 14:16:44', '2026-03-02 14:16:44');
INSERT INTO `payments` (`id`, `order_id`, `amount`, `payment_method`, `payment_account_id`, `proof_path`, `notes`, `cashier_id`, `created_at`, `updated_at`) VALUES ('32', '74', '20000.00', 'cash', NULL, NULL, NULL, '16', '2026-03-02 15:23:51', '2026-03-02 15:23:51');
INSERT INTO `payments` (`id`, `order_id`, `amount`, `payment_method`, `payment_account_id`, `proof_path`, `notes`, `cashier_id`, `created_at`, `updated_at`) VALUES ('35', '59', '100000.00', 'cash', NULL, NULL, NULL, '16', '2026-03-02 16:14:42', '2026-03-02 16:14:42');
INSERT INTO `payments` (`id`, `order_id`, `amount`, `payment_method`, `payment_account_id`, `proof_path`, `notes`, `cashier_id`, `created_at`, `updated_at`) VALUES ('39', '46', '90000.00', 'transfer', '8', NULL, NULL, '16', '2026-03-02 16:24:32', '2026-03-02 16:24:32');
INSERT INTO `payments` (`id`, `order_id`, `amount`, `payment_method`, `payment_account_id`, `proof_path`, `notes`, `cashier_id`, `created_at`, `updated_at`) VALUES ('40', '32', '42000.00', 'transfer', '8', NULL, NULL, '16', '2026-03-02 16:29:00', '2026-03-02 16:29:00');
INSERT INTO `payments` (`id`, `order_id`, `amount`, `payment_method`, `payment_account_id`, `proof_path`, `notes`, `cashier_id`, `created_at`, `updated_at`) VALUES ('42', '21', '630000.00', 'transfer', '10', NULL, NULL, '16', '2026-03-02 16:35:22', '2026-03-02 16:35:22');
INSERT INTO `payments` (`id`, `order_id`, `amount`, `payment_method`, `payment_account_id`, `proof_path`, `notes`, `cashier_id`, `created_at`, `updated_at`) VALUES ('54', '144', '155000.00', 'cash', NULL, NULL, NULL, '16', '2026-03-03 10:49:59', '2026-03-03 10:49:59');
INSERT INTO `payments` (`id`, `order_id`, `amount`, `payment_method`, `payment_account_id`, `proof_path`, `notes`, `cashier_id`, `created_at`, `updated_at`) VALUES ('59', '119', '20000.00', 'cash', NULL, NULL, NULL, '16', '2026-03-03 11:38:37', '2026-03-03 11:38:37');
INSERT INTO `payments` (`id`, `order_id`, `amount`, `payment_method`, `payment_account_id`, `proof_path`, `notes`, `cashier_id`, `created_at`, `updated_at`) VALUES ('60', '127', '205000.00', 'cash', NULL, NULL, NULL, '5', '2026-03-03 11:44:49', '2026-03-03 11:44:49');
INSERT INTO `payments` (`id`, `order_id`, `amount`, `payment_method`, `payment_account_id`, `proof_path`, `notes`, `cashier_id`, `created_at`, `updated_at`) VALUES ('63', '100', '189200.00', 'transfer', '11', NULL, NULL, '16', '2026-03-03 13:06:08', '2026-03-03 13:06:08');
INSERT INTO `payments` (`id`, `order_id`, `amount`, `payment_method`, `payment_account_id`, `proof_path`, `notes`, `cashier_id`, `created_at`, `updated_at`) VALUES ('64', '110', '350000.00', 'cash', NULL, NULL, NULL, '16', '2026-03-03 13:11:52', '2026-03-03 13:11:52');
INSERT INTO `payments` (`id`, `order_id`, `amount`, `payment_method`, `payment_account_id`, `proof_path`, `notes`, `cashier_id`, `created_at`, `updated_at`) VALUES ('65', '173', '23750.00', 'transfer', '8', NULL, NULL, '16', '2026-03-03 13:15:40', '2026-03-03 13:15:40');
INSERT INTO `payments` (`id`, `order_id`, `amount`, `payment_method`, `payment_account_id`, `proof_path`, `notes`, `cashier_id`, `created_at`, `updated_at`) VALUES ('66', '173', '100000.00', 'cash', NULL, NULL, NULL, '16', '2026-03-03 13:15:40', '2026-03-03 13:15:40');
INSERT INTO `payments` (`id`, `order_id`, `amount`, `payment_method`, `payment_account_id`, `proof_path`, `notes`, `cashier_id`, `created_at`, `updated_at`) VALUES ('68', '80', '211650.00', 'cash', NULL, NULL, NULL, '16', '2026-03-03 13:20:47', '2026-03-03 13:20:47');
INSERT INTO `payments` (`id`, `order_id`, `amount`, `payment_method`, `payment_account_id`, `proof_path`, `notes`, `cashier_id`, `created_at`, `updated_at`) VALUES ('69', '62', '2600.00', 'cash', NULL, NULL, NULL, '16', '2026-03-03 13:28:19', '2026-03-03 13:28:19');
INSERT INTO `payments` (`id`, `order_id`, `amount`, `payment_method`, `payment_account_id`, `proof_path`, `notes`, `cashier_id`, `created_at`, `updated_at`) VALUES ('70', '197', '34500.00', 'cash', NULL, NULL, NULL, '16', '2026-03-03 13:28:19', '2026-03-03 13:28:19');
INSERT INTO `payments` (`id`, `order_id`, `amount`, `payment_method`, `payment_account_id`, `proof_path`, `notes`, `cashier_id`, `created_at`, `updated_at`) VALUES ('83', '215', '52200.00', 'transfer', '10', NULL, NULL, '16', '2026-03-03 14:55:54', '2026-03-03 14:55:54');
INSERT INTO `payments` (`id`, `order_id`, `amount`, `payment_method`, `payment_account_id`, `proof_path`, `notes`, `cashier_id`, `created_at`, `updated_at`) VALUES ('88', '205', '186900.00', 'transfer', '8', NULL, NULL, '16', '2026-03-03 15:00:21', '2026-03-03 15:00:21');
INSERT INTO `payments` (`id`, `order_id`, `amount`, `payment_method`, `payment_account_id`, `proof_path`, `notes`, `cashier_id`, `created_at`, `updated_at`) VALUES ('94', '24', '10000.00', 'cash', NULL, NULL, NULL, '16', '2026-03-03 15:09:42', '2026-03-03 15:09:42');
INSERT INTO `payments` (`id`, `order_id`, `amount`, `payment_method`, `payment_account_id`, `proof_path`, `notes`, `cashier_id`, `created_at`, `updated_at`) VALUES ('100', '222', '14400.00', 'cash', NULL, NULL, NULL, '16', '2026-03-03 15:12:05', '2026-03-03 15:12:05');
INSERT INTO `payments` (`id`, `order_id`, `amount`, `payment_method`, `payment_account_id`, `proof_path`, `notes`, `cashier_id`, `created_at`, `updated_at`) VALUES ('107', '115', '32000.00', 'cash', NULL, NULL, NULL, '16', '2026-03-03 15:48:12', '2026-03-03 15:48:12');
INSERT INTO `payments` (`id`, `order_id`, `amount`, `payment_method`, `payment_account_id`, `proof_path`, `notes`, `cashier_id`, `created_at`, `updated_at`) VALUES ('109', '183', '20000.00', 'cash', NULL, NULL, NULL, '16', '2026-03-03 16:04:39', '2026-03-03 16:04:39');
INSERT INTO `payments` (`id`, `order_id`, `amount`, `payment_method`, `payment_account_id`, `proof_path`, `notes`, `cashier_id`, `created_at`, `updated_at`) VALUES ('110', '185', '42400.00', 'transfer', '8', NULL, NULL, '16', '2026-03-03 16:09:12', '2026-03-03 16:09:12');
INSERT INTO `payments` (`id`, `order_id`, `amount`, `payment_method`, `payment_account_id`, `proof_path`, `notes`, `cashier_id`, `created_at`, `updated_at`) VALUES ('118', '131', '122400.00', 'transfer', '11', NULL, NULL, '16', '2026-03-03 16:18:32', '2026-03-03 16:18:32');
INSERT INTO `payments` (`id`, `order_id`, `amount`, `payment_method`, `payment_account_id`, `proof_path`, `notes`, `cashier_id`, `created_at`, `updated_at`) VALUES ('124', '26', '310000.00', 'transfer', '11', NULL, NULL, '16', '2026-03-03 16:34:14', '2026-03-03 16:34:14');
INSERT INTO `payments` (`id`, `order_id`, `amount`, `payment_method`, `payment_account_id`, `proof_path`, `notes`, `cashier_id`, `created_at`, `updated_at`) VALUES ('128', '96', '11600.00', 'cash', NULL, NULL, NULL, '5', '2026-03-03 16:42:50', '2026-03-03 16:42:50');
INSERT INTO `payments` (`id`, `order_id`, `amount`, `payment_method`, `payment_account_id`, `proof_path`, `notes`, `cashier_id`, `created_at`, `updated_at`) VALUES ('132', '134', '50000.00', 'cash', NULL, NULL, NULL, '16', '2026-03-03 16:58:37', '2026-03-03 16:58:37');
INSERT INTO `payments` (`id`, `order_id`, `amount`, `payment_method`, `payment_account_id`, `proof_path`, `notes`, `cashier_id`, `created_at`, `updated_at`) VALUES ('136', '153', '120000.00', 'cash', NULL, NULL, NULL, '16', '2026-03-04 10:22:52', '2026-03-04 10:22:52');
INSERT INTO `payments` (`id`, `order_id`, `amount`, `payment_method`, `payment_account_id`, `proof_path`, `notes`, `cashier_id`, `created_at`, `updated_at`) VALUES ('138', '252', '50000.00', 'cash', NULL, NULL, NULL, '16', '2026-03-04 10:56:37', '2026-03-04 10:56:37');
INSERT INTO `payments` (`id`, `order_id`, `amount`, `payment_method`, `payment_account_id`, `proof_path`, `notes`, `cashier_id`, `created_at`, `updated_at`) VALUES ('143', '157', '85000.00', 'transfer', '8', NULL, NULL, '16', '2026-03-04 11:45:51', '2026-03-04 11:45:51');
INSERT INTO `payments` (`id`, `order_id`, `amount`, `payment_method`, `payment_account_id`, `proof_path`, `notes`, `cashier_id`, `created_at`, `updated_at`) VALUES ('144', '162', '500000.00', 'transfer', '8', NULL, NULL, '16', '2026-03-04 11:45:51', '2026-03-04 11:45:51');
INSERT INTO `payments` (`id`, `order_id`, `amount`, `payment_method`, `payment_account_id`, `proof_path`, `notes`, `cashier_id`, `created_at`, `updated_at`) VALUES ('145', '233', '100000.00', 'cash', NULL, NULL, NULL, '16', '2026-03-04 11:49:15', '2026-03-04 11:49:15');
INSERT INTO `payments` (`id`, `order_id`, `amount`, `payment_method`, `payment_account_id`, `proof_path`, `notes`, `cashier_id`, `created_at`, `updated_at`) VALUES ('147', '109', '50800.00', 'cash', NULL, NULL, NULL, '16', '2026-03-04 12:47:16', '2026-03-04 12:47:16');
INSERT INTO `payments` (`id`, `order_id`, `amount`, `payment_method`, `payment_account_id`, `proof_path`, `notes`, `cashier_id`, `created_at`, `updated_at`) VALUES ('148', '191', '15000.00', 'cash', NULL, NULL, NULL, '16', '2026-03-04 12:47:16', '2026-03-04 12:47:16');
INSERT INTO `payments` (`id`, `order_id`, `amount`, `payment_method`, `payment_account_id`, `proof_path`, `notes`, `cashier_id`, `created_at`, `updated_at`) VALUES ('157', '240', '70000.00', 'transfer', '11', NULL, NULL, '16', '2026-03-04 13:04:37', '2026-03-04 13:04:37');
INSERT INTO `payments` (`id`, `order_id`, `amount`, `payment_method`, `payment_account_id`, `proof_path`, `notes`, `cashier_id`, `created_at`, `updated_at`) VALUES ('159', '256', '173600.00', 'transfer', '11', NULL, NULL, '16', '2026-03-04 13:06:36', '2026-03-04 13:06:36');
INSERT INTO `payments` (`id`, `order_id`, `amount`, `payment_method`, `payment_account_id`, `proof_path`, `notes`, `cashier_id`, `created_at`, `updated_at`) VALUES ('162', '159', '200000.00', 'cash', NULL, NULL, NULL, '16', '2026-03-04 13:17:48', '2026-03-04 13:17:48');
INSERT INTO `payments` (`id`, `order_id`, `amount`, `payment_method`, `payment_account_id`, `proof_path`, `notes`, `cashier_id`, `created_at`, `updated_at`) VALUES ('163', '220', '65000.00', 'transfer', '8', NULL, NULL, '16', '2026-03-04 13:20:37', '2026-03-04 13:20:37');
INSERT INTO `payments` (`id`, `order_id`, `amount`, `payment_method`, `payment_account_id`, `proof_path`, `notes`, `cashier_id`, `created_at`, `updated_at`) VALUES ('170', '180', '59500.00', 'transfer', '10', NULL, NULL, '16', '2026-03-04 14:04:04', '2026-03-04 14:04:04');
INSERT INTO `payments` (`id`, `order_id`, `amount`, `payment_method`, `payment_account_id`, `proof_path`, `notes`, `cashier_id`, `created_at`, `updated_at`) VALUES ('171', '307', '800000.00', 'transfer', '8', NULL, NULL, '16', '2026-03-04 14:09:34', '2026-03-04 14:09:34');
INSERT INTO `payments` (`id`, `order_id`, `amount`, `payment_method`, `payment_account_id`, `proof_path`, `notes`, `cashier_id`, `created_at`, `updated_at`) VALUES ('180', '235', '40800.00', 'cash', NULL, NULL, NULL, '16', '2026-03-04 14:47:01', '2026-03-04 14:47:01');
INSERT INTO `payments` (`id`, `order_id`, `amount`, `payment_method`, `payment_account_id`, `proof_path`, `notes`, `cashier_id`, `created_at`, `updated_at`) VALUES ('181', '257', '13200.00', 'cash', NULL, NULL, NULL, '16', '2026-03-04 14:47:01', '2026-03-04 14:47:01');
INSERT INTO `payments` (`id`, `order_id`, `amount`, `payment_method`, `payment_account_id`, `proof_path`, `notes`, `cashier_id`, `created_at`, `updated_at`) VALUES ('185', '344', '20000.00', 'cash', NULL, NULL, NULL, '16', '2026-03-04 15:03:17', '2026-03-04 15:03:17');
INSERT INTO `payments` (`id`, `order_id`, `amount`, `payment_method`, `payment_account_id`, `proof_path`, `notes`, `cashier_id`, `created_at`, `updated_at`) VALUES ('196', '51', '30000.00', 'transfer', '8', NULL, NULL, '16', '2026-03-04 16:04:14', '2026-03-04 16:04:14');
INSERT INTO `payments` (`id`, `order_id`, `amount`, `payment_method`, `payment_account_id`, `proof_path`, `notes`, `cashier_id`, `created_at`, `updated_at`) VALUES ('197', '53', '60000.00', 'transfer', '8', NULL, NULL, '16', '2026-03-04 16:04:14', '2026-03-04 16:04:14');
INSERT INTO `payments` (`id`, `order_id`, `amount`, `payment_method`, `payment_account_id`, `proof_path`, `notes`, `cashier_id`, `created_at`, `updated_at`) VALUES ('198', '155', '60000.00', 'transfer', '8', NULL, NULL, '16', '2026-03-04 16:04:14', '2026-03-04 16:04:14');
INSERT INTO `payments` (`id`, `order_id`, `amount`, `payment_method`, `payment_account_id`, `proof_path`, `notes`, `cashier_id`, `created_at`, `updated_at`) VALUES ('199', '319', '8100.00', 'transfer', '8', NULL, NULL, '16', '2026-03-04 16:06:05', '2026-03-04 16:06:05');
INSERT INTO `payments` (`id`, `order_id`, `amount`, `payment_method`, `payment_account_id`, `proof_path`, `notes`, `cashier_id`, `created_at`, `updated_at`) VALUES ('200', '329', '8100.00', 'transfer', '8', NULL, NULL, '16', '2026-03-04 16:06:05', '2026-03-04 16:06:05');
INSERT INTO `payments` (`id`, `order_id`, `amount`, `payment_method`, `payment_account_id`, `proof_path`, `notes`, `cashier_id`, `created_at`, `updated_at`) VALUES ('201', '334', '8100.00', 'transfer', '8', NULL, NULL, '16', '2026-03-04 16:06:05', '2026-03-04 16:06:05');
INSERT INTO `payments` (`id`, `order_id`, `amount`, `payment_method`, `payment_account_id`, `proof_path`, `notes`, `cashier_id`, `created_at`, `updated_at`) VALUES ('202', '337', '8100.00', 'transfer', '8', NULL, NULL, '16', '2026-03-04 16:06:05', '2026-03-04 16:06:05');
INSERT INTO `payments` (`id`, `order_id`, `amount`, `payment_method`, `payment_account_id`, `proof_path`, `notes`, `cashier_id`, `created_at`, `updated_at`) VALUES ('203', '338', '113400.00', 'transfer', '8', NULL, NULL, '16', '2026-03-04 16:06:05', '2026-03-04 16:06:05');
INSERT INTO `payments` (`id`, `order_id`, `amount`, `payment_method`, `payment_account_id`, `proof_path`, `notes`, `cashier_id`, `created_at`, `updated_at`) VALUES ('204', '347', '8100.00', 'transfer', '8', NULL, NULL, '16', '2026-03-04 16:06:05', '2026-03-04 16:06:05');
INSERT INTO `payments` (`id`, `order_id`, `amount`, `payment_method`, `payment_account_id`, `proof_path`, `notes`, `cashier_id`, `created_at`, `updated_at`) VALUES ('205', '349', '8100.00', 'transfer', '8', NULL, NULL, '16', '2026-03-04 16:06:05', '2026-03-04 16:06:05');
INSERT INTO `payments` (`id`, `order_id`, `amount`, `payment_method`, `payment_account_id`, `proof_path`, `notes`, `cashier_id`, `created_at`, `updated_at`) VALUES ('206', '352', '395000.00', 'transfer', '8', NULL, NULL, '16', '2026-03-04 16:06:05', '2026-03-04 16:06:05');
INSERT INTO `payments` (`id`, `order_id`, `amount`, `payment_method`, `payment_account_id`, `proof_path`, `notes`, `cashier_id`, `created_at`, `updated_at`) VALUES ('210', '54', '592450.00', 'transfer', '8', NULL, NULL, '16', '2026-03-04 16:21:47', '2026-03-04 16:21:47');
INSERT INTO `payments` (`id`, `order_id`, `amount`, `payment_method`, `payment_account_id`, `proof_path`, `notes`, `cashier_id`, `created_at`, `updated_at`) VALUES ('213', '265', '20000.00', 'transfer', '11', NULL, NULL, '16', '2026-03-04 16:23:44', '2026-03-04 16:23:44');
INSERT INTO `payments` (`id`, `order_id`, `amount`, `payment_method`, `payment_account_id`, `proof_path`, `notes`, `cashier_id`, `created_at`, `updated_at`) VALUES ('218', '178', '180000.00', 'transfer', '8', NULL, NULL, '16', '2026-03-04 16:44:12', '2026-03-04 16:44:12');
INSERT INTO `payments` (`id`, `order_id`, `amount`, `payment_method`, `payment_account_id`, `proof_path`, `notes`, `cashier_id`, `created_at`, `updated_at`) VALUES ('221', '309', '46500.00', 'transfer', '8', NULL, NULL, '16', '2026-03-04 16:54:44', '2026-03-04 16:54:44');
INSERT INTO `payments` (`id`, `order_id`, `amount`, `payment_method`, `payment_account_id`, `proof_path`, `notes`, `cashier_id`, `created_at`, `updated_at`) VALUES ('227', '369', '150000.00', 'cash', NULL, NULL, NULL, '16', '2026-03-05 09:28:21', '2026-03-05 09:28:21');
INSERT INTO `payments` (`id`, `order_id`, `amount`, `payment_method`, `payment_account_id`, `proof_path`, `notes`, `cashier_id`, `created_at`, `updated_at`) VALUES ('232', '299', '125000.00', 'transfer', '8', NULL, NULL, '16', '2026-03-05 10:17:04', '2026-03-05 10:17:04');
INSERT INTO `payments` (`id`, `order_id`, `amount`, `payment_method`, `payment_account_id`, `proof_path`, `notes`, `cashier_id`, `created_at`, `updated_at`) VALUES ('234', '193', '112500.00', 'cash', NULL, NULL, NULL, '16', '2026-03-05 10:23:19', '2026-03-05 10:23:19');
INSERT INTO `payments` (`id`, `order_id`, `amount`, `payment_method`, `payment_account_id`, `proof_path`, `notes`, `cashier_id`, `created_at`, `updated_at`) VALUES ('239', '227', '130000.00', 'transfer', '8', NULL, NULL, '16', '2026-03-05 11:07:26', '2026-03-05 11:07:26');
INSERT INTO `payments` (`id`, `order_id`, `amount`, `payment_method`, `payment_account_id`, `proof_path`, `notes`, `cashier_id`, `created_at`, `updated_at`) VALUES ('241', '290', '52000.00', 'transfer', '8', NULL, NULL, '16', '2026-03-05 11:08:11', '2026-03-05 11:08:11');
INSERT INTO `payments` (`id`, `order_id`, `amount`, `payment_method`, `payment_account_id`, `proof_path`, `notes`, `cashier_id`, `created_at`, `updated_at`) VALUES ('246', '425', '100000.00', 'cash', NULL, NULL, NULL, '16', '2026-03-05 13:17:37', '2026-03-05 13:17:37');
INSERT INTO `payments` (`id`, `order_id`, `amount`, `payment_method`, `payment_account_id`, `proof_path`, `notes`, `cashier_id`, `created_at`, `updated_at`) VALUES ('258', '380', '50000.00', 'cash', NULL, NULL, NULL, '16', '2026-03-05 15:29:00', '2026-03-05 15:29:00');
INSERT INTO `payments` (`id`, `order_id`, `amount`, `payment_method`, `payment_account_id`, `proof_path`, `notes`, `cashier_id`, `created_at`, `updated_at`) VALUES ('263', '190', '5200.00', 'transfer', '11', NULL, NULL, '16', '2026-03-05 15:41:17', '2026-03-05 15:41:17');
INSERT INTO `payments` (`id`, `order_id`, `amount`, `payment_method`, `payment_account_id`, `proof_path`, `notes`, `cashier_id`, `created_at`, `updated_at`) VALUES ('264', '251', '25000.00', 'transfer', '11', NULL, NULL, '16', '2026-03-05 15:41:17', '2026-03-05 15:41:17');
INSERT INTO `payments` (`id`, `order_id`, `amount`, `payment_method`, `payment_account_id`, `proof_path`, `notes`, `cashier_id`, `created_at`, `updated_at`) VALUES ('266', '430', '10400.00', 'transfer', '8', NULL, NULL, '16', '2026-03-05 15:42:49', '2026-03-05 15:42:49');
INSERT INTO `payments` (`id`, `order_id`, `amount`, `payment_method`, `payment_account_id`, `proof_path`, `notes`, `cashier_id`, `created_at`, `updated_at`) VALUES ('274', '440', '2900.00', 'transfer', '8', NULL, NULL, '16', '2026-03-05 15:47:28', '2026-03-05 15:47:28');
INSERT INTO `payments` (`id`, `order_id`, `amount`, `payment_method`, `payment_account_id`, `proof_path`, `notes`, `cashier_id`, `created_at`, `updated_at`) VALUES ('282', '362', '12800.00', 'cash', NULL, NULL, NULL, '16', '2026-03-05 16:00:58', '2026-03-05 16:00:58');
INSERT INTO `payments` (`id`, `order_id`, `amount`, `payment_method`, `payment_account_id`, `proof_path`, `notes`, `cashier_id`, `created_at`, `updated_at`) VALUES ('289', '287', '15000.00', 'transfer', '8', NULL, NULL, '16', '2026-03-05 16:46:31', '2026-03-05 16:46:31');
INSERT INTO `payments` (`id`, `order_id`, `amount`, `payment_method`, `payment_account_id`, `proof_path`, `notes`, `cashier_id`, `created_at`, `updated_at`) VALUES ('292', '387', '150000.00', 'cash', NULL, NULL, NULL, '5', '2026-03-06 09:17:07', '2026-03-06 09:17:07');
INSERT INTO `payments` (`id`, `order_id`, `amount`, `payment_method`, `payment_account_id`, `proof_path`, `notes`, `cashier_id`, `created_at`, `updated_at`) VALUES ('298', '480', '360000.00', 'cash', NULL, NULL, NULL, '16', '2026-03-06 10:51:56', '2026-03-06 10:51:56');
INSERT INTO `payments` (`id`, `order_id`, `amount`, `payment_method`, `payment_account_id`, `proof_path`, `notes`, `cashier_id`, `created_at`, `updated_at`) VALUES ('299', '481', '100000.00', 'cash', NULL, NULL, NULL, '16', '2026-03-06 10:59:21', '2026-03-06 10:59:21');
INSERT INTO `payments` (`id`, `order_id`, `amount`, `payment_method`, `payment_account_id`, `proof_path`, `notes`, `cashier_id`, `created_at`, `updated_at`) VALUES ('303', '405', '25000.00', 'transfer', '8', NULL, NULL, '16', '2026-03-06 11:18:39', '2026-03-06 11:18:39');
INSERT INTO `payments` (`id`, `order_id`, `amount`, `payment_method`, `payment_account_id`, `proof_path`, `notes`, `cashier_id`, `created_at`, `updated_at`) VALUES ('306', '542', '22000.00', 'cash', NULL, NULL, NULL, '16', '2026-03-06 11:50:56', '2026-03-06 11:50:56');
INSERT INTO `payments` (`id`, `order_id`, `amount`, `payment_method`, `payment_account_id`, `proof_path`, `notes`, `cashier_id`, `created_at`, `updated_at`) VALUES ('307', '48', '90000.00', 'transfer', '8', NULL, NULL, '16', '2026-03-06 12:38:47', '2026-03-06 12:38:47');
INSERT INTO `payments` (`id`, `order_id`, `amount`, `payment_method`, `payment_account_id`, `proof_path`, `notes`, `cashier_id`, `created_at`, `updated_at`) VALUES ('314', '261', '24200.00', 'transfer', '8', NULL, NULL, '16', '2026-03-06 12:50:40', '2026-03-06 12:50:40');
INSERT INTO `payments` (`id`, `order_id`, `amount`, `payment_method`, `payment_account_id`, `proof_path`, `notes`, `cashier_id`, `created_at`, `updated_at`) VALUES ('315', '263', '170000.00', 'transfer', '8', NULL, NULL, '16', '2026-03-06 12:50:40', '2026-03-06 12:50:40');
INSERT INTO `payments` (`id`, `order_id`, `amount`, `payment_method`, `payment_account_id`, `proof_path`, `notes`, `cashier_id`, `created_at`, `updated_at`) VALUES ('318', '284', '480000.00', 'transfer', '11', NULL, NULL, '16', '2026-03-06 12:52:49', '2026-03-06 12:52:49');
INSERT INTO `payments` (`id`, `order_id`, `amount`, `payment_method`, `payment_account_id`, `proof_path`, `notes`, `cashier_id`, `created_at`, `updated_at`) VALUES ('319', '353', '42400.00', 'transfer', '8', NULL, NULL, '16', '2026-03-06 12:53:36', '2026-03-06 12:53:36');
INSERT INTO `payments` (`id`, `order_id`, `amount`, `payment_method`, `payment_account_id`, `proof_path`, `notes`, `cashier_id`, `created_at`, `updated_at`) VALUES ('320', '318', '80000.00', 'transfer', '8', NULL, NULL, '16', '2026-03-06 12:54:36', '2026-03-06 12:54:36');
INSERT INTO `payments` (`id`, `order_id`, `amount`, `payment_method`, `payment_account_id`, `proof_path`, `notes`, `cashier_id`, `created_at`, `updated_at`) VALUES ('322', '372', '190000.00', 'transfer', '10', NULL, NULL, '16', '2026-03-06 13:16:43', '2026-03-06 13:16:43');
INSERT INTO `payments` (`id`, `order_id`, `amount`, `payment_method`, `payment_account_id`, `proof_path`, `notes`, `cashier_id`, `created_at`, `updated_at`) VALUES ('325', '510', '25000.00', 'transfer', '11', NULL, NULL, '16', '2026-03-06 13:21:49', '2026-03-06 13:21:49');
INSERT INTO `payments` (`id`, `order_id`, `amount`, `payment_method`, `payment_account_id`, `proof_path`, `notes`, `cashier_id`, `created_at`, `updated_at`) VALUES ('327', '456', '160000.00', 'transfer', '8', NULL, NULL, '16', '2026-03-06 13:25:41', '2026-03-06 13:25:41');
INSERT INTO `payments` (`id`, `order_id`, `amount`, `payment_method`, `payment_account_id`, `proof_path`, `notes`, `cashier_id`, `created_at`, `updated_at`) VALUES ('328', '461', '25000.00', 'transfer', '8', NULL, NULL, '16', '2026-03-06 13:25:41', '2026-03-06 13:25:41');
INSERT INTO `payments` (`id`, `order_id`, `amount`, `payment_method`, `payment_account_id`, `proof_path`, `notes`, `cashier_id`, `created_at`, `updated_at`) VALUES ('332', '471', '33800.00', 'cash', NULL, NULL, NULL, '16', '2026-03-06 13:33:33', '2026-03-06 13:33:33');
INSERT INTO `payments` (`id`, `order_id`, `amount`, `payment_method`, `payment_account_id`, `proof_path`, `notes`, `cashier_id`, `created_at`, `updated_at`) VALUES ('335', '236', '26000.00', 'cash', NULL, NULL, NULL, '16', '2026-03-06 13:36:10', '2026-03-06 13:36:10');
INSERT INTO `payments` (`id`, `order_id`, `amount`, `payment_method`, `payment_account_id`, `proof_path`, `notes`, `cashier_id`, `created_at`, `updated_at`) VALUES ('336', '246', '21600.00', 'cash', NULL, NULL, NULL, '16', '2026-03-06 13:36:10', '2026-03-06 13:36:10');
INSERT INTO `payments` (`id`, `order_id`, `amount`, `payment_method`, `payment_account_id`, `proof_path`, `notes`, `cashier_id`, `created_at`, `updated_at`) VALUES ('337', '381', '59400.00', 'transfer', '10', NULL, NULL, '16', '2026-03-06 13:38:19', '2026-03-06 13:38:19');
INSERT INTO `payments` (`id`, `order_id`, `amount`, `payment_method`, `payment_account_id`, `proof_path`, `notes`, `cashier_id`, `created_at`, `updated_at`) VALUES ('338', '427', '150000.00', 'transfer', '8', NULL, NULL, '16', '2026-03-06 13:42:15', '2026-03-06 13:42:15');
INSERT INTO `payments` (`id`, `order_id`, `amount`, `payment_method`, `payment_account_id`, `proof_path`, `notes`, `cashier_id`, `created_at`, `updated_at`) VALUES ('339', '406', '9600.00', 'transfer', '8', NULL, NULL, '16', '2026-03-06 13:42:35', '2026-03-06 13:42:35');
INSERT INTO `payments` (`id`, `order_id`, `amount`, `payment_method`, `payment_account_id`, `proof_path`, `notes`, `cashier_id`, `created_at`, `updated_at`) VALUES ('340', '428', '300000.00', 'transfer', '8', NULL, NULL, '16', '2026-03-06 13:45:21', '2026-03-06 13:45:21');
INSERT INTO `payments` (`id`, `order_id`, `amount`, `payment_method`, `payment_account_id`, `proof_path`, `notes`, `cashier_id`, `created_at`, `updated_at`) VALUES ('344', '286', '158400.00', 'transfer', '10', NULL, NULL, '16', '2026-03-06 13:58:27', '2026-03-06 13:58:27');
INSERT INTO `payments` (`id`, `order_id`, `amount`, `payment_method`, `payment_account_id`, `proof_path`, `notes`, `cashier_id`, `created_at`, `updated_at`) VALUES ('347', '458', '3600.00', 'transfer', '10', NULL, NULL, '16', '2026-03-06 14:02:02', '2026-03-06 14:02:02');
INSERT INTO `payments` (`id`, `order_id`, `amount`, `payment_method`, `payment_account_id`, `proof_path`, `notes`, `cashier_id`, `created_at`, `updated_at`) VALUES ('352', '448', '10000.00', 'cash', NULL, NULL, NULL, '16', '2026-03-06 14:17:33', '2026-03-06 14:17:33');
INSERT INTO `payments` (`id`, `order_id`, `amount`, `payment_method`, `payment_account_id`, `proof_path`, `notes`, `cashier_id`, `created_at`, `updated_at`) VALUES ('356', '61', '182400.00', 'transfer', '8', NULL, NULL, '16', '2026-03-06 14:31:06', '2026-03-06 14:31:06');
INSERT INTO `payments` (`id`, `order_id`, `amount`, `payment_method`, `payment_account_id`, `proof_path`, `notes`, `cashier_id`, `created_at`, `updated_at`) VALUES ('357', '87', '36300.00', 'transfer', '8', NULL, NULL, '16', '2026-03-06 14:31:06', '2026-03-06 14:31:06');
INSERT INTO `payments` (`id`, `order_id`, `amount`, `payment_method`, `payment_account_id`, `proof_path`, `notes`, `cashier_id`, `created_at`, `updated_at`) VALUES ('358', '321', '26400.00', 'transfer', '8', NULL, NULL, '16', '2026-03-06 14:31:06', '2026-03-06 14:31:06');
INSERT INTO `payments` (`id`, `order_id`, `amount`, `payment_method`, `payment_account_id`, `proof_path`, `notes`, `cashier_id`, `created_at`, `updated_at`) VALUES ('359', '331', '9900.00', 'transfer', '8', NULL, NULL, '16', '2026-03-06 14:31:06', '2026-03-06 14:31:06');
INSERT INTO `payments` (`id`, `order_id`, `amount`, `payment_method`, `payment_account_id`, `proof_path`, `notes`, `cashier_id`, `created_at`, `updated_at`) VALUES ('368', '584', '10000.00', 'cash', NULL, NULL, NULL, '16', '2026-03-06 15:30:46', '2026-03-06 15:30:46');
INSERT INTO `payments` (`id`, `order_id`, `amount`, `payment_method`, `payment_account_id`, `proof_path`, `notes`, `cashier_id`, `created_at`, `updated_at`) VALUES ('376', '486', '20000.00', 'transfer', '8', NULL, NULL, '16', '2026-03-06 16:52:08', '2026-03-06 16:52:08');
INSERT INTO `payments` (`id`, `order_id`, `amount`, `payment_method`, `payment_account_id`, `proof_path`, `notes`, `cashier_id`, `created_at`, `updated_at`) VALUES ('377', '489', '6600.00', 'transfer', '8', NULL, NULL, '16', '2026-03-06 16:52:08', '2026-03-06 16:52:08');
INSERT INTO `payments` (`id`, `order_id`, `amount`, `payment_method`, `payment_account_id`, `proof_path`, `notes`, `cashier_id`, `created_at`, `updated_at`) VALUES ('378', '523', '5000.00', 'transfer', '8', NULL, NULL, '16', '2026-03-06 16:52:08', '2026-03-06 16:52:08');
INSERT INTO `payments` (`id`, `order_id`, `amount`, `payment_method`, `payment_account_id`, `proof_path`, `notes`, `cashier_id`, `created_at`, `updated_at`) VALUES ('379', '535', '5800.00', 'transfer', '8', NULL, NULL, '16', '2026-03-06 16:52:08', '2026-03-06 16:52:08');
INSERT INTO `payments` (`id`, `order_id`, `amount`, `payment_method`, `payment_account_id`, `proof_path`, `notes`, `cashier_id`, `created_at`, `updated_at`) VALUES ('380', '586', '8800.00', 'transfer', '8', NULL, NULL, '16', '2026-03-06 16:52:08', '2026-03-06 16:52:08');
INSERT INTO `payments` (`id`, `order_id`, `amount`, `payment_method`, `payment_account_id`, `proof_path`, `notes`, `cashier_id`, `created_at`, `updated_at`) VALUES ('383', '555', '10000.00', 'cash', NULL, NULL, NULL, '16', '2026-03-06 16:56:35', '2026-03-06 16:56:35');
INSERT INTO `payments` (`id`, `order_id`, `amount`, `payment_method`, `payment_account_id`, `proof_path`, `notes`, `cashier_id`, `created_at`, `updated_at`) VALUES ('384', '476', '87550.00', 'transfer', '8', NULL, NULL, '16', '2026-03-06 17:06:30', '2026-03-06 17:06:30');
INSERT INTO `payments` (`id`, `order_id`, `amount`, `payment_method`, `payment_account_id`, `proof_path`, `notes`, `cashier_id`, `created_at`, `updated_at`) VALUES ('385', '505', '113900.00', 'transfer', '8', NULL, NULL, '16', '2026-03-06 17:06:30', '2026-03-06 17:06:30');
INSERT INTO `payments` (`id`, `order_id`, `amount`, `payment_method`, `payment_account_id`, `proof_path`, `notes`, `cashier_id`, `created_at`, `updated_at`) VALUES ('386', '565', '32400.00', 'transfer', '8', NULL, NULL, '16', '2026-03-06 17:06:30', '2026-03-06 17:06:30');
INSERT INTO `payments` (`id`, `order_id`, `amount`, `payment_method`, `payment_account_id`, `proof_path`, `notes`, `cashier_id`, `created_at`, `updated_at`) VALUES ('387', '572', '5800.00', 'transfer', '8', NULL, NULL, '16', '2026-03-06 17:06:30', '2026-03-06 17:06:30');
INSERT INTO `payments` (`id`, `order_id`, `amount`, `payment_method`, `payment_account_id`, `proof_path`, `notes`, `cashier_id`, `created_at`, `updated_at`) VALUES ('388', '600', '70200.00', 'transfer', '8', NULL, NULL, '16', '2026-03-06 17:06:30', '2026-03-06 17:06:30');
INSERT INTO `payments` (`id`, `order_id`, `amount`, `payment_method`, `payment_account_id`, `proof_path`, `notes`, `cashier_id`, `created_at`, `updated_at`) VALUES ('389', '601', '140400.00', 'transfer', '8', NULL, NULL, '16', '2026-03-06 17:06:30', '2026-03-06 17:06:30');
INSERT INTO `payments` (`id`, `order_id`, `amount`, `payment_method`, `payment_account_id`, `proof_path`, `notes`, `cashier_id`, `created_at`, `updated_at`) VALUES ('392', '377', '28600.00', 'cash', NULL, NULL, NULL, '16', '2026-03-06 17:13:27', '2026-03-06 17:13:27');
INSERT INTO `payments` (`id`, `order_id`, `amount`, `payment_method`, `payment_account_id`, `proof_path`, `notes`, `cashier_id`, `created_at`, `updated_at`) VALUES ('393', '492', '165000.00', 'transfer', '8', NULL, NULL, '16', '2026-03-06 17:16:06', '2026-03-06 17:16:06');
INSERT INTO `payments` (`id`, `order_id`, `amount`, `payment_method`, `payment_account_id`, `proof_path`, `notes`, `cashier_id`, `created_at`, `updated_at`) VALUES ('397', '302', '200000.00', 'cash', NULL, NULL, NULL, '16', '2026-03-07 10:01:47', '2026-03-07 10:01:47');
INSERT INTO `payments` (`id`, `order_id`, `amount`, `payment_method`, `payment_account_id`, `proof_path`, `notes`, `cashier_id`, `created_at`, `updated_at`) VALUES ('399', '537', '100000.00', 'cash', NULL, NULL, NULL, '16', '2026-03-07 10:12:42', '2026-03-07 10:12:42');
INSERT INTO `payments` (`id`, `order_id`, `amount`, `payment_method`, `payment_account_id`, `proof_path`, `notes`, `cashier_id`, `created_at`, `updated_at`) VALUES ('403', '443', '16500.00', 'cash', NULL, NULL, NULL, '16', '2026-03-07 10:40:40', '2026-03-07 10:40:40');
INSERT INTO `payments` (`id`, `order_id`, `amount`, `payment_method`, `payment_account_id`, `proof_path`, `notes`, `cashier_id`, `created_at`, `updated_at`) VALUES ('408', '571', '7000.00', 'cash', NULL, NULL, NULL, '16', '2026-03-07 10:45:28', '2026-03-07 10:45:28');
INSERT INTO `payments` (`id`, `order_id`, `amount`, `payment_method`, `payment_account_id`, `proof_path`, `notes`, `cashier_id`, `created_at`, `updated_at`) VALUES ('409', '501', '5000.00', 'cash', NULL, NULL, NULL, '16', '2026-03-07 11:05:18', '2026-03-07 11:05:18');
INSERT INTO `payments` (`id`, `order_id`, `amount`, `payment_method`, `payment_account_id`, `proof_path`, `notes`, `cashier_id`, `created_at`, `updated_at`) VALUES ('414', '639', '5000.00', 'cash', NULL, NULL, NULL, '16', '2026-03-07 11:36:27', '2026-03-07 11:36:27');
INSERT INTO `payments` (`id`, `order_id`, `amount`, `payment_method`, `payment_account_id`, `proof_path`, `notes`, `cashier_id`, `created_at`, `updated_at`) VALUES ('418', '497', '3300.00', 'transfer', '8', NULL, NULL, '8', '2026-03-07 11:52:55', '2026-03-07 11:52:55');
INSERT INTO `payments` (`id`, `order_id`, `amount`, `payment_method`, `payment_account_id`, `proof_path`, `notes`, `cashier_id`, `created_at`, `updated_at`) VALUES ('419', '499', '30000.00', 'transfer', '8', NULL, NULL, '8', '2026-03-07 11:52:55', '2026-03-07 11:52:55');
INSERT INTO `payments` (`id`, `order_id`, `amount`, `payment_method`, `payment_account_id`, `proof_path`, `notes`, `cashier_id`, `created_at`, `updated_at`) VALUES ('425', '585', '45000.00', 'cash', NULL, NULL, NULL, '16', '2026-03-07 13:10:11', '2026-03-07 13:10:11');
INSERT INTO `payments` (`id`, `order_id`, `amount`, `payment_method`, `payment_account_id`, `proof_path`, `notes`, `cashier_id`, `created_at`, `updated_at`) VALUES ('435', '627', '66000.00', 'transfer', '8', NULL, NULL, '16', '2026-03-07 13:19:28', '2026-03-07 13:19:28');
INSERT INTO `payments` (`id`, `order_id`, `amount`, `payment_method`, `payment_account_id`, `proof_path`, `notes`, `cashier_id`, `created_at`, `updated_at`) VALUES ('438', '604', '90000.00', 'transfer', '11', NULL, NULL, '16', '2026-03-07 13:20:50', '2026-03-07 13:20:50');
INSERT INTO `payments` (`id`, `order_id`, `amount`, `payment_method`, `payment_account_id`, `proof_path`, `notes`, `cashier_id`, `created_at`, `updated_at`) VALUES ('447', '446', '3000.00', 'cash', NULL, NULL, NULL, '16', '2026-03-07 13:33:14', '2026-03-07 13:33:14');
INSERT INTO `payments` (`id`, `order_id`, `amount`, `payment_method`, `payment_account_id`, `proof_path`, `notes`, `cashier_id`, `created_at`, `updated_at`) VALUES ('450', '663', '50000.00', 'cash', NULL, NULL, NULL, '16', '2026-03-07 13:34:37', '2026-03-07 13:34:37');
INSERT INTO `payments` (`id`, `order_id`, `amount`, `payment_method`, `payment_account_id`, `proof_path`, `notes`, `cashier_id`, `created_at`, `updated_at`) VALUES ('451', '652', '10000.00', 'cash', NULL, NULL, NULL, '16', '2026-03-07 13:36:27', '2026-03-07 13:36:27');
INSERT INTO `payments` (`id`, `order_id`, `amount`, `payment_method`, `payment_account_id`, `proof_path`, `notes`, `cashier_id`, `created_at`, `updated_at`) VALUES ('455', '608', '100000.00', 'cash', NULL, NULL, NULL, '16', '2026-03-07 13:46:13', '2026-03-07 13:46:13');
INSERT INTO `payments` (`id`, `order_id`, `amount`, `payment_method`, `payment_account_id`, `proof_path`, `notes`, `cashier_id`, `created_at`, `updated_at`) VALUES ('456', '188', '30000.00', 'cash', NULL, NULL, NULL, '16', '2026-03-07 14:06:35', '2026-03-07 14:06:35');
INSERT INTO `payments` (`id`, `order_id`, `amount`, `payment_method`, `payment_account_id`, `proof_path`, `notes`, `cashier_id`, `created_at`, `updated_at`) VALUES ('457', '467', '150000.00', 'cash', NULL, NULL, NULL, '16', '2026-03-07 14:15:42', '2026-03-07 14:15:42');
INSERT INTO `payments` (`id`, `order_id`, `amount`, `payment_method`, `payment_account_id`, `proof_path`, `notes`, `cashier_id`, `created_at`, `updated_at`) VALUES ('462', '628', '50000.00', 'transfer', '8', NULL, NULL, '16', '2026-03-07 14:37:36', '2026-03-07 14:37:36');
INSERT INTO `payments` (`id`, `order_id`, `amount`, `payment_method`, `payment_account_id`, `proof_path`, `notes`, `cashier_id`, `created_at`, `updated_at`) VALUES ('466', '635', '5100.00', 'transfer', '8', NULL, NULL, '16', '2026-03-07 14:39:46', '2026-03-07 14:39:46');
INSERT INTO `payments` (`id`, `order_id`, `amount`, `payment_method`, `payment_account_id`, `proof_path`, `notes`, `cashier_id`, `created_at`, `updated_at`) VALUES ('467', '554', '74200.00', 'transfer', '8', NULL, NULL, '16', '2026-03-07 14:40:10', '2026-03-07 14:40:10');
INSERT INTO `payments` (`id`, `order_id`, `amount`, `payment_method`, `payment_account_id`, `proof_path`, `notes`, `cashier_id`, `created_at`, `updated_at`) VALUES ('468', '615', '270400.00', 'transfer', '10', NULL, NULL, '16', '2026-03-07 14:40:30', '2026-03-07 14:40:30');
INSERT INTO `payments` (`id`, `order_id`, `amount`, `payment_method`, `payment_account_id`, `proof_path`, `notes`, `cashier_id`, `created_at`, `updated_at`) VALUES ('469', '320', '3300.00', 'transfer', '10', NULL, NULL, '16', '2026-03-07 14:40:56', '2026-03-07 14:40:56');
INSERT INTO `payments` (`id`, `order_id`, `amount`, `payment_method`, `payment_account_id`, `proof_path`, `notes`, `cashier_id`, `created_at`, `updated_at`) VALUES ('471', '661', '8100.00', 'transfer', '8', NULL, NULL, '16', '2026-03-07 14:41:24', '2026-03-07 14:41:24');
INSERT INTO `payments` (`id`, `order_id`, `amount`, `payment_method`, `payment_account_id`, `proof_path`, `notes`, `cashier_id`, `created_at`, `updated_at`) VALUES ('478', '364', '190000.00', 'transfer', '8', NULL, NULL, '16', '2026-03-07 15:20:49', '2026-03-07 15:20:49');
INSERT INTO `payments` (`id`, `order_id`, `amount`, `payment_method`, `payment_account_id`, `proof_path`, `notes`, `cashier_id`, `created_at`, `updated_at`) VALUES ('479', '634', '10000.00', 'cash', NULL, NULL, NULL, '16', '2026-03-07 15:21:34', '2026-03-07 15:21:34');
INSERT INTO `payments` (`id`, `order_id`, `amount`, `payment_method`, `payment_account_id`, `proof_path`, `notes`, `cashier_id`, `created_at`, `updated_at`) VALUES ('480', '538', '42500.00', 'transfer', '8', NULL, NULL, '16', '2026-03-07 15:29:55', '2026-03-07 15:29:55');
INSERT INTO `payments` (`id`, `order_id`, `amount`, `payment_method`, `payment_account_id`, `proof_path`, `notes`, `cashier_id`, `created_at`, `updated_at`) VALUES ('488', '679', '10400.00', 'transfer', '8', NULL, NULL, '16', '2026-03-07 16:18:12', '2026-03-07 16:18:12');
INSERT INTO `payments` (`id`, `order_id`, `amount`, `payment_method`, `payment_account_id`, `proof_path`, `notes`, `cashier_id`, `created_at`, `updated_at`) VALUES ('489', '684', '25000.00', 'transfer', '8', NULL, NULL, '16', '2026-03-07 16:18:12', '2026-03-07 16:18:12');
INSERT INTO `payments` (`id`, `order_id`, `amount`, `payment_method`, `payment_account_id`, `proof_path`, `notes`, `cashier_id`, `created_at`, `updated_at`) VALUES ('490', '683', '9900.00', 'transfer', '10', NULL, NULL, '16', '2026-03-07 16:18:45', '2026-03-07 16:18:45');
INSERT INTO `payments` (`id`, `order_id`, `amount`, `payment_method`, `payment_account_id`, `proof_path`, `notes`, `cashier_id`, `created_at`, `updated_at`) VALUES ('491', '607', '11600.00', 'transfer', '8', NULL, NULL, '5', '2026-03-07 16:26:21', '2026-03-07 16:26:21');
INSERT INTO `payments` (`id`, `order_id`, `amount`, `payment_method`, `payment_account_id`, `proof_path`, `notes`, `cashier_id`, `created_at`, `updated_at`) VALUES ('494', '613', '9600.00', 'cash', NULL, NULL, NULL, '16', '2026-03-07 16:30:49', '2026-03-07 16:30:49');
INSERT INTO `payments` (`id`, `order_id`, `amount`, `payment_method`, `payment_account_id`, `proof_path`, `notes`, `cashier_id`, `created_at`, `updated_at`) VALUES ('495', '614', '42500.00', 'cash', NULL, NULL, NULL, '16', '2026-03-07 16:30:49', '2026-03-07 16:30:49');
INSERT INTO `payments` (`id`, `order_id`, `amount`, `payment_method`, `payment_account_id`, `proof_path`, `notes`, `cashier_id`, `created_at`, `updated_at`) VALUES ('497', '582', '48000.00', 'transfer', '10', NULL, NULL, '16', '2026-03-07 16:37:37', '2026-03-07 16:37:37');
INSERT INTO `payments` (`id`, `order_id`, `amount`, `payment_method`, `payment_account_id`, `proof_path`, `notes`, `cashier_id`, `created_at`, `updated_at`) VALUES ('499', '655', '50000.00', 'transfer', '8', NULL, NULL, '16', '2026-03-07 16:42:58', '2026-03-07 16:42:58');
INSERT INTO `payments` (`id`, `order_id`, `amount`, `payment_method`, `payment_account_id`, `proof_path`, `notes`, `cashier_id`, `created_at`, `updated_at`) VALUES ('500', '473', '300000.00', 'cash', NULL, NULL, NULL, '16', '2026-03-07 16:43:47', '2026-03-07 16:43:47');
INSERT INTO `payments` (`id`, `order_id`, `amount`, `payment_method`, `payment_account_id`, `proof_path`, `notes`, `cashier_id`, `created_at`, `updated_at`) VALUES ('501', '496', '22000.00', 'cash', NULL, NULL, NULL, '16', '2026-03-07 16:47:36', '2026-03-07 16:47:36');
INSERT INTO `payments` (`id`, `order_id`, `amount`, `payment_method`, `payment_account_id`, `proof_path`, `notes`, `cashier_id`, `created_at`, `updated_at`) VALUES ('508', '187', '24000.00', 'cash', NULL, NULL, NULL, '16', '2026-03-07 17:19:04', '2026-03-07 17:19:04');
INSERT INTO `payments` (`id`, `order_id`, `amount`, `payment_method`, `payment_account_id`, `proof_path`, `notes`, `cashier_id`, `created_at`, `updated_at`) VALUES ('509', '701', '39700.00', 'cash', NULL, NULL, NULL, '5', '2026-03-09 09:37:42', '2026-03-09 09:37:42');
INSERT INTO `payments` (`id`, `order_id`, `amount`, `payment_method`, `payment_account_id`, `proof_path`, `notes`, `cashier_id`, `created_at`, `updated_at`) VALUES ('514', '475', '70000.00', 'transfer', '8', NULL, NULL, '16', '2026-03-09 10:07:50', '2026-03-09 10:07:50');
INSERT INTO `payments` (`id`, `order_id`, `amount`, `payment_method`, `payment_account_id`, `proof_path`, `notes`, `cashier_id`, `created_at`, `updated_at`) VALUES ('516', '752', '2900.00', 'cash', NULL, NULL, NULL, '16', '2026-03-09 11:20:02', '2026-03-09 11:20:02');
INSERT INTO `payments` (`id`, `order_id`, `amount`, `payment_method`, `payment_account_id`, `proof_path`, `notes`, `cashier_id`, `created_at`, `updated_at`) VALUES ('517', '747', '20000.00', 'cash', NULL, NULL, NULL, '16', '2026-03-09 11:25:56', '2026-03-09 11:25:56');
INSERT INTO `payments` (`id`, `order_id`, `amount`, `payment_method`, `payment_account_id`, `proof_path`, `notes`, `cashier_id`, `created_at`, `updated_at`) VALUES ('519', '719', '100000.00', 'cash', NULL, NULL, NULL, '16', '2026-03-09 12:03:08', '2026-03-09 12:03:08');
INSERT INTO `payments` (`id`, `order_id`, `amount`, `payment_method`, `payment_account_id`, `proof_path`, `notes`, `cashier_id`, `created_at`, `updated_at`) VALUES ('523', '633', '24600.00', 'transfer', '8', NULL, NULL, '16', '2026-03-09 13:48:34', '2026-03-09 13:48:34');
INSERT INTO `payments` (`id`, `order_id`, `amount`, `payment_method`, `payment_account_id`, `proof_path`, `notes`, `cashier_id`, `created_at`, `updated_at`) VALUES ('528', '749', '100000.00', 'cash', NULL, NULL, NULL, '16', '2026-03-09 14:47:31', '2026-03-09 14:47:31');
INSERT INTO `payments` (`id`, `order_id`, `amount`, `payment_method`, `payment_account_id`, `proof_path`, `notes`, `cashier_id`, `created_at`, `updated_at`) VALUES ('531', '709', '48000.00', 'cash', NULL, NULL, NULL, '16', '2026-03-09 14:54:34', '2026-03-09 14:54:34');
INSERT INTO `payments` (`id`, `order_id`, `amount`, `payment_method`, `payment_account_id`, `proof_path`, `notes`, `cashier_id`, `created_at`, `updated_at`) VALUES ('532', '809', '20000.00', 'transfer', '8', NULL, NULL, '16', '2026-03-09 14:55:19', '2026-03-09 14:55:19');
INSERT INTO `payments` (`id`, `order_id`, `amount`, `payment_method`, `payment_account_id`, `proof_path`, `notes`, `cashier_id`, `created_at`, `updated_at`) VALUES ('534', '711', '57600.00', 'transfer', '8', NULL, NULL, '16', '2026-03-09 15:02:46', '2026-03-09 15:02:46');
INSERT INTO `payments` (`id`, `order_id`, `amount`, `payment_method`, `payment_account_id`, `proof_path`, `notes`, `cashier_id`, `created_at`, `updated_at`) VALUES ('536', '659', '95000.00', 'transfer', '8', NULL, NULL, '16', '2026-03-09 15:04:21', '2026-03-09 15:04:21');
INSERT INTO `payments` (`id`, `order_id`, `amount`, `payment_method`, `payment_account_id`, `proof_path`, `notes`, `cashier_id`, `created_at`, `updated_at`) VALUES ('539', '715', '124000.00', 'transfer', '10', NULL, NULL, '16', '2026-03-09 15:05:33', '2026-03-09 15:05:33');
INSERT INTO `payments` (`id`, `order_id`, `amount`, `payment_method`, `payment_account_id`, `proof_path`, `notes`, `cashier_id`, `created_at`, `updated_at`) VALUES ('543', '740', '25000.00', 'transfer', '8', NULL, NULL, '16', '2026-03-09 15:07:26', '2026-03-09 15:07:26');
INSERT INTO `payments` (`id`, `order_id`, `amount`, `payment_method`, `payment_account_id`, `proof_path`, `notes`, `cashier_id`, `created_at`, `updated_at`) VALUES ('552', '773', '5200.00', 'transfer', '8', NULL, NULL, '16', '2026-03-09 15:19:45', '2026-03-09 15:19:45');
INSERT INTO `payments` (`id`, `order_id`, `amount`, `payment_method`, `payment_account_id`, `proof_path`, `notes`, `cashier_id`, `created_at`, `updated_at`) VALUES ('553', '777', '100000.00', 'cash', NULL, NULL, NULL, '16', '2026-03-09 15:28:15', '2026-03-09 15:28:15');
INSERT INTO `payments` (`id`, `order_id`, `amount`, `payment_method`, `payment_account_id`, `proof_path`, `notes`, `cashier_id`, `created_at`, `updated_at`) VALUES ('567', '781', '20000.00', 'cash', NULL, NULL, NULL, '16', '2026-03-09 16:16:20', '2026-03-09 16:16:20');
INSERT INTO `payments` (`id`, `order_id`, `amount`, `payment_method`, `payment_account_id`, `proof_path`, `notes`, `cashier_id`, `created_at`, `updated_at`) VALUES ('572', '785', '15400.00', 'transfer', '8', NULL, NULL, '16', '2026-03-09 16:25:14', '2026-03-09 16:25:14');
INSERT INTO `payments` (`id`, `order_id`, `amount`, `payment_method`, `payment_account_id`, `proof_path`, `notes`, `cashier_id`, `created_at`, `updated_at`) VALUES ('573', '704', '85000.00', 'transfer', '11', NULL, NULL, '16', '2026-03-09 16:26:25', '2026-03-09 16:26:25');
INSERT INTO `payments` (`id`, `order_id`, `amount`, `payment_method`, `payment_account_id`, `proof_path`, `notes`, `cashier_id`, `created_at`, `updated_at`) VALUES ('578', '760', '200000.00', 'cash', NULL, NULL, NULL, '16', '2026-03-09 16:33:02', '2026-03-09 16:33:02');
INSERT INTO `payments` (`id`, `order_id`, `amount`, `payment_method`, `payment_account_id`, `proof_path`, `notes`, `cashier_id`, `created_at`, `updated_at`) VALUES ('581', '772', '5000.00', 'cash', NULL, NULL, NULL, '16', '2026-03-09 16:36:27', '2026-03-09 16:36:27');
INSERT INTO `payments` (`id`, `order_id`, `amount`, `payment_method`, `payment_account_id`, `proof_path`, `notes`, `cashier_id`, `created_at`, `updated_at`) VALUES ('583', '815', '3300.00', 'cash', NULL, NULL, NULL, '16', '2026-03-09 16:36:27', '2026-03-09 16:36:27');
INSERT INTO `payments` (`id`, `order_id`, `amount`, `payment_method`, `payment_account_id`, `proof_path`, `notes`, `cashier_id`, `created_at`, `updated_at`) VALUES ('584', '831', '108000.00', 'cash', NULL, NULL, NULL, '16', '2026-03-09 16:36:27', '2026-03-09 16:36:27');
INSERT INTO `payments` (`id`, `order_id`, `amount`, `payment_method`, `payment_account_id`, `proof_path`, `notes`, `cashier_id`, `created_at`, `updated_at`) VALUES ('585', '804', '22000.00', 'cash', NULL, NULL, NULL, '16', '2026-03-09 16:47:05', '2026-03-09 16:47:05');
INSERT INTO `payments` (`id`, `order_id`, `amount`, `payment_method`, `payment_account_id`, `proof_path`, `notes`, `cashier_id`, `created_at`, `updated_at`) VALUES ('586', '805', '20800.00', 'cash', NULL, NULL, NULL, '16', '2026-03-09 16:47:05', '2026-03-09 16:47:05');
INSERT INTO `payments` (`id`, `order_id`, `amount`, `payment_method`, `payment_account_id`, `proof_path`, `notes`, `cashier_id`, `created_at`, `updated_at`) VALUES ('587', '802', '75000.00', 'transfer', '8', NULL, NULL, '16', '2026-03-09 16:52:02', '2026-03-09 16:52:02');
INSERT INTO `payments` (`id`, `order_id`, `amount`, `payment_method`, `payment_account_id`, `proof_path`, `notes`, `cashier_id`, `created_at`, `updated_at`) VALUES ('588', '811', '3300.00', 'transfer', '8', NULL, NULL, '16', '2026-03-09 16:52:02', '2026-03-09 16:52:02');
INSERT INTO `payments` (`id`, `order_id`, `amount`, `payment_method`, `payment_account_id`, `proof_path`, `notes`, `cashier_id`, `created_at`, `updated_at`) VALUES ('594', '849', '6600.00', 'cash', NULL, NULL, NULL, '16', '2026-03-10 09:32:39', '2026-03-10 09:32:39');
INSERT INTO `payments` (`id`, `order_id`, `amount`, `payment_method`, `payment_account_id`, `proof_path`, `notes`, `cashier_id`, `created_at`, `updated_at`) VALUES ('595', '851', '524700.00', 'cash', NULL, NULL, NULL, '16', '2026-03-10 09:32:39', '2026-03-10 09:32:39');
INSERT INTO `payments` (`id`, `order_id`, `amount`, `payment_method`, `payment_account_id`, `proof_path`, `notes`, `cashier_id`, `created_at`, `updated_at`) VALUES ('597', '148', '19800.00', 'transfer', '8', NULL, NULL, '16', '2026-03-10 09:59:02', '2026-03-10 09:59:02');
INSERT INTO `payments` (`id`, `order_id`, `amount`, `payment_method`, `payment_account_id`, `proof_path`, `notes`, `cashier_id`, `created_at`, `updated_at`) VALUES ('598', '150', '19800.00', 'transfer', '8', NULL, NULL, '16', '2026-03-10 09:59:02', '2026-03-10 09:59:02');
INSERT INTO `payments` (`id`, `order_id`, `amount`, `payment_method`, `payment_account_id`, `proof_path`, `notes`, `cashier_id`, `created_at`, `updated_at`) VALUES ('601', '223', '25000.00', 'transfer', '8', NULL, NULL, '16', '2026-03-10 10:10:33', '2026-03-10 10:10:33');
INSERT INTO `payments` (`id`, `order_id`, `amount`, `payment_method`, `payment_account_id`, `proof_path`, `notes`, `cashier_id`, `created_at`, `updated_at`) VALUES ('602', '224', '15000.00', 'transfer', '8', NULL, NULL, '16', '2026-03-10 10:10:33', '2026-03-10 10:10:33');
INSERT INTO `payments` (`id`, `order_id`, `amount`, `payment_method`, `payment_account_id`, `proof_path`, `notes`, `cashier_id`, `created_at`, `updated_at`) VALUES ('604', '358', '48000.00', 'transfer', '8', NULL, NULL, '16', '2026-03-10 10:10:33', '2026-03-10 10:10:33');
INSERT INTO `payments` (`id`, `order_id`, `amount`, `payment_method`, `payment_account_id`, `proof_path`, `notes`, `cashier_id`, `created_at`, `updated_at`) VALUES ('608', '647', '140000.00', 'cash', NULL, NULL, NULL, '16', '2026-03-10 10:14:46', '2026-03-10 10:14:46');
INSERT INTO `payments` (`id`, `order_id`, `amount`, `payment_method`, `payment_account_id`, `proof_path`, `notes`, `cashier_id`, `created_at`, `updated_at`) VALUES ('617', '511', '105000.00', 'transfer', '8', NULL, NULL, '16', '2026-03-10 10:45:56', '2026-03-10 10:45:56');
INSERT INTO `payments` (`id`, `order_id`, `amount`, `payment_method`, `payment_account_id`, `proof_path`, `notes`, `cashier_id`, `created_at`, `updated_at`) VALUES ('620', '512', '600000.00', 'transfer', '10', NULL, NULL, '16', '2026-03-10 11:03:58', '2026-03-10 11:03:58');
INSERT INTO `payments` (`id`, `order_id`, `amount`, `payment_method`, `payment_account_id`, `proof_path`, `notes`, `cashier_id`, `created_at`, `updated_at`) VALUES ('621', '845', '50000.00', 'cash', NULL, NULL, NULL, '16', '2026-03-10 11:05:49', '2026-03-10 11:05:49');
INSERT INTO `payments` (`id`, `order_id`, `amount`, `payment_method`, `payment_account_id`, `proof_path`, `notes`, `cashier_id`, `created_at`, `updated_at`) VALUES ('627', '847', '50000.00', 'cash', NULL, NULL, NULL, '16', '2026-03-10 11:59:21', '2026-03-10 11:59:21');
INSERT INTO `payments` (`id`, `order_id`, `amount`, `payment_method`, `payment_account_id`, `proof_path`, `notes`, `cashier_id`, `created_at`, `updated_at`) VALUES ('635', '832', '132500.00', 'transfer', '8', NULL, NULL, '16', '2026-03-10 13:34:55', '2026-03-10 13:34:55');
INSERT INTO `payments` (`id`, `order_id`, `amount`, `payment_method`, `payment_account_id`, `proof_path`, `notes`, `cashier_id`, `created_at`, `updated_at`) VALUES ('638', '862', '227500.00', 'transfer', '10', NULL, NULL, '16', '2026-03-10 13:44:39', '2026-03-10 13:44:39');
INSERT INTO `payments` (`id`, `order_id`, `amount`, `payment_method`, `payment_account_id`, `proof_path`, `notes`, `cashier_id`, `created_at`, `updated_at`) VALUES ('648', '909', '199200.00', 'transfer', '8', NULL, NULL, '16', '2026-03-10 13:50:18', '2026-03-10 13:50:18');
INSERT INTO `payments` (`id`, `order_id`, `amount`, `payment_method`, `payment_account_id`, `proof_path`, `notes`, `cashier_id`, `created_at`, `updated_at`) VALUES ('649', '688', '60000.00', 'transfer', '8', NULL, NULL, '16', '2026-03-10 13:51:18', '2026-03-10 13:51:18');
INSERT INTO `payments` (`id`, `order_id`, `amount`, `payment_method`, `payment_account_id`, `proof_path`, `notes`, `cashier_id`, `created_at`, `updated_at`) VALUES ('651', '931', '20000.00', 'cash', NULL, NULL, NULL, '16', '2026-03-10 14:04:35', '2026-03-10 14:04:35');
INSERT INTO `payments` (`id`, `order_id`, `amount`, `payment_method`, `payment_account_id`, `proof_path`, `notes`, `cashier_id`, `created_at`, `updated_at`) VALUES ('653', '892', '72699.00', 'cash', NULL, NULL, NULL, '16', '2026-03-10 14:10:57', '2026-03-10 14:10:57');
INSERT INTO `payments` (`id`, `order_id`, `amount`, `payment_method`, `payment_account_id`, `proof_path`, `notes`, `cashier_id`, `created_at`, `updated_at`) VALUES ('656', '892', '6501.00', 'cash', NULL, NULL, NULL, '16', '2026-03-10 14:11:18', '2026-03-10 14:11:18');
INSERT INTO `payments` (`id`, `order_id`, `amount`, `payment_method`, `payment_account_id`, `proof_path`, `notes`, `cashier_id`, `created_at`, `updated_at`) VALUES ('671', '946', '50000.00', 'cash', NULL, NULL, NULL, '16', '2026-03-10 15:00:28', '2026-03-10 15:00:28');
INSERT INTO `payments` (`id`, `order_id`, `amount`, `payment_method`, `payment_account_id`, `proof_path`, `notes`, `cashier_id`, `created_at`, `updated_at`) VALUES ('673', '829', '93000.00', 'cash', NULL, NULL, NULL, '16', '2026-03-10 15:06:20', '2026-03-10 15:06:20');
INSERT INTO `payments` (`id`, `order_id`, `amount`, `payment_method`, `payment_account_id`, `proof_path`, `notes`, `cashier_id`, `created_at`, `updated_at`) VALUES ('675', '902', '50000.00', 'cash', NULL, NULL, NULL, '16', '2026-03-10 15:22:06', '2026-03-10 15:22:06');
INSERT INTO `payments` (`id`, `order_id`, `amount`, `payment_method`, `payment_account_id`, `proof_path`, `notes`, `cashier_id`, `created_at`, `updated_at`) VALUES ('681', '536', '100000.00', 'cash', NULL, NULL, NULL, '16', '2026-03-10 15:45:50', '2026-03-10 15:45:50');
INSERT INTO `payments` (`id`, `order_id`, `amount`, `payment_method`, `payment_account_id`, `proof_path`, `notes`, `cashier_id`, `created_at`, `updated_at`) VALUES ('683', '442', '15000.00', 'cash', NULL, NULL, NULL, '16', '2026-03-10 15:57:26', '2026-03-10 15:57:26');
INSERT INTO `payments` (`id`, `order_id`, `amount`, `payment_method`, `payment_account_id`, `proof_path`, `notes`, `cashier_id`, `created_at`, `updated_at`) VALUES ('686', '716', '135000.00', 'cash', NULL, NULL, NULL, '16', '2026-03-10 16:03:29', '2026-03-10 16:03:29');
INSERT INTO `payments` (`id`, `order_id`, `amount`, `payment_method`, `payment_account_id`, `proof_path`, `notes`, `cashier_id`, `created_at`, `updated_at`) VALUES ('688', '838', '60000.00', 'cash', NULL, NULL, NULL, '16', '2026-03-10 16:03:29', '2026-03-10 16:03:29');
INSERT INTO `payments` (`id`, `order_id`, `amount`, `payment_method`, `payment_account_id`, `proof_path`, `notes`, `cashier_id`, `created_at`, `updated_at`) VALUES ('692', '798', '239800.00', 'transfer', '11', NULL, NULL, '16', '2026-03-10 16:13:26', '2026-03-10 16:13:26');
INSERT INTO `payments` (`id`, `order_id`, `amount`, `payment_method`, `payment_account_id`, `proof_path`, `notes`, `cashier_id`, `created_at`, `updated_at`) VALUES ('693', '943', '60000.00', 'transfer', '8', NULL, NULL, '16', '2026-03-10 16:27:47', '2026-03-10 16:27:47');
INSERT INTO `payments` (`id`, `order_id`, `amount`, `payment_method`, `payment_account_id`, `proof_path`, `notes`, `cashier_id`, `created_at`, `updated_at`) VALUES ('697', '928', '27000.00', 'cash', NULL, NULL, NULL, '16', '2026-03-10 16:45:31', '2026-03-10 16:45:31');
INSERT INTO `payments` (`id`, `order_id`, `amount`, `payment_method`, `payment_account_id`, `proof_path`, `notes`, `cashier_id`, `created_at`, `updated_at`) VALUES ('698', '860', '50000.00', 'cash', NULL, NULL, NULL, '16', '2026-03-10 16:50:53', '2026-03-10 16:50:53');
INSERT INTO `payments` (`id`, `order_id`, `amount`, `payment_method`, `payment_account_id`, `proof_path`, `notes`, `cashier_id`, `created_at`, `updated_at`) VALUES ('709', '908', '310000.00', 'transfer', '10', NULL, NULL, '16', '2026-03-11 10:48:49', '2026-03-11 10:48:49');
INSERT INTO `payments` (`id`, `order_id`, `amount`, `payment_method`, `payment_account_id`, `proof_path`, `notes`, `cashier_id`, `created_at`, `updated_at`) VALUES ('713', '932', '82500.00', 'cash', NULL, NULL, NULL, '16', '2026-03-11 11:26:42', '2026-03-11 11:26:42');
INSERT INTO `payments` (`id`, `order_id`, `amount`, `payment_method`, `payment_account_id`, `proof_path`, `notes`, `cashier_id`, `created_at`, `updated_at`) VALUES ('714', '954', '82500.00', 'cash', NULL, NULL, NULL, '16', '2026-03-11 11:26:42', '2026-03-11 11:26:42');
INSERT INTO `payments` (`id`, `order_id`, `amount`, `payment_method`, `payment_account_id`, `proof_path`, `notes`, `cashier_id`, `created_at`, `updated_at`) VALUES ('718', '988', '6600.00', 'transfer', '8', NULL, NULL, '16', '2026-03-11 13:14:18', '2026-03-11 13:14:18');
INSERT INTO `payments` (`id`, `order_id`, `amount`, `payment_method`, `payment_account_id`, `proof_path`, `notes`, `cashier_id`, `created_at`, `updated_at`) VALUES ('720', '967', '10400.00', 'transfer', '8', NULL, NULL, '16', '2026-03-11 13:27:49', '2026-03-11 13:27:49');
INSERT INTO `payments` (`id`, `order_id`, `amount`, `payment_method`, `payment_account_id`, `proof_path`, `notes`, `cashier_id`, `created_at`, `updated_at`) VALUES ('721', '936', '26400.00', 'transfer', '8', NULL, NULL, '16', '2026-03-11 13:28:11', '2026-03-11 13:28:11');
INSERT INTO `payments` (`id`, `order_id`, `amount`, `payment_method`, `payment_account_id`, `proof_path`, `notes`, `cashier_id`, `created_at`, `updated_at`) VALUES ('729', '968', '49500.00', 'transfer', '11', NULL, NULL, '16', '2026-03-11 13:30:36', '2026-03-11 13:30:36');
INSERT INTO `payments` (`id`, `order_id`, `amount`, `payment_method`, `payment_account_id`, `proof_path`, `notes`, `cashier_id`, `created_at`, `updated_at`) VALUES ('730', '998', '22000.00', 'transfer', '11', NULL, NULL, '16', '2026-03-11 13:30:36', '2026-03-11 13:30:36');
INSERT INTO `payments` (`id`, `order_id`, `amount`, `payment_method`, `payment_account_id`, `proof_path`, `notes`, `cashier_id`, `created_at`, `updated_at`) VALUES ('733', '1012', '120000.00', 'transfer', '8', NULL, NULL, '16', '2026-03-11 13:40:26', '2026-03-11 13:40:26');
INSERT INTO `payments` (`id`, `order_id`, `amount`, `payment_method`, `payment_account_id`, `proof_path`, `notes`, `cashier_id`, `created_at`, `updated_at`) VALUES ('734', '1013', '380000.00', 'transfer', '8', NULL, NULL, '16', '2026-03-11 13:40:26', '2026-03-11 13:40:26');
INSERT INTO `payments` (`id`, `order_id`, `amount`, `payment_method`, `payment_account_id`, `proof_path`, `notes`, `cashier_id`, `created_at`, `updated_at`) VALUES ('735', '1014', '49550.00', 'transfer', '8', NULL, NULL, '16', '2026-03-11 13:40:26', '2026-03-11 13:40:26');
INSERT INTO `payments` (`id`, `order_id`, `amount`, `payment_method`, `payment_account_id`, `proof_path`, `notes`, `cashier_id`, `created_at`, `updated_at`) VALUES ('742', '987', '50000.00', 'cash', NULL, NULL, NULL, '16', '2026-03-11 14:06:25', '2026-03-11 14:06:25');
INSERT INTO `payments` (`id`, `order_id`, `amount`, `payment_method`, `payment_account_id`, `proof_path`, `notes`, `cashier_id`, `created_at`, `updated_at`) VALUES ('748', '953', '157500.00', 'cash', NULL, NULL, NULL, '16', '2026-03-11 14:23:14', '2026-03-11 14:23:14');
INSERT INTO `payments` (`id`, `order_id`, `amount`, `payment_method`, `payment_account_id`, `proof_path`, `notes`, `cashier_id`, `created_at`, `updated_at`) VALUES ('749', '977', '10000.00', 'cash', NULL, NULL, NULL, '16', '2026-03-11 14:23:14', '2026-03-11 14:23:14');
INSERT INTO `payments` (`id`, `order_id`, `amount`, `payment_method`, `payment_account_id`, `proof_path`, `notes`, `cashier_id`, `created_at`, `updated_at`) VALUES ('752', '1032', '35000.00', 'transfer', '10', NULL, NULL, '16', '2026-03-11 14:33:26', '2026-03-11 14:33:26');
INSERT INTO `payments` (`id`, `order_id`, `amount`, `payment_method`, `payment_account_id`, `proof_path`, `notes`, `cashier_id`, `created_at`, `updated_at`) VALUES ('759', '1045', '45000.00', 'cash', NULL, NULL, NULL, '16', '2026-03-11 15:05:52', '2026-03-11 15:05:52');
INSERT INTO `payments` (`id`, `order_id`, `amount`, `payment_method`, `payment_account_id`, `proof_path`, `notes`, `cashier_id`, `created_at`, `updated_at`) VALUES ('761', '1015', '23750.00', 'transfer', '8', NULL, NULL, '16', '2026-03-11 15:08:48', '2026-03-11 15:08:48');
INSERT INTO `payments` (`id`, `order_id`, `amount`, `payment_method`, `payment_account_id`, `proof_path`, `notes`, `cashier_id`, `created_at`, `updated_at`) VALUES ('762', '1017', '7800.00', 'transfer', '8', NULL, NULL, '16', '2026-03-11 15:08:48', '2026-03-11 15:08:48');
INSERT INTO `payments` (`id`, `order_id`, `amount`, `payment_method`, `payment_account_id`, `proof_path`, `notes`, `cashier_id`, `created_at`, `updated_at`) VALUES ('763', '1047', '68400.00', 'transfer', '8', NULL, NULL, '16', '2026-03-11 15:14:27', '2026-03-11 15:14:27');
INSERT INTO `payments` (`id`, `order_id`, `amount`, `payment_method`, `payment_account_id`, `proof_path`, `notes`, `cashier_id`, `created_at`, `updated_at`) VALUES ('767', '1007', '100000.00', 'cash', NULL, NULL, NULL, '16', '2026-03-11 15:26:22', '2026-03-11 15:26:22');
INSERT INTO `payments` (`id`, `order_id`, `amount`, `payment_method`, `payment_account_id`, `proof_path`, `notes`, `cashier_id`, `created_at`, `updated_at`) VALUES ('775', '901', '80000.00', 'cash', NULL, NULL, NULL, '16', '2026-03-11 15:48:38', '2026-03-11 15:48:38');
INSERT INTO `payments` (`id`, `order_id`, `amount`, `payment_method`, `payment_account_id`, `proof_path`, `notes`, `cashier_id`, `created_at`, `updated_at`) VALUES ('776', '879', '150000.00', 'transfer', '10', NULL, NULL, '16', '2026-03-11 16:02:46', '2026-03-11 16:02:46');
INSERT INTO `payments` (`id`, `order_id`, `amount`, `payment_method`, `payment_account_id`, `proof_path`, `notes`, `cashier_id`, `created_at`, `updated_at`) VALUES ('780', '1022', '85000.00', 'transfer', '8', NULL, NULL, '16', '2026-03-11 16:12:14', '2026-03-11 16:12:14');
INSERT INTO `payments` (`id`, `order_id`, `amount`, `payment_method`, `payment_account_id`, `proof_path`, `notes`, `cashier_id`, `created_at`, `updated_at`) VALUES ('781', '1033', '19800.00', 'transfer', '8', NULL, NULL, '16', '2026-03-11 16:12:14', '2026-03-11 16:12:14');
INSERT INTO `payments` (`id`, `order_id`, `amount`, `payment_method`, `payment_account_id`, `proof_path`, `notes`, `cashier_id`, `created_at`, `updated_at`) VALUES ('783', '779', '10000.00', 'cash', NULL, NULL, NULL, '16', '2026-03-11 16:27:03', '2026-03-11 16:27:03');
INSERT INTO `payments` (`id`, `order_id`, `amount`, `payment_method`, `payment_account_id`, `proof_path`, `notes`, `cashier_id`, `created_at`, `updated_at`) VALUES ('784', '995', '68400.00', 'cash', NULL, NULL, NULL, '16', '2026-03-11 16:27:03', '2026-03-11 16:27:03');
INSERT INTO `payments` (`id`, `order_id`, `amount`, `payment_method`, `payment_account_id`, `proof_path`, `notes`, `cashier_id`, `created_at`, `updated_at`) VALUES ('785', '969', '15000.00', 'transfer', '8', NULL, NULL, '16', '2026-03-11 16:36:04', '2026-03-11 16:36:04');
INSERT INTO `payments` (`id`, `order_id`, `amount`, `payment_method`, `payment_account_id`, `proof_path`, `notes`, `cashier_id`, `created_at`, `updated_at`) VALUES ('786', '984', '7350.00', 'transfer', '8', NULL, NULL, '16', '2026-03-11 16:36:04', '2026-03-11 16:36:04');
INSERT INTO `payments` (`id`, `order_id`, `amount`, `payment_method`, `payment_account_id`, `proof_path`, `notes`, `cashier_id`, `created_at`, `updated_at`) VALUES ('787', '959', '190000.00', 'cash', NULL, NULL, NULL, '16', '2026-03-11 16:37:25', '2026-03-11 16:37:25');
INSERT INTO `payments` (`id`, `order_id`, `amount`, `payment_method`, `payment_account_id`, `proof_path`, `notes`, `cashier_id`, `created_at`, `updated_at`) VALUES ('789', '1050', '253800.00', 'transfer', '8', NULL, NULL, '16', '2026-03-11 16:48:50', '2026-03-11 16:48:50');
INSERT INTO `payments` (`id`, `order_id`, `amount`, `payment_method`, `payment_account_id`, `proof_path`, `notes`, `cashier_id`, `created_at`, `updated_at`) VALUES ('793', '1059', '21600.00', 'transfer', '8', NULL, NULL, '16', '2026-03-12 09:25:06', '2026-03-12 09:25:06');
INSERT INTO `payments` (`id`, `order_id`, `amount`, `payment_method`, `payment_account_id`, `proof_path`, `notes`, `cashier_id`, `created_at`, `updated_at`) VALUES ('803', '1039', '19000.00', 'cash', NULL, NULL, NULL, '16', '2026-03-12 10:16:30', '2026-03-12 10:16:30');
INSERT INTO `payments` (`id`, `order_id`, `amount`, `payment_method`, `payment_account_id`, `proof_path`, `notes`, `cashier_id`, `created_at`, `updated_at`) VALUES ('806', '1008', '35200.00', 'cash', NULL, NULL, NULL, '16', '2026-03-12 10:26:59', '2026-03-12 10:26:59');
INSERT INTO `payments` (`id`, `order_id`, `amount`, `payment_method`, `payment_account_id`, `proof_path`, `notes`, `cashier_id`, `created_at`, `updated_at`) VALUES ('807', '960', '60500.00', 'transfer', '8', NULL, NULL, '16', '2026-03-12 10:30:57', '2026-03-12 10:30:57');
INSERT INTO `payments` (`id`, `order_id`, `amount`, `payment_method`, `payment_account_id`, `proof_path`, `notes`, `cashier_id`, `created_at`, `updated_at`) VALUES ('810', '1043', '135000.00', 'transfer', '10', NULL, NULL, '16', '2026-03-12 10:37:53', '2026-03-12 10:37:53');
INSERT INTO `payments` (`id`, `order_id`, `amount`, `payment_method`, `payment_account_id`, `proof_path`, `notes`, `cashier_id`, `created_at`, `updated_at`) VALUES ('818', '1073', '65000.00', 'cash', NULL, NULL, NULL, '16', '2026-03-12 11:07:22', '2026-03-12 11:07:22');
INSERT INTO `payments` (`id`, `order_id`, `amount`, `payment_method`, `payment_account_id`, `proof_path`, `notes`, `cashier_id`, `created_at`, `updated_at`) VALUES ('819', '914', '72250.00', 'cash', NULL, NULL, NULL, '16', '2026-03-12 11:13:54', '2026-03-12 11:13:54');
INSERT INTO `payments` (`id`, `order_id`, `amount`, `payment_method`, `payment_account_id`, `proof_path`, `notes`, `cashier_id`, `created_at`, `updated_at`) VALUES ('820', '915', '5200.00', 'cash', NULL, NULL, NULL, '16', '2026-03-12 11:13:54', '2026-03-12 11:13:54');
INSERT INTO `payments` (`id`, `order_id`, `amount`, `payment_method`, `payment_account_id`, `proof_path`, `notes`, `cashier_id`, `created_at`, `updated_at`) VALUES ('822', '1021', '5200.00', 'cash', NULL, NULL, NULL, '16', '2026-03-12 11:26:52', '2026-03-12 11:26:52');
INSERT INTO `payments` (`id`, `order_id`, `amount`, `payment_method`, `payment_account_id`, `proof_path`, `notes`, `cashier_id`, `created_at`, `updated_at`) VALUES ('825', '925', '10000.00', 'cash', NULL, NULL, NULL, '16', '2026-03-12 11:58:24', '2026-03-12 11:58:24');
INSERT INTO `payments` (`id`, `order_id`, `amount`, `payment_method`, `payment_account_id`, `proof_path`, `notes`, `cashier_id`, `created_at`, `updated_at`) VALUES ('826', '1079', '40000.00', 'cash', NULL, NULL, NULL, '16', '2026-03-12 12:25:17', '2026-03-12 12:25:17');
INSERT INTO `payments` (`id`, `order_id`, `amount`, `payment_method`, `payment_account_id`, `proof_path`, `notes`, `cashier_id`, `created_at`, `updated_at`) VALUES ('827', '1019', '5000.00', 'transfer', '8', NULL, NULL, '16', '2026-03-12 13:37:29', '2026-03-12 13:37:29');
INSERT INTO `payments` (`id`, `order_id`, `amount`, `payment_method`, `payment_account_id`, `proof_path`, `notes`, `cashier_id`, `created_at`, `updated_at`) VALUES ('830', '547', '67400.00', 'transfer', '8', NULL, NULL, '16', '2026-03-12 13:50:55', '2026-03-12 13:50:55');
INSERT INTO `payments` (`id`, `order_id`, `amount`, `payment_method`, `payment_account_id`, `proof_path`, `notes`, `cashier_id`, `created_at`, `updated_at`) VALUES ('831', '587', '17400.00', 'transfer', '8', NULL, NULL, '16', '2026-03-12 13:50:55', '2026-03-12 13:50:55');
INSERT INTO `payments` (`id`, `order_id`, `amount`, `payment_method`, `payment_account_id`, `proof_path`, `notes`, `cashier_id`, `created_at`, `updated_at`) VALUES ('832', '1159', '2300.00', 'cash', NULL, NULL, NULL, '16', '2026-03-12 14:16:15', '2026-03-12 14:16:15');
INSERT INTO `payments` (`id`, `order_id`, `amount`, `payment_method`, `payment_account_id`, `proof_path`, `notes`, `cashier_id`, `created_at`, `updated_at`) VALUES ('833', '963', '75000.00', 'transfer', '8', NULL, NULL, '16', '2026-03-12 14:22:07', '2026-03-12 14:22:07');
INSERT INTO `payments` (`id`, `order_id`, `amount`, `payment_method`, `payment_account_id`, `proof_path`, `notes`, `cashier_id`, `created_at`, `updated_at`) VALUES ('834', '1040', '36400.00', 'transfer', '8', NULL, NULL, '16', '2026-03-12 14:26:12', '2026-03-12 14:26:12');
INSERT INTO `payments` (`id`, `order_id`, `amount`, `payment_method`, `payment_account_id`, `proof_path`, `notes`, `cashier_id`, `created_at`, `updated_at`) VALUES ('838', '1029', '93600.00', 'transfer', '8', NULL, NULL, '16', '2026-03-12 14:30:31', '2026-03-12 14:30:31');
INSERT INTO `payments` (`id`, `order_id`, `amount`, `payment_method`, `payment_account_id`, `proof_path`, `notes`, `cashier_id`, `created_at`, `updated_at`) VALUES ('840', '1089', '25300.00', 'transfer', '8', NULL, NULL, '16', '2026-03-12 14:36:26', '2026-03-12 14:36:26');
INSERT INTO `payments` (`id`, `order_id`, `amount`, `payment_method`, `payment_account_id`, `proof_path`, `notes`, `cashier_id`, `created_at`, `updated_at`) VALUES ('846', '1088', '12000.00', 'cash', NULL, NULL, NULL, '16', '2026-03-12 14:43:09', '2026-03-12 14:43:09');
INSERT INTO `payments` (`id`, `order_id`, `amount`, `payment_method`, `payment_account_id`, `proof_path`, `notes`, `cashier_id`, `created_at`, `updated_at`) VALUES ('847', '1103', '12000.00', 'cash', NULL, NULL, NULL, '16', '2026-03-12 14:44:58', '2026-03-12 14:44:58');
INSERT INTO `payments` (`id`, `order_id`, `amount`, `payment_method`, `payment_account_id`, `proof_path`, `notes`, `cashier_id`, `created_at`, `updated_at`) VALUES ('848', '1123', '53000.00', 'transfer', '10', NULL, NULL, '16', '2026-03-12 14:46:59', '2026-03-12 14:46:59');
INSERT INTO `payments` (`id`, `order_id`, `amount`, `payment_method`, `payment_account_id`, `proof_path`, `notes`, `cashier_id`, `created_at`, `updated_at`) VALUES ('850', '1087', '15000.00', 'cash', NULL, NULL, NULL, '16', '2026-03-12 15:00:44', '2026-03-12 15:00:44');
INSERT INTO `payments` (`id`, `order_id`, `amount`, `payment_method`, `payment_account_id`, `proof_path`, `notes`, `cashier_id`, `created_at`, `updated_at`) VALUES ('853', '882', '85000.00', 'transfer', '8', NULL, NULL, '16', '2026-03-12 16:16:28', '2026-03-12 16:16:28');
INSERT INTO `payments` (`id`, `order_id`, `amount`, `payment_method`, `payment_account_id`, `proof_path`, `notes`, `cashier_id`, `created_at`, `updated_at`) VALUES ('854', '1190', '378000.00', 'cash', NULL, NULL, NULL, '16', '2026-03-12 16:20:21', '2026-03-12 16:20:21');
INSERT INTO `payments` (`id`, `order_id`, `amount`, `payment_method`, `payment_account_id`, `proof_path`, `notes`, `cashier_id`, `created_at`, `updated_at`) VALUES ('855', '1197', '13000.00', 'cash', NULL, NULL, NULL, '16', '2026-03-12 16:20:21', '2026-03-12 16:20:21');
INSERT INTO `payments` (`id`, `order_id`, `amount`, `payment_method`, `payment_account_id`, `proof_path`, `notes`, `cashier_id`, `created_at`, `updated_at`) VALUES ('859', '1122', '106000.00', 'transfer', '10', NULL, NULL, '16', '2026-03-12 16:57:54', '2026-03-12 16:57:54');
INSERT INTO `payments` (`id`, `order_id`, `amount`, `payment_method`, `payment_account_id`, `proof_path`, `notes`, `cashier_id`, `created_at`, `updated_at`) VALUES ('861', '1077', '25000.00', 'transfer', '8', NULL, NULL, '16', '2026-03-12 16:59:02', '2026-03-12 16:59:02');
INSERT INTO `payments` (`id`, `order_id`, `amount`, `payment_method`, `payment_account_id`, `proof_path`, `notes`, `cashier_id`, `created_at`, `updated_at`) VALUES ('862', '1202', '600000.00', 'transfer', '11', NULL, NULL, '16', '2026-03-12 17:03:50', '2026-03-12 17:03:50');
INSERT INTO `payments` (`id`, `order_id`, `amount`, `payment_method`, `payment_account_id`, `proof_path`, `notes`, `cashier_id`, `created_at`, `updated_at`) VALUES ('863', '1135', '604500.00', 'transfer', '8', NULL, NULL, '16', '2026-03-12 17:06:25', '2026-03-12 17:06:25');
INSERT INTO `payments` (`id`, `order_id`, `amount`, `payment_method`, `payment_account_id`, `proof_path`, `notes`, `cashier_id`, `created_at`, `updated_at`) VALUES ('868', '1181', '66000.00', 'cash', NULL, NULL, NULL, '16', '2026-03-13 09:15:53', '2026-03-13 09:15:53');
INSERT INTO `payments` (`id`, `order_id`, `amount`, `payment_method`, `payment_account_id`, `proof_path`, `notes`, `cashier_id`, `created_at`, `updated_at`) VALUES ('869', '1107', '100000.00', 'cash', NULL, NULL, NULL, '16', '2026-03-13 09:22:43', '2026-03-13 09:22:43');
INSERT INTO `payments` (`id`, `order_id`, `amount`, `payment_method`, `payment_account_id`, `proof_path`, `notes`, `cashier_id`, `created_at`, `updated_at`) VALUES ('871', '1216', '20250.00', 'cash', NULL, NULL, NULL, '16', '2026-03-13 09:45:23', '2026-03-13 09:45:23');
INSERT INTO `payments` (`id`, `order_id`, `amount`, `payment_method`, `payment_account_id`, `proof_path`, `notes`, `cashier_id`, `created_at`, `updated_at`) VALUES ('872', '1214', '28350.00', 'cash', NULL, NULL, NULL, '16', '2026-03-13 09:45:23', '2026-03-13 09:45:23');
INSERT INTO `payments` (`id`, `order_id`, `amount`, `payment_method`, `payment_account_id`, `proof_path`, `notes`, `cashier_id`, `created_at`, `updated_at`) VALUES ('873', '1136', '40500.00', 'transfer', '10', NULL, NULL, '16', '2026-03-13 10:20:28', '2026-03-13 10:20:28');
INSERT INTO `payments` (`id`, `order_id`, `amount`, `payment_method`, `payment_account_id`, `proof_path`, `notes`, `cashier_id`, `created_at`, `updated_at`) VALUES ('878', '1229', '50000.00', 'cash', NULL, NULL, NULL, '16', '2026-03-13 10:46:11', '2026-03-13 10:46:11');
INSERT INTO `payments` (`id`, `order_id`, `amount`, `payment_method`, `payment_account_id`, `proof_path`, `notes`, `cashier_id`, `created_at`, `updated_at`) VALUES ('879', '1148', '100000.00', 'cash', NULL, NULL, NULL, '16', '2026-03-13 10:58:41', '2026-03-13 10:58:41');
INSERT INTO `payments` (`id`, `order_id`, `amount`, `payment_method`, `payment_account_id`, `proof_path`, `notes`, `cashier_id`, `created_at`, `updated_at`) VALUES ('881', '1192', '2600.00', 'cash', NULL, NULL, NULL, '16', '2026-03-13 11:18:14', '2026-03-13 11:18:14');
INSERT INTO `payments` (`id`, `order_id`, `amount`, `payment_method`, `payment_account_id`, `proof_path`, `notes`, `cashier_id`, `created_at`, `updated_at`) VALUES ('883', '1188', '75000.00', 'cash', NULL, NULL, NULL, '16', '2026-03-13 11:19:20', '2026-03-13 11:19:20');
INSERT INTO `payments` (`id`, `order_id`, `amount`, `payment_method`, `payment_account_id`, `proof_path`, `notes`, `cashier_id`, `created_at`, `updated_at`) VALUES ('886', '1218', '10600.00', 'cash', NULL, NULL, NULL, '16', '2026-03-13 11:26:25', '2026-03-13 11:26:25');
INSERT INTO `payments` (`id`, `order_id`, `amount`, `payment_method`, `payment_account_id`, `proof_path`, `notes`, `cashier_id`, `created_at`, `updated_at`) VALUES ('891', '1035', '66000.00', 'transfer', '8', NULL, NULL, '16', '2026-03-13 13:19:11', '2026-03-13 13:19:11');
INSERT INTO `payments` (`id`, `order_id`, `amount`, `payment_method`, `payment_account_id`, `proof_path`, `notes`, `cashier_id`, `created_at`, `updated_at`) VALUES ('903', '1263', '8100.00', 'cash', NULL, NULL, NULL, '16', '2026-03-13 13:57:58', '2026-03-13 13:57:58');
INSERT INTO `payments` (`id`, `order_id`, `amount`, `payment_method`, `payment_account_id`, `proof_path`, `notes`, `cashier_id`, `created_at`, `updated_at`) VALUES ('904', '1097', '254100.00', 'cash', NULL, NULL, NULL, '16', '2026-03-13 14:03:53', '2026-03-13 14:03:53');
INSERT INTO `payments` (`id`, `order_id`, `amount`, `payment_method`, `payment_account_id`, `proof_path`, `notes`, `cashier_id`, `created_at`, `updated_at`) VALUES ('907', '1245', '130000.00', 'transfer', '10', NULL, NULL, '16', '2026-03-13 14:09:13', '2026-03-13 14:09:13');
INSERT INTO `payments` (`id`, `order_id`, `amount`, `payment_method`, `payment_account_id`, `proof_path`, `notes`, `cashier_id`, `created_at`, `updated_at`) VALUES ('908', '1025', '112500.00', 'transfer', '10', NULL, NULL, '16', '2026-03-13 14:09:13', '2026-03-13 14:09:13');
INSERT INTO `payments` (`id`, `order_id`, `amount`, `payment_method`, `payment_account_id`, `proof_path`, `notes`, `cashier_id`, `created_at`, `updated_at`) VALUES ('916', '1230', '50000.00', 'cash', NULL, NULL, NULL, '16', '2026-03-13 14:35:52', '2026-03-13 14:35:52');
INSERT INTO `payments` (`id`, `order_id`, `amount`, `payment_method`, `payment_account_id`, `proof_path`, `notes`, `cashier_id`, `created_at`, `updated_at`) VALUES ('918', '1117', '10000.00', 'cash', NULL, NULL, NULL, '16', '2026-03-13 14:48:34', '2026-03-13 14:48:34');
INSERT INTO `payments` (`id`, `order_id`, `amount`, `payment_method`, `payment_account_id`, `proof_path`, `notes`, `cashier_id`, `created_at`, `updated_at`) VALUES ('920', '1254', '20000.00', 'cash', NULL, NULL, NULL, '16', '2026-03-13 15:00:30', '2026-03-13 15:00:30');
INSERT INTO `payments` (`id`, `order_id`, `amount`, `payment_method`, `payment_account_id`, `proof_path`, `notes`, `cashier_id`, `created_at`, `updated_at`) VALUES ('922', '1156', '59400.00', 'cash', NULL, NULL, NULL, '16', '2026-03-13 15:17:41', '2026-03-13 15:17:41');
INSERT INTO `payments` (`id`, `order_id`, `amount`, `payment_method`, `payment_account_id`, `proof_path`, `notes`, `cashier_id`, `created_at`, `updated_at`) VALUES ('925', '1099', '2300.00', 'transfer', '8', NULL, NULL, '16', '2026-03-13 15:23:44', '2026-03-13 15:23:44');
INSERT INTO `payments` (`id`, `order_id`, `amount`, `payment_method`, `payment_account_id`, `proof_path`, `notes`, `cashier_id`, `created_at`, `updated_at`) VALUES ('929', '1236', '982800.00', 'transfer', '10', NULL, NULL, '16', '2026-03-13 15:25:25', '2026-03-13 15:25:25');
INSERT INTO `payments` (`id`, `order_id`, `amount`, `payment_method`, `payment_account_id`, `proof_path`, `notes`, `cashier_id`, `created_at`, `updated_at`) VALUES ('930', '1187', '68000.00', 'transfer', '8', NULL, NULL, '16', '2026-03-13 15:26:19', '2026-03-13 15:26:19');
INSERT INTO `payments` (`id`, `order_id`, `amount`, `payment_method`, `payment_account_id`, `proof_path`, `notes`, `cashier_id`, `created_at`, `updated_at`) VALUES ('936', '1289', '12100.00', 'cash', NULL, NULL, NULL, '16', '2026-03-13 15:45:10', '2026-03-13 15:45:10');
INSERT INTO `payments` (`id`, `order_id`, `amount`, `payment_method`, `payment_account_id`, `proof_path`, `notes`, `cashier_id`, `created_at`, `updated_at`) VALUES ('938', '1184', '294000.00', 'transfer', '8', NULL, NULL, '16', '2026-03-13 15:46:33', '2026-03-13 15:46:33');
INSERT INTO `payments` (`id`, `order_id`, `amount`, `payment_method`, `payment_account_id`, `proof_path`, `notes`, `cashier_id`, `created_at`, `updated_at`) VALUES ('939', '1157', '35700.00', 'transfer', '8', NULL, NULL, '16', '2026-03-13 15:46:33', '2026-03-13 15:46:33');
INSERT INTO `payments` (`id`, `order_id`, `amount`, `payment_method`, `payment_account_id`, `proof_path`, `notes`, `cashier_id`, `created_at`, `updated_at`) VALUES ('948', '1238', '124000.00', 'transfer', '8', NULL, NULL, '16', '2026-03-13 16:10:16', '2026-03-13 16:10:16');
INSERT INTO `payments` (`id`, `order_id`, `amount`, `payment_method`, `payment_account_id`, `proof_path`, `notes`, `cashier_id`, `created_at`, `updated_at`) VALUES ('951', '1301', '10000.00', 'cash', NULL, NULL, NULL, '16', '2026-03-13 16:14:46', '2026-03-13 16:14:46');
INSERT INTO `payments` (`id`, `order_id`, `amount`, `payment_method`, `payment_account_id`, `proof_path`, `notes`, `cashier_id`, `created_at`, `updated_at`) VALUES ('954', '1239', '15000.00', 'cash', NULL, NULL, NULL, '16', '2026-03-13 16:30:15', '2026-03-13 16:30:15');
INSERT INTO `payments` (`id`, `order_id`, `amount`, `payment_method`, `payment_account_id`, `proof_path`, `notes`, `cashier_id`, `created_at`, `updated_at`) VALUES ('972', '1189', '378000.00', 'cash', NULL, NULL, NULL, '16', '2026-03-14 10:10:08', '2026-03-14 10:10:08');
INSERT INTO `payments` (`id`, `order_id`, `amount`, `payment_method`, `payment_account_id`, `proof_path`, `notes`, `cashier_id`, `created_at`, `updated_at`) VALUES ('989', '466', '62400.00', 'transfer', '8', NULL, NULL, '16', '2026-03-14 11:24:58', '2026-03-14 11:24:58');
INSERT INTO `payments` (`id`, `order_id`, `amount`, `payment_method`, `payment_account_id`, `proof_path`, `notes`, `cashier_id`, `created_at`, `updated_at`) VALUES ('990', '455', '100000.00', 'transfer', '8', NULL, NULL, '16', '2026-03-14 11:25:47', '2026-03-14 11:25:47');
INSERT INTO `payments` (`id`, `order_id`, `amount`, `payment_method`, `payment_account_id`, `proof_path`, `notes`, `cashier_id`, `created_at`, `updated_at`) VALUES ('991', '1323', '35400.00', 'cash', NULL, NULL, NULL, '16', '2026-03-14 11:26:58', '2026-03-14 11:26:58');
INSERT INTO `payments` (`id`, `order_id`, `amount`, `payment_method`, `payment_account_id`, `proof_path`, `notes`, `cashier_id`, `created_at`, `updated_at`) VALUES ('992', '1322', '10600.00', 'cash', NULL, NULL, NULL, '16', '2026-03-14 11:26:58', '2026-03-14 11:26:58');
INSERT INTO `payments` (`id`, `order_id`, `amount`, `payment_method`, `payment_account_id`, `proof_path`, `notes`, `cashier_id`, `created_at`, `updated_at`) VALUES ('994', '1233', '210000.00', 'cash', NULL, NULL, NULL, '16', '2026-03-14 11:44:22', '2026-03-14 11:44:22');
INSERT INTO `payments` (`id`, `order_id`, `amount`, `payment_method`, `payment_account_id`, `proof_path`, `notes`, `cashier_id`, `created_at`, `updated_at`) VALUES ('995', '1232', '50600.00', 'cash', NULL, NULL, NULL, '16', '2026-03-14 11:44:22', '2026-03-14 11:44:22');
INSERT INTO `payments` (`id`, `order_id`, `amount`, `payment_method`, `payment_account_id`, `proof_path`, `notes`, `cashier_id`, `created_at`, `updated_at`) VALUES ('997', '1309', '95400.00', 'transfer', '10', NULL, NULL, '16', '2026-03-14 13:27:52', '2026-03-14 13:27:52');
INSERT INTO `payments` (`id`, `order_id`, `amount`, `payment_method`, `payment_account_id`, `proof_path`, `notes`, `cashier_id`, `created_at`, `updated_at`) VALUES ('999', '1150', '190000.00', 'cash', NULL, NULL, NULL, '16', '2026-03-14 13:43:18', '2026-03-14 13:43:18');
INSERT INTO `payments` (`id`, `order_id`, `amount`, `payment_method`, `payment_account_id`, `proof_path`, `notes`, `cashier_id`, `created_at`, `updated_at`) VALUES ('1000', '1310', '13500.00', 'transfer', '8', NULL, NULL, '16', '2026-03-14 13:43:55', '2026-03-14 13:43:55');
INSERT INTO `payments` (`id`, `order_id`, `amount`, `payment_method`, `payment_account_id`, `proof_path`, `notes`, `cashier_id`, `created_at`, `updated_at`) VALUES ('1002', '1317', '49600.00', 'transfer', '10', NULL, NULL, '16', '2026-03-14 13:58:32', '2026-03-14 13:58:32');
INSERT INTO `payments` (`id`, `order_id`, `amount`, `payment_method`, `payment_account_id`, `proof_path`, `notes`, `cashier_id`, `created_at`, `updated_at`) VALUES ('1008', '1114', '5100.00', 'cash', NULL, NULL, NULL, '16', '2026-03-14 14:27:19', '2026-03-14 14:27:19');
INSERT INTO `payments` (`id`, `order_id`, `amount`, `payment_method`, `payment_account_id`, `proof_path`, `notes`, `cashier_id`, `created_at`, `updated_at`) VALUES ('1010', '1110', '625000.00', 'cash', NULL, NULL, NULL, '5', '2026-03-14 14:39:23', '2026-03-14 14:39:23');
INSERT INTO `payments` (`id`, `order_id`, `amount`, `payment_method`, `payment_account_id`, `proof_path`, `notes`, `cashier_id`, `created_at`, `updated_at`) VALUES ('1012', '1252', '85000.00', 'cash', NULL, NULL, NULL, '16', '2026-03-14 14:46:16', '2026-03-14 14:46:16');
INSERT INTO `payments` (`id`, `order_id`, `amount`, `payment_method`, `payment_account_id`, `proof_path`, `notes`, `cashier_id`, `created_at`, `updated_at`) VALUES ('1013', '1354', '23400.00', 'cash', NULL, NULL, NULL, '16', '2026-03-14 14:58:32', '2026-03-14 14:58:32');
INSERT INTO `payments` (`id`, `order_id`, `amount`, `payment_method`, `payment_account_id`, `proof_path`, `notes`, `cashier_id`, `created_at`, `updated_at`) VALUES ('1014', '1295', '42500.00', 'cash', NULL, NULL, NULL, '16', '2026-03-14 14:58:32', '2026-03-14 14:58:32');
INSERT INTO `payments` (`id`, `order_id`, `amount`, `payment_method`, `payment_account_id`, `proof_path`, `notes`, `cashier_id`, `created_at`, `updated_at`) VALUES ('1016', '1377', '4800.00', 'cash', NULL, NULL, NULL, '16', '2026-03-14 15:09:19', '2026-03-14 15:09:19');
INSERT INTO `payments` (`id`, `order_id`, `amount`, `payment_method`, `payment_account_id`, `proof_path`, `notes`, `cashier_id`, `created_at`, `updated_at`) VALUES ('1020', '1161', '19800.00', 'cash', NULL, NULL, NULL, '16', '2026-03-14 15:53:23', '2026-03-14 15:53:23');
INSERT INTO `payments` (`id`, `order_id`, `amount`, `payment_method`, `payment_account_id`, `proof_path`, `notes`, `cashier_id`, `created_at`, `updated_at`) VALUES ('1021', '1272', '15000.00', 'cash', NULL, NULL, NULL, '16', '2026-03-14 16:02:04', '2026-03-14 16:02:04');
INSERT INTO `payments` (`id`, `order_id`, `amount`, `payment_method`, `payment_account_id`, `proof_path`, `notes`, `cashier_id`, `created_at`, `updated_at`) VALUES ('1022', '923', '3300.00', 'cash', NULL, NULL, NULL, '16', '2026-03-14 16:02:04', '2026-03-14 16:02:04');
INSERT INTO `payments` (`id`, `order_id`, `amount`, `payment_method`, `payment_account_id`, `proof_path`, `notes`, `cashier_id`, `created_at`, `updated_at`) VALUES ('1031', '1298', '65000.00', 'transfer', '10', NULL, NULL, '16', '2026-03-14 16:21:59', '2026-03-14 16:21:59');
INSERT INTO `payments` (`id`, `order_id`, `amount`, `payment_method`, `payment_account_id`, `proof_path`, `notes`, `cashier_id`, `created_at`, `updated_at`) VALUES ('1033', '1235', '6400.00', 'transfer', '8', NULL, NULL, '16', '2026-03-14 16:22:46', '2026-03-14 16:22:46');
INSERT INTO `payments` (`id`, `order_id`, `amount`, `payment_method`, `payment_account_id`, `proof_path`, `notes`, `cashier_id`, `created_at`, `updated_at`) VALUES ('1050', '1241', '154500.00', 'transfer', '8', NULL, NULL, '16', '2026-03-14 16:31:29', '2026-03-14 16:31:29');
INSERT INTO `payments` (`id`, `order_id`, `amount`, `payment_method`, `payment_account_id`, `proof_path`, `notes`, `cashier_id`, `created_at`, `updated_at`) VALUES ('1052', '1234', '120000.00', 'transfer', '10', NULL, NULL, '16', '2026-03-14 16:34:42', '2026-03-14 16:34:42');
INSERT INTO `payments` (`id`, `order_id`, `amount`, `payment_method`, `payment_account_id`, `proof_path`, `notes`, `cashier_id`, `created_at`, `updated_at`) VALUES ('1053', '1203', '276000.00', 'transfer', '10', NULL, NULL, '16', '2026-03-14 16:34:42', '2026-03-14 16:34:42');
INSERT INTO `payments` (`id`, `order_id`, `amount`, `payment_method`, `payment_account_id`, `proof_path`, `notes`, `cashier_id`, `created_at`, `updated_at`) VALUES ('1057', '1332', '80000.00', 'transfer', '10', NULL, NULL, '16', '2026-03-14 16:39:46', '2026-03-14 16:39:46');
INSERT INTO `payments` (`id`, `order_id`, `amount`, `payment_method`, `payment_account_id`, `proof_path`, `notes`, `cashier_id`, `created_at`, `updated_at`) VALUES ('1067', '1361', '250000.00', 'transfer', '8', NULL, NULL, '16', '2026-03-14 16:50:46', '2026-03-14 16:50:46');
INSERT INTO `payments` (`id`, `order_id`, `amount`, `payment_method`, `payment_account_id`, `proof_path`, `notes`, `cashier_id`, `created_at`, `updated_at`) VALUES ('1069', '1351', '120000.00', 'transfer', '8', NULL, NULL, '16', '2026-03-14 16:51:39', '2026-03-14 16:51:39');
INSERT INTO `payments` (`id`, `order_id`, `amount`, `payment_method`, `payment_account_id`, `proof_path`, `notes`, `cashier_id`, `created_at`, `updated_at`) VALUES ('1070', '583', '23100.00', 'transfer', '8', NULL, NULL, '16', '2026-03-14 16:52:04', '2026-03-14 16:52:04');
INSERT INTO `payments` (`id`, `order_id`, `amount`, `payment_method`, `payment_account_id`, `proof_path`, `notes`, `cashier_id`, `created_at`, `updated_at`) VALUES ('1071', '577', '39600.00', 'transfer', '8', NULL, NULL, '16', '2026-03-14 16:52:04', '2026-03-14 16:52:04');
INSERT INTO `payments` (`id`, `order_id`, `amount`, `payment_method`, `payment_account_id`, `proof_path`, `notes`, `cashier_id`, `created_at`, `updated_at`) VALUES ('1080', '1395', '50000.00', 'transfer', '8', NULL, NULL, '16', '2026-03-16 08:47:27', '2026-03-16 08:47:27');
INSERT INTO `payments` (`id`, `order_id`, `amount`, `payment_method`, `payment_account_id`, `proof_path`, `notes`, `cashier_id`, `created_at`, `updated_at`) VALUES ('1081', '1396', '45000.00', 'transfer', '8', NULL, NULL, '2', '2026-03-16 09:36:11', '2026-03-16 09:36:11');
INSERT INTO `payments` (`id`, `order_id`, `amount`, `payment_method`, `payment_account_id`, `proof_path`, `notes`, `cashier_id`, `created_at`, `updated_at`) VALUES ('1082', '1394', '57500.00', 'cash', NULL, NULL, NULL, '2', '2026-03-16 10:10:13', '2026-03-16 10:10:13');
INSERT INTO `payments` (`id`, `order_id`, `amount`, `payment_method`, `payment_account_id`, `proof_path`, `notes`, `cashier_id`, `created_at`, `updated_at`) VALUES ('1083', '1391', '65600.00', 'cash', NULL, NULL, NULL, '2', '2026-03-16 10:10:26', '2026-03-16 10:10:26');

-- --------------------------------------------------------
-- Table structure for table `permissions`
-- --------------------------------------------------------

CREATE TABLE `permissions` (
  `id` bigint(20) unsigned NOT NULL AUTO_INCREMENT,
  `name` varchar(255) NOT NULL,
  `guard_name` varchar(255) NOT NULL,
  `created_at` timestamp NULL DEFAULT NULL,
  `updated_at` timestamp NULL DEFAULT NULL,
  PRIMARY KEY (`id`),
  UNIQUE KEY `permissions_name_guard_name_unique` (`name`,`guard_name`)
) ENGINE=InnoDB AUTO_INCREMENT=47 DEFAULT CHARSET=utf8mb4 COLLATE=utf8mb4_unicode_ci;

-- Dumping data for table `permissions`

INSERT INTO `permissions` (`id`, `name`, `guard_name`, `created_at`, `updated_at`) VALUES ('1', 'manage users', 'web', '2026-02-09 13:27:05', '2026-02-09 13:27:05');
INSERT INTO `permissions` (`id`, `name`, `guard_name`, `created_at`, `updated_at`) VALUES ('2', 'create orders', 'web', '2026-02-09 13:27:05', '2026-02-09 13:27:05');
INSERT INTO `permissions` (`id`, `name`, `guard_name`, `created_at`, `updated_at`) VALUES ('3', 'process payments', 'web', '2026-02-09 13:27:05', '2026-02-09 13:27:05');
INSERT INTO `permissions` (`id`, `name`, `guard_name`, `created_at`, `updated_at`) VALUES ('4', 'update production', 'web', '2026-02-09 13:27:05', '2026-02-09 13:27:05');
INSERT INTO `permissions` (`id`, `name`, `guard_name`, `created_at`, `updated_at`) VALUES ('5', 'view reports', 'web', '2026-02-09 13:27:05', '2026-02-09 13:27:05');
INSERT INTO `permissions` (`id`, `name`, `guard_name`, `created_at`, `updated_at`) VALUES ('6', 'view click reports', 'web', '2026-02-09 13:27:05', '2026-02-09 13:27:05');
INSERT INTO `permissions` (`id`, `name`, `guard_name`, `created_at`, `updated_at`) VALUES ('7', 'print spk', 'web', '2026-02-09 13:27:05', '2026-02-09 13:27:05');
INSERT INTO `permissions` (`id`, `name`, `guard_name`, `created_at`, `updated_at`) VALUES ('8', 'management access', 'web', '2026-02-09 13:27:05', '2026-02-09 13:27:05');
INSERT INTO `permissions` (`id`, `name`, `guard_name`, `created_at`, `updated_at`) VALUES ('9', 'view customers', 'web', '2026-02-09 13:27:05', '2026-02-09 13:27:05');
INSERT INTO `permissions` (`id`, `name`, `guard_name`, `created_at`, `updated_at`) VALUES ('10', 'create customers', 'web', '2026-02-09 13:27:05', '2026-02-09 13:27:05');
INSERT INTO `permissions` (`id`, `name`, `guard_name`, `created_at`, `updated_at`) VALUES ('11', 'edit customers', 'web', '2026-02-09 13:27:05', '2026-02-09 13:27:05');
INSERT INTO `permissions` (`id`, `name`, `guard_name`, `created_at`, `updated_at`) VALUES ('12', 'delete customers', 'web', '2026-02-09 13:27:05', '2026-02-09 13:27:05');
INSERT INTO `permissions` (`id`, `name`, `guard_name`, `created_at`, `updated_at`) VALUES ('13', 'view products', 'web', '2026-02-09 13:27:05', '2026-02-09 13:27:05');
INSERT INTO `permissions` (`id`, `name`, `guard_name`, `created_at`, `updated_at`) VALUES ('14', 'create products', 'web', '2026-02-09 13:27:05', '2026-02-09 13:27:05');
INSERT INTO `permissions` (`id`, `name`, `guard_name`, `created_at`, `updated_at`) VALUES ('15', 'edit products', 'web', '2026-02-09 13:27:05', '2026-02-09 13:27:05');
INSERT INTO `permissions` (`id`, `name`, `guard_name`, `created_at`, `updated_at`) VALUES ('16', 'delete products', 'web', '2026-02-09 13:27:05', '2026-02-09 13:27:05');
INSERT INTO `permissions` (`id`, `name`, `guard_name`, `created_at`, `updated_at`) VALUES ('17', 'view units', 'web', '2026-02-09 13:27:05', '2026-02-09 13:27:05');
INSERT INTO `permissions` (`id`, `name`, `guard_name`, `created_at`, `updated_at`) VALUES ('18', 'manage units', 'web', '2026-02-09 13:27:05', '2026-02-09 13:27:05');
INSERT INTO `permissions` (`id`, `name`, `guard_name`, `created_at`, `updated_at`) VALUES ('19', 'view suppliers', 'web', '2026-02-09 13:27:05', '2026-02-09 13:27:05');
INSERT INTO `permissions` (`id`, `name`, `guard_name`, `created_at`, `updated_at`) VALUES ('20', 'manage suppliers', 'web', '2026-02-09 13:27:05', '2026-02-09 13:27:05');
INSERT INTO `permissions` (`id`, `name`, `guard_name`, `created_at`, `updated_at`) VALUES ('21', 'view finance', 'web', '2026-02-09 13:27:05', '2026-02-09 13:27:05');
INSERT INTO `permissions` (`id`, `name`, `guard_name`, `created_at`, `updated_at`) VALUES ('22', 'manage deposits', 'web', '2026-02-09 13:27:05', '2026-02-09 13:27:05');
INSERT INTO `permissions` (`id`, `name`, `guard_name`, `created_at`, `updated_at`) VALUES ('23', 'view stock', 'web', '2026-02-09 13:27:05', '2026-02-09 13:27:05');
INSERT INTO `permissions` (`id`, `name`, `guard_name`, `created_at`, `updated_at`) VALUES ('24', 'manage stock', 'web', '2026-02-09 13:27:05', '2026-02-09 13:27:05');
INSERT INTO `permissions` (`id`, `name`, `guard_name`, `created_at`, `updated_at`) VALUES ('25', 'view materials', 'web', '2026-02-09 13:27:05', '2026-02-09 13:27:05');
INSERT INTO `permissions` (`id`, `name`, `guard_name`, `created_at`, `updated_at`) VALUES ('26', 'manage materials', 'web', '2026-02-09 13:27:05', '2026-02-09 13:27:05');
INSERT INTO `permissions` (`id`, `name`, `guard_name`, `created_at`, `updated_at`) VALUES ('27', 'view expenses', 'web', '2026-02-09 13:27:05', '2026-02-09 13:27:05');
INSERT INTO `permissions` (`id`, `name`, `guard_name`, `created_at`, `updated_at`) VALUES ('28', 'manage expenses', 'web', '2026-02-09 13:27:05', '2026-02-09 13:27:05');
INSERT INTO `permissions` (`id`, `name`, `guard_name`, `created_at`, `updated_at`) VALUES ('29', 'view employees', 'web', '2026-02-09 13:27:05', '2026-02-09 13:27:05');
INSERT INTO `permissions` (`id`, `name`, `guard_name`, `created_at`, `updated_at`) VALUES ('30', 'create employees', 'web', '2026-02-09 13:27:05', '2026-02-09 13:27:05');
INSERT INTO `permissions` (`id`, `name`, `guard_name`, `created_at`, `updated_at`) VALUES ('31', 'edit employees', 'web', '2026-02-09 13:27:05', '2026-02-09 13:27:05');
INSERT INTO `permissions` (`id`, `name`, `guard_name`, `created_at`, `updated_at`) VALUES ('32', 'delete employees', 'web', '2026-02-09 13:27:05', '2026-02-09 13:27:05');
INSERT INTO `permissions` (`id`, `name`, `guard_name`, `created_at`, `updated_at`) VALUES ('33', 'view salaries', 'web', '2026-02-09 13:27:05', '2026-02-09 13:27:05');
INSERT INTO `permissions` (`id`, `name`, `guard_name`, `created_at`, `updated_at`) VALUES ('34', 'create salaries', 'web', '2026-02-09 13:27:05', '2026-02-09 13:27:05');
INSERT INTO `permissions` (`id`, `name`, `guard_name`, `created_at`, `updated_at`) VALUES ('35', 'edit salaries', 'web', '2026-02-09 13:27:05', '2026-02-09 13:27:05');
INSERT INTO `permissions` (`id`, `name`, `guard_name`, `created_at`, `updated_at`) VALUES ('36', 'delete salaries', 'web', '2026-02-09 13:27:05', '2026-02-09 13:27:05');
INSERT INTO `permissions` (`id`, `name`, `guard_name`, `created_at`, `updated_at`) VALUES ('37', 'manage backups', 'web', '2026-02-09 13:27:05', '2026-02-09 13:27:05');
INSERT INTO `permissions` (`id`, `name`, `guard_name`, `created_at`, `updated_at`) VALUES ('38', 'manage payment accounts', 'web', '2026-02-09 13:27:05', '2026-02-09 13:27:05');
INSERT INTO `permissions` (`id`, `name`, `guard_name`, `created_at`, `updated_at`) VALUES ('39', 'request cancellations', 'web', '2026-02-10 01:47:14', '2026-02-10 01:47:14');
INSERT INTO `permissions` (`id`, `name`, `guard_name`, `created_at`, `updated_at`) VALUES ('40', 'approve cancellations', 'web', '2026-02-10 01:47:14', '2026-02-10 01:47:14');
INSERT INTO `permissions` (`id`, `name`, `guard_name`, `created_at`, `updated_at`) VALUES ('41', 'view orders', 'web', '2026-02-10 08:23:29', '2026-02-10 08:23:29');
INSERT INTO `permissions` (`id`, `name`, `guard_name`, `created_at`, `updated_at`) VALUES ('42', 'view machines', 'web', '2026-02-09 13:27:05', '2026-02-09 13:27:05');
INSERT INTO `permissions` (`id`, `name`, `guard_name`, `created_at`, `updated_at`) VALUES ('43', 'manage machines', 'web', '2026-02-09 13:27:05', '2026-02-09 13:27:05');
INSERT INTO `permissions` (`id`, `name`, `guard_name`, `created_at`, `updated_at`) VALUES ('44', 'view ai', 'web', '2026-03-02 12:56:49', '2026-03-02 12:56:49');
INSERT INTO `permissions` (`id`, `name`, `guard_name`, `created_at`, `updated_at`) VALUES ('45', 'manage settings', 'web', '2026-03-02 12:56:49', '2026-03-02 12:56:49');
INSERT INTO `permissions` (`id`, `name`, `guard_name`, `created_at`, `updated_at`) VALUES ('46', 'manage customers', 'web', '2026-03-02 12:56:49', '2026-03-02 12:56:49');

-- --------------------------------------------------------
-- Table structure for table `product_material`
-- --------------------------------------------------------

CREATE TABLE `product_material` (
  `id` bigint(20) unsigned NOT NULL AUTO_INCREMENT,
  `product_id` bigint(20) unsigned NOT NULL,
  `material_id` bigint(20) unsigned NOT NULL,
  `created_at` timestamp NULL DEFAULT NULL,
  `updated_at` timestamp NULL DEFAULT NULL,
  PRIMARY KEY (`id`),
  UNIQUE KEY `product_material_product_id_material_id_unique` (`product_id`,`material_id`),
  KEY `product_material_material_id_foreign` (`material_id`),
  CONSTRAINT `product_material_material_id_foreign` FOREIGN KEY (`material_id`) REFERENCES `materials` (`id`) ON DELETE CASCADE,
  CONSTRAINT `product_material_product_id_foreign` FOREIGN KEY (`product_id`) REFERENCES `products` (`id`) ON DELETE CASCADE
) ENGINE=InnoDB AUTO_INCREMENT=166 DEFAULT CHARSET=utf8mb4 COLLATE=utf8mb4_unicode_ci;

-- Dumping data for table `product_material`

INSERT INTO `product_material` (`id`, `product_id`, `material_id`, `created_at`, `updated_at`) VALUES ('87', '21', '44', NULL, NULL);
INSERT INTO `product_material` (`id`, `product_id`, `material_id`, `created_at`, `updated_at`) VALUES ('88', '21', '45', NULL, NULL);
INSERT INTO `product_material` (`id`, `product_id`, `material_id`, `created_at`, `updated_at`) VALUES ('89', '21', '47', NULL, NULL);
INSERT INTO `product_material` (`id`, `product_id`, `material_id`, `created_at`, `updated_at`) VALUES ('90', '21', '48', NULL, NULL);
INSERT INTO `product_material` (`id`, `product_id`, `material_id`, `created_at`, `updated_at`) VALUES ('91', '21', '49', NULL, NULL);
INSERT INTO `product_material` (`id`, `product_id`, `material_id`, `created_at`, `updated_at`) VALUES ('92', '21', '50', NULL, NULL);
INSERT INTO `product_material` (`id`, `product_id`, `material_id`, `created_at`, `updated_at`) VALUES ('93', '21', '46', NULL, NULL);
INSERT INTO `product_material` (`id`, `product_id`, `material_id`, `created_at`, `updated_at`) VALUES ('94', '21', '55', NULL, NULL);
INSERT INTO `product_material` (`id`, `product_id`, `material_id`, `created_at`, `updated_at`) VALUES ('95', '21', '54', NULL, NULL);
INSERT INTO `product_material` (`id`, `product_id`, `material_id`, `created_at`, `updated_at`) VALUES ('96', '21', '51', NULL, NULL);
INSERT INTO `product_material` (`id`, `product_id`, `material_id`, `created_at`, `updated_at`) VALUES ('97', '21', '52', NULL, NULL);
INSERT INTO `product_material` (`id`, `product_id`, `material_id`, `created_at`, `updated_at`) VALUES ('98', '21', '53', NULL, NULL);
INSERT INTO `product_material` (`id`, `product_id`, `material_id`, `created_at`, `updated_at`) VALUES ('99', '21', '56', NULL, NULL);
INSERT INTO `product_material` (`id`, `product_id`, `material_id`, `created_at`, `updated_at`) VALUES ('100', '21', '58', NULL, NULL);
INSERT INTO `product_material` (`id`, `product_id`, `material_id`, `created_at`, `updated_at`) VALUES ('101', '21', '59', NULL, NULL);
INSERT INTO `product_material` (`id`, `product_id`, `material_id`, `created_at`, `updated_at`) VALUES ('102', '21', '60', NULL, NULL);
INSERT INTO `product_material` (`id`, `product_id`, `material_id`, `created_at`, `updated_at`) VALUES ('103', '21', '57', NULL, NULL);
INSERT INTO `product_material` (`id`, `product_id`, `material_id`, `created_at`, `updated_at`) VALUES ('104', '23', '89', NULL, NULL);
INSERT INTO `product_material` (`id`, `product_id`, `material_id`, `created_at`, `updated_at`) VALUES ('106', '23', '85', NULL, NULL);
INSERT INTO `product_material` (`id`, `product_id`, `material_id`, `created_at`, `updated_at`) VALUES ('107', '23', '86', NULL, NULL);
INSERT INTO `product_material` (`id`, `product_id`, `material_id`, `created_at`, `updated_at`) VALUES ('108', '23', '87', NULL, NULL);
INSERT INTO `product_material` (`id`, `product_id`, `material_id`, `created_at`, `updated_at`) VALUES ('109', '23', '88', NULL, NULL);
INSERT INTO `product_material` (`id`, `product_id`, `material_id`, `created_at`, `updated_at`) VALUES ('110', '22', '64', NULL, NULL);
INSERT INTO `product_material` (`id`, `product_id`, `material_id`, `created_at`, `updated_at`) VALUES ('111', '22', '66', NULL, NULL);
INSERT INTO `product_material` (`id`, `product_id`, `material_id`, `created_at`, `updated_at`) VALUES ('112', '22', '80', NULL, NULL);
INSERT INTO `product_material` (`id`, `product_id`, `material_id`, `created_at`, `updated_at`) VALUES ('113', '22', '61', NULL, NULL);
INSERT INTO `product_material` (`id`, `product_id`, `material_id`, `created_at`, `updated_at`) VALUES ('114', '22', '65', NULL, NULL);
INSERT INTO `product_material` (`id`, `product_id`, `material_id`, `created_at`, `updated_at`) VALUES ('115', '22', '63', NULL, NULL);
INSERT INTO `product_material` (`id`, `product_id`, `material_id`, `created_at`, `updated_at`) VALUES ('116', '22', '77', NULL, NULL);
INSERT INTO `product_material` (`id`, `product_id`, `material_id`, `created_at`, `updated_at`) VALUES ('117', '23', '97', NULL, NULL);
INSERT INTO `product_material` (`id`, `product_id`, `material_id`, `created_at`, `updated_at`) VALUES ('118', '22', '76', NULL, NULL);
INSERT INTO `product_material` (`id`, `product_id`, `material_id`, `created_at`, `updated_at`) VALUES ('119', '22', '78', NULL, NULL);
INSERT INTO `product_material` (`id`, `product_id`, `material_id`, `created_at`, `updated_at`) VALUES ('120', '22', '79', NULL, NULL);
INSERT INTO `product_material` (`id`, `product_id`, `material_id`, `created_at`, `updated_at`) VALUES ('121', '22', '75', NULL, NULL);
INSERT INTO `product_material` (`id`, `product_id`, `material_id`, `created_at`, `updated_at`) VALUES ('124', '22', '82', NULL, NULL);
INSERT INTO `product_material` (`id`, `product_id`, `material_id`, `created_at`, `updated_at`) VALUES ('125', '22', '81', NULL, NULL);
INSERT INTO `product_material` (`id`, `product_id`, `material_id`, `created_at`, `updated_at`) VALUES ('126', '22', '72', NULL, NULL);
INSERT INTO `product_material` (`id`, `product_id`, `material_id`, `created_at`, `updated_at`) VALUES ('127', '22', '74', NULL, NULL);
INSERT INTO `product_material` (`id`, `product_id`, `material_id`, `created_at`, `updated_at`) VALUES ('128', '22', '73', NULL, NULL);
INSERT INTO `product_material` (`id`, `product_id`, `material_id`, `created_at`, `updated_at`) VALUES ('129', '22', '70', NULL, NULL);
INSERT INTO `product_material` (`id`, `product_id`, `material_id`, `created_at`, `updated_at`) VALUES ('130', '22', '71', NULL, NULL);
INSERT INTO `product_material` (`id`, `product_id`, `material_id`, `created_at`, `updated_at`) VALUES ('131', '21', '90', NULL, NULL);
INSERT INTO `product_material` (`id`, `product_id`, `material_id`, `created_at`, `updated_at`) VALUES ('132', '21', '69', NULL, NULL);
INSERT INTO `product_material` (`id`, `product_id`, `material_id`, `created_at`, `updated_at`) VALUES ('133', '21', '96', NULL, NULL);
INSERT INTO `product_material` (`id`, `product_id`, `material_id`, `created_at`, `updated_at`) VALUES ('134', '21', '95', NULL, NULL);
INSERT INTO `product_material` (`id`, `product_id`, `material_id`, `created_at`, `updated_at`) VALUES ('135', '21', '93', NULL, NULL);
INSERT INTO `product_material` (`id`, `product_id`, `material_id`, `created_at`, `updated_at`) VALUES ('136', '21', '67', NULL, NULL);
INSERT INTO `product_material` (`id`, `product_id`, `material_id`, `created_at`, `updated_at`) VALUES ('137', '21', '68', NULL, NULL);
INSERT INTO `product_material` (`id`, `product_id`, `material_id`, `created_at`, `updated_at`) VALUES ('138', '21', '94', NULL, NULL);
INSERT INTO `product_material` (`id`, `product_id`, `material_id`, `created_at`, `updated_at`) VALUES ('139', '22', '62', NULL, NULL);
INSERT INTO `product_material` (`id`, `product_id`, `material_id`, `created_at`, `updated_at`) VALUES ('144', '22', '101', NULL, NULL);
INSERT INTO `product_material` (`id`, `product_id`, `material_id`, `created_at`, `updated_at`) VALUES ('148', '25', '57', NULL, NULL);
INSERT INTO `product_material` (`id`, `product_id`, `material_id`, `created_at`, `updated_at`) VALUES ('149', '22', '98', NULL, NULL);
INSERT INTO `product_material` (`id`, `product_id`, `material_id`, `created_at`, `updated_at`) VALUES ('150', '22', '99', NULL, NULL);
INSERT INTO `product_material` (`id`, `product_id`, `material_id`, `created_at`, `updated_at`) VALUES ('151', '21', '92', NULL, NULL);
INSERT INTO `product_material` (`id`, `product_id`, `material_id`, `created_at`, `updated_at`) VALUES ('152', '21', '91', NULL, NULL);
INSERT INTO `product_material` (`id`, `product_id`, `material_id`, `created_at`, `updated_at`) VALUES ('153', '22', '97', NULL, NULL);
INSERT INTO `product_material` (`id`, `product_id`, `material_id`, `created_at`, `updated_at`) VALUES ('154', '24', '100', NULL, NULL);
INSERT INTO `product_material` (`id`, `product_id`, `material_id`, `created_at`, `updated_at`) VALUES ('155', '21', '100', NULL, NULL);
INSERT INTO `product_material` (`id`, `product_id`, `material_id`, `created_at`, `updated_at`) VALUES ('157', '25', '105', NULL, NULL);
INSERT INTO `product_material` (`id`, `product_id`, `material_id`, `created_at`, `updated_at`) VALUES ('158', '21', '105', NULL, NULL);
INSERT INTO `product_material` (`id`, `product_id`, `material_id`, `created_at`, `updated_at`) VALUES ('162', '23', '111', NULL, NULL);
INSERT INTO `product_material` (`id`, `product_id`, `material_id`, `created_at`, `updated_at`) VALUES ('163', '22', '106', NULL, NULL);
INSERT INTO `product_material` (`id`, `product_id`, `material_id`, `created_at`, `updated_at`) VALUES ('164', '22', '107', NULL, NULL);
INSERT INTO `product_material` (`id`, `product_id`, `material_id`, `created_at`, `updated_at`) VALUES ('165', '23', '112', NULL, NULL);

-- --------------------------------------------------------
-- Table structure for table `products`
-- --------------------------------------------------------

CREATE TABLE `products` (
  `id` bigint(20) unsigned NOT NULL AUTO_INCREMENT,
  `name` varchar(255) NOT NULL,
  `code` varchar(255) NOT NULL,
  `description` text DEFAULT NULL,
  `unit_id` bigint(20) unsigned DEFAULT NULL,
  `is_active` tinyint(1) NOT NULL DEFAULT 1,
  `track_clicks` tinyint(1) NOT NULL DEFAULT 0,
  `created_at` timestamp NULL DEFAULT NULL,
  `updated_at` timestamp NULL DEFAULT NULL,
  PRIMARY KEY (`id`),
  UNIQUE KEY `products_code_unique` (`code`),
  KEY `products_is_active_index` (`is_active`),
  KEY `products_unit_id_foreign` (`unit_id`),
  CONSTRAINT `products_unit_id_foreign` FOREIGN KEY (`unit_id`) REFERENCES `units` (`id`) ON DELETE SET NULL
) ENGINE=InnoDB AUTO_INCREMENT=27 DEFAULT CHARSET=utf8mb4 COLLATE=utf8mb4_unicode_ci;

-- Dumping data for table `products`

INSERT INTO `products` (`id`, `name`, `code`, `description`, `unit_id`, `is_active`, `track_clicks`, `created_at`, `updated_at`) VALUES ('21', 'Versant', 'VR0001', NULL, NULL, '1', '1', '2026-02-17 11:16:10', '2026-02-17 11:16:10');
INSERT INTO `products` (`id`, `name`, `code`, `description`, `unit_id`, `is_active`, `track_clicks`, `created_at`, `updated_at`) VALUES ('22', 'Indoor', 'ID0001', NULL, NULL, '1', '0', '2026-02-17 11:16:29', '2026-02-17 11:16:29');
INSERT INTO `products` (`id`, `name`, `code`, `description`, `unit_id`, `is_active`, `track_clicks`, `created_at`, `updated_at`) VALUES ('23', 'Outdoor', 'OD0001', NULL, NULL, '1', '0', '2026-02-17 11:16:49', '2026-02-17 11:16:49');
INSERT INTO `products` (`id`, `name`, `code`, `description`, `unit_id`, `is_active`, `track_clicks`, `created_at`, `updated_at`) VALUES ('24', 'Jasa', 'CUTA3', NULL, NULL, '1', '0', '2026-02-27 13:44:32', '2026-03-07 10:30:35');
INSERT INTO `products` (`id`, `name`, `code`, `description`, `unit_id`, `is_active`, `track_clicks`, `created_at`, `updated_at`) VALUES ('25', 'Promo Kromo Ramadhan', 'PKR', NULL, NULL, '0', '1', '2026-03-02 15:48:26', '2026-03-11 13:17:12');

-- --------------------------------------------------------
-- Table structure for table `purchase_payments`
-- --------------------------------------------------------

CREATE TABLE `purchase_payments` (
  `id` bigint(20) unsigned NOT NULL AUTO_INCREMENT,
  `purchase_id` bigint(20) unsigned NOT NULL,
  `amount` decimal(15,2) NOT NULL,
  `payment_date` date NOT NULL,
  `proof` varchar(255) DEFAULT NULL,
  `notes` text DEFAULT NULL,
  `created_by` bigint(20) unsigned DEFAULT NULL,
  `created_at` timestamp NULL DEFAULT NULL,
  `updated_at` timestamp NULL DEFAULT NULL,
  PRIMARY KEY (`id`),
  KEY `purchase_payments_purchase_id_foreign` (`purchase_id`),
  KEY `purchase_payments_created_by_foreign` (`created_by`),
  CONSTRAINT `purchase_payments_created_by_foreign` FOREIGN KEY (`created_by`) REFERENCES `users` (`id`) ON DELETE SET NULL,
  CONSTRAINT `purchase_payments_purchase_id_foreign` FOREIGN KEY (`purchase_id`) REFERENCES `purchases` (`id`) ON DELETE CASCADE
) ENGINE=InnoDB AUTO_INCREMENT=3 DEFAULT CHARSET=utf8mb4 COLLATE=utf8mb4_unicode_ci;

-- Dumping data for table `purchase_payments`

INSERT INTO `purchase_payments` (`id`, `purchase_id`, `amount`, `payment_date`, `proof`, `notes`, `created_by`, `created_at`, `updated_at`) VALUES ('2', '10', '1100000.00', '2026-03-15', NULL, 'Metode: Bank Transfer', '2', '2026-03-15 22:25:17', '2026-03-15 22:25:17');

-- --------------------------------------------------------
-- Table structure for table `purchases`
-- --------------------------------------------------------

CREATE TABLE `purchases` (
  `id` bigint(20) unsigned NOT NULL AUTO_INCREMENT,
  `material_id` bigint(20) unsigned NOT NULL,
  `purchase_date` date NOT NULL,
  `quantity` decimal(15,2) NOT NULL,
  `unit_price` decimal(15,2) NOT NULL DEFAULT 0.00,
  `total_price` decimal(15,2) NOT NULL DEFAULT 0.00,
  `paid_amount` decimal(15,2) NOT NULL DEFAULT 0.00,
  `payment_status` enum('unpaid','partial','paid') NOT NULL DEFAULT 'paid',
  `type` enum('satuan','meteran') NOT NULL DEFAULT 'satuan',
  `supplier` varchar(255) DEFAULT NULL,
  `supplier_id` bigint(20) unsigned DEFAULT NULL,
  `notes` text DEFAULT NULL,
  `created_by` bigint(20) unsigned DEFAULT NULL,
  `created_at` timestamp NULL DEFAULT NULL,
  `updated_at` timestamp NULL DEFAULT NULL,
  PRIMARY KEY (`id`),
  KEY `purchases_material_id_foreign` (`material_id`),
  KEY `purchases_created_by_foreign` (`created_by`),
  KEY `purchases_supplier_id_foreign` (`supplier_id`),
  CONSTRAINT `purchases_created_by_foreign` FOREIGN KEY (`created_by`) REFERENCES `users` (`id`) ON DELETE SET NULL,
  CONSTRAINT `purchases_material_id_foreign` FOREIGN KEY (`material_id`) REFERENCES `materials` (`id`) ON DELETE CASCADE,
  CONSTRAINT `purchases_supplier_id_foreign` FOREIGN KEY (`supplier_id`) REFERENCES `suppliers` (`id`) ON DELETE SET NULL
) ENGINE=InnoDB AUTO_INCREMENT=11 DEFAULT CHARSET=utf8mb4 COLLATE=utf8mb4_unicode_ci;

-- Dumping data for table `purchases`

INSERT INTO `purchases` (`id`, `material_id`, `purchase_date`, `quantity`, `unit_price`, `total_price`, `paid_amount`, `payment_status`, `type`, `supplier`, `supplier_id`, `notes`, `created_by`, `created_at`, `updated_at`) VALUES ('2', '85', '2026-03-04', '3360.00', '5650.00', '18984000.00', '0.00', 'unpaid', 'meteran', NULL, '7', NULL, '8', '2026-03-04 11:12:44', '2026-03-04 11:12:44');
INSERT INTO `purchases` (`id`, `material_id`, `purchase_date`, `quantity`, `unit_price`, `total_price`, `paid_amount`, `payment_status`, `type`, `supplier`, `supplier_id`, `notes`, `created_by`, `created_at`, `updated_at`) VALUES ('3', '88', '2026-03-04', '160.00', '11500.00', '1840000.00', '0.00', 'unpaid', 'meteran', NULL, '7', NULL, '8', '2026-03-04 11:13:26', '2026-03-04 11:13:26');
INSERT INTO `purchases` (`id`, `material_id`, `purchase_date`, `quantity`, `unit_price`, `total_price`, `paid_amount`, `payment_status`, `type`, `supplier`, `supplier_id`, `notes`, `created_by`, `created_at`, `updated_at`) VALUES ('4', '76', '2026-03-07', '127.00', '12000.00', '1524000.00', '0.00', 'unpaid', 'meteran', NULL, '7', NULL, '8', '2026-03-09 13:39:38', '2026-03-09 13:39:38');
INSERT INTO `purchases` (`id`, `material_id`, `purchase_date`, `quantity`, `unit_price`, `total_price`, `paid_amount`, `payment_status`, `type`, `supplier`, `supplier_id`, `notes`, `created_by`, `created_at`, `updated_at`) VALUES ('5', '82', '2026-03-07', '127.00', '9800.00', '1244600.00', '0.00', 'unpaid', 'meteran', NULL, '7', NULL, '8', '2026-03-09 13:40:53', '2026-03-09 13:40:53');
INSERT INTO `purchases` (`id`, `material_id`, `purchase_date`, `quantity`, `unit_price`, `total_price`, `paid_amount`, `payment_status`, `type`, `supplier`, `supplier_id`, `notes`, `created_by`, `created_at`, `updated_at`) VALUES ('6', '82', '2026-03-07', '76.00', '10800.00', '820800.00', '0.00', 'unpaid', 'meteran', NULL, '7', NULL, '8', '2026-03-09 13:41:33', '2026-03-09 13:41:33');
INSERT INTO `purchases` (`id`, `material_id`, `purchase_date`, `quantity`, `unit_price`, `total_price`, `paid_amount`, `payment_status`, `type`, `supplier`, `supplier_id`, `notes`, `created_by`, `created_at`, `updated_at`) VALUES ('7', '47', '2026-03-06', '1600.00', '625.00', '1000000.00', '0.00', 'unpaid', 'satuan', NULL, '6', NULL, '8', '2026-03-09 13:45:59', '2026-03-09 13:45:59');
INSERT INTO `purchases` (`id`, `material_id`, `purchase_date`, `quantity`, `unit_price`, `total_price`, `paid_amount`, `payment_status`, `type`, `supplier`, `supplier_id`, `notes`, `created_by`, `created_at`, `updated_at`) VALUES ('8', '44', '2026-03-06', '1600.00', '350.00', '560000.00', '0.00', 'unpaid', 'satuan', NULL, '6', NULL, '8', '2026-03-09 13:46:46', '2026-03-09 13:46:46');
INSERT INTO `purchases` (`id`, `material_id`, `purchase_date`, `quantity`, `unit_price`, `total_price`, `paid_amount`, `payment_status`, `type`, `supplier`, `supplier_id`, `notes`, `created_by`, `created_at`, `updated_at`) VALUES ('9', '80', '2026-03-10', '127.00', '11500.00', '1460500.00', '0.00', 'unpaid', 'meteran', NULL, '7', NULL, '16', '2026-03-11 10:10:16', '2026-03-11 10:10:16');
INSERT INTO `purchases` (`id`, `material_id`, `purchase_date`, `quantity`, `unit_price`, `total_price`, `paid_amount`, `payment_status`, `type`, `supplier`, `supplier_id`, `notes`, `created_by`, `created_at`, `updated_at`) VALUES ('10', '72', '2026-03-13', '10.00', '110000.00', '1100000.00', '1100000.00', 'paid', 'satuan', NULL, '7', NULL, '8', '2026-03-13 13:52:09', '2026-03-15 22:25:17');

-- --------------------------------------------------------
-- Table structure for table `role_has_permissions`
-- --------------------------------------------------------

CREATE TABLE `role_has_permissions` (
  `permission_id` bigint(20) unsigned NOT NULL,
  `role_id` bigint(20) unsigned NOT NULL,
  PRIMARY KEY (`permission_id`,`role_id`),
  KEY `role_has_permissions_role_id_foreign` (`role_id`),
  CONSTRAINT `role_has_permissions_permission_id_foreign` FOREIGN KEY (`permission_id`) REFERENCES `permissions` (`id`) ON DELETE CASCADE,
  CONSTRAINT `role_has_permissions_role_id_foreign` FOREIGN KEY (`role_id`) REFERENCES `roles` (`id`) ON DELETE CASCADE
) ENGINE=InnoDB DEFAULT CHARSET=utf8mb4 COLLATE=utf8mb4_unicode_ci;

-- Dumping data for table `role_has_permissions`

INSERT INTO `role_has_permissions` (`permission_id`, `role_id`) VALUES ('1', '1');
INSERT INTO `role_has_permissions` (`permission_id`, `role_id`) VALUES ('1', '2');
INSERT INTO `role_has_permissions` (`permission_id`, `role_id`) VALUES ('1', '6');
INSERT INTO `role_has_permissions` (`permission_id`, `role_id`) VALUES ('1', '7');
INSERT INTO `role_has_permissions` (`permission_id`, `role_id`) VALUES ('2', '1');
INSERT INTO `role_has_permissions` (`permission_id`, `role_id`) VALUES ('2', '2');
INSERT INTO `role_has_permissions` (`permission_id`, `role_id`) VALUES ('2', '3');
INSERT INTO `role_has_permissions` (`permission_id`, `role_id`) VALUES ('2', '6');
INSERT INTO `role_has_permissions` (`permission_id`, `role_id`) VALUES ('2', '7');
INSERT INTO `role_has_permissions` (`permission_id`, `role_id`) VALUES ('3', '1');
INSERT INTO `role_has_permissions` (`permission_id`, `role_id`) VALUES ('3', '2');
INSERT INTO `role_has_permissions` (`permission_id`, `role_id`) VALUES ('3', '4');
INSERT INTO `role_has_permissions` (`permission_id`, `role_id`) VALUES ('3', '6');
INSERT INTO `role_has_permissions` (`permission_id`, `role_id`) VALUES ('3', '7');
INSERT INTO `role_has_permissions` (`permission_id`, `role_id`) VALUES ('4', '1');
INSERT INTO `role_has_permissions` (`permission_id`, `role_id`) VALUES ('4', '2');
INSERT INTO `role_has_permissions` (`permission_id`, `role_id`) VALUES ('4', '5');
INSERT INTO `role_has_permissions` (`permission_id`, `role_id`) VALUES ('4', '6');
INSERT INTO `role_has_permissions` (`permission_id`, `role_id`) VALUES ('4', '7');
INSERT INTO `role_has_permissions` (`permission_id`, `role_id`) VALUES ('4', '8');
INSERT INTO `role_has_permissions` (`permission_id`, `role_id`) VALUES ('5', '1');
INSERT INTO `role_has_permissions` (`permission_id`, `role_id`) VALUES ('5', '2');
INSERT INTO `role_has_permissions` (`permission_id`, `role_id`) VALUES ('5', '6');
INSERT INTO `role_has_permissions` (`permission_id`, `role_id`) VALUES ('5', '7');
INSERT INTO `role_has_permissions` (`permission_id`, `role_id`) VALUES ('6', '1');
INSERT INTO `role_has_permissions` (`permission_id`, `role_id`) VALUES ('6', '2');
INSERT INTO `role_has_permissions` (`permission_id`, `role_id`) VALUES ('6', '6');
INSERT INTO `role_has_permissions` (`permission_id`, `role_id`) VALUES ('6', '7');
INSERT INTO `role_has_permissions` (`permission_id`, `role_id`) VALUES ('7', '1');
INSERT INTO `role_has_permissions` (`permission_id`, `role_id`) VALUES ('7', '2');
INSERT INTO `role_has_permissions` (`permission_id`, `role_id`) VALUES ('7', '3');
INSERT INTO `role_has_permissions` (`permission_id`, `role_id`) VALUES ('7', '6');
INSERT INTO `role_has_permissions` (`permission_id`, `role_id`) VALUES ('7', '7');
INSERT INTO `role_has_permissions` (`permission_id`, `role_id`) VALUES ('8', '1');
INSERT INTO `role_has_permissions` (`permission_id`, `role_id`) VALUES ('9', '1');
INSERT INTO `role_has_permissions` (`permission_id`, `role_id`) VALUES ('9', '2');
INSERT INTO `role_has_permissions` (`permission_id`, `role_id`) VALUES ('9', '3');
INSERT INTO `role_has_permissions` (`permission_id`, `role_id`) VALUES ('9', '6');
INSERT INTO `role_has_permissions` (`permission_id`, `role_id`) VALUES ('9', '7');
INSERT INTO `role_has_permissions` (`permission_id`, `role_id`) VALUES ('10', '1');
INSERT INTO `role_has_permissions` (`permission_id`, `role_id`) VALUES ('10', '2');
INSERT INTO `role_has_permissions` (`permission_id`, `role_id`) VALUES ('10', '3');
INSERT INTO `role_has_permissions` (`permission_id`, `role_id`) VALUES ('10', '6');
INSERT INTO `role_has_permissions` (`permission_id`, `role_id`) VALUES ('10', '7');
INSERT INTO `role_has_permissions` (`permission_id`, `role_id`) VALUES ('11', '1');
INSERT INTO `role_has_permissions` (`permission_id`, `role_id`) VALUES ('11', '2');
INSERT INTO `role_has_permissions` (`permission_id`, `role_id`) VALUES ('11', '3');
INSERT INTO `role_has_permissions` (`permission_id`, `role_id`) VALUES ('11', '6');
INSERT INTO `role_has_permissions` (`permission_id`, `role_id`) VALUES ('11', '7');
INSERT INTO `role_has_permissions` (`permission_id`, `role_id`) VALUES ('12', '1');
INSERT INTO `role_has_permissions` (`permission_id`, `role_id`) VALUES ('12', '2');
INSERT INTO `role_has_permissions` (`permission_id`, `role_id`) VALUES ('12', '3');
INSERT INTO `role_has_permissions` (`permission_id`, `role_id`) VALUES ('12', '6');
INSERT INTO `role_has_permissions` (`permission_id`, `role_id`) VALUES ('12', '7');
INSERT INTO `role_has_permissions` (`permission_id`, `role_id`) VALUES ('13', '1');
INSERT INTO `role_has_permissions` (`permission_id`, `role_id`) VALUES ('13', '2');
INSERT INTO `role_has_permissions` (`permission_id`, `role_id`) VALUES ('13', '3');
INSERT INTO `role_has_permissions` (`permission_id`, `role_id`) VALUES ('13', '6');
INSERT INTO `role_has_permissions` (`permission_id`, `role_id`) VALUES ('13', '7');
INSERT INTO `role_has_permissions` (`permission_id`, `role_id`) VALUES ('14', '1');
INSERT INTO `role_has_permissions` (`permission_id`, `role_id`) VALUES ('14', '2');
INSERT INTO `role_has_permissions` (`permission_id`, `role_id`) VALUES ('14', '6');
INSERT INTO `role_has_permissions` (`permission_id`, `role_id`) VALUES ('14', '7');
INSERT INTO `role_has_permissions` (`permission_id`, `role_id`) VALUES ('15', '1');
INSERT INTO `role_has_permissions` (`permission_id`, `role_id`) VALUES ('15', '2');
INSERT INTO `role_has_permissions` (`permission_id`, `role_id`) VALUES ('15', '6');
INSERT INTO `role_has_permissions` (`permission_id`, `role_id`) VALUES ('15', '7');
INSERT INTO `role_has_permissions` (`permission_id`, `role_id`) VALUES ('16', '1');
INSERT INTO `role_has_permissions` (`permission_id`, `role_id`) VALUES ('16', '2');
INSERT INTO `role_has_permissions` (`permission_id`, `role_id`) VALUES ('16', '6');
INSERT INTO `role_has_permissions` (`permission_id`, `role_id`) VALUES ('16', '7');
INSERT INTO `role_has_permissions` (`permission_id`, `role_id`) VALUES ('17', '1');
INSERT INTO `role_has_permissions` (`permission_id`, `role_id`) VALUES ('17', '2');
INSERT INTO `role_has_permissions` (`permission_id`, `role_id`) VALUES ('17', '6');
INSERT INTO `role_has_permissions` (`permission_id`, `role_id`) VALUES ('17', '7');
INSERT INTO `role_has_permissions` (`permission_id`, `role_id`) VALUES ('18', '1');
INSERT INTO `role_has_permissions` (`permission_id`, `role_id`) VALUES ('18', '2');
INSERT INTO `role_has_permissions` (`permission_id`, `role_id`) VALUES ('18', '6');
INSERT INTO `role_has_permissions` (`permission_id`, `role_id`) VALUES ('18', '7');
INSERT INTO `role_has_permissions` (`permission_id`, `role_id`) VALUES ('19', '1');
INSERT INTO `role_has_permissions` (`permission_id`, `role_id`) VALUES ('19', '2');
INSERT INTO `role_has_permissions` (`permission_id`, `role_id`) VALUES ('19', '6');
INSERT INTO `role_has_permissions` (`permission_id`, `role_id`) VALUES ('19', '7');
INSERT INTO `role_has_permissions` (`permission_id`, `role_id`) VALUES ('20', '1');
INSERT INTO `role_has_permissions` (`permission_id`, `role_id`) VALUES ('20', '2');
INSERT INTO `role_has_permissions` (`permission_id`, `role_id`) VALUES ('20', '5');
INSERT INTO `role_has_permissions` (`permission_id`, `role_id`) VALUES ('20', '6');
INSERT INTO `role_has_permissions` (`permission_id`, `role_id`) VALUES ('20', '7');
INSERT INTO `role_has_permissions` (`permission_id`, `role_id`) VALUES ('21', '1');
INSERT INTO `role_has_permissions` (`permission_id`, `role_id`) VALUES ('21', '2');
INSERT INTO `role_has_permissions` (`permission_id`, `role_id`) VALUES ('21', '4');
INSERT INTO `role_has_permissions` (`permission_id`, `role_id`) VALUES ('21', '6');
INSERT INTO `role_has_permissions` (`permission_id`, `role_id`) VALUES ('21', '7');
INSERT INTO `role_has_permissions` (`permission_id`, `role_id`) VALUES ('22', '1');
INSERT INTO `role_has_permissions` (`permission_id`, `role_id`) VALUES ('22', '2');
INSERT INTO `role_has_permissions` (`permission_id`, `role_id`) VALUES ('22', '4');
INSERT INTO `role_has_permissions` (`permission_id`, `role_id`) VALUES ('22', '6');
INSERT INTO `role_has_permissions` (`permission_id`, `role_id`) VALUES ('22', '7');
INSERT INTO `role_has_permissions` (`permission_id`, `role_id`) VALUES ('23', '1');
INSERT INTO `role_has_permissions` (`permission_id`, `role_id`) VALUES ('23', '2');
INSERT INTO `role_has_permissions` (`permission_id`, `role_id`) VALUES ('23', '6');
INSERT INTO `role_has_permissions` (`permission_id`, `role_id`) VALUES ('23', '7');
INSERT INTO `role_has_permissions` (`permission_id`, `role_id`) VALUES ('24', '1');
INSERT INTO `role_has_permissions` (`permission_id`, `role_id`) VALUES ('24', '2');
INSERT INTO `role_has_permissions` (`permission_id`, `role_id`) VALUES ('24', '5');
INSERT INTO `role_has_permissions` (`permission_id`, `role_id`) VALUES ('24', '6');
INSERT INTO `role_has_permissions` (`permission_id`, `role_id`) VALUES ('24', '7');
INSERT INTO `role_has_permissions` (`permission_id`, `role_id`) VALUES ('25', '1');
INSERT INTO `role_has_permissions` (`permission_id`, `role_id`) VALUES ('25', '2');
INSERT INTO `role_has_permissions` (`permission_id`, `role_id`) VALUES ('25', '5');
INSERT INTO `role_has_permissions` (`permission_id`, `role_id`) VALUES ('25', '6');
INSERT INTO `role_has_permissions` (`permission_id`, `role_id`) VALUES ('25', '7');
INSERT INTO `role_has_permissions` (`permission_id`, `role_id`) VALUES ('26', '1');
INSERT INTO `role_has_permissions` (`permission_id`, `role_id`) VALUES ('26', '2');
INSERT INTO `role_has_permissions` (`permission_id`, `role_id`) VALUES ('26', '5');
INSERT INTO `role_has_permissions` (`permission_id`, `role_id`) VALUES ('26', '6');
INSERT INTO `role_has_permissions` (`permission_id`, `role_id`) VALUES ('26', '7');
INSERT INTO `role_has_permissions` (`permission_id`, `role_id`) VALUES ('27', '1');
INSERT INTO `role_has_permissions` (`permission_id`, `role_id`) VALUES ('27', '2');
INSERT INTO `role_has_permissions` (`permission_id`, `role_id`) VALUES ('27', '4');
INSERT INTO `role_has_permissions` (`permission_id`, `role_id`) VALUES ('27', '6');
INSERT INTO `role_has_permissions` (`permission_id`, `role_id`) VALUES ('27', '7');
INSERT INTO `role_has_permissions` (`permission_id`, `role_id`) VALUES ('28', '1');
INSERT INTO `role_has_permissions` (`permission_id`, `role_id`) VALUES ('28', '2');
INSERT INTO `role_has_permissions` (`permission_id`, `role_id`) VALUES ('28', '4');
INSERT INTO `role_has_permissions` (`permission_id`, `role_id`) VALUES ('28', '6');
INSERT INTO `role_has_permissions` (`permission_id`, `role_id`) VALUES ('28', '7');
INSERT INTO `role_has_permissions` (`permission_id`, `role_id`) VALUES ('29', '1');
INSERT INTO `role_has_permissions` (`permission_id`, `role_id`) VALUES ('29', '2');
INSERT INTO `role_has_permissions` (`permission_id`, `role_id`) VALUES ('29', '6');
INSERT INTO `role_has_permissions` (`permission_id`, `role_id`) VALUES ('29', '7');
INSERT INTO `role_has_permissions` (`permission_id`, `role_id`) VALUES ('30', '1');
INSERT INTO `role_has_permissions` (`permission_id`, `role_id`) VALUES ('30', '2');
INSERT INTO `role_has_permissions` (`permission_id`, `role_id`) VALUES ('30', '6');
INSERT INTO `role_has_permissions` (`permission_id`, `role_id`) VALUES ('30', '7');
INSERT INTO `role_has_permissions` (`permission_id`, `role_id`) VALUES ('31', '1');
INSERT INTO `role_has_permissions` (`permission_id`, `role_id`) VALUES ('31', '2');
INSERT INTO `role_has_permissions` (`permission_id`, `role_id`) VALUES ('31', '6');
INSERT INTO `role_has_permissions` (`permission_id`, `role_id`) VALUES ('31', '7');
INSERT INTO `role_has_permissions` (`permission_id`, `role_id`) VALUES ('32', '1');
INSERT INTO `role_has_permissions` (`permission_id`, `role_id`) VALUES ('32', '2');
INSERT INTO `role_has_permissions` (`permission_id`, `role_id`) VALUES ('32', '6');
INSERT INTO `role_has_permissions` (`permission_id`, `role_id`) VALUES ('32', '7');
INSERT INTO `role_has_permissions` (`permission_id`, `role_id`) VALUES ('33', '1');
INSERT INTO `role_has_permissions` (`permission_id`, `role_id`) VALUES ('33', '2');
INSERT INTO `role_has_permissions` (`permission_id`, `role_id`) VALUES ('33', '6');
INSERT INTO `role_has_permissions` (`permission_id`, `role_id`) VALUES ('33', '7');
INSERT INTO `role_has_permissions` (`permission_id`, `role_id`) VALUES ('34', '1');
INSERT INTO `role_has_permissions` (`permission_id`, `role_id`) VALUES ('34', '2');
INSERT INTO `role_has_permissions` (`permission_id`, `role_id`) VALUES ('34', '6');
INSERT INTO `role_has_permissions` (`permission_id`, `role_id`) VALUES ('34', '7');
INSERT INTO `role_has_permissions` (`permission_id`, `role_id`) VALUES ('35', '1');
INSERT INTO `role_has_permissions` (`permission_id`, `role_id`) VALUES ('35', '2');
INSERT INTO `role_has_permissions` (`permission_id`, `role_id`) VALUES ('35', '6');
INSERT INTO `role_has_permissions` (`permission_id`, `role_id`) VALUES ('35', '7');
INSERT INTO `role_has_permissions` (`permission_id`, `role_id`) VALUES ('36', '1');
INSERT INTO `role_has_permissions` (`permission_id`, `role_id`) VALUES ('36', '2');
INSERT INTO `role_has_permissions` (`permission_id`, `role_id`) VALUES ('36', '6');
INSERT INTO `role_has_permissions` (`permission_id`, `role_id`) VALUES ('36', '7');
INSERT INTO `role_has_permissions` (`permission_id`, `role_id`) VALUES ('37', '1');
INSERT INTO `role_has_permissions` (`permission_id`, `role_id`) VALUES ('37', '6');
INSERT INTO `role_has_permissions` (`permission_id`, `role_id`) VALUES ('37', '7');
INSERT INTO `role_has_permissions` (`permission_id`, `role_id`) VALUES ('38', '1');
INSERT INTO `role_has_permissions` (`permission_id`, `role_id`) VALUES ('38', '2');
INSERT INTO `role_has_permissions` (`permission_id`, `role_id`) VALUES ('38', '4');
INSERT INTO `role_has_permissions` (`permission_id`, `role_id`) VALUES ('38', '6');
INSERT INTO `role_has_permissions` (`permission_id`, `role_id`) VALUES ('38', '7');
INSERT INTO `role_has_permissions` (`permission_id`, `role_id`) VALUES ('39', '1');
INSERT INTO `role_has_permissions` (`permission_id`, `role_id`) VALUES ('39', '2');
INSERT INTO `role_has_permissions` (`permission_id`, `role_id`) VALUES ('39', '3');
INSERT INTO `role_has_permissions` (`permission_id`, `role_id`) VALUES ('39', '4');
INSERT INTO `role_has_permissions` (`permission_id`, `role_id`) VALUES ('39', '6');
INSERT INTO `role_has_permissions` (`permission_id`, `role_id`) VALUES ('39', '7');
INSERT INTO `role_has_permissions` (`permission_id`, `role_id`) VALUES ('40', '1');
INSERT INTO `role_has_permissions` (`permission_id`, `role_id`) VALUES ('40', '2');
INSERT INTO `role_has_permissions` (`permission_id`, `role_id`) VALUES ('40', '6');
INSERT INTO `role_has_permissions` (`permission_id`, `role_id`) VALUES ('40', '7');
INSERT INTO `role_has_permissions` (`permission_id`, `role_id`) VALUES ('41', '1');
INSERT INTO `role_has_permissions` (`permission_id`, `role_id`) VALUES ('41', '2');
INSERT INTO `role_has_permissions` (`permission_id`, `role_id`) VALUES ('41', '3');
INSERT INTO `role_has_permissions` (`permission_id`, `role_id`) VALUES ('41', '4');
INSERT INTO `role_has_permissions` (`permission_id`, `role_id`) VALUES ('41', '6');
INSERT INTO `role_has_permissions` (`permission_id`, `role_id`) VALUES ('41', '7');
INSERT INTO `role_has_permissions` (`permission_id`, `role_id`) VALUES ('42', '1');
INSERT INTO `role_has_permissions` (`permission_id`, `role_id`) VALUES ('42', '2');
INSERT INTO `role_has_permissions` (`permission_id`, `role_id`) VALUES ('42', '6');
INSERT INTO `role_has_permissions` (`permission_id`, `role_id`) VALUES ('42', '7');
INSERT INTO `role_has_permissions` (`permission_id`, `role_id`) VALUES ('43', '1');
INSERT INTO `role_has_permissions` (`permission_id`, `role_id`) VALUES ('43', '6');
INSERT INTO `role_has_permissions` (`permission_id`, `role_id`) VALUES ('44', '1');
INSERT INTO `role_has_permissions` (`permission_id`, `role_id`) VALUES ('44', '2');
INSERT INTO `role_has_permissions` (`permission_id`, `role_id`) VALUES ('44', '6');
INSERT INTO `role_has_permissions` (`permission_id`, `role_id`) VALUES ('44', '7');
INSERT INTO `role_has_permissions` (`permission_id`, `role_id`) VALUES ('45', '1');
INSERT INTO `role_has_permissions` (`permission_id`, `role_id`) VALUES ('45', '2');
INSERT INTO `role_has_permissions` (`permission_id`, `role_id`) VALUES ('45', '6');
INSERT INTO `role_has_permissions` (`permission_id`, `role_id`) VALUES ('45', '7');
INSERT INTO `role_has_permissions` (`permission_id`, `role_id`) VALUES ('46', '1');
INSERT INTO `role_has_permissions` (`permission_id`, `role_id`) VALUES ('46', '2');
INSERT INTO `role_has_permissions` (`permission_id`, `role_id`) VALUES ('46', '3');
INSERT INTO `role_has_permissions` (`permission_id`, `role_id`) VALUES ('46', '6');

-- --------------------------------------------------------
-- Table structure for table `roles`
-- --------------------------------------------------------

CREATE TABLE `roles` (
  `id` bigint(20) unsigned NOT NULL AUTO_INCREMENT,
  `name` varchar(255) NOT NULL,
  `guard_name` varchar(255) NOT NULL,
  `created_at` timestamp NULL DEFAULT NULL,
  `updated_at` timestamp NULL DEFAULT NULL,
  PRIMARY KEY (`id`),
  UNIQUE KEY `roles_name_guard_name_unique` (`name`,`guard_name`)
) ENGINE=InnoDB AUTO_INCREMENT=9 DEFAULT CHARSET=utf8mb4 COLLATE=utf8mb4_unicode_ci;

-- Dumping data for table `roles`

INSERT INTO `roles` (`id`, `name`, `guard_name`, `created_at`, `updated_at`) VALUES ('1', 'developer', 'web', '2026-02-09 13:27:05', '2026-02-09 13:27:05');
INSERT INTO `roles` (`id`, `name`, `guard_name`, `created_at`, `updated_at`) VALUES ('2', 'owner', 'web', '2026-02-09 13:27:05', '2026-02-09 13:27:05');
INSERT INTO `roles` (`id`, `name`, `guard_name`, `created_at`, `updated_at`) VALUES ('3', 'designer', 'web', '2026-02-09 13:27:05', '2026-02-09 13:27:05');
INSERT INTO `roles` (`id`, `name`, `guard_name`, `created_at`, `updated_at`) VALUES ('4', 'kasir', 'web', '2026-02-09 13:27:05', '2026-02-09 13:27:05');
INSERT INTO `roles` (`id`, `name`, `guard_name`, `created_at`, `updated_at`) VALUES ('5', 'operator', 'web', '2026-02-09 13:27:05', '2026-02-09 13:27:05');
INSERT INTO `roles` (`id`, `name`, `guard_name`, `created_at`, `updated_at`) VALUES ('6', 'spv', 'web', '2026-02-10 01:47:14', '2026-02-10 01:47:14');
INSERT INTO `roles` (`id`, `name`, `guard_name`, `created_at`, `updated_at`) VALUES ('7', 'Administrasi', 'web', '2026-02-27 01:29:49', '2026-02-27 01:29:49');
INSERT INTO `roles` (`id`, `name`, `guard_name`, `created_at`, `updated_at`) VALUES ('8', 'Finishing', 'web', '2026-03-05 21:43:26', '2026-03-05 21:43:26');

-- --------------------------------------------------------
-- Table structure for table `salaries`
-- --------------------------------------------------------

CREATE TABLE `salaries` (
  `id` bigint(20) unsigned NOT NULL AUTO_INCREMENT,
  `employee_id` bigint(20) unsigned NOT NULL,
  `period` varchar(255) NOT NULL,
  `base_salary` decimal(12,2) NOT NULL DEFAULT 0.00,
  `allowance` decimal(12,2) NOT NULL DEFAULT 0.00,
  `overtime` decimal(12,2) NOT NULL DEFAULT 0.00,
  `bonus` decimal(12,2) NOT NULL DEFAULT 0.00,
  `deduction` decimal(12,2) NOT NULL DEFAULT 0.00,
  `total` decimal(12,2) NOT NULL DEFAULT 0.00,
  `notes` text DEFAULT NULL,
  `status` enum('draft','paid') NOT NULL DEFAULT 'draft',
  `paid_at` date DEFAULT NULL,
  `created_at` timestamp NULL DEFAULT NULL,
  `updated_at` timestamp NULL DEFAULT NULL,
  PRIMARY KEY (`id`),
  UNIQUE KEY `salaries_employee_id_period_unique` (`employee_id`,`period`),
  CONSTRAINT `salaries_employee_id_foreign` FOREIGN KEY (`employee_id`) REFERENCES `employees` (`id`) ON DELETE CASCADE
) ENGINE=InnoDB DEFAULT CHARSET=utf8mb4 COLLATE=utf8mb4_unicode_ci;

-- --------------------------------------------------------
